--
-- Host: localhost    Database: qole
-- ------------------------------------------------------


--
-- Table structure for table `areas`
--

CREATE TABLE `areas` (
  `id` bigint(20) unsigned NOT NULL AUTO_INCREMENT,
  `name` varchar(255) COLLATE utf8mb4_unicode_ci NOT NULL,
  `slug` varchar(255) COLLATE utf8mb4_unicode_ci DEFAULT NULL,
  `description` text COLLATE utf8mb4_unicode_ci DEFAULT NULL,
  `logo` varchar(255) COLLATE utf8mb4_unicode_ci DEFAULT NULL,
  `show_top` tinyint(1) NOT NULL DEFAULT 0,
  `show_search` smallint(6) NOT NULL DEFAULT 0,
  `parent_id` int(11) NOT NULL DEFAULT 0,
  `order` int(11) NOT NULL DEFAULT 0,
  `is_activated` tinyint(1) NOT NULL DEFAULT 1,
  `is_deleted` tinyint(1) NOT NULL DEFAULT 0,
  `created_at` timestamp NULL DEFAULT NULL,
  `updated_at` timestamp NULL DEFAULT NULL,
  PRIMARY KEY (`id`)
) ENGINE=InnoDB AUTO_INCREMENT=73 DEFAULT CHARSET=utf8mb4 COLLATE=utf8mb4_unicode_ci;

--
-- Dumping data for table `areas`
--

INSERT INTO `areas` VALUES (1,'北海道','hokkaido',NULL,NULL,0,0,54,10,1,0,'2020-09-21 18:19:08','2020-10-09 04:42:37'),(2,'青森','aomori',NULL,NULL,0,0,54,11,1,0,'2020-09-21 18:19:08','2020-10-09 04:42:44'),(3,'岩手','iwate',NULL,NULL,0,0,54,14,1,0,'2020-09-21 18:19:08','2020-10-09 04:43:28'),(4,'宮城','miyagi',NULL,NULL,0,0,54,15,1,0,'2020-09-21 18:19:08','2020-10-09 04:43:35'),(5,'秋田','akita',NULL,NULL,0,1,54,12,1,0,'2020-09-21 18:19:08','2020-10-26 01:51:01'),(6,'山形','yamagata',NULL,NULL,0,0,54,13,1,0,'2020-09-21 18:19:08','2020-10-09 04:43:21'),(7,'福島','fukushima',NULL,NULL,0,0,54,16,1,0,'2020-09-21 18:19:08','2020-10-09 04:43:43'),(8,'茨城','ibaraki',NULL,NULL,0,0,57,4,1,0,'2020-09-21 18:19:08','2020-10-09 04:31:19'),(9,'栃木','tochigi',NULL,NULL,0,0,57,5,1,0,'2020-09-21 18:19:08','2020-10-09 04:39:14'),(10,'群馬','gunma',NULL,NULL,0,0,57,6,1,0,'2020-09-21 18:19:08','2020-10-09 04:39:29'),(11,'埼玉','saitama',NULL,NULL,0,0,57,7,1,0,'2020-09-21 18:19:08','2020-10-09 04:39:44'),(12,'千葉','chiba',NULL,NULL,0,0,57,8,1,0,'2020-09-21 18:19:08','2020-10-09 04:40:00'),(13,'東京','tokyo',NULL,'3aabcacbb674f22c53efab09da0f37da.png',1,1,57,2,1,0,'2020-09-21 18:19:08','2020-10-26 01:50:42'),(14,'神奈川','kanagawa',NULL,'b73b3dfacade5b8aa431285afa4ca295.png',1,1,57,3,1,0,'2020-09-21 18:19:08','2020-10-26 01:50:50'),(15,'新潟','niigata',NULL,NULL,0,0,55,19,1,0,'2020-09-21 18:19:08','2020-10-09 04:44:19'),(16,'富山','toyama',NULL,NULL,0,0,55,20,1,0,'2020-09-21 18:19:08','2020-10-09 04:44:24'),(17,'石川','ishikawa',NULL,NULL,0,0,55,21,1,0,'2020-09-21 18:19:08','2020-10-09 04:44:32'),(18,'福井','fukui',NULL,NULL,0,0,55,22,1,0,'2020-09-21 18:19:08','2020-10-09 04:44:38'),(19,'山梨','yamanashi',NULL,NULL,0,0,55,23,1,0,'2020-09-21 18:19:08','2020-10-09 04:44:44'),(20,'長野','nagano',NULL,NULL,0,0,55,24,1,0,'2020-09-21 18:19:08','2020-10-09 04:45:06'),(21,'岐阜','gifu',NULL,NULL,0,0,55,25,1,0,'2020-09-21 18:19:08','2020-10-09 04:45:11'),(22,'静岡','shizuoka',NULL,NULL,0,0,55,26,1,0,'2020-09-21 18:19:08','2020-10-09 04:45:19'),(23,'愛知','aichi',NULL,'b00a93d4d774f9b0bc466ddcee6c9afd.png',1,0,55,18,1,0,'2020-09-21 18:19:08','2020-10-09 04:44:10'),(24,'三重','mie',NULL,NULL,0,0,55,27,1,0,'2020-09-21 18:19:08','2020-10-09 04:45:23'),(25,'滋賀','shiga',NULL,NULL,0,0,58,41,1,0,'2020-09-21 18:19:08','2020-10-09 04:54:13'),(26,'京都','kyoto',NULL,'b0fdd6db762000b723f8112529eceba6.png',1,0,58,40,1,0,'2020-09-21 18:19:08','2020-10-09 04:54:08'),(27,'大阪','osaka',NULL,'283d3bb5b08fbbbd6edad8a4df7c6808.png',1,1,58,39,1,0,'2020-09-21 18:19:08','2020-10-26 01:51:10'),(28,'兵庫','hyogo',NULL,NULL,0,0,58,42,1,0,'2020-09-21 18:19:08','2020-10-09 04:55:00'),(29,'奈良','nara',NULL,NULL,0,0,58,43,1,0,'2020-09-21 18:19:08','2020-10-09 04:55:06'),(30,'和歌山','wakayama',NULL,NULL,0,0,58,44,1,0,'2020-09-21 18:19:08','2020-10-09 04:55:11'),(31,'鳥取県','tottori',NULL,NULL,0,0,56,29,1,0,'2020-09-21 18:19:08','2020-10-09 04:52:29'),(32,'島根','shimane',NULL,NULL,0,0,56,30,1,0,'2020-09-21 18:19:08','2020-10-09 04:52:35'),(33,'岡山','okayama',NULL,NULL,0,0,56,31,1,0,'2020-09-21 18:19:08','2020-10-09 04:52:40'),(34,'広島','hiroshima',NULL,NULL,0,0,56,32,1,0,'2020-09-21 18:19:08','2020-10-09 04:52:48'),(35,'山口','yamaguchi',NULL,NULL,0,0,56,33,1,0,'2020-09-21 18:19:08','2020-10-09 04:52:56'),(36,'徳島','tokushima',NULL,NULL,0,0,56,34,1,0,'2020-09-21 18:19:08','2020-10-09 04:53:01'),(37,'香川','kagawa',NULL,NULL,0,0,56,35,1,0,'2020-09-21 18:19:08','2020-10-09 04:53:09'),(38,'愛媛','ehime',NULL,NULL,0,0,56,36,1,0,'2020-09-21 18:19:08','2020-10-09 04:53:15'),(39,'高知','kouchi',NULL,NULL,0,0,56,37,1,0,'2020-09-21 18:19:08','2020-10-09 04:53:20'),(40,'福岡','fukuoka',NULL,'f61b269c6d1807ed8602b05b12366047.png',1,0,59,46,1,0,'2020-09-21 18:19:08','2020-10-09 04:55:46'),(41,'佐賀','saga',NULL,NULL,0,0,59,47,1,0,'2020-09-21 18:19:08','2020-10-09 04:55:50'),(42,'長崎','nagasaki',NULL,NULL,0,0,59,48,1,0,'2020-09-21 18:19:08','2020-10-09 04:55:54'),(43,'熊本','kumamoto',NULL,NULL,0,0,59,49,1,0,'2020-09-21 18:20:08','2020-10-09 04:55:59'),(44,'大分','oita',NULL,NULL,0,0,59,50,1,0,'2020-09-21 18:20:08','2020-10-09 04:56:04'),(45,'宮崎','miyazaki',NULL,NULL,0,0,59,51,1,0,'2020-09-21 18:20:08','2020-10-09 04:56:08'),(46,'鹿児島','kagoshima',NULL,NULL,0,0,59,52,1,0,'2020-09-21 18:20:08','2020-10-09 04:56:14'),(47,'沖縄県','okinawa',NULL,NULL,0,0,59,53,1,0,'2020-09-21 18:20:08','2020-10-09 04:56:19'),(48,'東京都','東京都',NULL,NULL,0,0,54,47,1,1,'2020-09-23 01:50:10','2020-10-08 08:42:48'),(49,'神奈川県','神奈川県',NULL,NULL,0,0,54,48,1,1,'2020-09-23 01:50:10','2020-10-08 08:42:48'),(50,'愛知県','愛知県',NULL,NULL,0,0,54,49,1,1,'2020-09-23 01:50:10','2020-10-08 08:42:48'),(51,'京都府','京都府',NULL,NULL,0,0,54,51,1,1,'2020-09-23 01:50:10','2020-10-08 08:42:48'),(52,'大阪府','大阪府',NULL,NULL,0,0,54,52,1,1,'2020-09-23 01:50:10','2020-10-08 08:42:48'),(53,'福岡県','福岡県',NULL,NULL,0,0,54,53,1,1,'2020-09-23 01:50:10','2020-10-08 08:42:48'),(54,'北海道・東北','hokkaido_and_tohoku',NULL,NULL,0,0,0,9,1,0,'2020-09-24 19:09:14','2020-10-09 04:40:35'),(55,'中部','tyubu',NULL,NULL,0,0,0,17,1,0,'2020-09-24 19:11:34','2020-10-09 04:42:29'),(56,'中国・四国','chugoku_shikoku',NULL,NULL,0,0,0,28,1,0,'2020-09-24 19:11:54','2020-10-09 04:46:54'),(57,'関東','kantou',NULL,NULL,0,0,0,1,1,0,'2020-09-24 19:12:09','2020-10-09 03:21:27'),(58,'関西','kansai',NULL,NULL,0,0,0,38,1,0,'2020-09-24 19:12:25','2020-10-09 04:53:56'),(59,'九州・沖縄','kyusyu_okinawa',NULL,NULL,0,0,0,45,1,0,'2020-09-24 19:12:45','2020-10-09 04:55:42'),(60,'沖縄','60',NULL,NULL,0,0,0,999,1,0,'2020-12-16 05:49:37','2020-12-16 05:49:37'),(61,'東京都','61',NULL,NULL,0,0,0,999,1,0,'2020-12-17 10:43:54','2020-12-17 10:43:54'),(62,'京都市','62',NULL,NULL,0,0,0,999,1,0,'2020-12-17 10:44:27','2020-12-17 10:44:27'),(63,'香川県','63',NULL,NULL,0,0,0,999,1,0,'2020-12-17 10:44:32','2020-12-17 10:44:32'),(64,'神奈川県','64',NULL,NULL,0,0,0,999,1,0,'2020-12-17 10:44:58','2020-12-17 10:44:58'),(65,'新潟県','65',NULL,NULL,0,0,0,999,1,0,'2020-12-17 10:45:10','2020-12-17 10:45:10'),(66,'富山県','66',NULL,NULL,0,0,0,999,1,0,'2020-12-17 10:45:31','2020-12-17 10:45:31'),(67,'札幌市','67',NULL,NULL,0,0,0,999,1,0,'2020-12-17 10:46:44','2020-12-17 10:46:44'),(68,'宮崎県','68',NULL,NULL,0,0,0,999,1,0,'2020-12-17 10:46:54','2020-12-17 10:46:54'),(69,'秋田市','69',NULL,NULL,0,0,0,999,1,0,'2020-12-17 10:47:16','2020-12-17 10:47:16'),(70,'福島県','70',NULL,NULL,0,0,0,999,1,0,'2020-12-17 10:47:25','2020-12-17 10:47:25'),(71,'大阪府','71',NULL,NULL,0,0,0,999,1,0,'2020-12-17 10:48:14','2020-12-17 10:48:14'),(72,'栃木県','72',NULL,NULL,0,0,0,999,1,0,'2020-12-17 10:48:17','2020-12-17 10:48:17');

--
-- Table structure for table `articles`
--

CREATE TABLE `articles` (
  `id` bigint(20) unsigned NOT NULL AUTO_INCREMENT,
  `title` varchar(255) COLLATE utf8mb4_unicode_ci NOT NULL,
  `slug` varchar(255) COLLATE utf8mb4_unicode_ci DEFAULT NULL,
  `description` text COLLATE utf8mb4_unicode_ci DEFAULT NULL,
  `content` longtext COLLATE utf8mb4_unicode_ci DEFAULT NULL,
  `thumbnail` varchar(255) COLLATE utf8mb4_unicode_ci DEFAULT NULL,
  `category_id` int(11) DEFAULT NULL,
  `keyword` varchar(255) COLLATE utf8mb4_unicode_ci DEFAULT NULL,
  `tag` varchar(255) COLLATE utf8mb4_unicode_ci DEFAULT NULL,
  `allow_amp` tinyint(1) NOT NULL DEFAULT 0,
  `seo_robots` varchar(255) COLLATE utf8mb4_unicode_ci DEFAULT NULL,
  `seo_title` varchar(255) COLLATE utf8mb4_unicode_ci DEFAULT NULL,
  `seo_keywords` varchar(255) COLLATE utf8mb4_unicode_ci DEFAULT NULL,
  `seo_description` varchar(255) COLLATE utf8mb4_unicode_ci DEFAULT NULL,
  `preview` varchar(255) COLLATE utf8mb4_unicode_ci DEFAULT NULL,
  `publish_at` datetime DEFAULT NULL,
  `important` int(11) NOT NULL DEFAULT 0,
  `view_number` int(11) NOT NULL DEFAULT 0,
  `user_id` int(11) DEFAULT NULL,
  `is_published` tinyint(1) NOT NULL DEFAULT 0,
  `is_activated` tinyint(1) NOT NULL DEFAULT 1,
  `is_deleted` tinyint(1) NOT NULL DEFAULT 0,
  `created_at` timestamp NULL DEFAULT NULL,
  `updated_at` timestamp NULL DEFAULT NULL,
  PRIMARY KEY (`id`)
) ENGINE=InnoDB AUTO_INCREMENT=5 DEFAULT CHARSET=utf8mb4 COLLATE=utf8mb4_unicode_ci;

--
-- Dumping data for table `articles`
--

INSERT INTO `articles` VALUES (1,'ewew','ewew','weweew','<p><img class=\"wscnph\" src=\"data:image/jpeg;base64,[BLOB]\" width=\"366\" height=\"238\" /><img class=\"wscnph\" src=\"/uploads/image/article/fe20b68ec44e6a02fadfab32f329afce.jpg\" /></p>\n<p>&nbsp;</p>\n<p><img class=\"wscnph\" src=\"/uploads/image/article/529afa8064c3afeaefe2257555f14ffe.png\" /></p>\n<p>&nbsp;</p>\n<p>awew&nbsp;</p>',NULL,NULL,NULL,NULL,0,NULL,NULL,NULL,NULL,NULL,'2020-08-05 10:45:14',5,0,1,0,0,1,'2020-08-04 20:46:25','2021-01-10 22:55:59'),(2,'【インタビュー】NY発の若手ブランド「BODE」に聞く、エモーショナルな服の作り方','bode-interview','ewewe','<div class=\"excerpt\">\n<p>　エミリー・アダムス・ボーディ（Emily Adams Bode）が手掛けるNY発の若手ブランド「ボーディ（BODE）」。ヴィンテージ素材を活用したコレクションで知られ、<a href=\"https://www.fashionsnap.com/article/2020-02-18/woolmarkprize2020-grandprix/\">2020 インターナショナル・ウールマーク・プライズ</a>でカール・ラガーフェルド・アワードを受賞するなど注目を集めている。</p>\n<p>　メンズウェア市場では未だ珍しい女性デザイナーによる服は、「エモーショナル」という言葉で表現されることも多い。ボーディの服に感情が宿る理由を掘り下げていくと、エミリーが焦点を置くクラフトへの女性による貢献の歴史があった。ニューヨークで新しいアトリエに引っ越したばかりだというエミリーに、Zoomで話を聞いた。</p>\n</div>\n<p><strong>― エミリーさんがファッションに目覚めたきっかけは？</strong></p>\n<p>具体的な出来事が何か一つあったわけではないですが、ファッションに関しては母や叔母を通して学んだと思います。彼女たちは子どもの頃に着ていた服をクローゼットに残していて、私は4年生ぐらいの頃から母のお古を借りてコーディネートするようになりました。ファッションとの出会い、というとその体験がふさわしいかもしれません。</p>\n<p>　デザイナーという仕事があるということを理解し始めたのはもっと後。高校の卒業が近づき進路について考えている中で、ファッションの学校に行って、それをキャリアにもできるんだ、と思うようになりました。</p>\n<p><strong>― パーソンズ美術大学ではなぜメンズウェアを専攻したのでしょうか？</strong></p>\n<p>　学校の課題でメンズ服を作ってみて、私の中で「これは拡げていける」と感じたからです。あとは、自分が着る服を仕事として作ることに興味が湧かなくて。自分や女友達が着るために服を作ること自体は大好きなのですが、その服の周りに一から世界観を作り出すことには興味がなかったというか。自分とは全く違う趣味があって、着こなし方があって、フィロソフィーがある&hellip;&hellip;私の直接的な経験とは違うところにいる「誰か」のために服をデザインする、というアイデアのほうがしっくりきたんです。ボーディのデザインは私にとってパーソナルなものでありつつ、メンズウェアは私の\"外\"にあるものなので。</p>\n<p><strong>― メンズウェアを手掛ける女性デザイナーは未だ珍しい存在ですよね。</strong></p>\n<p>　そのこと自体が、他のメンズブランドとボーディを差別化させていると思います。ボーディでは、女性が主に担ってきた伝統やクラフトを、メンズウェアの文脈に持ってきているんです。それは例えば、手織りだったり、刺繍だったり、修復することだったり、キルトだったり、パッチワークだったり。</p>\n<p>　ボーディで使っている素材は、女性の家着として昔よく使われていた生地や、女性によって作られた生地など、\"女性中心\"のものがほとんどです。だから、ボーディが使っているファブリックには、家庭という空間、コンフォート、家、家族&hellip;というアイデアが内在していると思うんです。</p>\n<p class=\"font-size-small\">ミュージシャンハリー・スタイルズもボーディのファンとして知られている。ハリーが着用しているSeniorCordトラウザーズは定番アイテムで、購入時に自分の好きなモチーフ等についてボーディのスタッフがヒアリングし、オリジナルのドローイングを施してくれる。</p>\n<p><strong>― 家庭というコンセプトに関連して、子ども服のようなユーモラスな要素もデザインに見られます。</strong></p>\n<p>　子ども服は常に興味の対象で、ボーディでも子ども服やベビー服を展開しています。子ども服の、気まぐれで、ボーイッシュで、ちょっと風変わりで、手仕事を感じられる、そんなところが大好き。子ども服の周りには「感情」があると思うんです。それは、出産や誕生日など人生のイベントに合わせてギフトとして子ども服を贈ることが多いのも関係していると思います。子ども服になぜ「感情」を感じるのか？ボーディではそのアイデアをメンズウェアのフォーマットに落とし込んでいます。</p>\n<p><strong>― それこそ、ボーディの服を「エモーショナル」と表現する人が多いですよね。どのような方法で服に感情を落とし込んでいるのでしょうか？</strong></p>\n<p>　クラフトへの情熱と、扱っている生地がどこかのタイミングで人の手によって作られている、ということを念頭に置きながら服を作ることでしょうか。ハンドクラフトを大切にしたり、ちょっと風変わりなものに注目してみたり、家庭的な要素を持った生地を使うようにしたり。</p>\n<p>　一点物の服に関しては、使っているアンティークのテキスタイルはどれも誰かに愛されてきたものたち。だから、それらには人間的なタッチだったり、「生き続けるもの」が宿っていると思うんです。ボーディの服に関して、エモーショナルと同じく「コンフォーティング」と言われることも多いです。長い間、誰かに愛されてきたものなので、感情がファブリック自体に備わっているというか。生地に織り込まれているんです。</p>\n<p>　ヴィンテージ素材を使っていないものに関して、例えばレプリカのようなアイテムで、昔は手縫いだったものを今はミシンで縫っているとしても、服の背景にある考えやコンセプトは今も健在している。だからボーディは、素材からハンドタグ、コピー、イメージメーキングまで、その感情が残るように意識しています。</p>\n<p><strong>― 現状、アンティーク・ヴィンテージ素材はコレクションの何割を占めているんでしょうか？</strong></p>\n<p>　シーズンごとに違いますが、平均で40％くらいです。アンティークのテキスタイルに限らず、デッドストックの素材も多く使っています。中には200年前のテキスタイルもありますね。</p>\n<p><strong>― サステナビリティの文脈で語られることも多いですが、ボーディが実践するアップサイクリングはクラフトへの愛から始まっているんですよね。</strong></p>\n<p>　そうですね。ボーディでやっていることは、単にアンティーク生地を再利用するのではなく、それらに付随するクラフト技術や伝統を守ることなんです。だからすでにある素材だけに集中するのではなく、（素材を新たに作ることで）その伝統を途絶えないようにしたり、再生させることも大事だと考えています。</p>\n<p>　サステナビリティへの取り組みについては様々な歯車があって、100年以上の歴史を持つ家族経営の工場に生産をお願いしたり、ソーシャルグッドな要素を持つ企業と仕事をすることを意識したりしています。</p>\n<p><strong>― ヴィンテージ生地はどこで買い付けているんでしょうか？</strong></p>\n<p>　コレクションによりますが、多いのはニューイングランドやミッドウエスト。あとは、コレクションで頻繁に使うティッキングストライプはフランスで調達したり、ウォールブランケットは英国やアイルランドなど、ヨーロッパもたまに行きます。ただ全体的に見ると、アメリカが多いと思います。</p>\n<p><strong>― アンティーク生地を選ぶ時の基準は？</strong></p>\n<p>　来歴で選んでいます。歴史的に重要な視点が込められたものなのか、どこから来たものなのか、誰が所有していたものなのか。あとは、家庭内の伝統的な文化や歴史的な意味で、どんな役割を果たしていたものなのか。もちろん、繊細で複雑な刺繍など、テキスタイルに見られる手仕事も重要です。</p>\n<p><strong>― アトリエにはたくさんの生地がありそうですね。ボーディが提案している男性像もコレクター的なイメージですし、いわゆる最近のトレンドであるコンマリ的なシンプルライフとは逆行していますよね。</strong></p>\n<p>　そうですね（笑）。今Zoomをしているこの場所に最近アトリエを移転して、これまで集めてきたテキスタイルなどはここにまとめるようにしたんです。仕事も大切ですけど、同じくらい、仕事外の人間関係も大事にしたい。私生活のパートナーにとって、ゆっくりしたい家にボーディのインスピレーションクローゼットがあることが良いとは限りませんから（笑）。仕事から離れつつ\"住みやすい\"家をキュレーションすることは、今の課題なんですよ。</p>\n<p><strong>― 今回インターナショナル・ウールマーク・プライズで発表したコレクションについて教えて下さい。</strong></p>\n<p>　アーティストで私の友人でもあるベンジャミン・ブルームスタイン（Benjamin Bloomstein）の幼少期が着想源です。教育や経験など、何が今日の彼を作ったのか？ 彼の経験から、再利用、自給自足、サステナビリティといったカルチャーを抽出し、服に落とし込んでいます。</p>\n<p class=\"font-size-small large-centered\">ボーディによる受賞コレクションから、馬のショー用ブランケットを再利用・リメイクして作られたオーバーコートやスーツ、1930年代に稼働を終えたニット工場のステッチサンプルから着想を得た、追跡可能で認証済みのメリノウール・ジャカードニット、メリノウールを個別にかぎ針で編んだ何百もの小花の集まりによって作られたハウスコートなどが登場。ユナイテッドアローズ、ユニオントーキョー、メイデンズショップ、フリークスストア、FAYE、リリーデル サローネ、HNW Storeなどで販売中。</p>\n<div class=\"degutter-small-only\">\n<h4 class=\"text-center\">インターナショナル・ウールマーク・プライズで発表したコレクション</h4>\n<img src=\"https://res.fashionsnap.com/image/upload/q_auto,w_930/asset/article/images/2020/12/bode-woolmark-_001.jpg\" /></div>\n<p><strong>― 賞金として10万豪ドルを獲得しましたが、ボーディで次にしたいことは？</strong></p>\n<p>　今回のウールマークとの取り組みを通して出会ったマニュファクチャラーとの仕事を続けていきたいです。これまで仕事をしたことがなかった工場と繋がりができ、素晴らしいサンプルを出してもらうことができたので。</p>\n<p><strong>― 2021年春夏コレクションの発表予定は？</strong></p>\n<p>　近々バイヤー向けに発表します。プレス向けの発表は、お店に並ぶ時期を予定しています。コレクションの発表の仕方や時期について今後どうしていくのかは考え中です。</p>\n<p><strong>― 拠点を置くニューヨークはロックダウンに入ったり、新型コロナの影響が大きかった一年だったかと思います。エミリーさんの考え方にはどのような変化がありましたか？</strong></p>\n<p>　私個人ではなく会社として、一時停止することや、時には「ノー」といっても良いんだということを学びました。気がつけばずっと走り続けていたんです。常に複数のプロジェクトを進行していて、それら全てを納得のいく良いものに仕上げるのは、とっても難しい。時にはスケジュール的に厳しい納期もありますし。ロックダウンによって一度強制的に止まらざるを得なくなったことで、「私達が本当に集中すべきことは何なんだろう？」と考え、優先事項を整えることができました。それは例えば、ECサイトへの注力だったり、新しいスタジオを作ることだったり。</p>\n<p><strong>― 最後に。色々とあった2020年ですが、今年買って最も良かったものは何ですか？</strong></p>\n<p>　\"飼った\"という意味では犬です！ 買ったわけではないんですが（笑）。ワイアーヘアード・ポインティング・グリフォンという犬種で、母親から譲り受けたんですがまだ子犬なんですよ。マンデイという名前。今この取材中もアトリエで走り回っていて、いたずらっ子ですがとっても可愛いんですよ。</p>\n<p class=\"font-size-small large-centered box\"><strong>エミリー・アダムス・ボーディ</strong> <br />米ジョージア州アトランタ出身。パーソンズ美術大学でメンズウェア、Eugene Lang Collegeで哲学を学ぶ。自身の名を冠したメンズウェアブランド「ボーディ（BODE）」は2016年にデビュー。2019年にLVMHプライズのファイナリストに選出され、2020年インターナショナル・ウールマーク・プライズでカール・ラガーフェルド・アワードを受賞した。</p>\n<p class=\"text-right\">（聞き手：谷桃子）</p>\n<p>ボーディ： <a href=\"https://www.bodenewyork.com/\" target=\"_blank\" rel=\"noopener\">公式サイト</a> <br />インターナショナル・ウールマーク・プライズ：<a href=\"https://www.woolmarkprize.com/\" target=\"_blank\" rel=\"noopener\">公式サイト</a></p>','b38d0ce5def69d25423fed0a58235ce5.jpg',NULL,NULL,NULL,0,NULL,NULL,NULL,NULL,NULL,'2020-08-05 10:55:07',5,0,1,0,1,0,'2020-08-04 20:55:40','2021-01-11 01:40:27'),(3,'「ウールマーク賞」ファイナリストにカサブランカなど6組、日本からは今年もノミネートなし','2323','aweaw','<p>wwwwwwwwwwww</p>','594df46e3664f4ee7a41cba82f24a873.jpg',NULL,NULL,NULL,0,NULL,NULL,NULL,NULL,NULL,'2021-01-11 14:17:08',0,0,1,0,1,0,'2021-01-11 00:17:23','2021-01-11 01:41:33'),(4,'2020年「ウールマーク・プライズ」優勝者発表、アイルランドのリチャード・マローンに栄冠','2020年「ウールマーク・プライズ」優勝者発表、アイルランドのリチャード・マローンに栄冠',NULL,'<p>eeeeeeeeeee</p>','c72396ea61fd8cbb4b95d7c3bd5e4f7f.jpg',NULL,NULL,NULL,0,NULL,NULL,NULL,NULL,NULL,'2021-01-11 15:41:04',0,0,1,1,1,0,'2021-01-11 01:41:20','2021-01-11 01:41:20');

--
-- Table structure for table `categories`
--

CREATE TABLE `categories` (
  `id` bigint(20) unsigned NOT NULL AUTO_INCREMENT,
  `name` varchar(255) COLLATE utf8mb4_unicode_ci NOT NULL,
  `slug` varchar(255) COLLATE utf8mb4_unicode_ci DEFAULT NULL,
  `description` text COLLATE utf8mb4_unicode_ci DEFAULT NULL,
  `is_activated` smallint(6) NOT NULL DEFAULT 1,
  `is_deleted` smallint(6) NOT NULL DEFAULT 0,
  `created_at` timestamp NULL DEFAULT NULL,
  `updated_at` timestamp NULL DEFAULT NULL,
  PRIMARY KEY (`id`)
) ENGINE=InnoDB AUTO_INCREMENT=38 DEFAULT CHARSET=utf8mb4 COLLATE=utf8mb4_unicode_ci;

--
-- Dumping data for table `categories`
--

INSERT INTO `categories` VALUES (1,'恋愛・結婚','love','恋愛・結婚',1,1,'2020-04-15 13:43:57','2020-07-30 03:04:23'),(2,'美容・コスメ','cosme','美容・コスメ',1,1,'2020-04-15 13:43:57','2020-07-30 03:04:23'),(3,'ファッション','fashion','ファッション',1,1,'2020-04-15 13:43:57','2020-07-30 03:04:23'),(4,'髪型','hair','髪型',1,1,'2020-04-15 13:43:57','2020-07-30 03:04:23'),(5,'大人','otona','大人',1,1,'2020-04-15 13:43:57','2020-07-30 03:04:23'),(6,'芸能人','gossip','芸能人',1,1,'2020-04-15 13:43:57','2020-07-30 03:04:23'),(7,'料理・食べ物','cook','料理・食べ物',1,1,'2020-04-15 13:43:57','2020-07-30 03:04:10'),(8,'ダイエット','diet','ダイエット',1,1,'2020-04-15 13:43:57','2020-07-30 03:04:10'),(9,'家族・子育て','family','家族・子育て',1,1,'2020-04-15 13:43:57','2020-07-30 03:04:10'),(10,'医療・健康','health','医療・健康',1,1,'2020-04-15 13:43:57','2020-07-30 03:04:10'),(11,'生活','life','生活',1,1,'2020-04-15 13:43:57','2020-07-30 03:04:10'),(12,'仕事','work','仕事',1,1,'2020-04-15 13:43:57','2020-07-30 03:04:10'),(13,'実況','realtime','実況',1,1,'2020-04-15 13:43:57','2020-07-30 03:04:10'),(14,'テレビ・CM','tv','テレビ・CM',1,1,'2020-04-15 13:43:57','2020-07-30 03:04:10'),(15,'ドラマ・映画','movie','ドラマ・映画',1,1,'2020-04-15 13:43:57','2020-07-30 03:04:10'),(16,'マンガ・アニメ・本','comic','マンガ・アニメ・本',1,1,'2020-04-15 13:43:57','2020-07-30 03:04:10'),(17,'音楽','music','音楽',1,1,'2020-04-15 13:43:57','2020-08-16 19:27:42'),(18,'画像','images','画像',1,1,'2020-04-15 13:43:57','2020-08-16 19:27:42'),(19,'ニュース','news','ニュース',1,1,'2020-04-15 13:43:57','2020-08-16 19:27:42'),(20,'政治・経済','politics','政治・経済',1,1,'2020-04-15 13:43:57','2020-08-16 19:27:42'),(21,'スポーツ','sports','スポーツ',1,1,'2020-04-15 13:43:57','2020-08-16 19:27:42'),(22,'IT・インターネット','IT・インターネット','IT・インターネット',0,1,'2020-04-15 13:43:57','2020-07-30 03:03:59'),(23,'犬・猫・動物','犬・猫・動物','犬・猫・動物',0,1,'2020-04-15 13:43:57','2020-07-30 03:03:59'),(24,'質問・雑談','質問・雑談','質問・雑談',0,1,'2020-04-15 13:43:57','2020-07-30 03:03:59'),(25,'weeewe','weeewe',NULL,1,1,'2020-04-26 00:17:37','2020-04-26 04:34:19'),(26,'343434','343434',NULL,0,1,'2020-04-26 00:26:46','2020-04-26 04:34:19'),(27,'1111111','1111111','e11111',0,1,'2020-04-26 00:27:36','2020-04-26 04:34:19'),(28,'ea','ea','444444444',1,1,'2020-04-26 04:16:55','2020-04-26 04:34:19'),(29,'eeeeee3333','eeeeee3333','eeeeeee33333333',0,1,'2020-04-26 05:03:49','2020-04-26 05:04:07'),(30,'ewe','ewe','awewe',1,1,'2020-04-26 05:07:28','2020-04-26 05:07:34'),(31,'eeeeeee','eeeeeee','eeeeee',1,1,'2020-04-26 05:10:18','2020-04-26 05:11:01'),(32,'fdd','fdd','ff',1,1,'2020-04-26 05:11:57','2020-04-26 05:12:20'),(33,'恋愛','恋愛',NULL,1,0,'2020-08-16 19:28:13','2020-08-16 19:28:13'),(34,'復活愛','復活愛',NULL,1,0,'2020-08-16 19:28:24','2020-08-16 19:28:24'),(35,'略奪愛','略奪愛',NULL,1,0,'2020-08-16 19:28:34','2020-08-16 19:28:34'),(36,'test','test','aew',1,0,'2020-08-20 19:26:38','2020-08-20 19:26:38'),(37,'awew','awew','awew',1,0,'2020-09-20 08:48:55','2020-09-20 08:48:55');

--
-- Table structure for table `comment_details`
--

CREATE TABLE `comment_details` (
  `id` bigint(20) unsigned NOT NULL AUTO_INCREMENT,
  `comment_id` int(11) NOT NULL,
  `content` text COLLATE utf8mb4_unicode_ci DEFAULT NULL,
  `title` text COLLATE utf8mb4_unicode_ci DEFAULT NULL,
  `domain` text COLLATE utf8mb4_unicode_ci DEFAULT NULL,
  `description` text COLLATE utf8mb4_unicode_ci DEFAULT NULL,
  `thumbnail` varchar(255) COLLATE utf8mb4_unicode_ci NOT NULL DEFAULT 'noimg@2x.png',
  `current_img` int(11) NOT NULL DEFAULT -1,
  `is_url` smallint(6) NOT NULL DEFAULT 0,
  `created_at` timestamp NULL DEFAULT NULL,
  `updated_at` timestamp NULL DEFAULT NULL,
  PRIMARY KEY (`id`)
) ENGINE=InnoDB DEFAULT CHARSET=utf8mb4 COLLATE=utf8mb4_unicode_ci;

--
-- Dumping data for table `comment_details`
--


--
-- Table structure for table `comments`
--

CREATE TABLE `comments` (
  `id` bigint(20) unsigned NOT NULL AUTO_INCREMENT,
  `idx` int(11) DEFAULT NULL,
  `topic_id` int(11) NOT NULL,
  `parent_id` int(11) NOT NULL DEFAULT 0,
  `content` text COLLATE utf8mb4_unicode_ci DEFAULT NULL,
  `image` varchar(255) COLLATE utf8mb4_unicode_ci DEFAULT NULL,
  `like` int(11) NOT NULL DEFAULT 0,
  `dislike` int(11) NOT NULL DEFAULT 0,
  `author` varchar(255) COLLATE utf8mb4_unicode_ci DEFAULT NULL,
  `is_anonymous` smallint(6) NOT NULL DEFAULT 1,
  `is_show_id` smallint(6) NOT NULL DEFAULT 0,
  `is_allow_comment` smallint(6) NOT NULL DEFAULT 1,
  `is_activated` smallint(6) NOT NULL DEFAULT 1,
  `is_deleted` smallint(6) NOT NULL DEFAULT 0,
  `created_at` timestamp NULL DEFAULT NULL,
  `updated_at` timestamp NULL DEFAULT NULL,
  PRIMARY KEY (`id`)
) ENGINE=InnoDB DEFAULT CHARSET=utf8mb4 COLLATE=utf8mb4_unicode_ci;

--
-- Dumping data for table `comments`
--


--
-- Table structure for table `consultation_details`
--

CREATE TABLE `consultation_details` (
  `id` bigint(20) unsigned NOT NULL AUTO_INCREMENT,
  `fortune_teller_id` int(11) NOT NULL,
  `consultation_id` int(11) NOT NULL,
  `created_at` timestamp NULL DEFAULT NULL,
  `updated_at` timestamp NULL DEFAULT NULL,
  PRIMARY KEY (`id`)
) ENGINE=InnoDB AUTO_INCREMENT=458 DEFAULT CHARSET=utf8mb4 COLLATE=utf8mb4_unicode_ci;

--
-- Dumping data for table `consultation_details`
--

INSERT INTO `consultation_details` VALUES (32,31,33,'2020-08-21 02:10:28','2020-08-21 02:10:28'),(58,30,33,'2020-08-23 21:14:38','2020-08-23 21:14:38'),(59,30,32,'2020-08-23 21:14:38','2020-08-23 21:14:38'),(60,29,33,'2020-08-24 21:07:41','2020-08-24 21:07:41'),(61,29,28,'2020-08-24 21:07:41','2020-08-24 21:07:41'),(62,29,26,'2020-08-24 21:07:41','2020-08-24 21:07:41'),(63,29,31,'2020-08-24 21:07:41','2020-08-24 21:07:41'),(66,70,33,'2020-08-25 02:37:16','2020-08-25 02:37:16'),(67,46,33,'2020-08-25 02:37:30','2020-08-25 02:37:30'),(76,10,1,'2020-08-27 11:18:21','2020-08-27 11:18:21'),(77,10,33,'2020-08-27 11:18:21','2020-08-27 11:18:21'),(97,86,31,'2020-10-07 02:20:00','2020-10-07 02:20:00'),(98,86,32,'2020-10-07 02:20:00','2020-10-07 02:20:00'),(99,86,30,'2020-10-07 02:20:00','2020-10-07 02:20:00'),(100,86,29,'2020-10-07 02:20:00','2020-10-07 02:20:00'),(118,84,32,'2020-10-13 03:44:20','2020-10-13 03:44:20'),(119,84,31,'2020-10-13 03:44:20','2020-10-13 03:44:20'),(120,84,30,'2020-10-13 03:44:20','2020-10-13 03:44:20'),(121,84,29,'2020-10-13 03:44:20','2020-10-13 03:44:20'),(122,84,28,'2020-10-13 03:44:20','2020-10-13 03:44:20'),(123,84,27,'2020-10-13 03:44:20','2020-10-13 03:44:20'),(124,84,26,'2020-10-13 03:44:20','2020-10-13 03:44:20'),(125,84,25,'2020-10-13 03:44:20','2020-10-13 03:44:20'),(126,84,15,'2020-10-13 03:44:20','2020-10-13 03:44:20'),(127,84,23,'2020-10-13 03:44:20','2020-10-13 03:44:20'),(128,84,24,'2020-10-13 03:44:20','2020-10-13 03:44:20'),(129,84,21,'2020-10-13 03:44:20','2020-10-13 03:44:20'),(130,84,22,'2020-10-13 03:44:20','2020-10-13 03:44:20'),(131,84,6,'2020-10-13 03:44:20','2020-10-13 03:44:20'),(132,84,2,'2020-10-13 03:44:20','2020-10-13 03:44:20'),(189,88,32,'2020-10-13 06:46:44','2020-10-13 06:46:44'),(190,88,31,'2020-10-13 06:46:44','2020-10-13 06:46:44'),(191,88,30,'2020-10-13 06:46:44','2020-10-13 06:46:44'),(192,88,29,'2020-10-13 06:46:44','2020-10-13 06:46:44'),(193,88,28,'2020-10-13 06:46:44','2020-10-13 06:46:44'),(194,88,27,'2020-10-13 06:46:44','2020-10-13 06:46:44'),(195,88,21,'2020-10-13 06:46:44','2020-10-13 06:46:44'),(196,88,22,'2020-10-13 06:46:44','2020-10-13 06:46:44'),(197,88,23,'2020-10-13 06:46:44','2020-10-13 06:46:44'),(198,88,24,'2020-10-13 06:46:44','2020-10-13 06:46:44'),(199,88,25,'2020-10-13 06:46:44','2020-10-13 06:46:44'),(200,88,26,'2020-10-13 06:46:44','2020-10-13 06:46:44'),(201,88,6,'2020-10-13 06:46:44','2020-10-13 06:46:44'),(202,88,2,'2020-10-13 06:46:44','2020-10-13 06:46:44'),(203,87,32,'2020-10-16 06:53:55','2020-10-16 06:53:55'),(204,87,31,'2020-10-16 06:53:55','2020-10-16 06:53:55'),(205,87,30,'2020-10-16 06:53:55','2020-10-16 06:53:55'),(310,90,32,'2020-11-04 05:37:02','2020-11-04 05:37:02'),(311,90,30,'2020-11-04 05:37:02','2020-11-04 05:37:02'),(312,90,29,'2020-11-04 05:37:02','2020-11-04 05:37:02'),(313,90,28,'2020-11-04 05:37:02','2020-11-04 05:37:02'),(314,90,27,'2020-11-04 05:37:02','2020-11-04 05:37:02'),(315,90,26,'2020-11-04 05:37:02','2020-11-04 05:37:02'),(316,90,25,'2020-11-04 05:37:02','2020-11-04 05:37:02'),(317,90,24,'2020-11-04 05:37:02','2020-11-04 05:37:02'),(318,90,23,'2020-11-04 05:37:02','2020-11-04 05:37:02'),(319,90,22,'2020-11-04 05:37:02','2020-11-04 05:37:02'),(320,90,21,'2020-11-04 05:37:02','2020-11-04 05:37:02'),(321,90,19,'2020-11-04 05:37:02','2020-11-04 05:37:02'),(322,90,12,'2020-11-04 05:37:02','2020-11-04 05:37:02'),(323,90,11,'2020-11-04 05:37:02','2020-11-04 05:37:02'),(324,90,10,'2020-11-04 05:37:02','2020-11-04 05:37:02'),(325,90,8,'2020-11-04 05:37:02','2020-11-04 05:37:02'),(326,90,7,'2020-11-04 05:37:02','2020-11-04 05:37:02'),(327,90,6,'2020-11-04 05:37:02','2020-11-04 05:37:02'),(328,90,3,'2020-11-04 05:37:02','2020-11-04 05:37:02'),(329,90,2,'2020-11-04 05:37:02','2020-11-04 05:37:02'),(330,90,34,'2020-11-04 05:37:02','2020-11-04 05:37:02'),(331,90,35,'2020-11-04 05:37:02','2020-11-04 05:37:02'),(332,90,36,'2020-11-04 05:37:02','2020-11-04 05:37:02'),(333,90,37,'2020-11-04 05:37:02','2020-11-04 05:37:02'),(334,90,38,'2020-11-04 05:37:02','2020-11-04 05:37:02'),(335,90,39,'2020-11-04 05:37:02','2020-11-04 05:37:02'),(336,90,40,'2020-11-04 05:37:02','2020-11-04 05:37:02'),(337,90,41,'2020-11-04 05:37:02','2020-11-04 05:37:02'),(338,90,42,'2020-11-04 05:37:02','2020-11-04 05:37:02'),(339,90,43,'2020-11-04 05:37:02','2020-11-04 05:37:02'),(340,90,44,'2020-11-04 05:37:02','2020-11-04 05:37:02'),(341,90,45,'2020-11-04 05:37:02','2020-11-04 05:37:02'),(342,90,46,'2020-11-04 05:37:02','2020-11-04 05:37:02'),(343,90,47,'2020-11-04 05:37:02','2020-11-04 05:37:02'),(344,89,2,'2020-11-06 04:20:19','2020-11-06 04:20:19'),(357,85,31,'2020-11-17 04:27:05','2020-11-17 04:27:05'),(358,85,32,'2020-11-17 04:27:05','2020-11-17 04:27:05'),(359,85,30,'2020-11-17 04:27:05','2020-11-17 04:27:05'),(360,85,29,'2020-11-17 04:27:05','2020-11-17 04:27:05'),(399,91,47,'2020-11-17 12:39:29','2020-11-17 12:39:29'),(400,91,43,'2020-11-17 12:39:29','2020-11-17 12:39:29'),(401,91,46,'2020-11-17 12:39:29','2020-11-17 12:39:29'),(402,91,44,'2020-11-17 12:39:29','2020-11-17 12:39:29'),(403,91,40,'2020-11-17 12:39:29','2020-11-17 12:39:29'),(404,91,39,'2020-11-17 12:39:29','2020-11-17 12:39:29'),(405,91,34,'2020-11-17 12:39:29','2020-11-17 12:39:29'),(406,91,35,'2020-11-17 12:39:29','2020-11-17 12:39:29'),(407,91,41,'2020-11-17 12:39:29','2020-11-17 12:39:29'),(408,91,42,'2020-11-17 12:39:29','2020-11-17 12:39:29'),(409,91,36,'2020-11-17 12:39:29','2020-11-17 12:39:29'),(410,91,37,'2020-11-17 12:39:29','2020-11-17 12:39:29'),(411,91,38,'2020-11-17 12:39:29','2020-11-17 12:39:29'),(412,91,32,'2020-11-17 12:39:29','2020-11-17 12:39:29'),(413,91,31,'2020-11-17 12:39:29','2020-11-17 12:39:29'),(414,91,30,'2020-11-17 12:39:29','2020-11-17 12:39:29'),(415,91,29,'2020-11-17 12:39:29','2020-11-17 12:39:29'),(416,91,28,'2020-11-17 12:39:29','2020-11-17 12:39:29'),(417,91,27,'2020-11-17 12:39:29','2020-11-17 12:39:29'),(418,91,26,'2020-11-17 12:39:29','2020-11-17 12:39:29'),(419,91,25,'2020-11-17 12:39:29','2020-11-17 12:39:29'),(420,91,24,'2020-11-17 12:39:29','2020-11-17 12:39:29'),(421,91,23,'2020-11-17 12:39:29','2020-11-17 12:39:29'),(422,91,22,'2020-11-17 12:39:29','2020-11-17 12:39:29'),(423,91,21,'2020-11-17 12:39:29','2020-11-17 12:39:29'),(424,91,18,'2020-11-17 12:39:29','2020-11-17 12:39:29'),(425,91,14,'2020-11-17 12:39:29','2020-11-17 12:39:29'),(426,91,8,'2020-11-17 12:39:29','2020-11-17 12:39:29'),(427,91,2,'2020-11-17 12:39:29','2020-11-17 12:39:29'),(428,91,7,'2020-11-17 12:39:29','2020-11-17 12:39:29'),(429,91,6,'2020-11-17 12:39:29','2020-11-17 12:39:29'),(430,91,12,'2020-11-17 12:39:29','2020-11-17 12:39:29'),(431,91,11,'2020-11-17 12:39:29','2020-11-17 12:39:29'),(432,91,10,'2020-11-17 12:39:29','2020-11-17 12:39:29'),(433,91,9,'2020-11-17 12:39:29','2020-11-17 12:39:29'),(434,91,3,'2020-11-17 12:39:29','2020-11-17 12:39:29'),(435,91,4,'2020-11-17 12:39:29','2020-11-17 12:39:29'),(436,91,13,'2020-11-17 12:39:29','2020-11-17 12:39:29'),(437,92,47,'2020-11-24 09:01:22','2020-11-24 09:01:22'),(438,92,2,'2020-11-24 09:01:22','2020-11-24 09:01:22'),(439,92,6,'2020-11-24 09:01:22','2020-11-24 09:01:22'),(440,92,7,'2020-11-24 09:01:22','2020-11-24 09:01:22'),(441,92,11,'2020-11-24 09:01:22','2020-11-24 09:01:22'),(442,92,8,'2020-11-24 09:01:22','2020-11-24 09:01:22'),(443,92,21,'2020-11-24 09:01:22','2020-11-24 09:01:22'),(444,92,29,'2020-11-24 09:01:22','2020-11-24 09:01:22'),(445,92,28,'2020-11-24 09:01:22','2020-11-24 09:01:22'),(446,92,27,'2020-11-24 09:01:22','2020-11-24 09:01:22'),(447,92,41,'2020-11-24 09:01:22','2020-11-24 09:01:22'),(448,92,39,'2020-11-24 09:01:22','2020-11-24 09:01:22'),(449,92,32,'2020-11-24 09:01:22','2020-11-24 09:01:22'),(450,92,24,'2020-11-24 09:01:22','2020-11-24 09:01:22'),(451,92,25,'2020-11-24 09:01:22','2020-11-24 09:01:22'),(452,92,26,'2020-11-24 09:01:22','2020-11-24 09:01:22'),(453,92,31,'2020-11-24 09:01:22','2020-11-24 09:01:22'),(454,92,23,'2020-11-24 09:01:22','2020-11-24 09:01:22'),(455,92,22,'2020-11-24 09:01:22','2020-11-24 09:01:22'),(456,92,12,'2020-11-24 09:01:22','2020-11-24 09:01:22'),(457,92,10,'2020-11-24 09:01:22','2020-11-24 09:01:22');

--
-- Table structure for table `consultations`
--

CREATE TABLE `consultations` (
  `id` bigint(20) unsigned NOT NULL AUTO_INCREMENT,
  `name` varchar(255) COLLATE utf8mb4_unicode_ci NOT NULL,
  `slug` varchar(255) COLLATE utf8mb4_unicode_ci DEFAULT NULL,
  `description` text COLLATE utf8mb4_unicode_ci DEFAULT NULL,
  `is_activated` tinyint(1) NOT NULL DEFAULT 1,
  `is_deleted` tinyint(1) NOT NULL DEFAULT 0,
  `created_at` timestamp NULL DEFAULT NULL,
  `updated_at` timestamp NULL DEFAULT NULL,
  PRIMARY KEY (`id`)
) ENGINE=InnoDB AUTO_INCREMENT=48 DEFAULT CHARSET=utf8mb4 COLLATE=utf8mb4_unicode_ci;

--
-- Dumping data for table `consultations`
--

INSERT INTO `consultations` VALUES (1,'wewe','wewe','ewew',1,0,'2020-08-16 23:18:29','2020-08-16 23:18:29'),(2,'恋愛','恋愛','恋愛',1,0,'2020-08-17 00:05:34','2020-08-17 00:05:34'),(3,'復活愛','復活愛','復活愛',1,0,'2020-08-17 00:05:34','2020-08-17 00:05:34'),(4,'略奪愛','略奪愛','略奪愛',1,0,'2020-08-17 00:05:34','2020-08-17 00:05:34'),(5,'同性愛','同性愛','同性愛',1,0,'2020-08-17 00:05:34','2020-08-17 00:05:34'),(6,'人間関係','人間関係','人間関係',1,0,'2020-08-17 00:05:34','2020-08-17 00:05:34'),(7,'健康','健康','健康',1,0,'2020-08-17 00:05:34','2020-08-17 00:05:34'),(8,'引越','引越','引越',1,0,'2020-08-17 00:05:34','2020-08-17 00:05:34'),(9,'心のケア','心のケア','心のケア',1,0,'2020-08-17 00:05:35','2020-08-17 00:05:35'),(10,'開運法','開運法','開運法',1,0,'2020-08-17 00:05:35','2020-08-17 00:05:35'),(11,'人生相談','人生相談','人生相談',1,0,'2020-08-17 00:05:35','2020-08-17 00:05:35'),(12,'金銭','金銭','金銭',1,0,'2020-08-17 00:05:35','2020-08-17 00:05:35'),(13,'時期','時期','時期',1,0,'2020-08-17 00:05:35','2020-08-17 00:05:35'),(14,'トラウマ','トラウマ','トラウマ',1,0,'2020-08-17 00:05:35','2020-08-17 00:05:35'),(15,'パワーストーン','パワーストーン','パワーストーン',1,0,'2020-08-17 00:05:35','2020-08-17 00:05:35'),(16,'血液型','血液型','血液型',1,0,'2020-08-17 00:05:35','2020-08-17 00:05:35'),(17,'カラー診断','カラー診断','カラー診断',1,0,'2020-08-17 00:05:35','2020-08-17 00:05:35'),(18,'パワースポット','パワースポット','パワースポット',1,0,'2020-08-17 00:05:35','2020-08-17 00:05:35'),(19,'夢診断','夢診断','夢診断',1,0,'2020-08-17 00:05:35','2020-08-17 00:05:35'),(20,'おまじない','おまじない','おまじない',1,0,'2020-08-17 00:05:35','2020-08-17 00:05:35'),(21,'結婚','結婚','結婚',1,0,'2020-08-17 00:05:35','2020-08-17 00:05:35'),(22,'不倫','不倫','不倫',1,0,'2020-08-17 00:05:35','2020-08-17 00:05:35'),(23,'離婚','離婚','離婚',1,0,'2020-08-17 00:05:35','2020-08-17 00:05:35'),(24,'仕事','仕事','仕事',1,0,'2020-08-17 00:05:35','2020-08-17 00:05:35'),(25,'適職','適職','適職',1,0,'2020-08-17 00:05:35','2020-08-17 00:05:35'),(26,'経営','経営','経営',1,0,'2020-08-17 00:05:35','2020-08-17 00:05:35'),(27,'親子','親子','親子',1,0,'2020-08-17 00:05:35','2020-08-17 00:05:35'),(28,'家族','家族','家族',1,0,'2020-08-17 00:05:35','2020-08-17 00:05:35'),(29,'夫婦','夫婦','夫婦',1,0,'2020-08-17 00:05:35','2020-08-17 00:05:35'),(30,'育児','育児','育児',1,0,'2020-08-17 00:05:35','2020-08-17 00:05:35'),(31,'将来','将来','将来',1,0,'2020-08-17 00:05:35','2020-08-17 00:05:35'),(32,'進路','進路','進路',1,0,'2020-08-17 00:05:35','2020-08-17 00:05:35'),(33,'SEX','sex','SEX',1,0,'2020-08-17 00:05:35','2020-08-17 00:05:35'),(34,'恋愛成就','恋愛成就',NULL,0,0,'2020-11-04 05:21:07','2020-11-04 05:21:07'),(35,'複雑な恋愛','複雑な恋愛',NULL,0,0,'2020-11-04 05:21:26','2020-11-04 05:21:26'),(36,'復活愛','復活愛',NULL,0,0,'2020-11-04 05:21:41','2020-11-04 05:21:41'),(37,'縁結び','縁結び',NULL,0,0,'2020-11-04 05:21:53','2020-11-04 05:21:53'),(38,'浮気','浮気',NULL,0,0,'2020-11-04 05:23:32','2020-11-04 05:23:32'),(39,'片思い','片思い',NULL,0,0,'2020-11-04 05:23:49','2020-11-04 05:23:49'),(40,'夫婦問題','夫婦問題',NULL,0,0,'2020-11-04 05:24:17','2020-11-04 05:24:17'),(41,'出会い','出会い',NULL,0,0,'2020-11-04 05:24:29','2020-11-04 05:24:29'),(42,'相手の気持ち','相手の気持ち',NULL,0,0,'2020-11-04 05:24:40','2020-11-04 05:24:40'),(43,'ビジネスチャンス','ビジネスチャンス',NULL,0,0,'2020-11-04 05:24:55','2020-11-04 05:24:55'),(44,'ビジネスパートナー','ビジネスパートナー',NULL,0,0,'2020-11-04 05:25:05','2020-11-04 05:25:05'),(45,'容姿','容姿',NULL,0,0,'2020-11-04 05:25:19','2020-11-04 05:25:19'),(46,'魂の本質','魂の本質',NULL,0,0,'2020-11-04 05:25:42','2020-11-04 05:25:42'),(47,'開運指導','開運指導',NULL,0,0,'2020-11-04 05:26:01','2020-11-04 05:26:01');

--
-- Table structure for table `contacts`
--

CREATE TABLE `contacts` (
  `id` bigint(20) unsigned NOT NULL AUTO_INCREMENT,
  `type` int(11) DEFAULT NULL,
  `name` varchar(255) COLLATE utf8mb4_unicode_ci NOT NULL,
  `company` varchar(255) COLLATE utf8mb4_unicode_ci DEFAULT NULL,
  `email` varchar(255) COLLATE utf8mb4_unicode_ci DEFAULT NULL,
  `phone_number` varchar(255) COLLATE utf8mb4_unicode_ci DEFAULT NULL,
  `zip_code_1` varchar(255) COLLATE utf8mb4_unicode_ci DEFAULT NULL,
  `zip_code_2` varchar(255) COLLATE utf8mb4_unicode_ci DEFAULT NULL,
  `prefectures` varchar(255) COLLATE utf8mb4_unicode_ci DEFAULT NULL,
  `address` varchar(255) COLLATE utf8mb4_unicode_ci DEFAULT NULL,
  `building_name` varchar(255) COLLATE utf8mb4_unicode_ci DEFAULT NULL,
  `content` text COLLATE utf8mb4_unicode_ci DEFAULT NULL,
  `is_read` tinyint(1) NOT NULL DEFAULT 0,
  `is_deleted` tinyint(1) NOT NULL DEFAULT 0,
  `created_at` timestamp NULL DEFAULT NULL,
  `updated_at` timestamp NULL DEFAULT NULL,
  PRIMARY KEY (`id`)
) ENGINE=InnoDB AUTO_INCREMENT=5 DEFAULT CHARSET=utf8mb4 COLLATE=utf8mb4_unicode_ci;

--
-- Dumping data for table `contacts`
--

INSERT INTO `contacts` VALUES (1,1,'wewe',NULL,'wewe@gmail.com','wewe@gmail.com','2','23','青森県','23','232','2323',1,0,'2020-09-20 09:14:19','2020-09-20 19:16:55'),(2,1,'wewe',NULL,'awew@gmail.com','ewewe',NULL,NULL,'青森県',NULL,NULL,'weweawew',1,0,'2020-09-20 10:10:49','2020-09-20 19:16:38'),(3,2,'liemtd','Test','liemtd@gmail.com','liemtd@gmail.com','23','44','北海道','liemtd@gmail.com','liemtd@gmail.com','お問合せいただいたお客様への当社からの回答は、お問合せされたお客様特定のお問合せにご返答するものです。',1,0,'2020-09-20 19:15:41','2020-09-20 19:16:30'),(4,0,'田中',NULL,'hunters2fujiyoshi@gmail.com','080-5555-5555',NULL,NULL,NULL,NULL,NULL,'testです。',1,0,'2020-09-21 02:49:48','2020-09-24 07:53:01');

--
-- Table structure for table `failed_jobs`
--

CREATE TABLE `failed_jobs` (
  `id` bigint(20) unsigned NOT NULL AUTO_INCREMENT,
  `connection` text COLLATE utf8mb4_unicode_ci NOT NULL,
  `queue` text COLLATE utf8mb4_unicode_ci NOT NULL,
  `payload` longtext COLLATE utf8mb4_unicode_ci NOT NULL,
  `exception` longtext COLLATE utf8mb4_unicode_ci NOT NULL,
  `failed_at` timestamp NOT NULL DEFAULT current_timestamp(),
  PRIMARY KEY (`id`)
) ENGINE=InnoDB DEFAULT CHARSET=utf8mb4 COLLATE=utf8mb4_unicode_ci;

--
-- Dumping data for table `failed_jobs`
--


--
-- Table structure for table `filter_words`
--

CREATE TABLE `filter_words` (
  `id` bigint(20) unsigned NOT NULL AUTO_INCREMENT,
  `word` varchar(255) COLLATE utf8mb4_unicode_ci NOT NULL,
  `content` text COLLATE utf8mb4_unicode_ci DEFAULT NULL,
  `type` smallint(6) NOT NULL DEFAULT 0,
  `is_activated` smallint(6) NOT NULL DEFAULT 1,
  `is_deleted` smallint(6) NOT NULL DEFAULT 0,
  `created_at` timestamp NULL DEFAULT NULL,
  `updated_at` timestamp NULL DEFAULT NULL,
  PRIMARY KEY (`id`)
) ENGINE=InnoDB DEFAULT CHARSET=utf8mb4 COLLATE=utf8mb4_unicode_ci;

--
-- Dumping data for table `filter_words`
--


--
-- Table structure for table `fortune_metas`
--

CREATE TABLE `fortune_metas` (
  `id` bigint(20) unsigned NOT NULL AUTO_INCREMENT,
  `fortune_teller_id` int(11) NOT NULL,
  `title` varchar(255) COLLATE utf8mb4_unicode_ci DEFAULT NULL,
  `content` text COLLATE utf8mb4_unicode_ci DEFAULT NULL,
  `type` varchar(255) COLLATE utf8mb4_unicode_ci NOT NULL DEFAULT 'profile',
  `created_at` timestamp NULL DEFAULT NULL,
  `updated_at` timestamp NULL DEFAULT NULL,
  PRIMARY KEY (`id`)
) ENGINE=InnoDB AUTO_INCREMENT=2039 DEFAULT CHARSET=utf8mb4 COLLATE=utf8mb4_unicode_ci;

--
-- Dumping data for table `fortune_metas`
--

INSERT INTO `fortune_metas` VALUES (1,1,'資格','鍼灸、ナード・アロマアドバイザー、メディカルセラピスト、介護予防運動指導員','profile','2020-08-27 02:51:26','2020-08-27 02:51:26'),(2,1,'担当施術','美容鍼（美顔鍼）、はり治療、ハーブピーリング','profile','2020-08-27 02:51:26','2020-08-27 02:51:26'),(3,1,'出身地','愛知県','profile','2020-08-27 02:51:26','2020-08-27 02:51:26'),(4,1,'趣味','ヨガ、カラオケ','profile','2020-08-27 02:51:26','2020-08-27 02:51:26'),(5,1,'特技','どこでも寝れます♪','profile','2020-08-27 02:51:26','2020-08-27 02:51:26'),(6,1,'好きなもの','旅行、カラオケ、食べること、音楽を聴くこと','profile','2020-08-27 02:51:26','2020-08-27 02:51:26'),(7,1,'嫌いなもの','豆','profile','2020-08-27 02:51:26','2020-08-27 02:51:26'),(8,1,'モットー','興味をもったことはとりあえずやってみる。失敗も多いがその分、自分の経験値があがるので。','profile','2020-08-27 02:51:26','2020-08-27 02:51:26'),(9,1,'夢','知識を高め、鍼灸師として成長する。ステキな鍼灸師になる。そして、治療に来てくださる皆さまを笑顔にしていきたい。','profile','2020-08-27 02:51:26','2020-08-27 02:51:26'),(10,2,'資格','鍼灸、ナード・アロマアドバイザー、メディカルセラピスト、介護予防運動指導員','profile','2020-08-27 02:51:26','2020-08-27 02:51:26'),(11,2,'担当施術','美容鍼（美顔鍼）、はり治療、ハーブピーリング','profile','2020-08-27 02:51:26','2020-08-27 02:51:26'),(12,2,'出身地','愛知県','profile','2020-08-27 02:51:26','2020-08-27 02:51:26'),(13,2,'趣味','ヨガ、カラオケ','profile','2020-08-27 02:51:26','2020-08-27 02:51:26'),(14,2,'特技','どこでも寝れます♪','profile','2020-08-27 02:51:26','2020-08-27 02:51:26'),(15,2,'好きなもの','旅行、カラオケ、食べること、音楽を聴くこと','profile','2020-08-27 02:51:26','2020-08-27 02:51:26'),(16,2,'嫌いなもの','豆','profile','2020-08-27 02:51:26','2020-08-27 02:51:26'),(17,2,'モットー','興味をもったことはとりあえずやってみる。失敗も多いがその分、自分の経験値があがるので。','profile','2020-08-27 02:51:26','2020-08-27 02:51:26'),(18,2,'夢','知識を高め、鍼灸師として成長する。ステキな鍼灸師になる。そして、治療に来てくださる皆さまを笑顔にしていきたい。','profile','2020-08-27 02:51:26','2020-08-27 02:51:26'),(19,3,'資格','鍼灸、ナード・アロマアドバイザー、メディカルセラピスト、介護予防運動指導員','profile','2020-08-27 02:51:26','2020-08-27 02:51:26'),(20,3,'担当施術','美容鍼（美顔鍼）、はり治療、ハーブピーリング','profile','2020-08-27 02:51:26','2020-08-27 02:51:26'),(21,3,'出身地','愛知県','profile','2020-08-27 02:51:26','2020-08-27 02:51:26'),(22,3,'趣味','ヨガ、カラオケ','profile','2020-08-27 02:51:26','2020-08-27 02:51:26'),(23,3,'特技','どこでも寝れます♪','profile','2020-08-27 02:51:26','2020-08-27 02:51:26'),(24,3,'好きなもの','旅行、カラオケ、食べること、音楽を聴くこと','profile','2020-08-27 02:51:26','2020-08-27 02:51:26'),(25,3,'嫌いなもの','豆','profile','2020-08-27 02:51:26','2020-08-27 02:51:26'),(26,3,'モットー','興味をもったことはとりあえずやってみる。失敗も多いがその分、自分の経験値があがるので。','profile','2020-08-27 02:51:26','2020-08-27 02:51:26'),(27,3,'夢','知識を高め、鍼灸師として成長する。ステキな鍼灸師になる。そして、治療に来てくださる皆さまを笑顔にしていきたい。','profile','2020-08-27 02:51:26','2020-08-27 02:51:26'),(28,4,'資格','鍼灸、ナード・アロマアドバイザー、メディカルセラピスト、介護予防運動指導員','profile','2020-08-27 02:51:26','2020-08-27 02:51:26'),(29,4,'担当施術','美容鍼（美顔鍼）、はり治療、ハーブピーリング','profile','2020-08-27 02:51:26','2020-08-27 02:51:26'),(30,4,'出身地','愛知県','profile','2020-08-27 02:51:26','2020-08-27 02:51:26'),(31,4,'趣味','ヨガ、カラオケ','profile','2020-08-27 02:51:26','2020-08-27 02:51:26'),(32,4,'特技','どこでも寝れます♪','profile','2020-08-27 02:51:26','2020-08-27 02:51:26'),(33,4,'好きなもの','旅行、カラオケ、食べること、音楽を聴くこと','profile','2020-08-27 02:51:26','2020-08-27 02:51:26'),(34,4,'嫌いなもの','豆','profile','2020-08-27 02:51:26','2020-08-27 02:51:26'),(35,4,'モットー','興味をもったことはとりあえずやってみる。失敗も多いがその分、自分の経験値があがるので。','profile','2020-08-27 02:51:26','2020-08-27 02:51:26'),(36,4,'夢','知識を高め、鍼灸師として成長する。ステキな鍼灸師になる。そして、治療に来てくださる皆さまを笑顔にしていきたい。','profile','2020-08-27 02:51:26','2020-08-27 02:51:26'),(37,5,'資格','鍼灸、ナード・アロマアドバイザー、メディカルセラピスト、介護予防運動指導員','profile','2020-08-27 02:51:26','2020-08-27 02:51:26'),(38,5,'担当施術','美容鍼（美顔鍼）、はり治療、ハーブピーリング','profile','2020-08-27 02:51:26','2020-08-27 02:51:26'),(39,5,'出身地','愛知県','profile','2020-08-27 02:51:26','2020-08-27 02:51:26'),(40,5,'趣味','ヨガ、カラオケ','profile','2020-08-27 02:51:26','2020-08-27 02:51:26'),(41,5,'特技','どこでも寝れます♪','profile','2020-08-27 02:51:26','2020-08-27 02:51:26'),(42,5,'好きなもの','旅行、カラオケ、食べること、音楽を聴くこと','profile','2020-08-27 02:51:26','2020-08-27 02:51:26'),(43,5,'嫌いなもの','豆','profile','2020-08-27 02:51:26','2020-08-27 02:51:26'),(44,5,'モットー','興味をもったことはとりあえずやってみる。失敗も多いがその分、自分の経験値があがるので。','profile','2020-08-27 02:51:26','2020-08-27 02:51:26'),(45,5,'夢','知識を高め、鍼灸師として成長する。ステキな鍼灸師になる。そして、治療に来てくださる皆さまを笑顔にしていきたい。','profile','2020-08-27 02:51:27','2020-08-27 02:51:27'),(46,6,'資格','鍼灸、ナード・アロマアドバイザー、メディカルセラピスト、介護予防運動指導員','profile','2020-08-27 02:51:27','2020-08-27 02:51:27'),(47,6,'担当施術','美容鍼（美顔鍼）、はり治療、ハーブピーリング','profile','2020-08-27 02:51:27','2020-08-27 02:51:27'),(48,6,'出身地','愛知県','profile','2020-08-27 02:51:27','2020-08-27 02:51:27'),(49,6,'趣味','ヨガ、カラオケ','profile','2020-08-27 02:51:27','2020-08-27 02:51:27'),(50,6,'特技','どこでも寝れます♪','profile','2020-08-27 02:51:27','2020-08-27 02:51:27'),(51,6,'好きなもの','旅行、カラオケ、食べること、音楽を聴くこと','profile','2020-08-27 02:51:27','2020-08-27 02:51:27'),(52,6,'嫌いなもの','豆','profile','2020-08-27 02:51:27','2020-08-27 02:51:27'),(53,6,'モットー','興味をもったことはとりあえずやってみる。失敗も多いがその分、自分の経験値があがるので。','profile','2020-08-27 02:51:27','2020-08-27 02:51:27'),(54,6,'夢','知識を高め、鍼灸師として成長する。ステキな鍼灸師になる。そして、治療に来てくださる皆さまを笑顔にしていきたい。','profile','2020-08-27 02:51:27','2020-08-27 02:51:27'),(55,7,'資格','鍼灸、ナード・アロマアドバイザー、メディカルセラピスト、介護予防運動指導員','profile','2020-08-27 02:51:27','2020-08-27 02:51:27'),(56,7,'担当施術','美容鍼（美顔鍼）、はり治療、ハーブピーリング','profile','2020-08-27 02:51:27','2020-08-27 02:51:27'),(57,7,'出身地','愛知県','profile','2020-08-27 02:51:27','2020-08-27 02:51:27'),(58,7,'趣味','ヨガ、カラオケ','profile','2020-08-27 02:51:27','2020-08-27 02:51:27'),(59,7,'特技','どこでも寝れます♪','profile','2020-08-27 02:51:27','2020-08-27 02:51:27'),(60,7,'好きなもの','旅行、カラオケ、食べること、音楽を聴くこと','profile','2020-08-27 02:51:27','2020-08-27 02:51:27'),(61,7,'嫌いなもの','豆','profile','2020-08-27 02:51:27','2020-08-27 02:51:27'),(62,7,'モットー','興味をもったことはとりあえずやってみる。失敗も多いがその分、自分の経験値があがるので。','profile','2020-08-27 02:51:27','2020-08-27 02:51:27'),(63,7,'夢','知識を高め、鍼灸師として成長する。ステキな鍼灸師になる。そして、治療に来てくださる皆さまを笑顔にしていきたい。','profile','2020-08-27 02:51:27','2020-08-27 02:51:27'),(64,8,'資格','鍼灸、ナード・アロマアドバイザー、メディカルセラピスト、介護予防運動指導員','profile','2020-08-27 02:51:27','2020-08-27 02:51:27'),(65,8,'担当施術','美容鍼（美顔鍼）、はり治療、ハーブピーリング','profile','2020-08-27 02:51:27','2020-08-27 02:51:27'),(66,8,'出身地','愛知県','profile','2020-08-27 02:51:27','2020-08-27 02:51:27'),(67,8,'趣味','ヨガ、カラオケ','profile','2020-08-27 02:51:27','2020-08-27 02:51:27'),(68,8,'特技','どこでも寝れます♪','profile','2020-08-27 02:51:27','2020-08-27 02:51:27'),(69,8,'好きなもの','旅行、カラオケ、食べること、音楽を聴くこと','profile','2020-08-27 02:51:27','2020-08-27 02:51:27'),(70,8,'嫌いなもの','豆','profile','2020-08-27 02:51:27','2020-08-27 02:51:27'),(71,8,'モットー','興味をもったことはとりあえずやってみる。失敗も多いがその分、自分の経験値があがるので。','profile','2020-08-27 02:51:27','2020-08-27 02:51:27'),(72,8,'夢','知識を高め、鍼灸師として成長する。ステキな鍼灸師になる。そして、治療に来てくださる皆さまを笑顔にしていきたい。','profile','2020-08-27 02:51:27','2020-08-27 02:51:27'),(73,9,'資格','鍼灸、ナード・アロマアドバイザー、メディカルセラピスト、介護予防運動指導員','profile','2020-08-27 02:51:27','2020-08-27 02:51:27'),(74,9,'担当施術','美容鍼（美顔鍼）、はり治療、ハーブピーリング','profile','2020-08-27 02:51:27','2020-08-27 02:51:27'),(75,9,'出身地','愛知県','profile','2020-08-27 02:51:27','2020-08-27 02:51:27'),(76,9,'趣味','ヨガ、カラオケ','profile','2020-08-27 02:51:27','2020-08-27 02:51:27'),(77,9,'特技','どこでも寝れます♪','profile','2020-08-27 02:51:27','2020-08-27 02:51:27'),(78,9,'好きなもの','旅行、カラオケ、食べること、音楽を聴くこと','profile','2020-08-27 02:51:27','2020-08-27 02:51:27'),(79,9,'嫌いなもの','豆','profile','2020-08-27 02:51:27','2020-08-27 02:51:27'),(80,9,'モットー','興味をもったことはとりあえずやってみる。失敗も多いがその分、自分の経験値があがるので。','profile','2020-08-27 02:51:27','2020-08-27 02:51:27'),(81,9,'夢','知識を高め、鍼灸師として成長する。ステキな鍼灸師になる。そして、治療に来てくださる皆さまを笑顔にしていきたい。','profile','2020-08-27 02:51:27','2020-08-27 02:51:27'),(91,11,'資格','鍼灸、ナード・アロマアドバイザー、メディカルセラピスト、介護予防運動指導員','profile','2020-08-27 02:51:27','2020-08-27 02:51:27'),(92,11,'担当施術','美容鍼（美顔鍼）、はり治療、ハーブピーリング','profile','2020-08-27 02:51:27','2020-08-27 02:51:27'),(93,11,'出身地','愛知県','profile','2020-08-27 02:51:27','2020-08-27 02:51:27'),(94,11,'趣味','ヨガ、カラオケ','profile','2020-08-27 02:51:27','2020-08-27 02:51:27'),(95,11,'特技','どこでも寝れます♪','profile','2020-08-27 02:51:27','2020-08-27 02:51:27'),(96,11,'好きなもの','旅行、カラオケ、食べること、音楽を聴くこと','profile','2020-08-27 02:51:27','2020-08-27 02:51:27'),(97,11,'嫌いなもの','豆','profile','2020-08-27 02:51:27','2020-08-27 02:51:27'),(98,11,'モットー','興味をもったことはとりあえずやってみる。失敗も多いがその分、自分の経験値があがるので。','profile','2020-08-27 02:51:27','2020-08-27 02:51:27'),(99,11,'夢','知識を高め、鍼灸師として成長する。ステキな鍼灸師になる。そして、治療に来てくださる皆さまを笑顔にしていきたい。','profile','2020-08-27 02:51:27','2020-08-27 02:51:27'),(100,12,'資格','鍼灸、ナード・アロマアドバイザー、メディカルセラピスト、介護予防運動指導員','profile','2020-08-27 02:51:27','2020-08-27 02:51:27'),(101,12,'担当施術','美容鍼（美顔鍼）、はり治療、ハーブピーリング','profile','2020-08-27 02:51:27','2020-08-27 02:51:27'),(102,12,'出身地','愛知県','profile','2020-08-27 02:51:27','2020-08-27 02:51:27'),(103,12,'趣味','ヨガ、カラオケ','profile','2020-08-27 02:51:27','2020-08-27 02:51:27'),(104,12,'特技','どこでも寝れます♪','profile','2020-08-27 02:51:27','2020-08-27 02:51:27'),(105,12,'好きなもの','旅行、カラオケ、食べること、音楽を聴くこと','profile','2020-08-27 02:51:27','2020-08-27 02:51:27'),(106,12,'嫌いなもの','豆','profile','2020-08-27 02:51:27','2020-08-27 02:51:27'),(107,12,'モットー','興味をもったことはとりあえずやってみる。失敗も多いがその分、自分の経験値があがるので。','profile','2020-08-27 02:51:27','2020-08-27 02:51:27'),(108,12,'夢','知識を高め、鍼灸師として成長する。ステキな鍼灸師になる。そして、治療に来てくださる皆さまを笑顔にしていきたい。','profile','2020-08-27 02:51:27','2020-08-27 02:51:27'),(109,13,'資格','鍼灸、ナード・アロマアドバイザー、メディカルセラピスト、介護予防運動指導員','profile','2020-08-27 02:51:27','2020-08-27 02:51:27'),(110,13,'担当施術','美容鍼（美顔鍼）、はり治療、ハーブピーリング','profile','2020-08-27 02:51:27','2020-08-27 02:51:27'),(111,13,'出身地','愛知県','profile','2020-08-27 02:51:27','2020-08-27 02:51:27'),(112,13,'趣味','ヨガ、カラオケ','profile','2020-08-27 02:51:27','2020-08-27 02:51:27'),(113,13,'特技','どこでも寝れます♪','profile','2020-08-27 02:51:27','2020-08-27 02:51:27'),(114,13,'好きなもの','旅行、カラオケ、食べること、音楽を聴くこと','profile','2020-08-27 02:51:27','2020-08-27 02:51:27'),(115,13,'嫌いなもの','豆','profile','2020-08-27 02:51:27','2020-08-27 02:51:27'),(116,13,'モットー','興味をもったことはとりあえずやってみる。失敗も多いがその分、自分の経験値があがるので。','profile','2020-08-27 02:51:27','2020-08-27 02:51:27'),(117,13,'夢','知識を高め、鍼灸師として成長する。ステキな鍼灸師になる。そして、治療に来てくださる皆さまを笑顔にしていきたい。','profile','2020-08-27 02:51:27','2020-08-27 02:51:27'),(118,14,'資格','鍼灸、ナード・アロマアドバイザー、メディカルセラピスト、介護予防運動指導員','profile','2020-08-27 02:51:27','2020-08-27 02:51:27'),(119,14,'担当施術','美容鍼（美顔鍼）、はり治療、ハーブピーリング','profile','2020-08-27 02:51:27','2020-08-27 02:51:27'),(120,14,'出身地','愛知県','profile','2020-08-27 02:51:27','2020-08-27 02:51:27'),(121,14,'趣味','ヨガ、カラオケ','profile','2020-08-27 02:51:27','2020-08-27 02:51:27'),(122,14,'特技','どこでも寝れます♪','profile','2020-08-27 02:51:27','2020-08-27 02:51:27'),(123,14,'好きなもの','旅行、カラオケ、食べること、音楽を聴くこと','profile','2020-08-27 02:51:27','2020-08-27 02:51:27'),(124,14,'嫌いなもの','豆','profile','2020-08-27 02:51:27','2020-08-27 02:51:27'),(125,14,'モットー','興味をもったことはとりあえずやってみる。失敗も多いがその分、自分の経験値があがるので。','profile','2020-08-27 02:51:27','2020-08-27 02:51:27'),(126,14,'夢','知識を高め、鍼灸師として成長する。ステキな鍼灸師になる。そして、治療に来てくださる皆さまを笑顔にしていきたい。','profile','2020-08-27 02:51:27','2020-08-27 02:51:27'),(127,15,'資格','鍼灸、ナード・アロマアドバイザー、メディカルセラピスト、介護予防運動指導員','profile','2020-08-27 02:51:27','2020-08-27 02:51:27'),(128,15,'担当施術','美容鍼（美顔鍼）、はり治療、ハーブピーリング','profile','2020-08-27 02:51:27','2020-08-27 02:51:27'),(129,15,'出身地','愛知県','profile','2020-08-27 02:51:27','2020-08-27 02:51:27'),(130,15,'趣味','ヨガ、カラオケ','profile','2020-08-27 02:51:27','2020-08-27 02:51:27'),(131,15,'特技','どこでも寝れます♪','profile','2020-08-27 02:51:27','2020-08-27 02:51:27'),(132,15,'好きなもの','旅行、カラオケ、食べること、音楽を聴くこと','profile','2020-08-27 02:51:27','2020-08-27 02:51:27'),(133,15,'嫌いなもの','豆','profile','2020-08-27 02:51:27','2020-08-27 02:51:27'),(134,15,'モットー','興味をもったことはとりあえずやってみる。失敗も多いがその分、自分の経験値があがるので。','profile','2020-08-27 02:51:27','2020-08-27 02:51:27'),(135,15,'夢','知識を高め、鍼灸師として成長する。ステキな鍼灸師になる。そして、治療に来てくださる皆さまを笑顔にしていきたい。','profile','2020-08-27 02:51:27','2020-08-27 02:51:27'),(136,16,'資格','鍼灸、ナード・アロマアドバイザー、メディカルセラピスト、介護予防運動指導員','profile','2020-08-27 02:51:27','2020-08-27 02:51:27'),(137,16,'担当施術','美容鍼（美顔鍼）、はり治療、ハーブピーリング','profile','2020-08-27 02:51:27','2020-08-27 02:51:27'),(138,16,'出身地','愛知県','profile','2020-08-27 02:51:27','2020-08-27 02:51:27'),(139,16,'趣味','ヨガ、カラオケ','profile','2020-08-27 02:51:27','2020-08-27 02:51:27'),(140,16,'特技','どこでも寝れます♪','profile','2020-08-27 02:51:27','2020-08-27 02:51:27'),(141,16,'好きなもの','旅行、カラオケ、食べること、音楽を聴くこと','profile','2020-08-27 02:51:27','2020-08-27 02:51:27'),(142,16,'嫌いなもの','豆','profile','2020-08-27 02:51:27','2020-08-27 02:51:27'),(143,16,'モットー','興味をもったことはとりあえずやってみる。失敗も多いがその分、自分の経験値があがるので。','profile','2020-08-27 02:51:27','2020-08-27 02:51:27'),(144,16,'夢','知識を高め、鍼灸師として成長する。ステキな鍼灸師になる。そして、治療に来てくださる皆さまを笑顔にしていきたい。','profile','2020-08-27 02:51:27','2020-08-27 02:51:27'),(145,17,'資格','鍼灸、ナード・アロマアドバイザー、メディカルセラピスト、介護予防運動指導員','profile','2020-08-27 02:51:27','2020-08-27 02:51:27'),(146,17,'担当施術','美容鍼（美顔鍼）、はり治療、ハーブピーリング','profile','2020-08-27 02:51:27','2020-08-27 02:51:27'),(147,17,'出身地','愛知県','profile','2020-08-27 02:51:27','2020-08-27 02:51:27'),(148,17,'趣味','ヨガ、カラオケ','profile','2020-08-27 02:51:27','2020-08-27 02:51:27'),(149,17,'特技','どこでも寝れます♪','profile','2020-08-27 02:51:27','2020-08-27 02:51:27'),(150,17,'好きなもの','旅行、カラオケ、食べること、音楽を聴くこと','profile','2020-08-27 02:51:27','2020-08-27 02:51:27'),(151,17,'嫌いなもの','豆','profile','2020-08-27 02:51:27','2020-08-27 02:51:27'),(152,17,'モットー','興味をもったことはとりあえずやってみる。失敗も多いがその分、自分の経験値があがるので。','profile','2020-08-27 02:51:27','2020-08-27 02:51:27'),(153,17,'夢','知識を高め、鍼灸師として成長する。ステキな鍼灸師になる。そして、治療に来てくださる皆さまを笑顔にしていきたい。','profile','2020-08-27 02:51:27','2020-08-27 02:51:27'),(154,18,'資格','鍼灸、ナード・アロマアドバイザー、メディカルセラピスト、介護予防運動指導員','profile','2020-08-27 02:51:27','2020-08-27 02:51:27'),(155,18,'担当施術','美容鍼（美顔鍼）、はり治療、ハーブピーリング','profile','2020-08-27 02:51:27','2020-08-27 02:51:27'),(156,18,'出身地','愛知県','profile','2020-08-27 02:51:27','2020-08-27 02:51:27'),(157,18,'趣味','ヨガ、カラオケ','profile','2020-08-27 02:51:27','2020-08-27 02:51:27'),(158,18,'特技','どこでも寝れます♪','profile','2020-08-27 02:51:27','2020-08-27 02:51:27'),(159,18,'好きなもの','旅行、カラオケ、食べること、音楽を聴くこと','profile','2020-08-27 02:51:27','2020-08-27 02:51:27'),(160,18,'嫌いなもの','豆','profile','2020-08-27 02:51:27','2020-08-27 02:51:27'),(161,18,'モットー','興味をもったことはとりあえずやってみる。失敗も多いがその分、自分の経験値があがるので。','profile','2020-08-27 02:51:27','2020-08-27 02:51:27'),(162,18,'夢','知識を高め、鍼灸師として成長する。ステキな鍼灸師になる。そして、治療に来てくださる皆さまを笑顔にしていきたい。','profile','2020-08-27 02:51:27','2020-08-27 02:51:27'),(163,19,'資格','鍼灸、ナード・アロマアドバイザー、メディカルセラピスト、介護予防運動指導員','profile','2020-08-27 02:51:27','2020-08-27 02:51:27'),(164,19,'担当施術','美容鍼（美顔鍼）、はり治療、ハーブピーリング','profile','2020-08-27 02:51:27','2020-08-27 02:51:27'),(165,19,'出身地','愛知県','profile','2020-08-27 02:51:27','2020-08-27 02:51:27'),(166,19,'趣味','ヨガ、カラオケ','profile','2020-08-27 02:51:27','2020-08-27 02:51:27'),(167,19,'特技','どこでも寝れます♪','profile','2020-08-27 02:51:27','2020-08-27 02:51:27'),(168,19,'好きなもの','旅行、カラオケ、食べること、音楽を聴くこと','profile','2020-08-27 02:51:27','2020-08-27 02:51:27'),(169,19,'嫌いなもの','豆','profile','2020-08-27 02:51:27','2020-08-27 02:51:27'),(170,19,'モットー','興味をもったことはとりあえずやってみる。失敗も多いがその分、自分の経験値があがるので。','profile','2020-08-27 02:51:27','2020-08-27 02:51:27'),(171,19,'夢','知識を高め、鍼灸師として成長する。ステキな鍼灸師になる。そして、治療に来てくださる皆さまを笑顔にしていきたい。','profile','2020-08-27 02:51:27','2020-08-27 02:51:27'),(172,20,'資格','鍼灸、ナード・アロマアドバイザー、メディカルセラピスト、介護予防運動指導員','profile','2020-08-27 02:51:27','2020-08-27 02:51:27'),(173,20,'担当施術','美容鍼（美顔鍼）、はり治療、ハーブピーリング','profile','2020-08-27 02:51:27','2020-08-27 02:51:27'),(174,20,'出身地','愛知県','profile','2020-08-27 02:51:27','2020-08-27 02:51:27'),(175,20,'趣味','ヨガ、カラオケ','profile','2020-08-27 02:51:27','2020-08-27 02:51:27'),(176,20,'特技','どこでも寝れます♪','profile','2020-08-27 02:51:27','2020-08-27 02:51:27'),(177,20,'好きなもの','旅行、カラオケ、食べること、音楽を聴くこと','profile','2020-08-27 02:51:27','2020-08-27 02:51:27'),(178,20,'嫌いなもの','豆','profile','2020-08-27 02:51:27','2020-08-27 02:51:27'),(179,20,'モットー','興味をもったことはとりあえずやってみる。失敗も多いがその分、自分の経験値があがるので。','profile','2020-08-27 02:51:27','2020-08-27 02:51:27'),(180,20,'夢','知識を高め、鍼灸師として成長する。ステキな鍼灸師になる。そして、治療に来てくださる皆さまを笑顔にしていきたい。','profile','2020-08-27 02:51:27','2020-08-27 02:51:27'),(181,21,'資格','鍼灸、ナード・アロマアドバイザー、メディカルセラピスト、介護予防運動指導員','profile','2020-08-27 02:51:27','2020-08-27 02:51:27'),(182,21,'担当施術','美容鍼（美顔鍼）、はり治療、ハーブピーリング','profile','2020-08-27 02:51:27','2020-08-27 02:51:27'),(183,21,'出身地','愛知県','profile','2020-08-27 02:51:27','2020-08-27 02:51:27'),(184,21,'趣味','ヨガ、カラオケ','profile','2020-08-27 02:51:27','2020-08-27 02:51:27'),(185,21,'特技','どこでも寝れます♪','profile','2020-08-27 02:51:27','2020-08-27 02:51:27'),(186,21,'好きなもの','旅行、カラオケ、食べること、音楽を聴くこと','profile','2020-08-27 02:51:27','2020-08-27 02:51:27'),(187,21,'嫌いなもの','豆','profile','2020-08-27 02:51:27','2020-08-27 02:51:27'),(188,21,'モットー','興味をもったことはとりあえずやってみる。失敗も多いがその分、自分の経験値があがるので。','profile','2020-08-27 02:51:27','2020-08-27 02:51:27'),(189,21,'夢','知識を高め、鍼灸師として成長する。ステキな鍼灸師になる。そして、治療に来てくださる皆さまを笑顔にしていきたい。','profile','2020-08-27 02:51:27','2020-08-27 02:51:27'),(190,22,'資格','鍼灸、ナード・アロマアドバイザー、メディカルセラピスト、介護予防運動指導員','profile','2020-08-27 02:51:27','2020-08-27 02:51:27'),(191,22,'担当施術','美容鍼（美顔鍼）、はり治療、ハーブピーリング','profile','2020-08-27 02:51:27','2020-08-27 02:51:27'),(192,22,'出身地','愛知県','profile','2020-08-27 02:51:27','2020-08-27 02:51:27'),(193,22,'趣味','ヨガ、カラオケ','profile','2020-08-27 02:51:27','2020-08-27 02:51:27'),(194,22,'特技','どこでも寝れます♪','profile','2020-08-27 02:51:27','2020-08-27 02:51:27'),(195,22,'好きなもの','旅行、カラオケ、食べること、音楽を聴くこと','profile','2020-08-27 02:51:27','2020-08-27 02:51:27'),(196,22,'嫌いなもの','豆','profile','2020-08-27 02:51:27','2020-08-27 02:51:27'),(197,22,'モットー','興味をもったことはとりあえずやってみる。失敗も多いがその分、自分の経験値があがるので。','profile','2020-08-27 02:51:27','2020-08-27 02:51:27'),(198,22,'夢','知識を高め、鍼灸師として成長する。ステキな鍼灸師になる。そして、治療に来てくださる皆さまを笑顔にしていきたい。','profile','2020-08-27 02:51:27','2020-08-27 02:51:27'),(199,23,'資格','鍼灸、ナード・アロマアドバイザー、メディカルセラピスト、介護予防運動指導員','profile','2020-08-27 02:51:27','2020-08-27 02:51:27'),(200,23,'担当施術','美容鍼（美顔鍼）、はり治療、ハーブピーリング','profile','2020-08-27 02:51:27','2020-08-27 02:51:27'),(201,23,'出身地','愛知県','profile','2020-08-27 02:51:27','2020-08-27 02:51:27'),(202,23,'趣味','ヨガ、カラオケ','profile','2020-08-27 02:51:27','2020-08-27 02:51:27'),(203,23,'特技','どこでも寝れます♪','profile','2020-08-27 02:51:27','2020-08-27 02:51:27'),(204,23,'好きなもの','旅行、カラオケ、食べること、音楽を聴くこと','profile','2020-08-27 02:51:27','2020-08-27 02:51:27'),(205,23,'嫌いなもの','豆','profile','2020-08-27 02:51:27','2020-08-27 02:51:27'),(206,23,'モットー','興味をもったことはとりあえずやってみる。失敗も多いがその分、自分の経験値があがるので。','profile','2020-08-27 02:51:27','2020-08-27 02:51:27'),(207,23,'夢','知識を高め、鍼灸師として成長する。ステキな鍼灸師になる。そして、治療に来てくださる皆さまを笑顔にしていきたい。','profile','2020-08-27 02:51:27','2020-08-27 02:51:27'),(208,24,'資格','鍼灸、ナード・アロマアドバイザー、メディカルセラピスト、介護予防運動指導員','profile','2020-08-27 02:51:27','2020-08-27 02:51:27'),(209,24,'担当施術','美容鍼（美顔鍼）、はり治療、ハーブピーリング','profile','2020-08-27 02:51:27','2020-08-27 02:51:27'),(210,24,'出身地','愛知県','profile','2020-08-27 02:51:28','2020-08-27 02:51:28'),(211,24,'趣味','ヨガ、カラオケ','profile','2020-08-27 02:51:28','2020-08-27 02:51:28'),(212,24,'特技','どこでも寝れます♪','profile','2020-08-27 02:51:28','2020-08-27 02:51:28'),(213,24,'好きなもの','旅行、カラオケ、食べること、音楽を聴くこと','profile','2020-08-27 02:51:28','2020-08-27 02:51:28'),(214,24,'嫌いなもの','豆','profile','2020-08-27 02:51:28','2020-08-27 02:51:28'),(215,24,'モットー','興味をもったことはとりあえずやってみる。失敗も多いがその分、自分の経験値があがるので。','profile','2020-08-27 02:51:28','2020-08-27 02:51:28'),(216,24,'夢','知識を高め、鍼灸師として成長する。ステキな鍼灸師になる。そして、治療に来てくださる皆さまを笑顔にしていきたい。','profile','2020-08-27 02:51:28','2020-08-27 02:51:28'),(217,25,'資格','鍼灸、ナード・アロマアドバイザー、メディカルセラピスト、介護予防運動指導員','profile','2020-08-27 02:51:28','2020-08-27 02:51:28'),(218,25,'担当施術','美容鍼（美顔鍼）、はり治療、ハーブピーリング','profile','2020-08-27 02:51:28','2020-08-27 02:51:28'),(219,25,'出身地','愛知県','profile','2020-08-27 02:51:28','2020-08-27 02:51:28'),(220,25,'趣味','ヨガ、カラオケ','profile','2020-08-27 02:51:28','2020-08-27 02:51:28'),(221,25,'特技','どこでも寝れます♪','profile','2020-08-27 02:51:28','2020-08-27 02:51:28'),(222,25,'好きなもの','旅行、カラオケ、食べること、音楽を聴くこと','profile','2020-08-27 02:51:28','2020-08-27 02:51:28'),(223,25,'嫌いなもの','豆','profile','2020-08-27 02:51:28','2020-08-27 02:51:28'),(224,25,'モットー','興味をもったことはとりあえずやってみる。失敗も多いがその分、自分の経験値があがるので。','profile','2020-08-27 02:51:28','2020-08-27 02:51:28'),(225,25,'夢','知識を高め、鍼灸師として成長する。ステキな鍼灸師になる。そして、治療に来てくださる皆さまを笑顔にしていきたい。','profile','2020-08-27 02:51:28','2020-08-27 02:51:28'),(226,26,'資格','鍼灸、ナード・アロマアドバイザー、メディカルセラピスト、介護予防運動指導員','profile','2020-08-27 02:51:28','2020-08-27 02:51:28'),(227,26,'担当施術','美容鍼（美顔鍼）、はり治療、ハーブピーリング','profile','2020-08-27 02:51:28','2020-08-27 02:51:28'),(228,26,'出身地','愛知県','profile','2020-08-27 02:51:28','2020-08-27 02:51:28'),(229,26,'趣味','ヨガ、カラオケ','profile','2020-08-27 02:51:28','2020-08-27 02:51:28'),(230,26,'特技','どこでも寝れます♪','profile','2020-08-27 02:51:28','2020-08-27 02:51:28'),(231,26,'好きなもの','旅行、カラオケ、食べること、音楽を聴くこと','profile','2020-08-27 02:51:28','2020-08-27 02:51:28'),(232,26,'嫌いなもの','豆','profile','2020-08-27 02:51:28','2020-08-27 02:51:28'),(233,26,'モットー','興味をもったことはとりあえずやってみる。失敗も多いがその分、自分の経験値があがるので。','profile','2020-08-27 02:51:28','2020-08-27 02:51:28'),(234,26,'夢','知識を高め、鍼灸師として成長する。ステキな鍼灸師になる。そして、治療に来てくださる皆さまを笑顔にしていきたい。','profile','2020-08-27 02:51:28','2020-08-27 02:51:28'),(235,27,'資格','鍼灸、ナード・アロマアドバイザー、メディカルセラピスト、介護予防運動指導員','profile','2020-08-27 02:51:28','2020-08-27 02:51:28'),(236,27,'担当施術','美容鍼（美顔鍼）、はり治療、ハーブピーリング','profile','2020-08-27 02:51:28','2020-08-27 02:51:28'),(237,27,'出身地','愛知県','profile','2020-08-27 02:51:28','2020-08-27 02:51:28'),(238,27,'趣味','ヨガ、カラオケ','profile','2020-08-27 02:51:28','2020-08-27 02:51:28'),(239,27,'特技','どこでも寝れます♪','profile','2020-08-27 02:51:28','2020-08-27 02:51:28'),(240,27,'好きなもの','旅行、カラオケ、食べること、音楽を聴くこと','profile','2020-08-27 02:51:28','2020-08-27 02:51:28'),(241,27,'嫌いなもの','豆','profile','2020-08-27 02:51:28','2020-08-27 02:51:28'),(242,27,'モットー','興味をもったことはとりあえずやってみる。失敗も多いがその分、自分の経験値があがるので。','profile','2020-08-27 02:51:28','2020-08-27 02:51:28'),(243,27,'夢','知識を高め、鍼灸師として成長する。ステキな鍼灸師になる。そして、治療に来てくださる皆さまを笑顔にしていきたい。','profile','2020-08-27 02:51:28','2020-08-27 02:51:28'),(244,28,'資格','鍼灸、ナード・アロマアドバイザー、メディカルセラピスト、介護予防運動指導員','profile','2020-08-27 02:51:28','2020-08-27 02:51:28'),(245,28,'担当施術','美容鍼（美顔鍼）、はり治療、ハーブピーリング','profile','2020-08-27 02:51:28','2020-08-27 02:51:28'),(246,28,'出身地','愛知県','profile','2020-08-27 02:51:28','2020-08-27 02:51:28'),(247,28,'趣味','ヨガ、カラオケ','profile','2020-08-27 02:51:28','2020-08-27 02:51:28'),(248,28,'特技','どこでも寝れます♪','profile','2020-08-27 02:51:28','2020-08-27 02:51:28'),(249,28,'好きなもの','旅行、カラオケ、食べること、音楽を聴くこと','profile','2020-08-27 02:51:28','2020-08-27 02:51:28'),(250,28,'嫌いなもの','豆','profile','2020-08-27 02:51:28','2020-08-27 02:51:28'),(251,28,'モットー','興味をもったことはとりあえずやってみる。失敗も多いがその分、自分の経験値があがるので。','profile','2020-08-27 02:51:28','2020-08-27 02:51:28'),(252,28,'夢','知識を高め、鍼灸師として成長する。ステキな鍼灸師になる。そして、治療に来てくださる皆さまを笑顔にしていきたい。','profile','2020-08-27 02:51:28','2020-08-27 02:51:28'),(253,29,'資格','鍼灸、ナード・アロマアドバイザー、メディカルセラピスト、介護予防運動指導員','profile','2020-08-27 02:51:28','2020-08-27 02:51:28'),(254,29,'担当施術','美容鍼（美顔鍼）、はり治療、ハーブピーリング','profile','2020-08-27 02:51:28','2020-08-27 02:51:28'),(255,29,'出身地','愛知県','profile','2020-08-27 02:51:28','2020-08-27 02:51:28'),(256,29,'趣味','ヨガ、カラオケ','profile','2020-08-27 02:51:28','2020-08-27 02:51:28'),(257,29,'特技','どこでも寝れます♪','profile','2020-08-27 02:51:28','2020-08-27 02:51:28'),(258,29,'好きなもの','旅行、カラオケ、食べること、音楽を聴くこと','profile','2020-08-27 02:51:28','2020-08-27 02:51:28'),(259,29,'嫌いなもの','豆','profile','2020-08-27 02:51:28','2020-08-27 02:51:28'),(260,29,'モットー','興味をもったことはとりあえずやってみる。失敗も多いがその分、自分の経験値があがるので。','profile','2020-08-27 02:51:28','2020-08-27 02:51:28'),(261,29,'夢','知識を高め、鍼灸師として成長する。ステキな鍼灸師になる。そして、治療に来てくださる皆さまを笑顔にしていきたい。','profile','2020-08-27 02:51:28','2020-08-27 02:51:28'),(262,30,'資格','鍼灸、ナード・アロマアドバイザー、メディカルセラピスト、介護予防運動指導員','profile','2020-08-27 02:51:28','2020-08-27 02:51:28'),(263,30,'担当施術','美容鍼（美顔鍼）、はり治療、ハーブピーリング','profile','2020-08-27 02:51:28','2020-08-27 02:51:28'),(264,30,'出身地','愛知県','profile','2020-08-27 02:51:28','2020-08-27 02:51:28'),(265,30,'趣味','ヨガ、カラオケ','profile','2020-08-27 02:51:28','2020-08-27 02:51:28'),(266,30,'特技','どこでも寝れます♪','profile','2020-08-27 02:51:28','2020-08-27 02:51:28'),(267,30,'好きなもの','旅行、カラオケ、食べること、音楽を聴くこと','profile','2020-08-27 02:51:28','2020-08-27 02:51:28'),(268,30,'嫌いなもの','豆','profile','2020-08-27 02:51:28','2020-08-27 02:51:28'),(269,30,'モットー','興味をもったことはとりあえずやってみる。失敗も多いがその分、自分の経験値があがるので。','profile','2020-08-27 02:51:28','2020-08-27 02:51:28'),(270,30,'夢','知識を高め、鍼灸師として成長する。ステキな鍼灸師になる。そして、治療に来てくださる皆さまを笑顔にしていきたい。','profile','2020-08-27 02:51:28','2020-08-27 02:51:28'),(271,31,'資格','鍼灸、ナード・アロマアドバイザー、メディカルセラピスト、介護予防運動指導員','profile','2020-08-27 02:51:28','2020-08-27 02:51:28'),(272,31,'担当施術','美容鍼（美顔鍼）、はり治療、ハーブピーリング','profile','2020-08-27 02:51:28','2020-08-27 02:51:28'),(273,31,'出身地','愛知県','profile','2020-08-27 02:51:28','2020-08-27 02:51:28'),(274,31,'趣味','ヨガ、カラオケ','profile','2020-08-27 02:51:28','2020-08-27 02:51:28'),(275,31,'特技','どこでも寝れます♪','profile','2020-08-27 02:51:28','2020-08-27 02:51:28'),(276,31,'好きなもの','旅行、カラオケ、食べること、音楽を聴くこと','profile','2020-08-27 02:51:28','2020-08-27 02:51:28'),(277,31,'嫌いなもの','豆','profile','2020-08-27 02:51:28','2020-08-27 02:51:28'),(278,31,'モットー','興味をもったことはとりあえずやってみる。失敗も多いがその分、自分の経験値があがるので。','profile','2020-08-27 02:51:28','2020-08-27 02:51:28'),(279,31,'夢','知識を高め、鍼灸師として成長する。ステキな鍼灸師になる。そして、治療に来てくださる皆さまを笑顔にしていきたい。','profile','2020-08-27 02:51:28','2020-08-27 02:51:28'),(280,32,'資格','鍼灸、ナード・アロマアドバイザー、メディカルセラピスト、介護予防運動指導員','profile','2020-08-27 02:51:28','2020-08-27 02:51:28'),(281,32,'担当施術','美容鍼（美顔鍼）、はり治療、ハーブピーリング','profile','2020-08-27 02:51:28','2020-08-27 02:51:28'),(282,32,'出身地','愛知県','profile','2020-08-27 02:51:28','2020-08-27 02:51:28'),(283,32,'趣味','ヨガ、カラオケ','profile','2020-08-27 02:51:28','2020-08-27 02:51:28'),(284,32,'特技','どこでも寝れます♪','profile','2020-08-27 02:51:28','2020-08-27 02:51:28'),(285,32,'好きなもの','旅行、カラオケ、食べること、音楽を聴くこと','profile','2020-08-27 02:51:28','2020-08-27 02:51:28'),(286,32,'嫌いなもの','豆','profile','2020-08-27 02:51:28','2020-08-27 02:51:28'),(287,32,'モットー','興味をもったことはとりあえずやってみる。失敗も多いがその分、自分の経験値があがるので。','profile','2020-08-27 02:51:28','2020-08-27 02:51:28'),(288,32,'夢','知識を高め、鍼灸師として成長する。ステキな鍼灸師になる。そして、治療に来てくださる皆さまを笑顔にしていきたい。','profile','2020-08-27 02:51:28','2020-08-27 02:51:28'),(289,33,'資格','鍼灸、ナード・アロマアドバイザー、メディカルセラピスト、介護予防運動指導員','profile','2020-08-27 02:51:28','2020-08-27 02:51:28'),(290,33,'担当施術','美容鍼（美顔鍼）、はり治療、ハーブピーリング','profile','2020-08-27 02:51:28','2020-08-27 02:51:28'),(291,33,'出身地','愛知県','profile','2020-08-27 02:51:28','2020-08-27 02:51:28'),(292,33,'趣味','ヨガ、カラオケ','profile','2020-08-27 02:51:28','2020-08-27 02:51:28'),(293,33,'特技','どこでも寝れます♪','profile','2020-08-27 02:51:28','2020-08-27 02:51:28'),(294,33,'好きなもの','旅行、カラオケ、食べること、音楽を聴くこと','profile','2020-08-27 02:51:28','2020-08-27 02:51:28'),(295,33,'嫌いなもの','豆','profile','2020-08-27 02:51:28','2020-08-27 02:51:28'),(296,33,'モットー','興味をもったことはとりあえずやってみる。失敗も多いがその分、自分の経験値があがるので。','profile','2020-08-27 02:51:28','2020-08-27 02:51:28'),(297,33,'夢','知識を高め、鍼灸師として成長する。ステキな鍼灸師になる。そして、治療に来てくださる皆さまを笑顔にしていきたい。','profile','2020-08-27 02:51:28','2020-08-27 02:51:28'),(298,34,'資格','鍼灸、ナード・アロマアドバイザー、メディカルセラピスト、介護予防運動指導員','profile','2020-08-27 02:51:28','2020-08-27 02:51:28'),(299,34,'担当施術','美容鍼（美顔鍼）、はり治療、ハーブピーリング','profile','2020-08-27 02:51:28','2020-08-27 02:51:28'),(300,34,'出身地','愛知県','profile','2020-08-27 02:51:28','2020-08-27 02:51:28'),(301,34,'趣味','ヨガ、カラオケ','profile','2020-08-27 02:51:28','2020-08-27 02:51:28'),(302,34,'特技','どこでも寝れます♪','profile','2020-08-27 02:51:28','2020-08-27 02:51:28'),(303,34,'好きなもの','旅行、カラオケ、食べること、音楽を聴くこと','profile','2020-08-27 02:51:28','2020-08-27 02:51:28'),(304,34,'嫌いなもの','豆','profile','2020-08-27 02:51:28','2020-08-27 02:51:28'),(305,34,'モットー','興味をもったことはとりあえずやってみる。失敗も多いがその分、自分の経験値があがるので。','profile','2020-08-27 02:51:28','2020-08-27 02:51:28'),(306,34,'夢','知識を高め、鍼灸師として成長する。ステキな鍼灸師になる。そして、治療に来てくださる皆さまを笑顔にしていきたい。','profile','2020-08-27 02:51:28','2020-08-27 02:51:28'),(307,35,'資格','鍼灸、ナード・アロマアドバイザー、メディカルセラピスト、介護予防運動指導員','profile','2020-08-27 02:51:28','2020-08-27 02:51:28'),(308,35,'担当施術','美容鍼（美顔鍼）、はり治療、ハーブピーリング','profile','2020-08-27 02:51:28','2020-08-27 02:51:28'),(309,35,'出身地','愛知県','profile','2020-08-27 02:51:28','2020-08-27 02:51:28'),(310,35,'趣味','ヨガ、カラオケ','profile','2020-08-27 02:51:28','2020-08-27 02:51:28'),(311,35,'特技','どこでも寝れます♪','profile','2020-08-27 02:51:28','2020-08-27 02:51:28'),(312,35,'好きなもの','旅行、カラオケ、食べること、音楽を聴くこと','profile','2020-08-27 02:51:28','2020-08-27 02:51:28'),(313,35,'嫌いなもの','豆','profile','2020-08-27 02:51:28','2020-08-27 02:51:28'),(314,35,'モットー','興味をもったことはとりあえずやってみる。失敗も多いがその分、自分の経験値があがるので。','profile','2020-08-27 02:51:28','2020-08-27 02:51:28'),(315,35,'夢','知識を高め、鍼灸師として成長する。ステキな鍼灸師になる。そして、治療に来てくださる皆さまを笑顔にしていきたい。','profile','2020-08-27 02:51:28','2020-08-27 02:51:28'),(316,36,'資格','鍼灸、ナード・アロマアドバイザー、メディカルセラピスト、介護予防運動指導員','profile','2020-08-27 02:51:28','2020-08-27 02:51:28'),(317,36,'担当施術','美容鍼（美顔鍼）、はり治療、ハーブピーリング','profile','2020-08-27 02:51:28','2020-08-27 02:51:28'),(318,36,'出身地','愛知県','profile','2020-08-27 02:51:28','2020-08-27 02:51:28'),(319,36,'趣味','ヨガ、カラオケ','profile','2020-08-27 02:51:28','2020-08-27 02:51:28'),(320,36,'特技','どこでも寝れます♪','profile','2020-08-27 02:51:28','2020-08-27 02:51:28'),(321,36,'好きなもの','旅行、カラオケ、食べること、音楽を聴くこと','profile','2020-08-27 02:51:28','2020-08-27 02:51:28'),(322,36,'嫌いなもの','豆','profile','2020-08-27 02:51:28','2020-08-27 02:51:28'),(323,36,'モットー','興味をもったことはとりあえずやってみる。失敗も多いがその分、自分の経験値があがるので。','profile','2020-08-27 02:51:28','2020-08-27 02:51:28'),(324,36,'夢','知識を高め、鍼灸師として成長する。ステキな鍼灸師になる。そして、治療に来てくださる皆さまを笑顔にしていきたい。','profile','2020-08-27 02:51:28','2020-08-27 02:51:28'),(325,37,'資格','鍼灸、ナード・アロマアドバイザー、メディカルセラピスト、介護予防運動指導員','profile','2020-08-27 02:51:28','2020-08-27 02:51:28'),(326,37,'担当施術','美容鍼（美顔鍼）、はり治療、ハーブピーリング','profile','2020-08-27 02:51:28','2020-08-27 02:51:28'),(327,37,'出身地','愛知県','profile','2020-08-27 02:51:28','2020-08-27 02:51:28'),(328,37,'趣味','ヨガ、カラオケ','profile','2020-08-27 02:51:28','2020-08-27 02:51:28'),(329,37,'特技','どこでも寝れます♪','profile','2020-08-27 02:51:28','2020-08-27 02:51:28'),(330,37,'好きなもの','旅行、カラオケ、食べること、音楽を聴くこと','profile','2020-08-27 02:51:28','2020-08-27 02:51:28'),(331,37,'嫌いなもの','豆','profile','2020-08-27 02:51:28','2020-08-27 02:51:28'),(332,37,'モットー','興味をもったことはとりあえずやってみる。失敗も多いがその分、自分の経験値があがるので。','profile','2020-08-27 02:51:28','2020-08-27 02:51:28'),(333,37,'夢','知識を高め、鍼灸師として成長する。ステキな鍼灸師になる。そして、治療に来てくださる皆さまを笑顔にしていきたい。','profile','2020-08-27 02:51:28','2020-08-27 02:51:28'),(334,38,'資格','鍼灸、ナード・アロマアドバイザー、メディカルセラピスト、介護予防運動指導員','profile','2020-08-27 02:51:28','2020-08-27 02:51:28'),(335,38,'担当施術','美容鍼（美顔鍼）、はり治療、ハーブピーリング','profile','2020-08-27 02:51:28','2020-08-27 02:51:28'),(336,38,'出身地','愛知県','profile','2020-08-27 02:51:28','2020-08-27 02:51:28'),(337,38,'趣味','ヨガ、カラオケ','profile','2020-08-27 02:51:28','2020-08-27 02:51:28'),(338,38,'特技','どこでも寝れます♪','profile','2020-08-27 02:51:28','2020-08-27 02:51:28'),(339,38,'好きなもの','旅行、カラオケ、食べること、音楽を聴くこと','profile','2020-08-27 02:51:28','2020-08-27 02:51:28'),(340,38,'嫌いなもの','豆','profile','2020-08-27 02:51:28','2020-08-27 02:51:28'),(341,38,'モットー','興味をもったことはとりあえずやってみる。失敗も多いがその分、自分の経験値があがるので。','profile','2020-08-27 02:51:28','2020-08-27 02:51:28'),(342,38,'夢','知識を高め、鍼灸師として成長する。ステキな鍼灸師になる。そして、治療に来てくださる皆さまを笑顔にしていきたい。','profile','2020-08-27 02:51:28','2020-08-27 02:51:28'),(343,39,'資格','鍼灸、ナード・アロマアドバイザー、メディカルセラピスト、介護予防運動指導員','profile','2020-08-27 02:51:28','2020-08-27 02:51:28'),(344,39,'担当施術','美容鍼（美顔鍼）、はり治療、ハーブピーリング','profile','2020-08-27 02:51:28','2020-08-27 02:51:28'),(345,39,'出身地','愛知県','profile','2020-08-27 02:51:28','2020-08-27 02:51:28'),(346,39,'趣味','ヨガ、カラオケ','profile','2020-08-27 02:51:28','2020-08-27 02:51:28'),(347,39,'特技','どこでも寝れます♪','profile','2020-08-27 02:51:28','2020-08-27 02:51:28'),(348,39,'好きなもの','旅行、カラオケ、食べること、音楽を聴くこと','profile','2020-08-27 02:51:28','2020-08-27 02:51:28'),(349,39,'嫌いなもの','豆','profile','2020-08-27 02:51:28','2020-08-27 02:51:28'),(350,39,'モットー','興味をもったことはとりあえずやってみる。失敗も多いがその分、自分の経験値があがるので。','profile','2020-08-27 02:51:28','2020-08-27 02:51:28'),(351,39,'夢','知識を高め、鍼灸師として成長する。ステキな鍼灸師になる。そして、治療に来てくださる皆さまを笑顔にしていきたい。','profile','2020-08-27 02:51:28','2020-08-27 02:51:28'),(352,40,'資格','鍼灸、ナード・アロマアドバイザー、メディカルセラピスト、介護予防運動指導員','profile','2020-08-27 02:51:28','2020-08-27 02:51:28'),(353,40,'担当施術','美容鍼（美顔鍼）、はり治療、ハーブピーリング','profile','2020-08-27 02:51:28','2020-08-27 02:51:28'),(354,40,'出身地','愛知県','profile','2020-08-27 02:51:28','2020-08-27 02:51:28'),(355,40,'趣味','ヨガ、カラオケ','profile','2020-08-27 02:51:28','2020-08-27 02:51:28'),(356,40,'特技','どこでも寝れます♪','profile','2020-08-27 02:51:28','2020-08-27 02:51:28'),(357,40,'好きなもの','旅行、カラオケ、食べること、音楽を聴くこと','profile','2020-08-27 02:51:28','2020-08-27 02:51:28'),(358,40,'嫌いなもの','豆','profile','2020-08-27 02:51:28','2020-08-27 02:51:28'),(359,40,'モットー','興味をもったことはとりあえずやってみる。失敗も多いがその分、自分の経験値があがるので。','profile','2020-08-27 02:51:28','2020-08-27 02:51:28'),(360,40,'夢','知識を高め、鍼灸師として成長する。ステキな鍼灸師になる。そして、治療に来てくださる皆さまを笑顔にしていきたい。','profile','2020-08-27 02:51:28','2020-08-27 02:51:28'),(361,41,'資格','鍼灸、ナード・アロマアドバイザー、メディカルセラピスト、介護予防運動指導員','profile','2020-08-27 02:51:28','2020-08-27 02:51:28'),(362,41,'担当施術','美容鍼（美顔鍼）、はり治療、ハーブピーリング','profile','2020-08-27 02:51:28','2020-08-27 02:51:28'),(363,41,'出身地','愛知県','profile','2020-08-27 02:51:28','2020-08-27 02:51:28'),(364,41,'趣味','ヨガ、カラオケ','profile','2020-08-27 02:51:28','2020-08-27 02:51:28'),(365,41,'特技','どこでも寝れます♪','profile','2020-08-27 02:51:28','2020-08-27 02:51:28'),(366,41,'好きなもの','旅行、カラオケ、食べること、音楽を聴くこと','profile','2020-08-27 02:51:28','2020-08-27 02:51:28'),(367,41,'嫌いなもの','豆','profile','2020-08-27 02:51:28','2020-08-27 02:51:28'),(368,41,'モットー','興味をもったことはとりあえずやってみる。失敗も多いがその分、自分の経験値があがるので。','profile','2020-08-27 02:51:28','2020-08-27 02:51:28'),(369,41,'夢','知識を高め、鍼灸師として成長する。ステキな鍼灸師になる。そして、治療に来てくださる皆さまを笑顔にしていきたい。','profile','2020-08-27 02:51:28','2020-08-27 02:51:28'),(370,42,'資格','鍼灸、ナード・アロマアドバイザー、メディカルセラピスト、介護予防運動指導員','profile','2020-08-27 02:51:28','2020-08-27 02:51:28'),(371,42,'担当施術','美容鍼（美顔鍼）、はり治療、ハーブピーリング','profile','2020-08-27 02:51:28','2020-08-27 02:51:28'),(372,42,'出身地','愛知県','profile','2020-08-27 02:51:28','2020-08-27 02:51:28'),(373,42,'趣味','ヨガ、カラオケ','profile','2020-08-27 02:51:28','2020-08-27 02:51:28'),(374,42,'特技','どこでも寝れます♪','profile','2020-08-27 02:51:28','2020-08-27 02:51:28'),(375,42,'好きなもの','旅行、カラオケ、食べること、音楽を聴くこと','profile','2020-08-27 02:51:28','2020-08-27 02:51:28'),(376,42,'嫌いなもの','豆','profile','2020-08-27 02:51:28','2020-08-27 02:51:28'),(377,42,'モットー','興味をもったことはとりあえずやってみる。失敗も多いがその分、自分の経験値があがるので。','profile','2020-08-27 02:51:28','2020-08-27 02:51:28'),(378,42,'夢','知識を高め、鍼灸師として成長する。ステキな鍼灸師になる。そして、治療に来てくださる皆さまを笑顔にしていきたい。','profile','2020-08-27 02:51:28','2020-08-27 02:51:28'),(379,43,'資格','鍼灸、ナード・アロマアドバイザー、メディカルセラピスト、介護予防運動指導員','profile','2020-08-27 02:51:28','2020-08-27 02:51:28'),(380,43,'担当施術','美容鍼（美顔鍼）、はり治療、ハーブピーリング','profile','2020-08-27 02:51:28','2020-08-27 02:51:28'),(381,43,'出身地','愛知県','profile','2020-08-27 02:51:28','2020-08-27 02:51:28'),(382,43,'趣味','ヨガ、カラオケ','profile','2020-08-27 02:51:28','2020-08-27 02:51:28'),(383,43,'特技','どこでも寝れます♪','profile','2020-08-27 02:51:28','2020-08-27 02:51:28'),(384,43,'好きなもの','旅行、カラオケ、食べること、音楽を聴くこと','profile','2020-08-27 02:51:28','2020-08-27 02:51:28'),(385,43,'嫌いなもの','豆','profile','2020-08-27 02:51:29','2020-08-27 02:51:29'),(386,43,'モットー','興味をもったことはとりあえずやってみる。失敗も多いがその分、自分の経験値があがるので。','profile','2020-08-27 02:51:29','2020-08-27 02:51:29'),(387,43,'夢','知識を高め、鍼灸師として成長する。ステキな鍼灸師になる。そして、治療に来てくださる皆さまを笑顔にしていきたい。','profile','2020-08-27 02:51:29','2020-08-27 02:51:29'),(388,44,'資格','鍼灸、ナード・アロマアドバイザー、メディカルセラピスト、介護予防運動指導員','profile','2020-08-27 02:51:29','2020-08-27 02:51:29'),(389,44,'担当施術','美容鍼（美顔鍼）、はり治療、ハーブピーリング','profile','2020-08-27 02:51:29','2020-08-27 02:51:29'),(390,44,'出身地','愛知県','profile','2020-08-27 02:51:29','2020-08-27 02:51:29'),(391,44,'趣味','ヨガ、カラオケ','profile','2020-08-27 02:51:29','2020-08-27 02:51:29'),(392,44,'特技','どこでも寝れます♪','profile','2020-08-27 02:51:29','2020-08-27 02:51:29'),(393,44,'好きなもの','旅行、カラオケ、食べること、音楽を聴くこと','profile','2020-08-27 02:51:29','2020-08-27 02:51:29'),(394,44,'嫌いなもの','豆','profile','2020-08-27 02:51:29','2020-08-27 02:51:29'),(395,44,'モットー','興味をもったことはとりあえずやってみる。失敗も多いがその分、自分の経験値があがるので。','profile','2020-08-27 02:51:29','2020-08-27 02:51:29'),(396,44,'夢','知識を高め、鍼灸師として成長する。ステキな鍼灸師になる。そして、治療に来てくださる皆さまを笑顔にしていきたい。','profile','2020-08-27 02:51:29','2020-08-27 02:51:29'),(397,45,'資格','鍼灸、ナード・アロマアドバイザー、メディカルセラピスト、介護予防運動指導員','profile','2020-08-27 02:51:29','2020-08-27 02:51:29'),(398,45,'担当施術','美容鍼（美顔鍼）、はり治療、ハーブピーリング','profile','2020-08-27 02:51:29','2020-08-27 02:51:29'),(399,45,'出身地','愛知県','profile','2020-08-27 02:51:29','2020-08-27 02:51:29'),(400,45,'趣味','ヨガ、カラオケ','profile','2020-08-27 02:51:29','2020-08-27 02:51:29'),(401,45,'特技','どこでも寝れます♪','profile','2020-08-27 02:51:29','2020-08-27 02:51:29'),(402,45,'好きなもの','旅行、カラオケ、食べること、音楽を聴くこと','profile','2020-08-27 02:51:29','2020-08-27 02:51:29'),(403,45,'嫌いなもの','豆','profile','2020-08-27 02:51:29','2020-08-27 02:51:29'),(404,45,'モットー','興味をもったことはとりあえずやってみる。失敗も多いがその分、自分の経験値があがるので。','profile','2020-08-27 02:51:29','2020-08-27 02:51:29'),(405,45,'夢','知識を高め、鍼灸師として成長する。ステキな鍼灸師になる。そして、治療に来てくださる皆さまを笑顔にしていきたい。','profile','2020-08-27 02:51:29','2020-08-27 02:51:29'),(406,46,'資格','鍼灸、ナード・アロマアドバイザー、メディカルセラピスト、介護予防運動指導員','profile','2020-08-27 02:51:29','2020-08-27 02:51:29'),(407,46,'担当施術','美容鍼（美顔鍼）、はり治療、ハーブピーリング','profile','2020-08-27 02:51:29','2020-08-27 02:51:29'),(408,46,'出身地','愛知県','profile','2020-08-27 02:51:29','2020-08-27 02:51:29'),(409,46,'趣味','ヨガ、カラオケ','profile','2020-08-27 02:51:29','2020-08-27 02:51:29'),(410,46,'特技','どこでも寝れます♪','profile','2020-08-27 02:51:29','2020-08-27 02:51:29'),(411,46,'好きなもの','旅行、カラオケ、食べること、音楽を聴くこと','profile','2020-08-27 02:51:29','2020-08-27 02:51:29'),(412,46,'嫌いなもの','豆','profile','2020-08-27 02:51:29','2020-08-27 02:51:29'),(413,46,'モットー','興味をもったことはとりあえずやってみる。失敗も多いがその分、自分の経験値があがるので。','profile','2020-08-27 02:51:29','2020-08-27 02:51:29'),(414,46,'夢','知識を高め、鍼灸師として成長する。ステキな鍼灸師になる。そして、治療に来てくださる皆さまを笑顔にしていきたい。','profile','2020-08-27 02:51:29','2020-08-27 02:51:29'),(415,47,'資格','鍼灸、ナード・アロマアドバイザー、メディカルセラピスト、介護予防運動指導員','profile','2020-08-27 02:51:29','2020-08-27 02:51:29'),(416,47,'担当施術','美容鍼（美顔鍼）、はり治療、ハーブピーリング','profile','2020-08-27 02:51:29','2020-08-27 02:51:29'),(417,47,'出身地','愛知県','profile','2020-08-27 02:51:29','2020-08-27 02:51:29'),(418,47,'趣味','ヨガ、カラオケ','profile','2020-08-27 02:51:29','2020-08-27 02:51:29'),(419,47,'特技','どこでも寝れます♪','profile','2020-08-27 02:51:29','2020-08-27 02:51:29'),(420,47,'好きなもの','旅行、カラオケ、食べること、音楽を聴くこと','profile','2020-08-27 02:51:29','2020-08-27 02:51:29'),(421,47,'嫌いなもの','豆','profile','2020-08-27 02:51:29','2020-08-27 02:51:29'),(422,47,'モットー','興味をもったことはとりあえずやってみる。失敗も多いがその分、自分の経験値があがるので。','profile','2020-08-27 02:51:29','2020-08-27 02:51:29'),(423,47,'夢','知識を高め、鍼灸師として成長する。ステキな鍼灸師になる。そして、治療に来てくださる皆さまを笑顔にしていきたい。','profile','2020-08-27 02:51:29','2020-08-27 02:51:29'),(424,48,'資格','鍼灸、ナード・アロマアドバイザー、メディカルセラピスト、介護予防運動指導員','profile','2020-08-27 02:51:29','2020-08-27 02:51:29'),(425,48,'担当施術','美容鍼（美顔鍼）、はり治療、ハーブピーリング','profile','2020-08-27 02:51:29','2020-08-27 02:51:29'),(426,48,'出身地','愛知県','profile','2020-08-27 02:51:29','2020-08-27 02:51:29'),(427,48,'趣味','ヨガ、カラオケ','profile','2020-08-27 02:51:29','2020-08-27 02:51:29'),(428,48,'特技','どこでも寝れます♪','profile','2020-08-27 02:51:29','2020-08-27 02:51:29'),(429,48,'好きなもの','旅行、カラオケ、食べること、音楽を聴くこと','profile','2020-08-27 02:51:29','2020-08-27 02:51:29'),(430,48,'嫌いなもの','豆','profile','2020-08-27 02:51:29','2020-08-27 02:51:29'),(431,48,'モットー','興味をもったことはとりあえずやってみる。失敗も多いがその分、自分の経験値があがるので。','profile','2020-08-27 02:51:29','2020-08-27 02:51:29'),(432,48,'夢','知識を高め、鍼灸師として成長する。ステキな鍼灸師になる。そして、治療に来てくださる皆さまを笑顔にしていきたい。','profile','2020-08-27 02:51:29','2020-08-27 02:51:29'),(433,49,'資格','鍼灸、ナード・アロマアドバイザー、メディカルセラピスト、介護予防運動指導員','profile','2020-08-27 02:51:29','2020-08-27 02:51:29'),(434,49,'担当施術','美容鍼（美顔鍼）、はり治療、ハーブピーリング','profile','2020-08-27 02:51:29','2020-08-27 02:51:29'),(435,49,'出身地','愛知県','profile','2020-08-27 02:51:29','2020-08-27 02:51:29'),(436,49,'趣味','ヨガ、カラオケ','profile','2020-08-27 02:51:29','2020-08-27 02:51:29'),(437,49,'特技','どこでも寝れます♪','profile','2020-08-27 02:51:29','2020-08-27 02:51:29'),(438,49,'好きなもの','旅行、カラオケ、食べること、音楽を聴くこと','profile','2020-08-27 02:51:29','2020-08-27 02:51:29'),(439,49,'嫌いなもの','豆','profile','2020-08-27 02:51:29','2020-08-27 02:51:29'),(440,49,'モットー','興味をもったことはとりあえずやってみる。失敗も多いがその分、自分の経験値があがるので。','profile','2020-08-27 02:51:29','2020-08-27 02:51:29'),(441,49,'夢','知識を高め、鍼灸師として成長する。ステキな鍼灸師になる。そして、治療に来てくださる皆さまを笑顔にしていきたい。','profile','2020-08-27 02:51:29','2020-08-27 02:51:29'),(442,50,'資格','鍼灸、ナード・アロマアドバイザー、メディカルセラピスト、介護予防運動指導員','profile','2020-08-27 02:51:29','2020-08-27 02:51:29'),(443,50,'担当施術','美容鍼（美顔鍼）、はり治療、ハーブピーリング','profile','2020-08-27 02:51:29','2020-08-27 02:51:29'),(444,50,'出身地','愛知県','profile','2020-08-27 02:51:29','2020-08-27 02:51:29'),(445,50,'趣味','ヨガ、カラオケ','profile','2020-08-27 02:51:29','2020-08-27 02:51:29'),(446,50,'特技','どこでも寝れます♪','profile','2020-08-27 02:51:29','2020-08-27 02:51:29'),(447,50,'好きなもの','旅行、カラオケ、食べること、音楽を聴くこと','profile','2020-08-27 02:51:29','2020-08-27 02:51:29'),(448,50,'嫌いなもの','豆','profile','2020-08-27 02:51:29','2020-08-27 02:51:29'),(449,50,'モットー','興味をもったことはとりあえずやってみる。失敗も多いがその分、自分の経験値があがるので。','profile','2020-08-27 02:51:29','2020-08-27 02:51:29'),(450,50,'夢','知識を高め、鍼灸師として成長する。ステキな鍼灸師になる。そして、治療に来てくださる皆さまを笑顔にしていきたい。','profile','2020-08-27 02:51:29','2020-08-27 02:51:29'),(451,51,'資格','鍼灸、ナード・アロマアドバイザー、メディカルセラピスト、介護予防運動指導員','profile','2020-08-27 02:51:29','2020-08-27 02:51:29'),(452,51,'担当施術','美容鍼（美顔鍼）、はり治療、ハーブピーリング','profile','2020-08-27 02:51:29','2020-08-27 02:51:29'),(453,51,'出身地','愛知県','profile','2020-08-27 02:51:29','2020-08-27 02:51:29'),(454,51,'趣味','ヨガ、カラオケ','profile','2020-08-27 02:51:29','2020-08-27 02:51:29'),(455,51,'特技','どこでも寝れます♪','profile','2020-08-27 02:51:29','2020-08-27 02:51:29'),(456,51,'好きなもの','旅行、カラオケ、食べること、音楽を聴くこと','profile','2020-08-27 02:51:29','2020-08-27 02:51:29'),(457,51,'嫌いなもの','豆','profile','2020-08-27 02:51:29','2020-08-27 02:51:29'),(458,51,'モットー','興味をもったことはとりあえずやってみる。失敗も多いがその分、自分の経験値があがるので。','profile','2020-08-27 02:51:29','2020-08-27 02:51:29'),(459,51,'夢','知識を高め、鍼灸師として成長する。ステキな鍼灸師になる。そして、治療に来てくださる皆さまを笑顔にしていきたい。','profile','2020-08-27 02:51:29','2020-08-27 02:51:29'),(460,52,'資格','鍼灸、ナード・アロマアドバイザー、メディカルセラピスト、介護予防運動指導員','profile','2020-08-27 02:51:29','2020-08-27 02:51:29'),(461,52,'担当施術','美容鍼（美顔鍼）、はり治療、ハーブピーリング','profile','2020-08-27 02:51:29','2020-08-27 02:51:29'),(462,52,'出身地','愛知県','profile','2020-08-27 02:51:29','2020-08-27 02:51:29'),(463,52,'趣味','ヨガ、カラオケ','profile','2020-08-27 02:51:29','2020-08-27 02:51:29'),(464,52,'特技','どこでも寝れます♪','profile','2020-08-27 02:51:29','2020-08-27 02:51:29'),(465,52,'好きなもの','旅行、カラオケ、食べること、音楽を聴くこと','profile','2020-08-27 02:51:29','2020-08-27 02:51:29'),(466,52,'嫌いなもの','豆','profile','2020-08-27 02:51:29','2020-08-27 02:51:29'),(467,52,'モットー','興味をもったことはとりあえずやってみる。失敗も多いがその分、自分の経験値があがるので。','profile','2020-08-27 02:51:29','2020-08-27 02:51:29'),(468,52,'夢','知識を高め、鍼灸師として成長する。ステキな鍼灸師になる。そして、治療に来てくださる皆さまを笑顔にしていきたい。','profile','2020-08-27 02:51:29','2020-08-27 02:51:29'),(469,53,'資格','鍼灸、ナード・アロマアドバイザー、メディカルセラピスト、介護予防運動指導員','profile','2020-08-27 02:51:29','2020-08-27 02:51:29'),(470,53,'担当施術','美容鍼（美顔鍼）、はり治療、ハーブピーリング','profile','2020-08-27 02:51:29','2020-08-27 02:51:29'),(471,53,'出身地','愛知県','profile','2020-08-27 02:51:29','2020-08-27 02:51:29'),(472,53,'趣味','ヨガ、カラオケ','profile','2020-08-27 02:51:29','2020-08-27 02:51:29'),(473,53,'特技','どこでも寝れます♪','profile','2020-08-27 02:51:29','2020-08-27 02:51:29'),(474,53,'好きなもの','旅行、カラオケ、食べること、音楽を聴くこと','profile','2020-08-27 02:51:29','2020-08-27 02:51:29'),(475,53,'嫌いなもの','豆','profile','2020-08-27 02:51:29','2020-08-27 02:51:29'),(476,53,'モットー','興味をもったことはとりあえずやってみる。失敗も多いがその分、自分の経験値があがるので。','profile','2020-08-27 02:51:29','2020-08-27 02:51:29'),(477,53,'夢','知識を高め、鍼灸師として成長する。ステキな鍼灸師になる。そして、治療に来てくださる皆さまを笑顔にしていきたい。','profile','2020-08-27 02:51:29','2020-08-27 02:51:29'),(478,54,'資格','鍼灸、ナード・アロマアドバイザー、メディカルセラピスト、介護予防運動指導員','profile','2020-08-27 02:51:29','2020-08-27 02:51:29'),(479,54,'担当施術','美容鍼（美顔鍼）、はり治療、ハーブピーリング','profile','2020-08-27 02:51:29','2020-08-27 02:51:29'),(480,54,'出身地','愛知県','profile','2020-08-27 02:51:29','2020-08-27 02:51:29'),(481,54,'趣味','ヨガ、カラオケ','profile','2020-08-27 02:51:29','2020-08-27 02:51:29'),(482,54,'特技','どこでも寝れます♪','profile','2020-08-27 02:51:29','2020-08-27 02:51:29'),(483,54,'好きなもの','旅行、カラオケ、食べること、音楽を聴くこと','profile','2020-08-27 02:51:29','2020-08-27 02:51:29'),(484,54,'嫌いなもの','豆','profile','2020-08-27 02:51:29','2020-08-27 02:51:29'),(485,54,'モットー','興味をもったことはとりあえずやってみる。失敗も多いがその分、自分の経験値があがるので。','profile','2020-08-27 02:51:29','2020-08-27 02:51:29'),(486,54,'夢','知識を高め、鍼灸師として成長する。ステキな鍼灸師になる。そして、治療に来てくださる皆さまを笑顔にしていきたい。','profile','2020-08-27 02:51:29','2020-08-27 02:51:29'),(487,55,'資格','鍼灸、ナード・アロマアドバイザー、メディカルセラピスト、介護予防運動指導員','profile','2020-08-27 02:51:29','2020-08-27 02:51:29'),(488,55,'担当施術','美容鍼（美顔鍼）、はり治療、ハーブピーリング','profile','2020-08-27 02:51:29','2020-08-27 02:51:29'),(489,55,'出身地','愛知県','profile','2020-08-27 02:51:29','2020-08-27 02:51:29'),(490,55,'趣味','ヨガ、カラオケ','profile','2020-08-27 02:51:29','2020-08-27 02:51:29'),(491,55,'特技','どこでも寝れます♪','profile','2020-08-27 02:51:29','2020-08-27 02:51:29'),(492,55,'好きなもの','旅行、カラオケ、食べること、音楽を聴くこと','profile','2020-08-27 02:51:29','2020-08-27 02:51:29'),(493,55,'嫌いなもの','豆','profile','2020-08-27 02:51:29','2020-08-27 02:51:29'),(494,55,'モットー','興味をもったことはとりあえずやってみる。失敗も多いがその分、自分の経験値があがるので。','profile','2020-08-27 02:51:29','2020-08-27 02:51:29'),(495,55,'夢','知識を高め、鍼灸師として成長する。ステキな鍼灸師になる。そして、治療に来てくださる皆さまを笑顔にしていきたい。','profile','2020-08-27 02:51:29','2020-08-27 02:51:29'),(496,56,'資格','鍼灸、ナード・アロマアドバイザー、メディカルセラピスト、介護予防運動指導員','profile','2020-08-27 02:51:29','2020-08-27 02:51:29'),(497,56,'担当施術','美容鍼（美顔鍼）、はり治療、ハーブピーリング','profile','2020-08-27 02:51:29','2020-08-27 02:51:29'),(498,56,'出身地','愛知県','profile','2020-08-27 02:51:29','2020-08-27 02:51:29'),(499,56,'趣味','ヨガ、カラオケ','profile','2020-08-27 02:51:29','2020-08-27 02:51:29'),(500,56,'特技','どこでも寝れます♪','profile','2020-08-27 02:51:29','2020-08-27 02:51:29'),(501,56,'好きなもの','旅行、カラオケ、食べること、音楽を聴くこと','profile','2020-08-27 02:51:29','2020-08-27 02:51:29'),(502,56,'嫌いなもの','豆','profile','2020-08-27 02:51:29','2020-08-27 02:51:29'),(503,56,'モットー','興味をもったことはとりあえずやってみる。失敗も多いがその分、自分の経験値があがるので。','profile','2020-08-27 02:51:29','2020-08-27 02:51:29'),(504,56,'夢','知識を高め、鍼灸師として成長する。ステキな鍼灸師になる。そして、治療に来てくださる皆さまを笑顔にしていきたい。','profile','2020-08-27 02:51:29','2020-08-27 02:51:29'),(505,57,'資格','鍼灸、ナード・アロマアドバイザー、メディカルセラピスト、介護予防運動指導員','profile','2020-08-27 02:51:29','2020-08-27 02:51:29'),(506,57,'担当施術','美容鍼（美顔鍼）、はり治療、ハーブピーリング','profile','2020-08-27 02:51:29','2020-08-27 02:51:29'),(507,57,'出身地','愛知県','profile','2020-08-27 02:51:29','2020-08-27 02:51:29'),(508,57,'趣味','ヨガ、カラオケ','profile','2020-08-27 02:51:29','2020-08-27 02:51:29'),(509,57,'特技','どこでも寝れます♪','profile','2020-08-27 02:51:29','2020-08-27 02:51:29'),(510,57,'好きなもの','旅行、カラオケ、食べること、音楽を聴くこと','profile','2020-08-27 02:51:29','2020-08-27 02:51:29'),(511,57,'嫌いなもの','豆','profile','2020-08-27 02:51:29','2020-08-27 02:51:29'),(512,57,'モットー','興味をもったことはとりあえずやってみる。失敗も多いがその分、自分の経験値があがるので。','profile','2020-08-27 02:51:29','2020-08-27 02:51:29'),(513,57,'夢','知識を高め、鍼灸師として成長する。ステキな鍼灸師になる。そして、治療に来てくださる皆さまを笑顔にしていきたい。','profile','2020-08-27 02:51:29','2020-08-27 02:51:29'),(514,58,'資格','鍼灸、ナード・アロマアドバイザー、メディカルセラピスト、介護予防運動指導員','profile','2020-08-27 02:51:29','2020-08-27 02:51:29'),(515,58,'担当施術','美容鍼（美顔鍼）、はり治療、ハーブピーリング','profile','2020-08-27 02:51:29','2020-08-27 02:51:29'),(516,58,'出身地','愛知県','profile','2020-08-27 02:51:29','2020-08-27 02:51:29'),(517,58,'趣味','ヨガ、カラオケ','profile','2020-08-27 02:51:29','2020-08-27 02:51:29'),(518,58,'特技','どこでも寝れます♪','profile','2020-08-27 02:51:29','2020-08-27 02:51:29'),(519,58,'好きなもの','旅行、カラオケ、食べること、音楽を聴くこと','profile','2020-08-27 02:51:29','2020-08-27 02:51:29'),(520,58,'嫌いなもの','豆','profile','2020-08-27 02:51:29','2020-08-27 02:51:29'),(521,58,'モットー','興味をもったことはとりあえずやってみる。失敗も多いがその分、自分の経験値があがるので。','profile','2020-08-27 02:51:29','2020-08-27 02:51:29'),(522,58,'夢','知識を高め、鍼灸師として成長する。ステキな鍼灸師になる。そして、治療に来てくださる皆さまを笑顔にしていきたい。','profile','2020-08-27 02:51:29','2020-08-27 02:51:29'),(523,59,'資格','鍼灸、ナード・アロマアドバイザー、メディカルセラピスト、介護予防運動指導員','profile','2020-08-27 02:51:29','2020-08-27 02:51:29'),(524,59,'担当施術','美容鍼（美顔鍼）、はり治療、ハーブピーリング','profile','2020-08-27 02:51:29','2020-08-27 02:51:29'),(525,59,'出身地','愛知県','profile','2020-08-27 02:51:29','2020-08-27 02:51:29'),(526,59,'趣味','ヨガ、カラオケ','profile','2020-08-27 02:51:29','2020-08-27 02:51:29'),(527,59,'特技','どこでも寝れます♪','profile','2020-08-27 02:51:29','2020-08-27 02:51:29'),(528,59,'好きなもの','旅行、カラオケ、食べること、音楽を聴くこと','profile','2020-08-27 02:51:29','2020-08-27 02:51:29'),(529,59,'嫌いなもの','豆','profile','2020-08-27 02:51:29','2020-08-27 02:51:29'),(530,59,'モットー','興味をもったことはとりあえずやってみる。失敗も多いがその分、自分の経験値があがるので。','profile','2020-08-27 02:51:29','2020-08-27 02:51:29'),(531,59,'夢','知識を高め、鍼灸師として成長する。ステキな鍼灸師になる。そして、治療に来てくださる皆さまを笑顔にしていきたい。','profile','2020-08-27 02:51:29','2020-08-27 02:51:29'),(532,60,'資格','鍼灸、ナード・アロマアドバイザー、メディカルセラピスト、介護予防運動指導員','profile','2020-08-27 02:51:29','2020-08-27 02:51:29'),(533,60,'担当施術','美容鍼（美顔鍼）、はり治療、ハーブピーリング','profile','2020-08-27 02:51:29','2020-08-27 02:51:29'),(534,60,'出身地','愛知県','profile','2020-08-27 02:51:29','2020-08-27 02:51:29'),(535,60,'趣味','ヨガ、カラオケ','profile','2020-08-27 02:51:29','2020-08-27 02:51:29'),(536,60,'特技','どこでも寝れます♪','profile','2020-08-27 02:51:29','2020-08-27 02:51:29'),(537,60,'好きなもの','旅行、カラオケ、食べること、音楽を聴くこと','profile','2020-08-27 02:51:29','2020-08-27 02:51:29'),(538,60,'嫌いなもの','豆','profile','2020-08-27 02:51:29','2020-08-27 02:51:29'),(539,60,'モットー','興味をもったことはとりあえずやってみる。失敗も多いがその分、自分の経験値があがるので。','profile','2020-08-27 02:51:29','2020-08-27 02:51:29'),(540,60,'夢','知識を高め、鍼灸師として成長する。ステキな鍼灸師になる。そして、治療に来てくださる皆さまを笑顔にしていきたい。','profile','2020-08-27 02:51:29','2020-08-27 02:51:29'),(541,61,'資格','鍼灸、ナード・アロマアドバイザー、メディカルセラピスト、介護予防運動指導員','profile','2020-08-27 02:51:29','2020-08-27 02:51:29'),(542,61,'担当施術','美容鍼（美顔鍼）、はり治療、ハーブピーリング','profile','2020-08-27 02:51:29','2020-08-27 02:51:29'),(543,61,'出身地','愛知県','profile','2020-08-27 02:51:29','2020-08-27 02:51:29'),(544,61,'趣味','ヨガ、カラオケ','profile','2020-08-27 02:51:29','2020-08-27 02:51:29'),(545,61,'特技','どこでも寝れます♪','profile','2020-08-27 02:51:29','2020-08-27 02:51:29'),(546,61,'好きなもの','旅行、カラオケ、食べること、音楽を聴くこと','profile','2020-08-27 02:51:29','2020-08-27 02:51:29'),(547,61,'嫌いなもの','豆','profile','2020-08-27 02:51:29','2020-08-27 02:51:29'),(548,61,'モットー','興味をもったことはとりあえずやってみる。失敗も多いがその分、自分の経験値があがるので。','profile','2020-08-27 02:51:29','2020-08-27 02:51:29'),(549,61,'夢','知識を高め、鍼灸師として成長する。ステキな鍼灸師になる。そして、治療に来てくださる皆さまを笑顔にしていきたい。','profile','2020-08-27 02:51:29','2020-08-27 02:51:29'),(550,62,'資格','鍼灸、ナード・アロマアドバイザー、メディカルセラピスト、介護予防運動指導員','profile','2020-08-27 02:51:29','2020-08-27 02:51:29'),(551,62,'担当施術','美容鍼（美顔鍼）、はり治療、ハーブピーリング','profile','2020-08-27 02:51:29','2020-08-27 02:51:29'),(552,62,'出身地','愛知県','profile','2020-08-27 02:51:30','2020-08-27 02:51:30'),(553,62,'趣味','ヨガ、カラオケ','profile','2020-08-27 02:51:30','2020-08-27 02:51:30'),(554,62,'特技','どこでも寝れます♪','profile','2020-08-27 02:51:30','2020-08-27 02:51:30'),(555,62,'好きなもの','旅行、カラオケ、食べること、音楽を聴くこと','profile','2020-08-27 02:51:30','2020-08-27 02:51:30'),(556,62,'嫌いなもの','豆','profile','2020-08-27 02:51:30','2020-08-27 02:51:30'),(557,62,'モットー','興味をもったことはとりあえずやってみる。失敗も多いがその分、自分の経験値があがるので。','profile','2020-08-27 02:51:30','2020-08-27 02:51:30'),(558,62,'夢','知識を高め、鍼灸師として成長する。ステキな鍼灸師になる。そして、治療に来てくださる皆さまを笑顔にしていきたい。','profile','2020-08-27 02:51:30','2020-08-27 02:51:30'),(559,63,'資格','鍼灸、ナード・アロマアドバイザー、メディカルセラピスト、介護予防運動指導員','profile','2020-08-27 02:51:30','2020-08-27 02:51:30'),(560,63,'担当施術','美容鍼（美顔鍼）、はり治療、ハーブピーリング','profile','2020-08-27 02:51:30','2020-08-27 02:51:30'),(561,63,'出身地','愛知県','profile','2020-08-27 02:51:30','2020-08-27 02:51:30'),(562,63,'趣味','ヨガ、カラオケ','profile','2020-08-27 02:51:30','2020-08-27 02:51:30'),(563,63,'特技','どこでも寝れます♪','profile','2020-08-27 02:51:30','2020-08-27 02:51:30'),(564,63,'好きなもの','旅行、カラオケ、食べること、音楽を聴くこと','profile','2020-08-27 02:51:30','2020-08-27 02:51:30'),(565,63,'嫌いなもの','豆','profile','2020-08-27 02:51:30','2020-08-27 02:51:30'),(566,63,'モットー','興味をもったことはとりあえずやってみる。失敗も多いがその分、自分の経験値があがるので。','profile','2020-08-27 02:51:30','2020-08-27 02:51:30'),(567,63,'夢','知識を高め、鍼灸師として成長する。ステキな鍼灸師になる。そして、治療に来てくださる皆さまを笑顔にしていきたい。','profile','2020-08-27 02:51:30','2020-08-27 02:51:30'),(568,64,'資格','鍼灸、ナード・アロマアドバイザー、メディカルセラピスト、介護予防運動指導員','profile','2020-08-27 02:51:30','2020-08-27 02:51:30'),(569,64,'担当施術','美容鍼（美顔鍼）、はり治療、ハーブピーリング','profile','2020-08-27 02:51:30','2020-08-27 02:51:30'),(570,64,'出身地','愛知県','profile','2020-08-27 02:51:30','2020-08-27 02:51:30'),(571,64,'趣味','ヨガ、カラオケ','profile','2020-08-27 02:51:30','2020-08-27 02:51:30'),(572,64,'特技','どこでも寝れます♪','profile','2020-08-27 02:51:30','2020-08-27 02:51:30'),(573,64,'好きなもの','旅行、カラオケ、食べること、音楽を聴くこと','profile','2020-08-27 02:51:30','2020-08-27 02:51:30'),(574,64,'嫌いなもの','豆','profile','2020-08-27 02:51:30','2020-08-27 02:51:30'),(575,64,'モットー','興味をもったことはとりあえずやってみる。失敗も多いがその分、自分の経験値があがるので。','profile','2020-08-27 02:51:30','2020-08-27 02:51:30'),(576,64,'夢','知識を高め、鍼灸師として成長する。ステキな鍼灸師になる。そして、治療に来てくださる皆さまを笑顔にしていきたい。','profile','2020-08-27 02:51:30','2020-08-27 02:51:30'),(577,65,'資格','鍼灸、ナード・アロマアドバイザー、メディカルセラピスト、介護予防運動指導員','profile','2020-08-27 02:51:30','2020-08-27 02:51:30'),(578,65,'担当施術','美容鍼（美顔鍼）、はり治療、ハーブピーリング','profile','2020-08-27 02:51:30','2020-08-27 02:51:30'),(579,65,'出身地','愛知県','profile','2020-08-27 02:51:30','2020-08-27 02:51:30'),(580,65,'趣味','ヨガ、カラオケ','profile','2020-08-27 02:51:30','2020-08-27 02:51:30'),(581,65,'特技','どこでも寝れます♪','profile','2020-08-27 02:51:30','2020-08-27 02:51:30'),(582,65,'好きなもの','旅行、カラオケ、食べること、音楽を聴くこと','profile','2020-08-27 02:51:30','2020-08-27 02:51:30'),(583,65,'嫌いなもの','豆','profile','2020-08-27 02:51:30','2020-08-27 02:51:30'),(584,65,'モットー','興味をもったことはとりあえずやってみる。失敗も多いがその分、自分の経験値があがるので。','profile','2020-08-27 02:51:30','2020-08-27 02:51:30'),(585,65,'夢','知識を高め、鍼灸師として成長する。ステキな鍼灸師になる。そして、治療に来てくださる皆さまを笑顔にしていきたい。','profile','2020-08-27 02:51:30','2020-08-27 02:51:30'),(586,66,'資格','鍼灸、ナード・アロマアドバイザー、メディカルセラピスト、介護予防運動指導員','profile','2020-08-27 02:51:30','2020-08-27 02:51:30'),(587,66,'担当施術','美容鍼（美顔鍼）、はり治療、ハーブピーリング','profile','2020-08-27 02:51:30','2020-08-27 02:51:30'),(588,66,'出身地','愛知県','profile','2020-08-27 02:51:30','2020-08-27 02:51:30'),(589,66,'趣味','ヨガ、カラオケ','profile','2020-08-27 02:51:30','2020-08-27 02:51:30'),(590,66,'特技','どこでも寝れます♪','profile','2020-08-27 02:51:30','2020-08-27 02:51:30'),(591,66,'好きなもの','旅行、カラオケ、食べること、音楽を聴くこと','profile','2020-08-27 02:51:30','2020-08-27 02:51:30'),(592,66,'嫌いなもの','豆','profile','2020-08-27 02:51:30','2020-08-27 02:51:30'),(593,66,'モットー','興味をもったことはとりあえずやってみる。失敗も多いがその分、自分の経験値があがるので。','profile','2020-08-27 02:51:30','2020-08-27 02:51:30'),(594,66,'夢','知識を高め、鍼灸師として成長する。ステキな鍼灸師になる。そして、治療に来てくださる皆さまを笑顔にしていきたい。','profile','2020-08-27 02:51:30','2020-08-27 02:51:30'),(595,67,'資格','鍼灸、ナード・アロマアドバイザー、メディカルセラピスト、介護予防運動指導員','profile','2020-08-27 02:51:30','2020-08-27 02:51:30'),(596,67,'担当施術','美容鍼（美顔鍼）、はり治療、ハーブピーリング','profile','2020-08-27 02:51:30','2020-08-27 02:51:30'),(597,67,'出身地','愛知県','profile','2020-08-27 02:51:30','2020-08-27 02:51:30'),(598,67,'趣味','ヨガ、カラオケ','profile','2020-08-27 02:51:30','2020-08-27 02:51:30'),(599,67,'特技','どこでも寝れます♪','profile','2020-08-27 02:51:30','2020-08-27 02:51:30'),(600,67,'好きなもの','旅行、カラオケ、食べること、音楽を聴くこと','profile','2020-08-27 02:51:30','2020-08-27 02:51:30'),(601,67,'嫌いなもの','豆','profile','2020-08-27 02:51:30','2020-08-27 02:51:30'),(602,67,'モットー','興味をもったことはとりあえずやってみる。失敗も多いがその分、自分の経験値があがるので。','profile','2020-08-27 02:51:30','2020-08-27 02:51:30'),(603,67,'夢','知識を高め、鍼灸師として成長する。ステキな鍼灸師になる。そして、治療に来てくださる皆さまを笑顔にしていきたい。','profile','2020-08-27 02:51:30','2020-08-27 02:51:30'),(604,68,'資格','鍼灸、ナード・アロマアドバイザー、メディカルセラピスト、介護予防運動指導員','profile','2020-08-27 02:51:30','2020-08-27 02:51:30'),(605,68,'担当施術','美容鍼（美顔鍼）、はり治療、ハーブピーリング','profile','2020-08-27 02:51:30','2020-08-27 02:51:30'),(606,68,'出身地','愛知県','profile','2020-08-27 02:51:30','2020-08-27 02:51:30'),(607,68,'趣味','ヨガ、カラオケ','profile','2020-08-27 02:51:30','2020-08-27 02:51:30'),(608,68,'特技','どこでも寝れます♪','profile','2020-08-27 02:51:30','2020-08-27 02:51:30'),(609,68,'好きなもの','旅行、カラオケ、食べること、音楽を聴くこと','profile','2020-08-27 02:51:30','2020-08-27 02:51:30'),(610,68,'嫌いなもの','豆','profile','2020-08-27 02:51:30','2020-08-27 02:51:30'),(611,68,'モットー','興味をもったことはとりあえずやってみる。失敗も多いがその分、自分の経験値があがるので。','profile','2020-08-27 02:51:30','2020-08-27 02:51:30'),(612,68,'夢','知識を高め、鍼灸師として成長する。ステキな鍼灸師になる。そして、治療に来てくださる皆さまを笑顔にしていきたい。','profile','2020-08-27 02:51:30','2020-08-27 02:51:30'),(613,69,'資格','鍼灸、ナード・アロマアドバイザー、メディカルセラピスト、介護予防運動指導員','profile','2020-08-27 02:51:30','2020-08-27 02:51:30'),(614,69,'担当施術','美容鍼（美顔鍼）、はり治療、ハーブピーリング','profile','2020-08-27 02:51:30','2020-08-27 02:51:30'),(615,69,'出身地','愛知県','profile','2020-08-27 02:51:30','2020-08-27 02:51:30'),(616,69,'趣味','ヨガ、カラオケ','profile','2020-08-27 02:51:30','2020-08-27 02:51:30'),(617,69,'特技','どこでも寝れます♪','profile','2020-08-27 02:51:30','2020-08-27 02:51:30'),(618,69,'好きなもの','旅行、カラオケ、食べること、音楽を聴くこと','profile','2020-08-27 02:51:30','2020-08-27 02:51:30'),(619,69,'嫌いなもの','豆','profile','2020-08-27 02:51:30','2020-08-27 02:51:30'),(620,69,'モットー','興味をもったことはとりあえずやってみる。失敗も多いがその分、自分の経験値があがるので。','profile','2020-08-27 02:51:30','2020-08-27 02:51:30'),(621,69,'夢','知識を高め、鍼灸師として成長する。ステキな鍼灸師になる。そして、治療に来てくださる皆さまを笑顔にしていきたい。','profile','2020-08-27 02:51:30','2020-08-27 02:51:30'),(622,70,'資格','鍼灸、ナード・アロマアドバイザー、メディカルセラピスト、介護予防運動指導員','profile','2020-08-27 02:51:30','2020-08-27 02:51:30'),(623,70,'担当施術','美容鍼（美顔鍼）、はり治療、ハーブピーリング','profile','2020-08-27 02:51:30','2020-08-27 02:51:30'),(624,70,'出身地','愛知県','profile','2020-08-27 02:51:30','2020-08-27 02:51:30'),(625,70,'趣味','ヨガ、カラオケ','profile','2020-08-27 02:51:30','2020-08-27 02:51:30'),(626,70,'特技','どこでも寝れます♪','profile','2020-08-27 02:51:30','2020-08-27 02:51:30'),(627,70,'好きなもの','旅行、カラオケ、食べること、音楽を聴くこと','profile','2020-08-27 02:51:30','2020-08-27 02:51:30'),(628,70,'嫌いなもの','豆','profile','2020-08-27 02:51:30','2020-08-27 02:51:30'),(629,70,'モットー','興味をもったことはとりあえずやってみる。失敗も多いがその分、自分の経験値があがるので。','profile','2020-08-27 02:51:30','2020-08-27 02:51:30'),(630,70,'夢','知識を高め、鍼灸師として成長する。ステキな鍼灸師になる。そして、治療に来てくださる皆さまを笑顔にしていきたい。','profile','2020-08-27 02:51:30','2020-08-27 02:51:30'),(631,71,'資格','鍼灸、ナード・アロマアドバイザー、メディカルセラピスト、介護予防運動指導員','profile','2020-08-27 02:51:30','2020-08-27 02:51:30'),(632,71,'担当施術','美容鍼（美顔鍼）、はり治療、ハーブピーリング','profile','2020-08-27 02:51:30','2020-08-27 02:51:30'),(633,71,'出身地','愛知県','profile','2020-08-27 02:51:30','2020-08-27 02:51:30'),(634,71,'趣味','ヨガ、カラオケ','profile','2020-08-27 02:51:30','2020-08-27 02:51:30'),(635,71,'特技','どこでも寝れます♪','profile','2020-08-27 02:51:30','2020-08-27 02:51:30'),(636,71,'好きなもの','旅行、カラオケ、食べること、音楽を聴くこと','profile','2020-08-27 02:51:30','2020-08-27 02:51:30'),(637,71,'嫌いなもの','豆','profile','2020-08-27 02:51:30','2020-08-27 02:51:30'),(638,71,'モットー','興味をもったことはとりあえずやってみる。失敗も多いがその分、自分の経験値があがるので。','profile','2020-08-27 02:51:30','2020-08-27 02:51:30'),(639,71,'夢','知識を高め、鍼灸師として成長する。ステキな鍼灸師になる。そして、治療に来てくださる皆さまを笑顔にしていきたい。','profile','2020-08-27 02:51:30','2020-08-27 02:51:30'),(640,72,'資格','鍼灸、ナード・アロマアドバイザー、メディカルセラピスト、介護予防運動指導員','profile','2020-08-27 02:51:30','2020-08-27 02:51:30'),(641,72,'担当施術','美容鍼（美顔鍼）、はり治療、ハーブピーリング','profile','2020-08-27 02:51:30','2020-08-27 02:51:30'),(642,72,'出身地','愛知県','profile','2020-08-27 02:51:30','2020-08-27 02:51:30'),(643,72,'趣味','ヨガ、カラオケ','profile','2020-08-27 02:51:30','2020-08-27 02:51:30'),(644,72,'特技','どこでも寝れます♪','profile','2020-08-27 02:51:30','2020-08-27 02:51:30'),(645,72,'好きなもの','旅行、カラオケ、食べること、音楽を聴くこと','profile','2020-08-27 02:51:30','2020-08-27 02:51:30'),(646,72,'嫌いなもの','豆','profile','2020-08-27 02:51:30','2020-08-27 02:51:30'),(647,72,'モットー','興味をもったことはとりあえずやってみる。失敗も多いがその分、自分の経験値があがるので。','profile','2020-08-27 02:51:30','2020-08-27 02:51:30'),(648,72,'夢','知識を高め、鍼灸師として成長する。ステキな鍼灸師になる。そして、治療に来てくださる皆さまを笑顔にしていきたい。','profile','2020-08-27 02:51:30','2020-08-27 02:51:30'),(649,73,'資格','鍼灸、ナード・アロマアドバイザー、メディカルセラピスト、介護予防運動指導員','profile','2020-08-27 02:51:30','2020-08-27 02:51:30'),(650,73,'担当施術','美容鍼（美顔鍼）、はり治療、ハーブピーリング','profile','2020-08-27 02:51:30','2020-08-27 02:51:30'),(651,73,'出身地','愛知県','profile','2020-08-27 02:51:30','2020-08-27 02:51:30'),(652,73,'趣味','ヨガ、カラオケ','profile','2020-08-27 02:51:30','2020-08-27 02:51:30'),(653,73,'特技','どこでも寝れます♪','profile','2020-08-27 02:51:30','2020-08-27 02:51:30'),(654,73,'好きなもの','旅行、カラオケ、食べること、音楽を聴くこと','profile','2020-08-27 02:51:30','2020-08-27 02:51:30'),(655,73,'嫌いなもの','豆','profile','2020-08-27 02:51:30','2020-08-27 02:51:30'),(656,73,'モットー','興味をもったことはとりあえずやってみる。失敗も多いがその分、自分の経験値があがるので。','profile','2020-08-27 02:51:30','2020-08-27 02:51:30'),(657,73,'夢','知識を高め、鍼灸師として成長する。ステキな鍼灸師になる。そして、治療に来てくださる皆さまを笑顔にしていきたい。','profile','2020-08-27 02:51:30','2020-08-27 02:51:30'),(658,74,'資格','鍼灸、ナード・アロマアドバイザー、メディカルセラピスト、介護予防運動指導員','profile','2020-08-27 02:51:30','2020-08-27 02:51:30'),(659,74,'担当施術','美容鍼（美顔鍼）、はり治療、ハーブピーリング','profile','2020-08-27 02:51:30','2020-08-27 02:51:30'),(660,74,'出身地','愛知県','profile','2020-08-27 02:51:30','2020-08-27 02:51:30'),(661,74,'趣味','ヨガ、カラオケ','profile','2020-08-27 02:51:30','2020-08-27 02:51:30'),(662,74,'特技','どこでも寝れます♪','profile','2020-08-27 02:51:30','2020-08-27 02:51:30'),(663,74,'好きなもの','旅行、カラオケ、食べること、音楽を聴くこと','profile','2020-08-27 02:51:30','2020-08-27 02:51:30'),(664,74,'嫌いなもの','豆','profile','2020-08-27 02:51:30','2020-08-27 02:51:30'),(665,74,'モットー','興味をもったことはとりあえずやってみる。失敗も多いがその分、自分の経験値があがるので。','profile','2020-08-27 02:51:30','2020-08-27 02:51:30'),(666,74,'夢','知識を高め、鍼灸師として成長する。ステキな鍼灸師になる。そして、治療に来てくださる皆さまを笑顔にしていきたい。','profile','2020-08-27 02:51:30','2020-08-27 02:51:30'),(667,75,'資格','鍼灸、ナード・アロマアドバイザー、メディカルセラピスト、介護予防運動指導員','profile','2020-08-27 02:51:30','2020-08-27 02:51:30'),(668,75,'担当施術','美容鍼（美顔鍼）、はり治療、ハーブピーリング','profile','2020-08-27 02:51:30','2020-08-27 02:51:30'),(669,75,'出身地','愛知県','profile','2020-08-27 02:51:30','2020-08-27 02:51:30'),(670,75,'趣味','ヨガ、カラオケ','profile','2020-08-27 02:51:30','2020-08-27 02:51:30'),(671,75,'特技','どこでも寝れます♪','profile','2020-08-27 02:51:30','2020-08-27 02:51:30'),(672,75,'好きなもの','旅行、カラオケ、食べること、音楽を聴くこと','profile','2020-08-27 02:51:30','2020-08-27 02:51:30'),(673,75,'嫌いなもの','豆','profile','2020-08-27 02:51:30','2020-08-27 02:51:30'),(674,75,'モットー','興味をもったことはとりあえずやってみる。失敗も多いがその分、自分の経験値があがるので。','profile','2020-08-27 02:51:30','2020-08-27 02:51:30'),(675,75,'夢','知識を高め、鍼灸師として成長する。ステキな鍼灸師になる。そして、治療に来てくださる皆さまを笑顔にしていきたい。','profile','2020-08-27 02:51:30','2020-08-27 02:51:30'),(676,76,'資格','鍼灸、ナード・アロマアドバイザー、メディカルセラピスト、介護予防運動指導員','profile','2020-08-27 02:51:30','2020-08-27 02:51:30'),(677,76,'担当施術','美容鍼（美顔鍼）、はり治療、ハーブピーリング','profile','2020-08-27 02:51:30','2020-08-27 02:51:30'),(678,76,'出身地','愛知県','profile','2020-08-27 02:51:30','2020-08-27 02:51:30'),(679,76,'趣味','ヨガ、カラオケ','profile','2020-08-27 02:51:30','2020-08-27 02:51:30'),(680,76,'特技','どこでも寝れます♪','profile','2020-08-27 02:51:30','2020-08-27 02:51:30'),(681,76,'好きなもの','旅行、カラオケ、食べること、音楽を聴くこと','profile','2020-08-27 02:51:30','2020-08-27 02:51:30'),(682,76,'嫌いなもの','豆','profile','2020-08-27 02:51:30','2020-08-27 02:51:30'),(683,76,'モットー','興味をもったことはとりあえずやってみる。失敗も多いがその分、自分の経験値があがるので。','profile','2020-08-27 02:51:30','2020-08-27 02:51:30'),(684,76,'夢','知識を高め、鍼灸師として成長する。ステキな鍼灸師になる。そして、治療に来てくださる皆さまを笑顔にしていきたい。','profile','2020-08-27 02:51:30','2020-08-27 02:51:30'),(685,77,'資格','鍼灸、ナード・アロマアドバイザー、メディカルセラピスト、介護予防運動指導員','profile','2020-08-27 02:51:30','2020-08-27 02:51:30'),(686,77,'担当施術','美容鍼（美顔鍼）、はり治療、ハーブピーリング','profile','2020-08-27 02:51:30','2020-08-27 02:51:30'),(687,77,'出身地','愛知県','profile','2020-08-27 02:51:30','2020-08-27 02:51:30'),(688,77,'趣味','ヨガ、カラオケ','profile','2020-08-27 02:51:30','2020-08-27 02:51:30'),(689,77,'特技','どこでも寝れます♪','profile','2020-08-27 02:51:30','2020-08-27 02:51:30'),(690,77,'好きなもの','旅行、カラオケ、食べること、音楽を聴くこと','profile','2020-08-27 02:51:30','2020-08-27 02:51:30'),(691,77,'嫌いなもの','豆','profile','2020-08-27 02:51:30','2020-08-27 02:51:30'),(692,77,'モットー','興味をもったことはとりあえずやってみる。失敗も多いがその分、自分の経験値があがるので。','profile','2020-08-27 02:51:30','2020-08-27 02:51:30'),(693,77,'夢','知識を高め、鍼灸師として成長する。ステキな鍼灸師になる。そして、治療に来てくださる皆さまを笑顔にしていきたい。','profile','2020-08-27 02:51:30','2020-08-27 02:51:30'),(694,78,'資格','鍼灸、ナード・アロマアドバイザー、メディカルセラピスト、介護予防運動指導員','profile','2020-08-27 02:51:30','2020-08-27 02:51:30'),(695,78,'担当施術','美容鍼（美顔鍼）、はり治療、ハーブピーリング','profile','2020-08-27 02:51:30','2020-08-27 02:51:30'),(696,78,'出身地','愛知県','profile','2020-08-27 02:51:30','2020-08-27 02:51:30'),(697,78,'趣味','ヨガ、カラオケ','profile','2020-08-27 02:51:30','2020-08-27 02:51:30'),(698,78,'特技','どこでも寝れます♪','profile','2020-08-27 02:51:30','2020-08-27 02:51:30'),(699,78,'好きなもの','旅行、カラオケ、食べること、音楽を聴くこと','profile','2020-08-27 02:51:30','2020-08-27 02:51:30'),(700,78,'嫌いなもの','豆','profile','2020-08-27 02:51:30','2020-08-27 02:51:30'),(701,78,'モットー','興味をもったことはとりあえずやってみる。失敗も多いがその分、自分の経験値があがるので。','profile','2020-08-27 02:51:30','2020-08-27 02:51:30'),(702,78,'夢','知識を高め、鍼灸師として成長する。ステキな鍼灸師になる。そして、治療に来てくださる皆さまを笑顔にしていきたい。','profile','2020-08-27 02:51:30','2020-08-27 02:51:30'),(703,79,'資格','鍼灸、ナード・アロマアドバイザー、メディカルセラピスト、介護予防運動指導員','profile','2020-08-27 02:51:30','2020-08-27 02:51:30'),(704,79,'担当施術','美容鍼（美顔鍼）、はり治療、ハーブピーリング','profile','2020-08-27 02:51:30','2020-08-27 02:51:30'),(705,79,'出身地','愛知県','profile','2020-08-27 02:51:30','2020-08-27 02:51:30'),(706,79,'趣味','ヨガ、カラオケ','profile','2020-08-27 02:51:30','2020-08-27 02:51:30'),(707,79,'特技','どこでも寝れます♪','profile','2020-08-27 02:51:30','2020-08-27 02:51:30'),(708,79,'好きなもの','旅行、カラオケ、食べること、音楽を聴くこと','profile','2020-08-27 02:51:30','2020-08-27 02:51:30'),(709,79,'嫌いなもの','豆','profile','2020-08-27 02:51:30','2020-08-27 02:51:30'),(710,79,'モットー','興味をもったことはとりあえずやってみる。失敗も多いがその分、自分の経験値があがるので。','profile','2020-08-27 02:51:30','2020-08-27 02:51:30'),(711,79,'夢','知識を高め、鍼灸師として成長する。ステキな鍼灸師になる。そして、治療に来てくださる皆さまを笑顔にしていきたい。','profile','2020-08-27 02:51:30','2020-08-27 02:51:30'),(721,1,'資格','鍼灸、ナード・アロマアドバイザー、メディカルセラピスト、介護予防運動指導員','profile','2020-08-27 09:55:36','2020-08-27 09:55:36'),(722,1,'担当施術','美容鍼（美顔鍼）、はり治療、ハーブピーリング','profile','2020-08-27 09:55:36','2020-08-27 09:55:36'),(723,1,'出身地','愛知県','profile','2020-08-27 09:55:36','2020-08-27 09:55:36'),(724,1,'趣味','ヨガ、カラオケ','profile','2020-08-27 09:55:36','2020-08-27 09:55:36'),(725,1,'特技','どこでも寝れます♪','profile','2020-08-27 09:55:36','2020-08-27 09:55:36'),(726,1,'好きなもの','旅行、カラオケ、食べること、音楽を聴くこと','profile','2020-08-27 09:55:36','2020-08-27 09:55:36'),(727,1,'嫌いなもの','豆','profile','2020-08-27 09:55:36','2020-08-27 09:55:36'),(728,1,'モットー','興味をもったことはとりあえずやってみる。失敗も多いがその分、自分の経験値があがるので。','profile','2020-08-27 09:55:36','2020-08-27 09:55:36'),(729,1,'夢','知識を高め、鍼灸師として成長する。ステキな鍼灸師になる。そして、治療に来てくださる皆さまを笑顔にしていきたい。','profile','2020-08-27 09:55:36','2020-08-27 09:55:36'),(730,1,'名前','純志（ジュンジ）','info','2020-08-27 09:55:36','2020-08-27 09:55:36'),(731,1,'在住・年齢','千葉県　50歳代','info','2020-08-27 09:55:36','2020-08-27 09:55:36'),(732,1,'占い料金','1分170円（通話料込み・税別）','info','2020-08-27 09:55:36','2020-08-27 09:55:36'),(733,2,'資格','鍼灸、ナード・アロマアドバイザー、メディカルセラピスト、介護予防運動指導員','profile','2020-08-27 09:55:36','2020-08-27 09:55:36'),(734,2,'担当施術','美容鍼（美顔鍼）、はり治療、ハーブピーリング','profile','2020-08-27 09:55:36','2020-08-27 09:55:36'),(735,2,'出身地','愛知県','profile','2020-08-27 09:55:36','2020-08-27 09:55:36'),(736,2,'趣味','ヨガ、カラオケ','profile','2020-08-27 09:55:36','2020-08-27 09:55:36'),(737,2,'特技','どこでも寝れます♪','profile','2020-08-27 09:55:36','2020-08-27 09:55:36'),(738,2,'好きなもの','旅行、カラオケ、食べること、音楽を聴くこと','profile','2020-08-27 09:55:36','2020-08-27 09:55:36'),(739,2,'嫌いなもの','豆','profile','2020-08-27 09:55:36','2020-08-27 09:55:36'),(740,2,'モットー','興味をもったことはとりあえずやってみる。失敗も多いがその分、自分の経験値があがるので。','profile','2020-08-27 09:55:36','2020-08-27 09:55:36'),(741,2,'夢','知識を高め、鍼灸師として成長する。ステキな鍼灸師になる。そして、治療に来てくださる皆さまを笑顔にしていきたい。','profile','2020-08-27 09:55:36','2020-08-27 09:55:36'),(742,2,'名前','純志（ジュンジ）','info','2020-08-27 09:55:36','2020-08-27 09:55:36'),(743,2,'在住・年齢','千葉県　50歳代','info','2020-08-27 09:55:36','2020-08-27 09:55:36'),(744,2,'占い料金','1分170円（通話料込み・税別）','info','2020-08-27 09:55:36','2020-08-27 09:55:36'),(745,3,'資格','鍼灸、ナード・アロマアドバイザー、メディカルセラピスト、介護予防運動指導員','profile','2020-08-27 09:55:36','2020-08-27 09:55:36'),(746,3,'担当施術','美容鍼（美顔鍼）、はり治療、ハーブピーリング','profile','2020-08-27 09:55:36','2020-08-27 09:55:36'),(747,3,'出身地','愛知県','profile','2020-08-27 09:55:36','2020-08-27 09:55:36'),(748,3,'趣味','ヨガ、カラオケ','profile','2020-08-27 09:55:36','2020-08-27 09:55:36'),(749,3,'特技','どこでも寝れます♪','profile','2020-08-27 09:55:36','2020-08-27 09:55:36'),(750,3,'好きなもの','旅行、カラオケ、食べること、音楽を聴くこと','profile','2020-08-27 09:55:36','2020-08-27 09:55:36'),(751,3,'嫌いなもの','豆','profile','2020-08-27 09:55:36','2020-08-27 09:55:36'),(752,3,'モットー','興味をもったことはとりあえずやってみる。失敗も多いがその分、自分の経験値があがるので。','profile','2020-08-27 09:55:36','2020-08-27 09:55:36'),(753,3,'夢','知識を高め、鍼灸師として成長する。ステキな鍼灸師になる。そして、治療に来てくださる皆さまを笑顔にしていきたい。','profile','2020-08-27 09:55:36','2020-08-27 09:55:36'),(754,3,'名前','純志（ジュンジ）','info','2020-08-27 09:55:36','2020-08-27 09:55:36'),(755,3,'在住・年齢','千葉県　50歳代','info','2020-08-27 09:55:36','2020-08-27 09:55:36'),(756,3,'占い料金','1分170円（通話料込み・税別）','info','2020-08-27 09:55:36','2020-08-27 09:55:36'),(757,4,'資格','鍼灸、ナード・アロマアドバイザー、メディカルセラピスト、介護予防運動指導員','profile','2020-08-27 09:55:36','2020-08-27 09:55:36'),(758,4,'担当施術','美容鍼（美顔鍼）、はり治療、ハーブピーリング','profile','2020-08-27 09:55:36','2020-08-27 09:55:36'),(759,4,'出身地','愛知県','profile','2020-08-27 09:55:36','2020-08-27 09:55:36'),(760,4,'趣味','ヨガ、カラオケ','profile','2020-08-27 09:55:36','2020-08-27 09:55:36'),(761,4,'特技','どこでも寝れます♪','profile','2020-08-27 09:55:36','2020-08-27 09:55:36'),(762,4,'好きなもの','旅行、カラオケ、食べること、音楽を聴くこと','profile','2020-08-27 09:55:36','2020-08-27 09:55:36'),(763,4,'嫌いなもの','豆','profile','2020-08-27 09:55:36','2020-08-27 09:55:36'),(764,4,'モットー','興味をもったことはとりあえずやってみる。失敗も多いがその分、自分の経験値があがるので。','profile','2020-08-27 09:55:36','2020-08-27 09:55:36'),(765,4,'夢','知識を高め、鍼灸師として成長する。ステキな鍼灸師になる。そして、治療に来てくださる皆さまを笑顔にしていきたい。','profile','2020-08-27 09:55:36','2020-08-27 09:55:36'),(766,4,'名前','純志（ジュンジ）','info','2020-08-27 09:55:36','2020-08-27 09:55:36'),(767,4,'在住・年齢','千葉県　50歳代','info','2020-08-27 09:55:36','2020-08-27 09:55:36'),(768,4,'占い料金','1分170円（通話料込み・税別）','info','2020-08-27 09:55:36','2020-08-27 09:55:36'),(769,5,'資格','鍼灸、ナード・アロマアドバイザー、メディカルセラピスト、介護予防運動指導員','profile','2020-08-27 09:55:36','2020-08-27 09:55:36'),(770,5,'担当施術','美容鍼（美顔鍼）、はり治療、ハーブピーリング','profile','2020-08-27 09:55:36','2020-08-27 09:55:36'),(771,5,'出身地','愛知県','profile','2020-08-27 09:55:36','2020-08-27 09:55:36'),(772,5,'趣味','ヨガ、カラオケ','profile','2020-08-27 09:55:36','2020-08-27 09:55:36'),(773,5,'特技','どこでも寝れます♪','profile','2020-08-27 09:55:36','2020-08-27 09:55:36'),(774,5,'好きなもの','旅行、カラオケ、食べること、音楽を聴くこと','profile','2020-08-27 09:55:36','2020-08-27 09:55:36'),(775,5,'嫌いなもの','豆','profile','2020-08-27 09:55:36','2020-08-27 09:55:36'),(776,5,'モットー','興味をもったことはとりあえずやってみる。失敗も多いがその分、自分の経験値があがるので。','profile','2020-08-27 09:55:36','2020-08-27 09:55:36'),(777,5,'夢','知識を高め、鍼灸師として成長する。ステキな鍼灸師になる。そして、治療に来てくださる皆さまを笑顔にしていきたい。','profile','2020-08-27 09:55:36','2020-08-27 09:55:36'),(778,5,'名前','純志（ジュンジ）','info','2020-08-27 09:55:36','2020-08-27 09:55:36'),(779,5,'在住・年齢','千葉県　50歳代','info','2020-08-27 09:55:36','2020-08-27 09:55:36'),(780,5,'占い料金','1分170円（通話料込み・税別）','info','2020-08-27 09:55:36','2020-08-27 09:55:36'),(781,6,'資格','鍼灸、ナード・アロマアドバイザー、メディカルセラピスト、介護予防運動指導員','profile','2020-08-27 09:55:36','2020-08-27 09:55:36'),(782,6,'担当施術','美容鍼（美顔鍼）、はり治療、ハーブピーリング','profile','2020-08-27 09:55:36','2020-08-27 09:55:36'),(783,6,'出身地','愛知県','profile','2020-08-27 09:55:36','2020-08-27 09:55:36'),(784,6,'趣味','ヨガ、カラオケ','profile','2020-08-27 09:55:36','2020-08-27 09:55:36'),(785,6,'特技','どこでも寝れます♪','profile','2020-08-27 09:55:36','2020-08-27 09:55:36'),(786,6,'好きなもの','旅行、カラオケ、食べること、音楽を聴くこと','profile','2020-08-27 09:55:36','2020-08-27 09:55:36'),(787,6,'嫌いなもの','豆','profile','2020-08-27 09:55:36','2020-08-27 09:55:36'),(788,6,'モットー','興味をもったことはとりあえずやってみる。失敗も多いがその分、自分の経験値があがるので。','profile','2020-08-27 09:55:36','2020-08-27 09:55:36'),(789,6,'夢','知識を高め、鍼灸師として成長する。ステキな鍼灸師になる。そして、治療に来てくださる皆さまを笑顔にしていきたい。','profile','2020-08-27 09:55:36','2020-08-27 09:55:36'),(790,6,'名前','純志（ジュンジ）','info','2020-08-27 09:55:36','2020-08-27 09:55:36'),(791,6,'在住・年齢','千葉県　50歳代','info','2020-08-27 09:55:36','2020-08-27 09:55:36'),(792,6,'占い料金','1分170円（通話料込み・税別）','info','2020-08-27 09:55:36','2020-08-27 09:55:36'),(793,7,'資格','鍼灸、ナード・アロマアドバイザー、メディカルセラピスト、介護予防運動指導員','profile','2020-08-27 09:55:36','2020-08-27 09:55:36'),(794,7,'担当施術','美容鍼（美顔鍼）、はり治療、ハーブピーリング','profile','2020-08-27 09:55:36','2020-08-27 09:55:36'),(795,7,'出身地','愛知県','profile','2020-08-27 09:55:36','2020-08-27 09:55:36'),(796,7,'趣味','ヨガ、カラオケ','profile','2020-08-27 09:55:36','2020-08-27 09:55:36'),(797,7,'特技','どこでも寝れます♪','profile','2020-08-27 09:55:36','2020-08-27 09:55:36'),(798,7,'好きなもの','旅行、カラオケ、食べること、音楽を聴くこと','profile','2020-08-27 09:55:36','2020-08-27 09:55:36'),(799,7,'嫌いなもの','豆','profile','2020-08-27 09:55:36','2020-08-27 09:55:36'),(800,7,'モットー','興味をもったことはとりあえずやってみる。失敗も多いがその分、自分の経験値があがるので。','profile','2020-08-27 09:55:36','2020-08-27 09:55:36'),(801,7,'夢','知識を高め、鍼灸師として成長する。ステキな鍼灸師になる。そして、治療に来てくださる皆さまを笑顔にしていきたい。','profile','2020-08-27 09:55:36','2020-08-27 09:55:36'),(802,7,'名前','純志（ジュンジ）','info','2020-08-27 09:55:36','2020-08-27 09:55:36'),(803,7,'在住・年齢','千葉県　50歳代','info','2020-08-27 09:55:36','2020-08-27 09:55:36'),(804,7,'占い料金','1分170円（通話料込み・税別）','info','2020-08-27 09:55:36','2020-08-27 09:55:36'),(805,8,'資格','鍼灸、ナード・アロマアドバイザー、メディカルセラピスト、介護予防運動指導員','profile','2020-08-27 09:55:36','2020-08-27 09:55:36'),(806,8,'担当施術','美容鍼（美顔鍼）、はり治療、ハーブピーリング','profile','2020-08-27 09:55:36','2020-08-27 09:55:36'),(807,8,'出身地','愛知県','profile','2020-08-27 09:55:36','2020-08-27 09:55:36'),(808,8,'趣味','ヨガ、カラオケ','profile','2020-08-27 09:55:36','2020-08-27 09:55:36'),(809,8,'特技','どこでも寝れます♪','profile','2020-08-27 09:55:36','2020-08-27 09:55:36'),(810,8,'好きなもの','旅行、カラオケ、食べること、音楽を聴くこと','profile','2020-08-27 09:55:36','2020-08-27 09:55:36'),(811,8,'嫌いなもの','豆','profile','2020-08-27 09:55:36','2020-08-27 09:55:36'),(812,8,'モットー','興味をもったことはとりあえずやってみる。失敗も多いがその分、自分の経験値があがるので。','profile','2020-08-27 09:55:36','2020-08-27 09:55:36'),(813,8,'夢','知識を高め、鍼灸師として成長する。ステキな鍼灸師になる。そして、治療に来てくださる皆さまを笑顔にしていきたい。','profile','2020-08-27 09:55:36','2020-08-27 09:55:36'),(814,8,'名前','純志（ジュンジ）','info','2020-08-27 09:55:36','2020-08-27 09:55:36'),(815,8,'在住・年齢','千葉県　50歳代','info','2020-08-27 09:55:36','2020-08-27 09:55:36'),(816,8,'占い料金','1分170円（通話料込み・税別）','info','2020-08-27 09:55:36','2020-08-27 09:55:36'),(817,9,'資格','鍼灸、ナード・アロマアドバイザー、メディカルセラピスト、介護予防運動指導員','profile','2020-08-27 09:55:36','2020-08-27 09:55:36'),(818,9,'担当施術','美容鍼（美顔鍼）、はり治療、ハーブピーリング','profile','2020-08-27 09:55:36','2020-08-27 09:55:36'),(819,9,'出身地','愛知県','profile','2020-08-27 09:55:36','2020-08-27 09:55:36'),(820,9,'趣味','ヨガ、カラオケ','profile','2020-08-27 09:55:36','2020-08-27 09:55:36'),(821,9,'特技','どこでも寝れます♪','profile','2020-08-27 09:55:36','2020-08-27 09:55:36'),(822,9,'好きなもの','旅行、カラオケ、食べること、音楽を聴くこと','profile','2020-08-27 09:55:36','2020-08-27 09:55:36'),(823,9,'嫌いなもの','豆','profile','2020-08-27 09:55:36','2020-08-27 09:55:36'),(824,9,'モットー','興味をもったことはとりあえずやってみる。失敗も多いがその分、自分の経験値があがるので。','profile','2020-08-27 09:55:36','2020-08-27 09:55:36'),(825,9,'夢','知識を高め、鍼灸師として成長する。ステキな鍼灸師になる。そして、治療に来てくださる皆さまを笑顔にしていきたい。','profile','2020-08-27 09:55:36','2020-08-27 09:55:36'),(826,9,'名前','純志（ジュンジ）','info','2020-08-27 09:55:36','2020-08-27 09:55:36'),(827,9,'在住・年齢','千葉県　50歳代','info','2020-08-27 09:55:36','2020-08-27 09:55:36'),(828,9,'占い料金','1分170円（通話料込み・税別）','info','2020-08-27 09:55:36','2020-08-27 09:55:36'),(841,11,'資格','鍼灸、ナード・アロマアドバイザー、メディカルセラピスト、介護予防運動指導員','profile','2020-08-27 09:55:36','2020-08-27 09:55:36'),(842,11,'担当施術','美容鍼（美顔鍼）、はり治療、ハーブピーリング','profile','2020-08-27 09:55:36','2020-08-27 09:55:36'),(843,11,'出身地','愛知県','profile','2020-08-27 09:55:36','2020-08-27 09:55:36'),(844,11,'趣味','ヨガ、カラオケ','profile','2020-08-27 09:55:36','2020-08-27 09:55:36'),(845,11,'特技','どこでも寝れます♪','profile','2020-08-27 09:55:36','2020-08-27 09:55:36'),(846,11,'好きなもの','旅行、カラオケ、食べること、音楽を聴くこと','profile','2020-08-27 09:55:36','2020-08-27 09:55:36'),(847,11,'嫌いなもの','豆','profile','2020-08-27 09:55:36','2020-08-27 09:55:36'),(848,11,'モットー','興味をもったことはとりあえずやってみる。失敗も多いがその分、自分の経験値があがるので。','profile','2020-08-27 09:55:36','2020-08-27 09:55:36'),(849,11,'夢','知識を高め、鍼灸師として成長する。ステキな鍼灸師になる。そして、治療に来てくださる皆さまを笑顔にしていきたい。','profile','2020-08-27 09:55:36','2020-08-27 09:55:36'),(850,11,'名前','純志（ジュンジ）','info','2020-08-27 09:55:36','2020-08-27 09:55:36'),(851,11,'在住・年齢','千葉県　50歳代','info','2020-08-27 09:55:36','2020-08-27 09:55:36'),(852,11,'占い料金','1分170円（通話料込み・税別）','info','2020-08-27 09:55:36','2020-08-27 09:55:36'),(853,12,'資格','鍼灸、ナード・アロマアドバイザー、メディカルセラピスト、介護予防運動指導員','profile','2020-08-27 09:55:36','2020-08-27 09:55:36'),(854,12,'担当施術','美容鍼（美顔鍼）、はり治療、ハーブピーリング','profile','2020-08-27 09:55:36','2020-08-27 09:55:36'),(855,12,'出身地','愛知県','profile','2020-08-27 09:55:36','2020-08-27 09:55:36'),(856,12,'趣味','ヨガ、カラオケ','profile','2020-08-27 09:55:36','2020-08-27 09:55:36'),(857,12,'特技','どこでも寝れます♪','profile','2020-08-27 09:55:36','2020-08-27 09:55:36'),(858,12,'好きなもの','旅行、カラオケ、食べること、音楽を聴くこと','profile','2020-08-27 09:55:36','2020-08-27 09:55:36'),(859,12,'嫌いなもの','豆','profile','2020-08-27 09:55:36','2020-08-27 09:55:36'),(860,12,'モットー','興味をもったことはとりあえずやってみる。失敗も多いがその分、自分の経験値があがるので。','profile','2020-08-27 09:55:36','2020-08-27 09:55:36'),(861,12,'夢','知識を高め、鍼灸師として成長する。ステキな鍼灸師になる。そして、治療に来てくださる皆さまを笑顔にしていきたい。','profile','2020-08-27 09:55:36','2020-08-27 09:55:36'),(862,12,'名前','純志（ジュンジ）','info','2020-08-27 09:55:36','2020-08-27 09:55:36'),(863,12,'在住・年齢','千葉県　50歳代','info','2020-08-27 09:55:36','2020-08-27 09:55:36'),(864,12,'占い料金','1分170円（通話料込み・税別）','info','2020-08-27 09:55:36','2020-08-27 09:55:36'),(865,13,'資格','鍼灸、ナード・アロマアドバイザー、メディカルセラピスト、介護予防運動指導員','profile','2020-08-27 09:55:36','2020-08-27 09:55:36'),(866,13,'担当施術','美容鍼（美顔鍼）、はり治療、ハーブピーリング','profile','2020-08-27 09:55:36','2020-08-27 09:55:36'),(867,13,'出身地','愛知県','profile','2020-08-27 09:55:36','2020-08-27 09:55:36'),(868,13,'趣味','ヨガ、カラオケ','profile','2020-08-27 09:55:36','2020-08-27 09:55:36'),(869,13,'特技','どこでも寝れます♪','profile','2020-08-27 09:55:36','2020-08-27 09:55:36'),(870,13,'好きなもの','旅行、カラオケ、食べること、音楽を聴くこと','profile','2020-08-27 09:55:36','2020-08-27 09:55:36'),(871,13,'嫌いなもの','豆','profile','2020-08-27 09:55:36','2020-08-27 09:55:36'),(872,13,'モットー','興味をもったことはとりあえずやってみる。失敗も多いがその分、自分の経験値があがるので。','profile','2020-08-27 09:55:36','2020-08-27 09:55:36'),(873,13,'夢','知識を高め、鍼灸師として成長する。ステキな鍼灸師になる。そして、治療に来てくださる皆さまを笑顔にしていきたい。','profile','2020-08-27 09:55:36','2020-08-27 09:55:36'),(874,13,'名前','純志（ジュンジ）','info','2020-08-27 09:55:36','2020-08-27 09:55:36'),(875,13,'在住・年齢','千葉県　50歳代','info','2020-08-27 09:55:36','2020-08-27 09:55:36'),(876,13,'占い料金','1分170円（通話料込み・税別）','info','2020-08-27 09:55:36','2020-08-27 09:55:36'),(877,14,'資格','鍼灸、ナード・アロマアドバイザー、メディカルセラピスト、介護予防運動指導員','profile','2020-08-27 09:55:36','2020-08-27 09:55:36'),(878,14,'担当施術','美容鍼（美顔鍼）、はり治療、ハーブピーリング','profile','2020-08-27 09:55:36','2020-08-27 09:55:36'),(879,14,'出身地','愛知県','profile','2020-08-27 09:55:36','2020-08-27 09:55:36'),(880,14,'趣味','ヨガ、カラオケ','profile','2020-08-27 09:55:36','2020-08-27 09:55:36'),(881,14,'特技','どこでも寝れます♪','profile','2020-08-27 09:55:36','2020-08-27 09:55:36'),(882,14,'好きなもの','旅行、カラオケ、食べること、音楽を聴くこと','profile','2020-08-27 09:55:36','2020-08-27 09:55:36'),(883,14,'嫌いなもの','豆','profile','2020-08-27 09:55:36','2020-08-27 09:55:36'),(884,14,'モットー','興味をもったことはとりあえずやってみる。失敗も多いがその分、自分の経験値があがるので。','profile','2020-08-27 09:55:36','2020-08-27 09:55:36'),(885,14,'夢','知識を高め、鍼灸師として成長する。ステキな鍼灸師になる。そして、治療に来てくださる皆さまを笑顔にしていきたい。','profile','2020-08-27 09:55:36','2020-08-27 09:55:36'),(886,14,'名前','純志（ジュンジ）','info','2020-08-27 09:55:36','2020-08-27 09:55:36'),(887,14,'在住・年齢','千葉県　50歳代','info','2020-08-27 09:55:36','2020-08-27 09:55:36'),(888,14,'占い料金','1分170円（通話料込み・税別）','info','2020-08-27 09:55:36','2020-08-27 09:55:36'),(889,15,'資格','鍼灸、ナード・アロマアドバイザー、メディカルセラピスト、介護予防運動指導員','profile','2020-08-27 09:55:36','2020-08-27 09:55:36'),(890,15,'担当施術','美容鍼（美顔鍼）、はり治療、ハーブピーリング','profile','2020-08-27 09:55:36','2020-08-27 09:55:36'),(891,15,'出身地','愛知県','profile','2020-08-27 09:55:36','2020-08-27 09:55:36'),(892,15,'趣味','ヨガ、カラオケ','profile','2020-08-27 09:55:36','2020-08-27 09:55:36'),(893,15,'特技','どこでも寝れます♪','profile','2020-08-27 09:55:36','2020-08-27 09:55:36'),(894,15,'好きなもの','旅行、カラオケ、食べること、音楽を聴くこと','profile','2020-08-27 09:55:36','2020-08-27 09:55:36'),(895,15,'嫌いなもの','豆','profile','2020-08-27 09:55:36','2020-08-27 09:55:36'),(896,15,'モットー','興味をもったことはとりあえずやってみる。失敗も多いがその分、自分の経験値があがるので。','profile','2020-08-27 09:55:36','2020-08-27 09:55:36'),(897,15,'夢','知識を高め、鍼灸師として成長する。ステキな鍼灸師になる。そして、治療に来てくださる皆さまを笑顔にしていきたい。','profile','2020-08-27 09:55:36','2020-08-27 09:55:36'),(898,15,'名前','純志（ジュンジ）','info','2020-08-27 09:55:36','2020-08-27 09:55:36'),(899,15,'在住・年齢','千葉県　50歳代','info','2020-08-27 09:55:36','2020-08-27 09:55:36'),(900,15,'占い料金','1分170円（通話料込み・税別）','info','2020-08-27 09:55:36','2020-08-27 09:55:36'),(901,16,'資格','鍼灸、ナード・アロマアドバイザー、メディカルセラピスト、介護予防運動指導員','profile','2020-08-27 09:55:36','2020-08-27 09:55:36'),(902,16,'担当施術','美容鍼（美顔鍼）、はり治療、ハーブピーリング','profile','2020-08-27 09:55:36','2020-08-27 09:55:36'),(903,16,'出身地','愛知県','profile','2020-08-27 09:55:36','2020-08-27 09:55:36'),(904,16,'趣味','ヨガ、カラオケ','profile','2020-08-27 09:55:36','2020-08-27 09:55:36'),(905,16,'特技','どこでも寝れます♪','profile','2020-08-27 09:55:36','2020-08-27 09:55:36'),(906,16,'好きなもの','旅行、カラオケ、食べること、音楽を聴くこと','profile','2020-08-27 09:55:36','2020-08-27 09:55:36'),(907,16,'嫌いなもの','豆','profile','2020-08-27 09:55:36','2020-08-27 09:55:36'),(908,16,'モットー','興味をもったことはとりあえずやってみる。失敗も多いがその分、自分の経験値があがるので。','profile','2020-08-27 09:55:37','2020-08-27 09:55:37'),(909,16,'夢','知識を高め、鍼灸師として成長する。ステキな鍼灸師になる。そして、治療に来てくださる皆さまを笑顔にしていきたい。','profile','2020-08-27 09:55:37','2020-08-27 09:55:37'),(910,16,'名前','純志（ジュンジ）','info','2020-08-27 09:55:37','2020-08-27 09:55:37'),(911,16,'在住・年齢','千葉県　50歳代','info','2020-08-27 09:55:37','2020-08-27 09:55:37'),(912,16,'占い料金','1分170円（通話料込み・税別）','info','2020-08-27 09:55:37','2020-08-27 09:55:37'),(913,17,'資格','鍼灸、ナード・アロマアドバイザー、メディカルセラピスト、介護予防運動指導員','profile','2020-08-27 09:55:37','2020-08-27 09:55:37'),(914,17,'担当施術','美容鍼（美顔鍼）、はり治療、ハーブピーリング','profile','2020-08-27 09:55:37','2020-08-27 09:55:37'),(915,17,'出身地','愛知県','profile','2020-08-27 09:55:37','2020-08-27 09:55:37'),(916,17,'趣味','ヨガ、カラオケ','profile','2020-08-27 09:55:37','2020-08-27 09:55:37'),(917,17,'特技','どこでも寝れます♪','profile','2020-08-27 09:55:37','2020-08-27 09:55:37'),(918,17,'好きなもの','旅行、カラオケ、食べること、音楽を聴くこと','profile','2020-08-27 09:55:37','2020-08-27 09:55:37'),(919,17,'嫌いなもの','豆','profile','2020-08-27 09:55:37','2020-08-27 09:55:37'),(920,17,'モットー','興味をもったことはとりあえずやってみる。失敗も多いがその分、自分の経験値があがるので。','profile','2020-08-27 09:55:37','2020-08-27 09:55:37'),(921,17,'夢','知識を高め、鍼灸師として成長する。ステキな鍼灸師になる。そして、治療に来てくださる皆さまを笑顔にしていきたい。','profile','2020-08-27 09:55:37','2020-08-27 09:55:37'),(922,17,'名前','純志（ジュンジ）','info','2020-08-27 09:55:37','2020-08-27 09:55:37'),(923,17,'在住・年齢','千葉県　50歳代','info','2020-08-27 09:55:37','2020-08-27 09:55:37'),(924,17,'占い料金','1分170円（通話料込み・税別）','info','2020-08-27 09:55:37','2020-08-27 09:55:37'),(925,18,'資格','鍼灸、ナード・アロマアドバイザー、メディカルセラピスト、介護予防運動指導員','profile','2020-08-27 09:55:37','2020-08-27 09:55:37'),(926,18,'担当施術','美容鍼（美顔鍼）、はり治療、ハーブピーリング','profile','2020-08-27 09:55:37','2020-08-27 09:55:37'),(927,18,'出身地','愛知県','profile','2020-08-27 09:55:37','2020-08-27 09:55:37'),(928,18,'趣味','ヨガ、カラオケ','profile','2020-08-27 09:55:37','2020-08-27 09:55:37'),(929,18,'特技','どこでも寝れます♪','profile','2020-08-27 09:55:37','2020-08-27 09:55:37'),(930,18,'好きなもの','旅行、カラオケ、食べること、音楽を聴くこと','profile','2020-08-27 09:55:37','2020-08-27 09:55:37'),(931,18,'嫌いなもの','豆','profile','2020-08-27 09:55:37','2020-08-27 09:55:37'),(932,18,'モットー','興味をもったことはとりあえずやってみる。失敗も多いがその分、自分の経験値があがるので。','profile','2020-08-27 09:55:37','2020-08-27 09:55:37'),(933,18,'夢','知識を高め、鍼灸師として成長する。ステキな鍼灸師になる。そして、治療に来てくださる皆さまを笑顔にしていきたい。','profile','2020-08-27 09:55:37','2020-08-27 09:55:37'),(934,18,'名前','純志（ジュンジ）','info','2020-08-27 09:55:37','2020-08-27 09:55:37'),(935,18,'在住・年齢','千葉県　50歳代','info','2020-08-27 09:55:37','2020-08-27 09:55:37'),(936,18,'占い料金','1分170円（通話料込み・税別）','info','2020-08-27 09:55:37','2020-08-27 09:55:37'),(937,19,'資格','鍼灸、ナード・アロマアドバイザー、メディカルセラピスト、介護予防運動指導員','profile','2020-08-27 09:55:37','2020-08-27 09:55:37'),(938,19,'担当施術','美容鍼（美顔鍼）、はり治療、ハーブピーリング','profile','2020-08-27 09:55:37','2020-08-27 09:55:37'),(939,19,'出身地','愛知県','profile','2020-08-27 09:55:37','2020-08-27 09:55:37'),(940,19,'趣味','ヨガ、カラオケ','profile','2020-08-27 09:55:37','2020-08-27 09:55:37'),(941,19,'特技','どこでも寝れます♪','profile','2020-08-27 09:55:37','2020-08-27 09:55:37'),(942,19,'好きなもの','旅行、カラオケ、食べること、音楽を聴くこと','profile','2020-08-27 09:55:37','2020-08-27 09:55:37'),(943,19,'嫌いなもの','豆','profile','2020-08-27 09:55:37','2020-08-27 09:55:37'),(944,19,'モットー','興味をもったことはとりあえずやってみる。失敗も多いがその分、自分の経験値があがるので。','profile','2020-08-27 09:55:37','2020-08-27 09:55:37'),(945,19,'夢','知識を高め、鍼灸師として成長する。ステキな鍼灸師になる。そして、治療に来てくださる皆さまを笑顔にしていきたい。','profile','2020-08-27 09:55:37','2020-08-27 09:55:37'),(946,19,'名前','純志（ジュンジ）','info','2020-08-27 09:55:37','2020-08-27 09:55:37'),(947,19,'在住・年齢','千葉県　50歳代','info','2020-08-27 09:55:37','2020-08-27 09:55:37'),(948,19,'占い料金','1分170円（通話料込み・税別）','info','2020-08-27 09:55:37','2020-08-27 09:55:37'),(949,20,'資格','鍼灸、ナード・アロマアドバイザー、メディカルセラピスト、介護予防運動指導員','profile','2020-08-27 09:55:37','2020-08-27 09:55:37'),(950,20,'担当施術','美容鍼（美顔鍼）、はり治療、ハーブピーリング','profile','2020-08-27 09:55:37','2020-08-27 09:55:37'),(951,20,'出身地','愛知県','profile','2020-08-27 09:55:37','2020-08-27 09:55:37'),(952,20,'趣味','ヨガ、カラオケ','profile','2020-08-27 09:55:37','2020-08-27 09:55:37'),(953,20,'特技','どこでも寝れます♪','profile','2020-08-27 09:55:37','2020-08-27 09:55:37'),(954,20,'好きなもの','旅行、カラオケ、食べること、音楽を聴くこと','profile','2020-08-27 09:55:37','2020-08-27 09:55:37'),(955,20,'嫌いなもの','豆','profile','2020-08-27 09:55:37','2020-08-27 09:55:37'),(956,20,'モットー','興味をもったことはとりあえずやってみる。失敗も多いがその分、自分の経験値があがるので。','profile','2020-08-27 09:55:37','2020-08-27 09:55:37'),(957,20,'夢','知識を高め、鍼灸師として成長する。ステキな鍼灸師になる。そして、治療に来てくださる皆さまを笑顔にしていきたい。','profile','2020-08-27 09:55:37','2020-08-27 09:55:37'),(958,20,'名前','純志（ジュンジ）','info','2020-08-27 09:55:37','2020-08-27 09:55:37'),(959,20,'在住・年齢','千葉県　50歳代','info','2020-08-27 09:55:37','2020-08-27 09:55:37'),(960,20,'占い料金','1分170円（通話料込み・税別）','info','2020-08-27 09:55:37','2020-08-27 09:55:37'),(961,21,'資格','鍼灸、ナード・アロマアドバイザー、メディカルセラピスト、介護予防運動指導員','profile','2020-08-27 09:55:37','2020-08-27 09:55:37'),(962,21,'担当施術','美容鍼（美顔鍼）、はり治療、ハーブピーリング','profile','2020-08-27 09:55:37','2020-08-27 09:55:37'),(963,21,'出身地','愛知県','profile','2020-08-27 09:55:37','2020-08-27 09:55:37'),(964,21,'趣味','ヨガ、カラオケ','profile','2020-08-27 09:55:37','2020-08-27 09:55:37'),(965,21,'特技','どこでも寝れます♪','profile','2020-08-27 09:55:37','2020-08-27 09:55:37'),(966,21,'好きなもの','旅行、カラオケ、食べること、音楽を聴くこと','profile','2020-08-27 09:55:37','2020-08-27 09:55:37'),(967,21,'嫌いなもの','豆','profile','2020-08-27 09:55:37','2020-08-27 09:55:37'),(968,21,'モットー','興味をもったことはとりあえずやってみる。失敗も多いがその分、自分の経験値があがるので。','profile','2020-08-27 09:55:37','2020-08-27 09:55:37'),(969,21,'夢','知識を高め、鍼灸師として成長する。ステキな鍼灸師になる。そして、治療に来てくださる皆さまを笑顔にしていきたい。','profile','2020-08-27 09:55:37','2020-08-27 09:55:37'),(970,21,'名前','純志（ジュンジ）','info','2020-08-27 09:55:37','2020-08-27 09:55:37'),(971,21,'在住・年齢','千葉県　50歳代','info','2020-08-27 09:55:37','2020-08-27 09:55:37'),(972,21,'占い料金','1分170円（通話料込み・税別）','info','2020-08-27 09:55:37','2020-08-27 09:55:37'),(973,22,'資格','鍼灸、ナード・アロマアドバイザー、メディカルセラピスト、介護予防運動指導員','profile','2020-08-27 09:55:37','2020-08-27 09:55:37'),(974,22,'担当施術','美容鍼（美顔鍼）、はり治療、ハーブピーリング','profile','2020-08-27 09:55:37','2020-08-27 09:55:37'),(975,22,'出身地','愛知県','profile','2020-08-27 09:55:37','2020-08-27 09:55:37'),(976,22,'趣味','ヨガ、カラオケ','profile','2020-08-27 09:55:37','2020-08-27 09:55:37'),(977,22,'特技','どこでも寝れます♪','profile','2020-08-27 09:55:37','2020-08-27 09:55:37'),(978,22,'好きなもの','旅行、カラオケ、食べること、音楽を聴くこと','profile','2020-08-27 09:55:37','2020-08-27 09:55:37'),(979,22,'嫌いなもの','豆','profile','2020-08-27 09:55:37','2020-08-27 09:55:37'),(980,22,'モットー','興味をもったことはとりあえずやってみる。失敗も多いがその分、自分の経験値があがるので。','profile','2020-08-27 09:55:37','2020-08-27 09:55:37'),(981,22,'夢','知識を高め、鍼灸師として成長する。ステキな鍼灸師になる。そして、治療に来てくださる皆さまを笑顔にしていきたい。','profile','2020-08-27 09:55:37','2020-08-27 09:55:37'),(982,22,'名前','純志（ジュンジ）','info','2020-08-27 09:55:37','2020-08-27 09:55:37'),(983,22,'在住・年齢','千葉県　50歳代','info','2020-08-27 09:55:37','2020-08-27 09:55:37'),(984,22,'占い料金','1分170円（通話料込み・税別）','info','2020-08-27 09:55:37','2020-08-27 09:55:37'),(985,23,'資格','鍼灸、ナード・アロマアドバイザー、メディカルセラピスト、介護予防運動指導員','profile','2020-08-27 09:55:37','2020-08-27 09:55:37'),(986,23,'担当施術','美容鍼（美顔鍼）、はり治療、ハーブピーリング','profile','2020-08-27 09:55:37','2020-08-27 09:55:37'),(987,23,'出身地','愛知県','profile','2020-08-27 09:55:37','2020-08-27 09:55:37'),(988,23,'趣味','ヨガ、カラオケ','profile','2020-08-27 09:55:37','2020-08-27 09:55:37'),(989,23,'特技','どこでも寝れます♪','profile','2020-08-27 09:55:37','2020-08-27 09:55:37'),(990,23,'好きなもの','旅行、カラオケ、食べること、音楽を聴くこと','profile','2020-08-27 09:55:37','2020-08-27 09:55:37'),(991,23,'嫌いなもの','豆','profile','2020-08-27 09:55:37','2020-08-27 09:55:37'),(992,23,'モットー','興味をもったことはとりあえずやってみる。失敗も多いがその分、自分の経験値があがるので。','profile','2020-08-27 09:55:37','2020-08-27 09:55:37'),(993,23,'夢','知識を高め、鍼灸師として成長する。ステキな鍼灸師になる。そして、治療に来てくださる皆さまを笑顔にしていきたい。','profile','2020-08-27 09:55:37','2020-08-27 09:55:37'),(994,23,'名前','純志（ジュンジ）','info','2020-08-27 09:55:37','2020-08-27 09:55:37'),(995,23,'在住・年齢','千葉県　50歳代','info','2020-08-27 09:55:37','2020-08-27 09:55:37'),(996,23,'占い料金','1分170円（通話料込み・税別）','info','2020-08-27 09:55:37','2020-08-27 09:55:37'),(997,24,'資格','鍼灸、ナード・アロマアドバイザー、メディカルセラピスト、介護予防運動指導員','profile','2020-08-27 09:55:37','2020-08-27 09:55:37'),(998,24,'担当施術','美容鍼（美顔鍼）、はり治療、ハーブピーリング','profile','2020-08-27 09:55:37','2020-08-27 09:55:37'),(999,24,'出身地','愛知県','profile','2020-08-27 09:55:37','2020-08-27 09:55:37'),(1000,24,'趣味','ヨガ、カラオケ','profile','2020-08-27 09:55:37','2020-08-27 09:55:37'),(1001,24,'特技','どこでも寝れます♪','profile','2020-08-27 09:55:37','2020-08-27 09:55:37'),(1002,24,'好きなもの','旅行、カラオケ、食べること、音楽を聴くこと','profile','2020-08-27 09:55:37','2020-08-27 09:55:37'),(1003,24,'嫌いなもの','豆','profile','2020-08-27 09:55:37','2020-08-27 09:55:37'),(1004,24,'モットー','興味をもったことはとりあえずやってみる。失敗も多いがその分、自分の経験値があがるので。','profile','2020-08-27 09:55:37','2020-08-27 09:55:37'),(1005,24,'夢','知識を高め、鍼灸師として成長する。ステキな鍼灸師になる。そして、治療に来てくださる皆さまを笑顔にしていきたい。','profile','2020-08-27 09:55:37','2020-08-27 09:55:37'),(1006,24,'名前','純志（ジュンジ）','info','2020-08-27 09:55:37','2020-08-27 09:55:37'),(1007,24,'在住・年齢','千葉県　50歳代','info','2020-08-27 09:55:37','2020-08-27 09:55:37'),(1008,24,'占い料金','1分170円（通話料込み・税別）','info','2020-08-27 09:55:37','2020-08-27 09:55:37'),(1009,25,'資格','鍼灸、ナード・アロマアドバイザー、メディカルセラピスト、介護予防運動指導員','profile','2020-08-27 09:55:37','2020-08-27 09:55:37'),(1010,25,'担当施術','美容鍼（美顔鍼）、はり治療、ハーブピーリング','profile','2020-08-27 09:55:37','2020-08-27 09:55:37'),(1011,25,'出身地','愛知県','profile','2020-08-27 09:55:37','2020-08-27 09:55:37'),(1012,25,'趣味','ヨガ、カラオケ','profile','2020-08-27 09:55:37','2020-08-27 09:55:37'),(1013,25,'特技','どこでも寝れます♪','profile','2020-08-27 09:55:37','2020-08-27 09:55:37'),(1014,25,'好きなもの','旅行、カラオケ、食べること、音楽を聴くこと','profile','2020-08-27 09:55:37','2020-08-27 09:55:37'),(1015,25,'嫌いなもの','豆','profile','2020-08-27 09:55:37','2020-08-27 09:55:37'),(1016,25,'モットー','興味をもったことはとりあえずやってみる。失敗も多いがその分、自分の経験値があがるので。','profile','2020-08-27 09:55:37','2020-08-27 09:55:37'),(1017,25,'夢','知識を高め、鍼灸師として成長する。ステキな鍼灸師になる。そして、治療に来てくださる皆さまを笑顔にしていきたい。','profile','2020-08-27 09:55:37','2020-08-27 09:55:37'),(1018,25,'名前','純志（ジュンジ）','info','2020-08-27 09:55:37','2020-08-27 09:55:37'),(1019,25,'在住・年齢','千葉県　50歳代','info','2020-08-27 09:55:37','2020-08-27 09:55:37'),(1020,25,'占い料金','1分170円（通話料込み・税別）','info','2020-08-27 09:55:37','2020-08-27 09:55:37'),(1021,26,'資格','鍼灸、ナード・アロマアドバイザー、メディカルセラピスト、介護予防運動指導員','profile','2020-08-27 09:55:37','2020-08-27 09:55:37'),(1022,26,'担当施術','美容鍼（美顔鍼）、はり治療、ハーブピーリング','profile','2020-08-27 09:55:37','2020-08-27 09:55:37'),(1023,26,'出身地','愛知県','profile','2020-08-27 09:55:37','2020-08-27 09:55:37'),(1024,26,'趣味','ヨガ、カラオケ','profile','2020-08-27 09:55:37','2020-08-27 09:55:37'),(1025,26,'特技','どこでも寝れます♪','profile','2020-08-27 09:55:37','2020-08-27 09:55:37'),(1026,26,'好きなもの','旅行、カラオケ、食べること、音楽を聴くこと','profile','2020-08-27 09:55:37','2020-08-27 09:55:37'),(1027,26,'嫌いなもの','豆','profile','2020-08-27 09:55:37','2020-08-27 09:55:37'),(1028,26,'モットー','興味をもったことはとりあえずやってみる。失敗も多いがその分、自分の経験値があがるので。','profile','2020-08-27 09:55:37','2020-08-27 09:55:37'),(1029,26,'夢','知識を高め、鍼灸師として成長する。ステキな鍼灸師になる。そして、治療に来てくださる皆さまを笑顔にしていきたい。','profile','2020-08-27 09:55:37','2020-08-27 09:55:37'),(1030,26,'名前','純志（ジュンジ）','info','2020-08-27 09:55:37','2020-08-27 09:55:37'),(1031,26,'在住・年齢','千葉県　50歳代','info','2020-08-27 09:55:37','2020-08-27 09:55:37'),(1032,26,'占い料金','1分170円（通話料込み・税別）','info','2020-08-27 09:55:37','2020-08-27 09:55:37'),(1033,27,'資格','鍼灸、ナード・アロマアドバイザー、メディカルセラピスト、介護予防運動指導員','profile','2020-08-27 09:55:37','2020-08-27 09:55:37'),(1034,27,'担当施術','美容鍼（美顔鍼）、はり治療、ハーブピーリング','profile','2020-08-27 09:55:37','2020-08-27 09:55:37'),(1035,27,'出身地','愛知県','profile','2020-08-27 09:55:37','2020-08-27 09:55:37'),(1036,27,'趣味','ヨガ、カラオケ','profile','2020-08-27 09:55:37','2020-08-27 09:55:37'),(1037,27,'特技','どこでも寝れます♪','profile','2020-08-27 09:55:37','2020-08-27 09:55:37'),(1038,27,'好きなもの','旅行、カラオケ、食べること、音楽を聴くこと','profile','2020-08-27 09:55:37','2020-08-27 09:55:37'),(1039,27,'嫌いなもの','豆','profile','2020-08-27 09:55:37','2020-08-27 09:55:37'),(1040,27,'モットー','興味をもったことはとりあえずやってみる。失敗も多いがその分、自分の経験値があがるので。','profile','2020-08-27 09:55:37','2020-08-27 09:55:37'),(1041,27,'夢','知識を高め、鍼灸師として成長する。ステキな鍼灸師になる。そして、治療に来てくださる皆さまを笑顔にしていきたい。','profile','2020-08-27 09:55:37','2020-08-27 09:55:37'),(1042,27,'名前','純志（ジュンジ）','info','2020-08-27 09:55:37','2020-08-27 09:55:37'),(1043,27,'在住・年齢','千葉県　50歳代','info','2020-08-27 09:55:37','2020-08-27 09:55:37'),(1044,27,'占い料金','1分170円（通話料込み・税別）','info','2020-08-27 09:55:37','2020-08-27 09:55:37'),(1045,28,'資格','鍼灸、ナード・アロマアドバイザー、メディカルセラピスト、介護予防運動指導員','profile','2020-08-27 09:55:37','2020-08-27 09:55:37'),(1046,28,'担当施術','美容鍼（美顔鍼）、はり治療、ハーブピーリング','profile','2020-08-27 09:55:37','2020-08-27 09:55:37'),(1047,28,'出身地','愛知県','profile','2020-08-27 09:55:37','2020-08-27 09:55:37'),(1048,28,'趣味','ヨガ、カラオケ','profile','2020-08-27 09:55:37','2020-08-27 09:55:37'),(1049,28,'特技','どこでも寝れます♪','profile','2020-08-27 09:55:37','2020-08-27 09:55:37'),(1050,28,'好きなもの','旅行、カラオケ、食べること、音楽を聴くこと','profile','2020-08-27 09:55:37','2020-08-27 09:55:37'),(1051,28,'嫌いなもの','豆','profile','2020-08-27 09:55:37','2020-08-27 09:55:37'),(1052,28,'モットー','興味をもったことはとりあえずやってみる。失敗も多いがその分、自分の経験値があがるので。','profile','2020-08-27 09:55:37','2020-08-27 09:55:37'),(1053,28,'夢','知識を高め、鍼灸師として成長する。ステキな鍼灸師になる。そして、治療に来てくださる皆さまを笑顔にしていきたい。','profile','2020-08-27 09:55:37','2020-08-27 09:55:37'),(1054,28,'名前','純志（ジュンジ）','info','2020-08-27 09:55:37','2020-08-27 09:55:37'),(1055,28,'在住・年齢','千葉県　50歳代','info','2020-08-27 09:55:37','2020-08-27 09:55:37'),(1056,28,'占い料金','1分170円（通話料込み・税別）','info','2020-08-27 09:55:37','2020-08-27 09:55:37'),(1057,29,'資格','鍼灸、ナード・アロマアドバイザー、メディカルセラピスト、介護予防運動指導員','profile','2020-08-27 09:55:37','2020-08-27 09:55:37'),(1058,29,'担当施術','美容鍼（美顔鍼）、はり治療、ハーブピーリング','profile','2020-08-27 09:55:37','2020-08-27 09:55:37'),(1059,29,'出身地','愛知県','profile','2020-08-27 09:55:37','2020-08-27 09:55:37'),(1060,29,'趣味','ヨガ、カラオケ','profile','2020-08-27 09:55:37','2020-08-27 09:55:37'),(1061,29,'特技','どこでも寝れます♪','profile','2020-08-27 09:55:37','2020-08-27 09:55:37'),(1062,29,'好きなもの','旅行、カラオケ、食べること、音楽を聴くこと','profile','2020-08-27 09:55:37','2020-08-27 09:55:37'),(1063,29,'嫌いなもの','豆','profile','2020-08-27 09:55:37','2020-08-27 09:55:37'),(1064,29,'モットー','興味をもったことはとりあえずやってみる。失敗も多いがその分、自分の経験値があがるので。','profile','2020-08-27 09:55:37','2020-08-27 09:55:37'),(1065,29,'夢','知識を高め、鍼灸師として成長する。ステキな鍼灸師になる。そして、治療に来てくださる皆さまを笑顔にしていきたい。','profile','2020-08-27 09:55:37','2020-08-27 09:55:37'),(1066,29,'名前','純志（ジュンジ）','info','2020-08-27 09:55:37','2020-08-27 09:55:37'),(1067,29,'在住・年齢','千葉県　50歳代','info','2020-08-27 09:55:37','2020-08-27 09:55:37'),(1068,29,'占い料金','1分170円（通話料込み・税別）','info','2020-08-27 09:55:37','2020-08-27 09:55:37'),(1069,30,'資格','鍼灸、ナード・アロマアドバイザー、メディカルセラピスト、介護予防運動指導員','profile','2020-08-27 09:55:37','2020-08-27 09:55:37'),(1070,30,'担当施術','美容鍼（美顔鍼）、はり治療、ハーブピーリング','profile','2020-08-27 09:55:37','2020-08-27 09:55:37'),(1071,30,'出身地','愛知県','profile','2020-08-27 09:55:37','2020-08-27 09:55:37'),(1072,30,'趣味','ヨガ、カラオケ','profile','2020-08-27 09:55:37','2020-08-27 09:55:37'),(1073,30,'特技','どこでも寝れます♪','profile','2020-08-27 09:55:37','2020-08-27 09:55:37'),(1074,30,'好きなもの','旅行、カラオケ、食べること、音楽を聴くこと','profile','2020-08-27 09:55:37','2020-08-27 09:55:37'),(1075,30,'嫌いなもの','豆','profile','2020-08-27 09:55:37','2020-08-27 09:55:37'),(1076,30,'モットー','興味をもったことはとりあえずやってみる。失敗も多いがその分、自分の経験値があがるので。','profile','2020-08-27 09:55:37','2020-08-27 09:55:37'),(1077,30,'夢','知識を高め、鍼灸師として成長する。ステキな鍼灸師になる。そして、治療に来てくださる皆さまを笑顔にしていきたい。','profile','2020-08-27 09:55:37','2020-08-27 09:55:37'),(1078,30,'名前','純志（ジュンジ）','info','2020-08-27 09:55:37','2020-08-27 09:55:37'),(1079,30,'在住・年齢','千葉県　50歳代','info','2020-08-27 09:55:37','2020-08-27 09:55:37'),(1080,30,'占い料金','1分170円（通話料込み・税別）','info','2020-08-27 09:55:37','2020-08-27 09:55:37'),(1081,31,'資格','鍼灸、ナード・アロマアドバイザー、メディカルセラピスト、介護予防運動指導員','profile','2020-08-27 09:55:37','2020-08-27 09:55:37'),(1082,31,'担当施術','美容鍼（美顔鍼）、はり治療、ハーブピーリング','profile','2020-08-27 09:55:37','2020-08-27 09:55:37'),(1083,31,'出身地','愛知県','profile','2020-08-27 09:55:37','2020-08-27 09:55:37'),(1084,31,'趣味','ヨガ、カラオケ','profile','2020-08-27 09:55:37','2020-08-27 09:55:37'),(1085,31,'特技','どこでも寝れます♪','profile','2020-08-27 09:55:38','2020-08-27 09:55:38'),(1086,31,'好きなもの','旅行、カラオケ、食べること、音楽を聴くこと','profile','2020-08-27 09:55:38','2020-08-27 09:55:38'),(1087,31,'嫌いなもの','豆','profile','2020-08-27 09:55:38','2020-08-27 09:55:38'),(1088,31,'モットー','興味をもったことはとりあえずやってみる。失敗も多いがその分、自分の経験値があがるので。','profile','2020-08-27 09:55:38','2020-08-27 09:55:38'),(1089,31,'夢','知識を高め、鍼灸師として成長する。ステキな鍼灸師になる。そして、治療に来てくださる皆さまを笑顔にしていきたい。','profile','2020-08-27 09:55:38','2020-08-27 09:55:38'),(1090,31,'名前','純志（ジュンジ）','info','2020-08-27 09:55:38','2020-08-27 09:55:38'),(1091,31,'在住・年齢','千葉県　50歳代','info','2020-08-27 09:55:38','2020-08-27 09:55:38'),(1092,31,'占い料金','1分170円（通話料込み・税別）','info','2020-08-27 09:55:38','2020-08-27 09:55:38'),(1093,32,'資格','鍼灸、ナード・アロマアドバイザー、メディカルセラピスト、介護予防運動指導員','profile','2020-08-27 09:55:38','2020-08-27 09:55:38'),(1094,32,'担当施術','美容鍼（美顔鍼）、はり治療、ハーブピーリング','profile','2020-08-27 09:55:38','2020-08-27 09:55:38'),(1095,32,'出身地','愛知県','profile','2020-08-27 09:55:38','2020-08-27 09:55:38'),(1096,32,'趣味','ヨガ、カラオケ','profile','2020-08-27 09:55:38','2020-08-27 09:55:38'),(1097,32,'特技','どこでも寝れます♪','profile','2020-08-27 09:55:38','2020-08-27 09:55:38'),(1098,32,'好きなもの','旅行、カラオケ、食べること、音楽を聴くこと','profile','2020-08-27 09:55:38','2020-08-27 09:55:38'),(1099,32,'嫌いなもの','豆','profile','2020-08-27 09:55:38','2020-08-27 09:55:38'),(1100,32,'モットー','興味をもったことはとりあえずやってみる。失敗も多いがその分、自分の経験値があがるので。','profile','2020-08-27 09:55:38','2020-08-27 09:55:38'),(1101,32,'夢','知識を高め、鍼灸師として成長する。ステキな鍼灸師になる。そして、治療に来てくださる皆さまを笑顔にしていきたい。','profile','2020-08-27 09:55:38','2020-08-27 09:55:38'),(1102,32,'名前','純志（ジュンジ）','info','2020-08-27 09:55:38','2020-08-27 09:55:38'),(1103,32,'在住・年齢','千葉県　50歳代','info','2020-08-27 09:55:38','2020-08-27 09:55:38'),(1104,32,'占い料金','1分170円（通話料込み・税別）','info','2020-08-27 09:55:38','2020-08-27 09:55:38'),(1105,33,'資格','鍼灸、ナード・アロマアドバイザー、メディカルセラピスト、介護予防運動指導員','profile','2020-08-27 09:55:38','2020-08-27 09:55:38'),(1106,33,'担当施術','美容鍼（美顔鍼）、はり治療、ハーブピーリング','profile','2020-08-27 09:55:38','2020-08-27 09:55:38'),(1107,33,'出身地','愛知県','profile','2020-08-27 09:55:38','2020-08-27 09:55:38'),(1108,33,'趣味','ヨガ、カラオケ','profile','2020-08-27 09:55:38','2020-08-27 09:55:38'),(1109,33,'特技','どこでも寝れます♪','profile','2020-08-27 09:55:38','2020-08-27 09:55:38'),(1110,33,'好きなもの','旅行、カラオケ、食べること、音楽を聴くこと','profile','2020-08-27 09:55:38','2020-08-27 09:55:38'),(1111,33,'嫌いなもの','豆','profile','2020-08-27 09:55:38','2020-08-27 09:55:38'),(1112,33,'モットー','興味をもったことはとりあえずやってみる。失敗も多いがその分、自分の経験値があがるので。','profile','2020-08-27 09:55:38','2020-08-27 09:55:38'),(1113,33,'夢','知識を高め、鍼灸師として成長する。ステキな鍼灸師になる。そして、治療に来てくださる皆さまを笑顔にしていきたい。','profile','2020-08-27 09:55:38','2020-08-27 09:55:38'),(1114,33,'名前','純志（ジュンジ）','info','2020-08-27 09:55:38','2020-08-27 09:55:38'),(1115,33,'在住・年齢','千葉県　50歳代','info','2020-08-27 09:55:38','2020-08-27 09:55:38'),(1116,33,'占い料金','1分170円（通話料込み・税別）','info','2020-08-27 09:55:38','2020-08-27 09:55:38'),(1117,34,'資格','鍼灸、ナード・アロマアドバイザー、メディカルセラピスト、介護予防運動指導員','profile','2020-08-27 09:55:38','2020-08-27 09:55:38'),(1118,34,'担当施術','美容鍼（美顔鍼）、はり治療、ハーブピーリング','profile','2020-08-27 09:55:38','2020-08-27 09:55:38'),(1119,34,'出身地','愛知県','profile','2020-08-27 09:55:38','2020-08-27 09:55:38'),(1120,34,'趣味','ヨガ、カラオケ','profile','2020-08-27 09:55:38','2020-08-27 09:55:38'),(1121,34,'特技','どこでも寝れます♪','profile','2020-08-27 09:55:38','2020-08-27 09:55:38'),(1122,34,'好きなもの','旅行、カラオケ、食べること、音楽を聴くこと','profile','2020-08-27 09:55:38','2020-08-27 09:55:38'),(1123,34,'嫌いなもの','豆','profile','2020-08-27 09:55:38','2020-08-27 09:55:38'),(1124,34,'モットー','興味をもったことはとりあえずやってみる。失敗も多いがその分、自分の経験値があがるので。','profile','2020-08-27 09:55:38','2020-08-27 09:55:38'),(1125,34,'夢','知識を高め、鍼灸師として成長する。ステキな鍼灸師になる。そして、治療に来てくださる皆さまを笑顔にしていきたい。','profile','2020-08-27 09:55:38','2020-08-27 09:55:38'),(1126,34,'名前','純志（ジュンジ）','info','2020-08-27 09:55:38','2020-08-27 09:55:38'),(1127,34,'在住・年齢','千葉県　50歳代','info','2020-08-27 09:55:38','2020-08-27 09:55:38'),(1128,34,'占い料金','1分170円（通話料込み・税別）','info','2020-08-27 09:55:38','2020-08-27 09:55:38'),(1129,35,'資格','鍼灸、ナード・アロマアドバイザー、メディカルセラピスト、介護予防運動指導員','profile','2020-08-27 09:55:38','2020-08-27 09:55:38'),(1130,35,'担当施術','美容鍼（美顔鍼）、はり治療、ハーブピーリング','profile','2020-08-27 09:55:38','2020-08-27 09:55:38'),(1131,35,'出身地','愛知県','profile','2020-08-27 09:55:38','2020-08-27 09:55:38'),(1132,35,'趣味','ヨガ、カラオケ','profile','2020-08-27 09:55:38','2020-08-27 09:55:38'),(1133,35,'特技','どこでも寝れます♪','profile','2020-08-27 09:55:38','2020-08-27 09:55:38'),(1134,35,'好きなもの','旅行、カラオケ、食べること、音楽を聴くこと','profile','2020-08-27 09:55:38','2020-08-27 09:55:38'),(1135,35,'嫌いなもの','豆','profile','2020-08-27 09:55:38','2020-08-27 09:55:38'),(1136,35,'モットー','興味をもったことはとりあえずやってみる。失敗も多いがその分、自分の経験値があがるので。','profile','2020-08-27 09:55:38','2020-08-27 09:55:38'),(1137,35,'夢','知識を高め、鍼灸師として成長する。ステキな鍼灸師になる。そして、治療に来てくださる皆さまを笑顔にしていきたい。','profile','2020-08-27 09:55:38','2020-08-27 09:55:38'),(1138,35,'名前','純志（ジュンジ）','info','2020-08-27 09:55:38','2020-08-27 09:55:38'),(1139,35,'在住・年齢','千葉県　50歳代','info','2020-08-27 09:55:38','2020-08-27 09:55:38'),(1140,35,'占い料金','1分170円（通話料込み・税別）','info','2020-08-27 09:55:38','2020-08-27 09:55:38'),(1141,36,'資格','鍼灸、ナード・アロマアドバイザー、メディカルセラピスト、介護予防運動指導員','profile','2020-08-27 09:55:38','2020-08-27 09:55:38'),(1142,36,'担当施術','美容鍼（美顔鍼）、はり治療、ハーブピーリング','profile','2020-08-27 09:55:38','2020-08-27 09:55:38'),(1143,36,'出身地','愛知県','profile','2020-08-27 09:55:38','2020-08-27 09:55:38'),(1144,36,'趣味','ヨガ、カラオケ','profile','2020-08-27 09:55:38','2020-08-27 09:55:38'),(1145,36,'特技','どこでも寝れます♪','profile','2020-08-27 09:55:38','2020-08-27 09:55:38'),(1146,36,'好きなもの','旅行、カラオケ、食べること、音楽を聴くこと','profile','2020-08-27 09:55:38','2020-08-27 09:55:38'),(1147,36,'嫌いなもの','豆','profile','2020-08-27 09:55:38','2020-08-27 09:55:38'),(1148,36,'モットー','興味をもったことはとりあえずやってみる。失敗も多いがその分、自分の経験値があがるので。','profile','2020-08-27 09:55:38','2020-08-27 09:55:38'),(1149,36,'夢','知識を高め、鍼灸師として成長する。ステキな鍼灸師になる。そして、治療に来てくださる皆さまを笑顔にしていきたい。','profile','2020-08-27 09:55:38','2020-08-27 09:55:38'),(1150,36,'名前','純志（ジュンジ）','info','2020-08-27 09:55:38','2020-08-27 09:55:38'),(1151,36,'在住・年齢','千葉県　50歳代','info','2020-08-27 09:55:38','2020-08-27 09:55:38'),(1152,36,'占い料金','1分170円（通話料込み・税別）','info','2020-08-27 09:55:38','2020-08-27 09:55:38'),(1153,37,'資格','鍼灸、ナード・アロマアドバイザー、メディカルセラピスト、介護予防運動指導員','profile','2020-08-27 09:55:38','2020-08-27 09:55:38'),(1154,37,'担当施術','美容鍼（美顔鍼）、はり治療、ハーブピーリング','profile','2020-08-27 09:55:38','2020-08-27 09:55:38'),(1155,37,'出身地','愛知県','profile','2020-08-27 09:55:38','2020-08-27 09:55:38'),(1156,37,'趣味','ヨガ、カラオケ','profile','2020-08-27 09:55:38','2020-08-27 09:55:38'),(1157,37,'特技','どこでも寝れます♪','profile','2020-08-27 09:55:38','2020-08-27 09:55:38'),(1158,37,'好きなもの','旅行、カラオケ、食べること、音楽を聴くこと','profile','2020-08-27 09:55:38','2020-08-27 09:55:38'),(1159,37,'嫌いなもの','豆','profile','2020-08-27 09:55:38','2020-08-27 09:55:38'),(1160,37,'モットー','興味をもったことはとりあえずやってみる。失敗も多いがその分、自分の経験値があがるので。','profile','2020-08-27 09:55:38','2020-08-27 09:55:38'),(1161,37,'夢','知識を高め、鍼灸師として成長する。ステキな鍼灸師になる。そして、治療に来てくださる皆さまを笑顔にしていきたい。','profile','2020-08-27 09:55:38','2020-08-27 09:55:38'),(1162,37,'名前','純志（ジュンジ）','info','2020-08-27 09:55:38','2020-08-27 09:55:38'),(1163,37,'在住・年齢','千葉県　50歳代','info','2020-08-27 09:55:38','2020-08-27 09:55:38'),(1164,37,'占い料金','1分170円（通話料込み・税別）','info','2020-08-27 09:55:38','2020-08-27 09:55:38'),(1165,38,'資格','鍼灸、ナード・アロマアドバイザー、メディカルセラピスト、介護予防運動指導員','profile','2020-08-27 09:55:38','2020-08-27 09:55:38'),(1166,38,'担当施術','美容鍼（美顔鍼）、はり治療、ハーブピーリング','profile','2020-08-27 09:55:38','2020-08-27 09:55:38'),(1167,38,'出身地','愛知県','profile','2020-08-27 09:55:38','2020-08-27 09:55:38'),(1168,38,'趣味','ヨガ、カラオケ','profile','2020-08-27 09:55:38','2020-08-27 09:55:38'),(1169,38,'特技','どこでも寝れます♪','profile','2020-08-27 09:55:38','2020-08-27 09:55:38'),(1170,38,'好きなもの','旅行、カラオケ、食べること、音楽を聴くこと','profile','2020-08-27 09:55:38','2020-08-27 09:55:38'),(1171,38,'嫌いなもの','豆','profile','2020-08-27 09:55:38','2020-08-27 09:55:38'),(1172,38,'モットー','興味をもったことはとりあえずやってみる。失敗も多いがその分、自分の経験値があがるので。','profile','2020-08-27 09:55:38','2020-08-27 09:55:38'),(1173,38,'夢','知識を高め、鍼灸師として成長する。ステキな鍼灸師になる。そして、治療に来てくださる皆さまを笑顔にしていきたい。','profile','2020-08-27 09:55:38','2020-08-27 09:55:38'),(1174,38,'名前','純志（ジュンジ）','info','2020-08-27 09:55:38','2020-08-27 09:55:38'),(1175,38,'在住・年齢','千葉県　50歳代','info','2020-08-27 09:55:38','2020-08-27 09:55:38'),(1176,38,'占い料金','1分170円（通話料込み・税別）','info','2020-08-27 09:55:38','2020-08-27 09:55:38'),(1177,39,'資格','鍼灸、ナード・アロマアドバイザー、メディカルセラピスト、介護予防運動指導員','profile','2020-08-27 09:55:38','2020-08-27 09:55:38'),(1178,39,'担当施術','美容鍼（美顔鍼）、はり治療、ハーブピーリング','profile','2020-08-27 09:55:38','2020-08-27 09:55:38'),(1179,39,'出身地','愛知県','profile','2020-08-27 09:55:38','2020-08-27 09:55:38'),(1180,39,'趣味','ヨガ、カラオケ','profile','2020-08-27 09:55:38','2020-08-27 09:55:38'),(1181,39,'特技','どこでも寝れます♪','profile','2020-08-27 09:55:38','2020-08-27 09:55:38'),(1182,39,'好きなもの','旅行、カラオケ、食べること、音楽を聴くこと','profile','2020-08-27 09:55:38','2020-08-27 09:55:38'),(1183,39,'嫌いなもの','豆','profile','2020-08-27 09:55:38','2020-08-27 09:55:38'),(1184,39,'モットー','興味をもったことはとりあえずやってみる。失敗も多いがその分、自分の経験値があがるので。','profile','2020-08-27 09:55:38','2020-08-27 09:55:38'),(1185,39,'夢','知識を高め、鍼灸師として成長する。ステキな鍼灸師になる。そして、治療に来てくださる皆さまを笑顔にしていきたい。','profile','2020-08-27 09:55:38','2020-08-27 09:55:38'),(1186,39,'名前','純志（ジュンジ）','info','2020-08-27 09:55:38','2020-08-27 09:55:38'),(1187,39,'在住・年齢','千葉県　50歳代','info','2020-08-27 09:55:38','2020-08-27 09:55:38'),(1188,39,'占い料金','1分170円（通話料込み・税別）','info','2020-08-27 09:55:38','2020-08-27 09:55:38'),(1189,40,'資格','鍼灸、ナード・アロマアドバイザー、メディカルセラピスト、介護予防運動指導員','profile','2020-08-27 09:55:38','2020-08-27 09:55:38'),(1190,40,'担当施術','美容鍼（美顔鍼）、はり治療、ハーブピーリング','profile','2020-08-27 09:55:38','2020-08-27 09:55:38'),(1191,40,'出身地','愛知県','profile','2020-08-27 09:55:38','2020-08-27 09:55:38'),(1192,40,'趣味','ヨガ、カラオケ','profile','2020-08-27 09:55:38','2020-08-27 09:55:38'),(1193,40,'特技','どこでも寝れます♪','profile','2020-08-27 09:55:38','2020-08-27 09:55:38'),(1194,40,'好きなもの','旅行、カラオケ、食べること、音楽を聴くこと','profile','2020-08-27 09:55:38','2020-08-27 09:55:38'),(1195,40,'嫌いなもの','豆','profile','2020-08-27 09:55:38','2020-08-27 09:55:38'),(1196,40,'モットー','興味をもったことはとりあえずやってみる。失敗も多いがその分、自分の経験値があがるので。','profile','2020-08-27 09:55:38','2020-08-27 09:55:38'),(1197,40,'夢','知識を高め、鍼灸師として成長する。ステキな鍼灸師になる。そして、治療に来てくださる皆さまを笑顔にしていきたい。','profile','2020-08-27 09:55:38','2020-08-27 09:55:38'),(1198,40,'名前','純志（ジュンジ）','info','2020-08-27 09:55:38','2020-08-27 09:55:38'),(1199,40,'在住・年齢','千葉県　50歳代','info','2020-08-27 09:55:38','2020-08-27 09:55:38'),(1200,40,'占い料金','1分170円（通話料込み・税別）','info','2020-08-27 09:55:38','2020-08-27 09:55:38'),(1201,41,'資格','鍼灸、ナード・アロマアドバイザー、メディカルセラピスト、介護予防運動指導員','profile','2020-08-27 09:55:38','2020-08-27 09:55:38'),(1202,41,'担当施術','美容鍼（美顔鍼）、はり治療、ハーブピーリング','profile','2020-08-27 09:55:38','2020-08-27 09:55:38'),(1203,41,'出身地','愛知県','profile','2020-08-27 09:55:38','2020-08-27 09:55:38'),(1204,41,'趣味','ヨガ、カラオケ','profile','2020-08-27 09:55:38','2020-08-27 09:55:38'),(1205,41,'特技','どこでも寝れます♪','profile','2020-08-27 09:55:38','2020-08-27 09:55:38'),(1206,41,'好きなもの','旅行、カラオケ、食べること、音楽を聴くこと','profile','2020-08-27 09:55:38','2020-08-27 09:55:38'),(1207,41,'嫌いなもの','豆','profile','2020-08-27 09:55:38','2020-08-27 09:55:38'),(1208,41,'モットー','興味をもったことはとりあえずやってみる。失敗も多いがその分、自分の経験値があがるので。','profile','2020-08-27 09:55:38','2020-08-27 09:55:38'),(1209,41,'夢','知識を高め、鍼灸師として成長する。ステキな鍼灸師になる。そして、治療に来てくださる皆さまを笑顔にしていきたい。','profile','2020-08-27 09:55:38','2020-08-27 09:55:38'),(1210,41,'名前','純志（ジュンジ）','info','2020-08-27 09:55:38','2020-08-27 09:55:38'),(1211,41,'在住・年齢','千葉県　50歳代','info','2020-08-27 09:55:38','2020-08-27 09:55:38'),(1212,41,'占い料金','1分170円（通話料込み・税別）','info','2020-08-27 09:55:38','2020-08-27 09:55:38'),(1213,42,'資格','鍼灸、ナード・アロマアドバイザー、メディカルセラピスト、介護予防運動指導員','profile','2020-08-27 09:55:38','2020-08-27 09:55:38'),(1214,42,'担当施術','美容鍼（美顔鍼）、はり治療、ハーブピーリング','profile','2020-08-27 09:55:38','2020-08-27 09:55:38'),(1215,42,'出身地','愛知県','profile','2020-08-27 09:55:38','2020-08-27 09:55:38'),(1216,42,'趣味','ヨガ、カラオケ','profile','2020-08-27 09:55:38','2020-08-27 09:55:38'),(1217,42,'特技','どこでも寝れます♪','profile','2020-08-27 09:55:38','2020-08-27 09:55:38'),(1218,42,'好きなもの','旅行、カラオケ、食べること、音楽を聴くこと','profile','2020-08-27 09:55:38','2020-08-27 09:55:38'),(1219,42,'嫌いなもの','豆','profile','2020-08-27 09:55:38','2020-08-27 09:55:38'),(1220,42,'モットー','興味をもったことはとりあえずやってみる。失敗も多いがその分、自分の経験値があがるので。','profile','2020-08-27 09:55:38','2020-08-27 09:55:38'),(1221,42,'夢','知識を高め、鍼灸師として成長する。ステキな鍼灸師になる。そして、治療に来てくださる皆さまを笑顔にしていきたい。','profile','2020-08-27 09:55:38','2020-08-27 09:55:38'),(1222,42,'名前','純志（ジュンジ）','info','2020-08-27 09:55:38','2020-08-27 09:55:38'),(1223,42,'在住・年齢','千葉県　50歳代','info','2020-08-27 09:55:38','2020-08-27 09:55:38'),(1224,42,'占い料金','1分170円（通話料込み・税別）','info','2020-08-27 09:55:38','2020-08-27 09:55:38'),(1225,43,'資格','鍼灸、ナード・アロマアドバイザー、メディカルセラピスト、介護予防運動指導員','profile','2020-08-27 09:55:38','2020-08-27 09:55:38'),(1226,43,'担当施術','美容鍼（美顔鍼）、はり治療、ハーブピーリング','profile','2020-08-27 09:55:38','2020-08-27 09:55:38'),(1227,43,'出身地','愛知県','profile','2020-08-27 09:55:38','2020-08-27 09:55:38'),(1228,43,'趣味','ヨガ、カラオケ','profile','2020-08-27 09:55:38','2020-08-27 09:55:38'),(1229,43,'特技','どこでも寝れます♪','profile','2020-08-27 09:55:38','2020-08-27 09:55:38'),(1230,43,'好きなもの','旅行、カラオケ、食べること、音楽を聴くこと','profile','2020-08-27 09:55:38','2020-08-27 09:55:38'),(1231,43,'嫌いなもの','豆','profile','2020-08-27 09:55:38','2020-08-27 09:55:38'),(1232,43,'モットー','興味をもったことはとりあえずやってみる。失敗も多いがその分、自分の経験値があがるので。','profile','2020-08-27 09:55:38','2020-08-27 09:55:38'),(1233,43,'夢','知識を高め、鍼灸師として成長する。ステキな鍼灸師になる。そして、治療に来てくださる皆さまを笑顔にしていきたい。','profile','2020-08-27 09:55:38','2020-08-27 09:55:38'),(1234,43,'名前','純志（ジュンジ）','info','2020-08-27 09:55:38','2020-08-27 09:55:38'),(1235,43,'在住・年齢','千葉県　50歳代','info','2020-08-27 09:55:38','2020-08-27 09:55:38'),(1236,43,'占い料金','1分170円（通話料込み・税別）','info','2020-08-27 09:55:38','2020-08-27 09:55:38'),(1237,44,'資格','鍼灸、ナード・アロマアドバイザー、メディカルセラピスト、介護予防運動指導員','profile','2020-08-27 09:55:38','2020-08-27 09:55:38'),(1238,44,'担当施術','美容鍼（美顔鍼）、はり治療、ハーブピーリング','profile','2020-08-27 09:55:38','2020-08-27 09:55:38'),(1239,44,'出身地','愛知県','profile','2020-08-27 09:55:38','2020-08-27 09:55:38'),(1240,44,'趣味','ヨガ、カラオケ','profile','2020-08-27 09:55:38','2020-08-27 09:55:38'),(1241,44,'特技','どこでも寝れます♪','profile','2020-08-27 09:55:38','2020-08-27 09:55:38'),(1242,44,'好きなもの','旅行、カラオケ、食べること、音楽を聴くこと','profile','2020-08-27 09:55:38','2020-08-27 09:55:38'),(1243,44,'嫌いなもの','豆','profile','2020-08-27 09:55:38','2020-08-27 09:55:38'),(1244,44,'モットー','興味をもったことはとりあえずやってみる。失敗も多いがその分、自分の経験値があがるので。','profile','2020-08-27 09:55:38','2020-08-27 09:55:38'),(1245,44,'夢','知識を高め、鍼灸師として成長する。ステキな鍼灸師になる。そして、治療に来てくださる皆さまを笑顔にしていきたい。','profile','2020-08-27 09:55:38','2020-08-27 09:55:38'),(1246,44,'名前','純志（ジュンジ）','info','2020-08-27 09:55:38','2020-08-27 09:55:38'),(1247,44,'在住・年齢','千葉県　50歳代','info','2020-08-27 09:55:38','2020-08-27 09:55:38'),(1248,44,'占い料金','1分170円（通話料込み・税別）','info','2020-08-27 09:55:38','2020-08-27 09:55:38'),(1249,45,'資格','鍼灸、ナード・アロマアドバイザー、メディカルセラピスト、介護予防運動指導員','profile','2020-08-27 09:55:38','2020-08-27 09:55:38'),(1250,45,'担当施術','美容鍼（美顔鍼）、はり治療、ハーブピーリング','profile','2020-08-27 09:55:38','2020-08-27 09:55:38'),(1251,45,'出身地','愛知県','profile','2020-08-27 09:55:38','2020-08-27 09:55:38'),(1252,45,'趣味','ヨガ、カラオケ','profile','2020-08-27 09:55:38','2020-08-27 09:55:38'),(1253,45,'特技','どこでも寝れます♪','profile','2020-08-27 09:55:38','2020-08-27 09:55:38'),(1254,45,'好きなもの','旅行、カラオケ、食べること、音楽を聴くこと','profile','2020-08-27 09:55:38','2020-08-27 09:55:38'),(1255,45,'嫌いなもの','豆','profile','2020-08-27 09:55:38','2020-08-27 09:55:38'),(1256,45,'モットー','興味をもったことはとりあえずやってみる。失敗も多いがその分、自分の経験値があがるので。','profile','2020-08-27 09:55:38','2020-08-27 09:55:38'),(1257,45,'夢','知識を高め、鍼灸師として成長する。ステキな鍼灸師になる。そして、治療に来てくださる皆さまを笑顔にしていきたい。','profile','2020-08-27 09:55:38','2020-08-27 09:55:38'),(1258,45,'名前','純志（ジュンジ）','info','2020-08-27 09:55:38','2020-08-27 09:55:38'),(1259,45,'在住・年齢','千葉県　50歳代','info','2020-08-27 09:55:38','2020-08-27 09:55:38'),(1260,45,'占い料金','1分170円（通話料込み・税別）','info','2020-08-27 09:55:38','2020-08-27 09:55:38'),(1261,46,'資格','鍼灸、ナード・アロマアドバイザー、メディカルセラピスト、介護予防運動指導員','profile','2020-08-27 09:55:38','2020-08-27 09:55:38'),(1262,46,'担当施術','美容鍼（美顔鍼）、はり治療、ハーブピーリング','profile','2020-08-27 09:55:38','2020-08-27 09:55:38'),(1263,46,'出身地','愛知県','profile','2020-08-27 09:55:38','2020-08-27 09:55:38'),(1264,46,'趣味','ヨガ、カラオケ','profile','2020-08-27 09:55:38','2020-08-27 09:55:38'),(1265,46,'特技','どこでも寝れます♪','profile','2020-08-27 09:55:38','2020-08-27 09:55:38'),(1266,46,'好きなもの','旅行、カラオケ、食べること、音楽を聴くこと','profile','2020-08-27 09:55:38','2020-08-27 09:55:38'),(1267,46,'嫌いなもの','豆','profile','2020-08-27 09:55:38','2020-08-27 09:55:38'),(1268,46,'モットー','興味をもったことはとりあえずやってみる。失敗も多いがその分、自分の経験値があがるので。','profile','2020-08-27 09:55:38','2020-08-27 09:55:38'),(1269,46,'夢','知識を高め、鍼灸師として成長する。ステキな鍼灸師になる。そして、治療に来てくださる皆さまを笑顔にしていきたい。','profile','2020-08-27 09:55:38','2020-08-27 09:55:38'),(1270,46,'名前','純志（ジュンジ）','info','2020-08-27 09:55:38','2020-08-27 09:55:38'),(1271,46,'在住・年齢','千葉県　50歳代','info','2020-08-27 09:55:38','2020-08-27 09:55:38'),(1272,46,'占い料金','1分170円（通話料込み・税別）','info','2020-08-27 09:55:38','2020-08-27 09:55:38'),(1273,47,'資格','鍼灸、ナード・アロマアドバイザー、メディカルセラピスト、介護予防運動指導員','profile','2020-08-27 09:55:39','2020-08-27 09:55:39'),(1274,47,'担当施術','美容鍼（美顔鍼）、はり治療、ハーブピーリング','profile','2020-08-27 09:55:39','2020-08-27 09:55:39'),(1275,47,'出身地','愛知県','profile','2020-08-27 09:55:39','2020-08-27 09:55:39'),(1276,47,'趣味','ヨガ、カラオケ','profile','2020-08-27 09:55:39','2020-08-27 09:55:39'),(1277,47,'特技','どこでも寝れます♪','profile','2020-08-27 09:55:39','2020-08-27 09:55:39'),(1278,47,'好きなもの','旅行、カラオケ、食べること、音楽を聴くこと','profile','2020-08-27 09:55:39','2020-08-27 09:55:39'),(1279,47,'嫌いなもの','豆','profile','2020-08-27 09:55:39','2020-08-27 09:55:39'),(1280,47,'モットー','興味をもったことはとりあえずやってみる。失敗も多いがその分、自分の経験値があがるので。','profile','2020-08-27 09:55:39','2020-08-27 09:55:39'),(1281,47,'夢','知識を高め、鍼灸師として成長する。ステキな鍼灸師になる。そして、治療に来てくださる皆さまを笑顔にしていきたい。','profile','2020-08-27 09:55:39','2020-08-27 09:55:39'),(1282,47,'名前','純志（ジュンジ）','info','2020-08-27 09:55:39','2020-08-27 09:55:39'),(1283,47,'在住・年齢','千葉県　50歳代','info','2020-08-27 09:55:39','2020-08-27 09:55:39'),(1284,47,'占い料金','1分170円（通話料込み・税別）','info','2020-08-27 09:55:39','2020-08-27 09:55:39'),(1285,48,'資格','鍼灸、ナード・アロマアドバイザー、メディカルセラピスト、介護予防運動指導員','profile','2020-08-27 09:55:39','2020-08-27 09:55:39'),(1286,48,'担当施術','美容鍼（美顔鍼）、はり治療、ハーブピーリング','profile','2020-08-27 09:55:39','2020-08-27 09:55:39'),(1287,48,'出身地','愛知県','profile','2020-08-27 09:55:39','2020-08-27 09:55:39'),(1288,48,'趣味','ヨガ、カラオケ','profile','2020-08-27 09:55:39','2020-08-27 09:55:39'),(1289,48,'特技','どこでも寝れます♪','profile','2020-08-27 09:55:39','2020-08-27 09:55:39'),(1290,48,'好きなもの','旅行、カラオケ、食べること、音楽を聴くこと','profile','2020-08-27 09:55:39','2020-08-27 09:55:39'),(1291,48,'嫌いなもの','豆','profile','2020-08-27 09:55:39','2020-08-27 09:55:39'),(1292,48,'モットー','興味をもったことはとりあえずやってみる。失敗も多いがその分、自分の経験値があがるので。','profile','2020-08-27 09:55:39','2020-08-27 09:55:39'),(1293,48,'夢','知識を高め、鍼灸師として成長する。ステキな鍼灸師になる。そして、治療に来てくださる皆さまを笑顔にしていきたい。','profile','2020-08-27 09:55:39','2020-08-27 09:55:39'),(1294,48,'名前','純志（ジュンジ）','info','2020-08-27 09:55:39','2020-08-27 09:55:39'),(1295,48,'在住・年齢','千葉県　50歳代','info','2020-08-27 09:55:39','2020-08-27 09:55:39'),(1296,48,'占い料金','1分170円（通話料込み・税別）','info','2020-08-27 09:55:39','2020-08-27 09:55:39'),(1297,49,'資格','鍼灸、ナード・アロマアドバイザー、メディカルセラピスト、介護予防運動指導員','profile','2020-08-27 09:55:39','2020-08-27 09:55:39'),(1298,49,'担当施術','美容鍼（美顔鍼）、はり治療、ハーブピーリング','profile','2020-08-27 09:55:39','2020-08-27 09:55:39'),(1299,49,'出身地','愛知県','profile','2020-08-27 09:55:39','2020-08-27 09:55:39'),(1300,49,'趣味','ヨガ、カラオケ','profile','2020-08-27 09:55:39','2020-08-27 09:55:39'),(1301,49,'特技','どこでも寝れます♪','profile','2020-08-27 09:55:39','2020-08-27 09:55:39'),(1302,49,'好きなもの','旅行、カラオケ、食べること、音楽を聴くこと','profile','2020-08-27 09:55:39','2020-08-27 09:55:39'),(1303,49,'嫌いなもの','豆','profile','2020-08-27 09:55:39','2020-08-27 09:55:39'),(1304,49,'モットー','興味をもったことはとりあえずやってみる。失敗も多いがその分、自分の経験値があがるので。','profile','2020-08-27 09:55:39','2020-08-27 09:55:39'),(1305,49,'夢','知識を高め、鍼灸師として成長する。ステキな鍼灸師になる。そして、治療に来てくださる皆さまを笑顔にしていきたい。','profile','2020-08-27 09:55:39','2020-08-27 09:55:39'),(1306,49,'名前','純志（ジュンジ）','info','2020-08-27 09:55:39','2020-08-27 09:55:39'),(1307,49,'在住・年齢','千葉県　50歳代','info','2020-08-27 09:55:39','2020-08-27 09:55:39'),(1308,49,'占い料金','1分170円（通話料込み・税別）','info','2020-08-27 09:55:39','2020-08-27 09:55:39'),(1309,50,'資格','鍼灸、ナード・アロマアドバイザー、メディカルセラピスト、介護予防運動指導員','profile','2020-08-27 09:55:39','2020-08-27 09:55:39'),(1310,50,'担当施術','美容鍼（美顔鍼）、はり治療、ハーブピーリング','profile','2020-08-27 09:55:39','2020-08-27 09:55:39'),(1311,50,'出身地','愛知県','profile','2020-08-27 09:55:39','2020-08-27 09:55:39'),(1312,50,'趣味','ヨガ、カラオケ','profile','2020-08-27 09:55:39','2020-08-27 09:55:39'),(1313,50,'特技','どこでも寝れます♪','profile','2020-08-27 09:55:39','2020-08-27 09:55:39'),(1314,50,'好きなもの','旅行、カラオケ、食べること、音楽を聴くこと','profile','2020-08-27 09:55:39','2020-08-27 09:55:39'),(1315,50,'嫌いなもの','豆','profile','2020-08-27 09:55:39','2020-08-27 09:55:39'),(1316,50,'モットー','興味をもったことはとりあえずやってみる。失敗も多いがその分、自分の経験値があがるので。','profile','2020-08-27 09:55:39','2020-08-27 09:55:39'),(1317,50,'夢','知識を高め、鍼灸師として成長する。ステキな鍼灸師になる。そして、治療に来てくださる皆さまを笑顔にしていきたい。','profile','2020-08-27 09:55:39','2020-08-27 09:55:39'),(1318,50,'名前','純志（ジュンジ）','info','2020-08-27 09:55:39','2020-08-27 09:55:39'),(1319,50,'在住・年齢','千葉県　50歳代','info','2020-08-27 09:55:39','2020-08-27 09:55:39'),(1320,50,'占い料金','1分170円（通話料込み・税別）','info','2020-08-27 09:55:39','2020-08-27 09:55:39'),(1321,51,'資格','鍼灸、ナード・アロマアドバイザー、メディカルセラピスト、介護予防運動指導員','profile','2020-08-27 09:55:39','2020-08-27 09:55:39'),(1322,51,'担当施術','美容鍼（美顔鍼）、はり治療、ハーブピーリング','profile','2020-08-27 09:55:39','2020-08-27 09:55:39'),(1323,51,'出身地','愛知県','profile','2020-08-27 09:55:39','2020-08-27 09:55:39'),(1324,51,'趣味','ヨガ、カラオケ','profile','2020-08-27 09:55:39','2020-08-27 09:55:39'),(1325,51,'特技','どこでも寝れます♪','profile','2020-08-27 09:55:39','2020-08-27 09:55:39'),(1326,51,'好きなもの','旅行、カラオケ、食べること、音楽を聴くこと','profile','2020-08-27 09:55:39','2020-08-27 09:55:39'),(1327,51,'嫌いなもの','豆','profile','2020-08-27 09:55:39','2020-08-27 09:55:39'),(1328,51,'モットー','興味をもったことはとりあえずやってみる。失敗も多いがその分、自分の経験値があがるので。','profile','2020-08-27 09:55:39','2020-08-27 09:55:39'),(1329,51,'夢','知識を高め、鍼灸師として成長する。ステキな鍼灸師になる。そして、治療に来てくださる皆さまを笑顔にしていきたい。','profile','2020-08-27 09:55:39','2020-08-27 09:55:39'),(1330,51,'名前','純志（ジュンジ）','info','2020-08-27 09:55:39','2020-08-27 09:55:39'),(1331,51,'在住・年齢','千葉県　50歳代','info','2020-08-27 09:55:39','2020-08-27 09:55:39'),(1332,51,'占い料金','1分170円（通話料込み・税別）','info','2020-08-27 09:55:39','2020-08-27 09:55:39'),(1333,52,'資格','鍼灸、ナード・アロマアドバイザー、メディカルセラピスト、介護予防運動指導員','profile','2020-08-27 09:55:39','2020-08-27 09:55:39'),(1334,52,'担当施術','美容鍼（美顔鍼）、はり治療、ハーブピーリング','profile','2020-08-27 09:55:39','2020-08-27 09:55:39'),(1335,52,'出身地','愛知県','profile','2020-08-27 09:55:39','2020-08-27 09:55:39'),(1336,52,'趣味','ヨガ、カラオケ','profile','2020-08-27 09:55:39','2020-08-27 09:55:39'),(1337,52,'特技','どこでも寝れます♪','profile','2020-08-27 09:55:39','2020-08-27 09:55:39'),(1338,52,'好きなもの','旅行、カラオケ、食べること、音楽を聴くこと','profile','2020-08-27 09:55:39','2020-08-27 09:55:39'),(1339,52,'嫌いなもの','豆','profile','2020-08-27 09:55:39','2020-08-27 09:55:39'),(1340,52,'モットー','興味をもったことはとりあえずやってみる。失敗も多いがその分、自分の経験値があがるので。','profile','2020-08-27 09:55:39','2020-08-27 09:55:39'),(1341,52,'夢','知識を高め、鍼灸師として成長する。ステキな鍼灸師になる。そして、治療に来てくださる皆さまを笑顔にしていきたい。','profile','2020-08-27 09:55:39','2020-08-27 09:55:39'),(1342,52,'名前','純志（ジュンジ）','info','2020-08-27 09:55:39','2020-08-27 09:55:39'),(1343,52,'在住・年齢','千葉県　50歳代','info','2020-08-27 09:55:39','2020-08-27 09:55:39'),(1344,52,'占い料金','1分170円（通話料込み・税別）','info','2020-08-27 09:55:39','2020-08-27 09:55:39'),(1345,53,'資格','鍼灸、ナード・アロマアドバイザー、メディカルセラピスト、介護予防運動指導員','profile','2020-08-27 09:55:39','2020-08-27 09:55:39'),(1346,53,'担当施術','美容鍼（美顔鍼）、はり治療、ハーブピーリング','profile','2020-08-27 09:55:39','2020-08-27 09:55:39'),(1347,53,'出身地','愛知県','profile','2020-08-27 09:55:39','2020-08-27 09:55:39'),(1348,53,'趣味','ヨガ、カラオケ','profile','2020-08-27 09:55:39','2020-08-27 09:55:39'),(1349,53,'特技','どこでも寝れます♪','profile','2020-08-27 09:55:39','2020-08-27 09:55:39'),(1350,53,'好きなもの','旅行、カラオケ、食べること、音楽を聴くこと','profile','2020-08-27 09:55:39','2020-08-27 09:55:39'),(1351,53,'嫌いなもの','豆','profile','2020-08-27 09:55:39','2020-08-27 09:55:39'),(1352,53,'モットー','興味をもったことはとりあえずやってみる。失敗も多いがその分、自分の経験値があがるので。','profile','2020-08-27 09:55:39','2020-08-27 09:55:39'),(1353,53,'夢','知識を高め、鍼灸師として成長する。ステキな鍼灸師になる。そして、治療に来てくださる皆さまを笑顔にしていきたい。','profile','2020-08-27 09:55:39','2020-08-27 09:55:39'),(1354,53,'名前','純志（ジュンジ）','info','2020-08-27 09:55:39','2020-08-27 09:55:39'),(1355,53,'在住・年齢','千葉県　50歳代','info','2020-08-27 09:55:39','2020-08-27 09:55:39'),(1356,53,'占い料金','1分170円（通話料込み・税別）','info','2020-08-27 09:55:39','2020-08-27 09:55:39'),(1357,54,'資格','鍼灸、ナード・アロマアドバイザー、メディカルセラピスト、介護予防運動指導員','profile','2020-08-27 09:55:39','2020-08-27 09:55:39'),(1358,54,'担当施術','美容鍼（美顔鍼）、はり治療、ハーブピーリング','profile','2020-08-27 09:55:39','2020-08-27 09:55:39'),(1359,54,'出身地','愛知県','profile','2020-08-27 09:55:39','2020-08-27 09:55:39'),(1360,54,'趣味','ヨガ、カラオケ','profile','2020-08-27 09:55:39','2020-08-27 09:55:39'),(1361,54,'特技','どこでも寝れます♪','profile','2020-08-27 09:55:39','2020-08-27 09:55:39'),(1362,54,'好きなもの','旅行、カラオケ、食べること、音楽を聴くこと','profile','2020-08-27 09:55:39','2020-08-27 09:55:39'),(1363,54,'嫌いなもの','豆','profile','2020-08-27 09:55:39','2020-08-27 09:55:39'),(1364,54,'モットー','興味をもったことはとりあえずやってみる。失敗も多いがその分、自分の経験値があがるので。','profile','2020-08-27 09:55:39','2020-08-27 09:55:39'),(1365,54,'夢','知識を高め、鍼灸師として成長する。ステキな鍼灸師になる。そして、治療に来てくださる皆さまを笑顔にしていきたい。','profile','2020-08-27 09:55:39','2020-08-27 09:55:39'),(1366,54,'名前','純志（ジュンジ）','info','2020-08-27 09:55:39','2020-08-27 09:55:39'),(1367,54,'在住・年齢','千葉県　50歳代','info','2020-08-27 09:55:39','2020-08-27 09:55:39'),(1368,54,'占い料金','1分170円（通話料込み・税別）','info','2020-08-27 09:55:39','2020-08-27 09:55:39'),(1369,55,'資格','鍼灸、ナード・アロマアドバイザー、メディカルセラピスト、介護予防運動指導員','profile','2020-08-27 09:55:39','2020-08-27 09:55:39'),(1370,55,'担当施術','美容鍼（美顔鍼）、はり治療、ハーブピーリング','profile','2020-08-27 09:55:39','2020-08-27 09:55:39'),(1371,55,'出身地','愛知県','profile','2020-08-27 09:55:39','2020-08-27 09:55:39'),(1372,55,'趣味','ヨガ、カラオケ','profile','2020-08-27 09:55:39','2020-08-27 09:55:39'),(1373,55,'特技','どこでも寝れます♪','profile','2020-08-27 09:55:39','2020-08-27 09:55:39'),(1374,55,'好きなもの','旅行、カラオケ、食べること、音楽を聴くこと','profile','2020-08-27 09:55:39','2020-08-27 09:55:39'),(1375,55,'嫌いなもの','豆','profile','2020-08-27 09:55:39','2020-08-27 09:55:39'),(1376,55,'モットー','興味をもったことはとりあえずやってみる。失敗も多いがその分、自分の経験値があがるので。','profile','2020-08-27 09:55:39','2020-08-27 09:55:39'),(1377,55,'夢','知識を高め、鍼灸師として成長する。ステキな鍼灸師になる。そして、治療に来てくださる皆さまを笑顔にしていきたい。','profile','2020-08-27 09:55:39','2020-08-27 09:55:39'),(1378,55,'名前','純志（ジュンジ）','info','2020-08-27 09:55:39','2020-08-27 09:55:39'),(1379,55,'在住・年齢','千葉県　50歳代','info','2020-08-27 09:55:39','2020-08-27 09:55:39'),(1380,55,'占い料金','1分170円（通話料込み・税別）','info','2020-08-27 09:55:39','2020-08-27 09:55:39'),(1381,56,'資格','鍼灸、ナード・アロマアドバイザー、メディカルセラピスト、介護予防運動指導員','profile','2020-08-27 09:55:39','2020-08-27 09:55:39'),(1382,56,'担当施術','美容鍼（美顔鍼）、はり治療、ハーブピーリング','profile','2020-08-27 09:55:39','2020-08-27 09:55:39'),(1383,56,'出身地','愛知県','profile','2020-08-27 09:55:39','2020-08-27 09:55:39'),(1384,56,'趣味','ヨガ、カラオケ','profile','2020-08-27 09:55:39','2020-08-27 09:55:39'),(1385,56,'特技','どこでも寝れます♪','profile','2020-08-27 09:55:39','2020-08-27 09:55:39'),(1386,56,'好きなもの','旅行、カラオケ、食べること、音楽を聴くこと','profile','2020-08-27 09:55:39','2020-08-27 09:55:39'),(1387,56,'嫌いなもの','豆','profile','2020-08-27 09:55:39','2020-08-27 09:55:39'),(1388,56,'モットー','興味をもったことはとりあえずやってみる。失敗も多いがその分、自分の経験値があがるので。','profile','2020-08-27 09:55:39','2020-08-27 09:55:39'),(1389,56,'夢','知識を高め、鍼灸師として成長する。ステキな鍼灸師になる。そして、治療に来てくださる皆さまを笑顔にしていきたい。','profile','2020-08-27 09:55:39','2020-08-27 09:55:39'),(1390,56,'名前','純志（ジュンジ）','info','2020-08-27 09:55:39','2020-08-27 09:55:39'),(1391,56,'在住・年齢','千葉県　50歳代','info','2020-08-27 09:55:39','2020-08-27 09:55:39'),(1392,56,'占い料金','1分170円（通話料込み・税別）','info','2020-08-27 09:55:39','2020-08-27 09:55:39'),(1393,57,'資格','鍼灸、ナード・アロマアドバイザー、メディカルセラピスト、介護予防運動指導員','profile','2020-08-27 09:55:39','2020-08-27 09:55:39'),(1394,57,'担当施術','美容鍼（美顔鍼）、はり治療、ハーブピーリング','profile','2020-08-27 09:55:39','2020-08-27 09:55:39'),(1395,57,'出身地','愛知県','profile','2020-08-27 09:55:39','2020-08-27 09:55:39'),(1396,57,'趣味','ヨガ、カラオケ','profile','2020-08-27 09:55:39','2020-08-27 09:55:39'),(1397,57,'特技','どこでも寝れます♪','profile','2020-08-27 09:55:39','2020-08-27 09:55:39'),(1398,57,'好きなもの','旅行、カラオケ、食べること、音楽を聴くこと','profile','2020-08-27 09:55:39','2020-08-27 09:55:39'),(1399,57,'嫌いなもの','豆','profile','2020-08-27 09:55:39','2020-08-27 09:55:39'),(1400,57,'モットー','興味をもったことはとりあえずやってみる。失敗も多いがその分、自分の経験値があがるので。','profile','2020-08-27 09:55:39','2020-08-27 09:55:39'),(1401,57,'夢','知識を高め、鍼灸師として成長する。ステキな鍼灸師になる。そして、治療に来てくださる皆さまを笑顔にしていきたい。','profile','2020-08-27 09:55:39','2020-08-27 09:55:39'),(1402,57,'名前','純志（ジュンジ）','info','2020-08-27 09:55:39','2020-08-27 09:55:39'),(1403,57,'在住・年齢','千葉県　50歳代','info','2020-08-27 09:55:39','2020-08-27 09:55:39'),(1404,57,'占い料金','1分170円（通話料込み・税別）','info','2020-08-27 09:55:39','2020-08-27 09:55:39'),(1405,58,'資格','鍼灸、ナード・アロマアドバイザー、メディカルセラピスト、介護予防運動指導員','profile','2020-08-27 09:55:39','2020-08-27 09:55:39'),(1406,58,'担当施術','美容鍼（美顔鍼）、はり治療、ハーブピーリング','profile','2020-08-27 09:55:39','2020-08-27 09:55:39'),(1407,58,'出身地','愛知県','profile','2020-08-27 09:55:39','2020-08-27 09:55:39'),(1408,58,'趣味','ヨガ、カラオケ','profile','2020-08-27 09:55:39','2020-08-27 09:55:39'),(1409,58,'特技','どこでも寝れます♪','profile','2020-08-27 09:55:39','2020-08-27 09:55:39'),(1410,58,'好きなもの','旅行、カラオケ、食べること、音楽を聴くこと','profile','2020-08-27 09:55:39','2020-08-27 09:55:39'),(1411,58,'嫌いなもの','豆','profile','2020-08-27 09:55:39','2020-08-27 09:55:39'),(1412,58,'モットー','興味をもったことはとりあえずやってみる。失敗も多いがその分、自分の経験値があがるので。','profile','2020-08-27 09:55:39','2020-08-27 09:55:39'),(1413,58,'夢','知識を高め、鍼灸師として成長する。ステキな鍼灸師になる。そして、治療に来てくださる皆さまを笑顔にしていきたい。','profile','2020-08-27 09:55:39','2020-08-27 09:55:39'),(1414,58,'名前','純志（ジュンジ）','info','2020-08-27 09:55:39','2020-08-27 09:55:39'),(1415,58,'在住・年齢','千葉県　50歳代','info','2020-08-27 09:55:39','2020-08-27 09:55:39'),(1416,58,'占い料金','1分170円（通話料込み・税別）','info','2020-08-27 09:55:39','2020-08-27 09:55:39'),(1417,59,'資格','鍼灸、ナード・アロマアドバイザー、メディカルセラピスト、介護予防運動指導員','profile','2020-08-27 09:55:39','2020-08-27 09:55:39'),(1418,59,'担当施術','美容鍼（美顔鍼）、はり治療、ハーブピーリング','profile','2020-08-27 09:55:39','2020-08-27 09:55:39'),(1419,59,'出身地','愛知県','profile','2020-08-27 09:55:39','2020-08-27 09:55:39'),(1420,59,'趣味','ヨガ、カラオケ','profile','2020-08-27 09:55:39','2020-08-27 09:55:39'),(1421,59,'特技','どこでも寝れます♪','profile','2020-08-27 09:55:39','2020-08-27 09:55:39'),(1422,59,'好きなもの','旅行、カラオケ、食べること、音楽を聴くこと','profile','2020-08-27 09:55:39','2020-08-27 09:55:39'),(1423,59,'嫌いなもの','豆','profile','2020-08-27 09:55:39','2020-08-27 09:55:39'),(1424,59,'モットー','興味をもったことはとりあえずやってみる。失敗も多いがその分、自分の経験値があがるので。','profile','2020-08-27 09:55:39','2020-08-27 09:55:39'),(1425,59,'夢','知識を高め、鍼灸師として成長する。ステキな鍼灸師になる。そして、治療に来てくださる皆さまを笑顔にしていきたい。','profile','2020-08-27 09:55:39','2020-08-27 09:55:39'),(1426,59,'名前','純志（ジュンジ）','info','2020-08-27 09:55:39','2020-08-27 09:55:39'),(1427,59,'在住・年齢','千葉県　50歳代','info','2020-08-27 09:55:39','2020-08-27 09:55:39'),(1428,59,'占い料金','1分170円（通話料込み・税別）','info','2020-08-27 09:55:39','2020-08-27 09:55:39'),(1429,60,'資格','鍼灸、ナード・アロマアドバイザー、メディカルセラピスト、介護予防運動指導員','profile','2020-08-27 09:55:39','2020-08-27 09:55:39'),(1430,60,'担当施術','美容鍼（美顔鍼）、はり治療、ハーブピーリング','profile','2020-08-27 09:55:39','2020-08-27 09:55:39'),(1431,60,'出身地','愛知県','profile','2020-08-27 09:55:39','2020-08-27 09:55:39'),(1432,60,'趣味','ヨガ、カラオケ','profile','2020-08-27 09:55:39','2020-08-27 09:55:39'),(1433,60,'特技','どこでも寝れます♪','profile','2020-08-27 09:55:39','2020-08-27 09:55:39'),(1434,60,'好きなもの','旅行、カラオケ、食べること、音楽を聴くこと','profile','2020-08-27 09:55:39','2020-08-27 09:55:39'),(1435,60,'嫌いなもの','豆','profile','2020-08-27 09:55:39','2020-08-27 09:55:39'),(1436,60,'モットー','興味をもったことはとりあえずやってみる。失敗も多いがその分、自分の経験値があがるので。','profile','2020-08-27 09:55:39','2020-08-27 09:55:39'),(1437,60,'夢','知識を高め、鍼灸師として成長する。ステキな鍼灸師になる。そして、治療に来てくださる皆さまを笑顔にしていきたい。','profile','2020-08-27 09:55:39','2020-08-27 09:55:39'),(1438,60,'名前','純志（ジュンジ）','info','2020-08-27 09:55:39','2020-08-27 09:55:39'),(1439,60,'在住・年齢','千葉県　50歳代','info','2020-08-27 09:55:39','2020-08-27 09:55:39'),(1440,60,'占い料金','1分170円（通話料込み・税別）','info','2020-08-27 09:55:39','2020-08-27 09:55:39'),(1441,61,'資格','鍼灸、ナード・アロマアドバイザー、メディカルセラピスト、介護予防運動指導員','profile','2020-08-27 09:55:39','2020-08-27 09:55:39'),(1442,61,'担当施術','美容鍼（美顔鍼）、はり治療、ハーブピーリング','profile','2020-08-27 09:55:39','2020-08-27 09:55:39'),(1443,61,'出身地','愛知県','profile','2020-08-27 09:55:39','2020-08-27 09:55:39'),(1444,61,'趣味','ヨガ、カラオケ','profile','2020-08-27 09:55:39','2020-08-27 09:55:39'),(1445,61,'特技','どこでも寝れます♪','profile','2020-08-27 09:55:39','2020-08-27 09:55:39'),(1446,61,'好きなもの','旅行、カラオケ、食べること、音楽を聴くこと','profile','2020-08-27 09:55:39','2020-08-27 09:55:39'),(1447,61,'嫌いなもの','豆','profile','2020-08-27 09:55:39','2020-08-27 09:55:39'),(1448,61,'モットー','興味をもったことはとりあえずやってみる。失敗も多いがその分、自分の経験値があがるので。','profile','2020-08-27 09:55:39','2020-08-27 09:55:39'),(1449,61,'夢','知識を高め、鍼灸師として成長する。ステキな鍼灸師になる。そして、治療に来てくださる皆さまを笑顔にしていきたい。','profile','2020-08-27 09:55:39','2020-08-27 09:55:39'),(1450,61,'名前','純志（ジュンジ）','info','2020-08-27 09:55:39','2020-08-27 09:55:39'),(1451,61,'在住・年齢','千葉県　50歳代','info','2020-08-27 09:55:39','2020-08-27 09:55:39'),(1452,61,'占い料金','1分170円（通話料込み・税別）','info','2020-08-27 09:55:39','2020-08-27 09:55:39'),(1453,62,'資格','鍼灸、ナード・アロマアドバイザー、メディカルセラピスト、介護予防運動指導員','profile','2020-08-27 09:55:40','2020-08-27 09:55:40'),(1454,62,'担当施術','美容鍼（美顔鍼）、はり治療、ハーブピーリング','profile','2020-08-27 09:55:40','2020-08-27 09:55:40'),(1455,62,'出身地','愛知県','profile','2020-08-27 09:55:40','2020-08-27 09:55:40'),(1456,62,'趣味','ヨガ、カラオケ','profile','2020-08-27 09:55:40','2020-08-27 09:55:40'),(1457,62,'特技','どこでも寝れます♪','profile','2020-08-27 09:55:40','2020-08-27 09:55:40'),(1458,62,'好きなもの','旅行、カラオケ、食べること、音楽を聴くこと','profile','2020-08-27 09:55:40','2020-08-27 09:55:40'),(1459,62,'嫌いなもの','豆','profile','2020-08-27 09:55:40','2020-08-27 09:55:40'),(1460,62,'モットー','興味をもったことはとりあえずやってみる。失敗も多いがその分、自分の経験値があがるので。','profile','2020-08-27 09:55:40','2020-08-27 09:55:40'),(1461,62,'夢','知識を高め、鍼灸師として成長する。ステキな鍼灸師になる。そして、治療に来てくださる皆さまを笑顔にしていきたい。','profile','2020-08-27 09:55:40','2020-08-27 09:55:40'),(1462,62,'名前','純志（ジュンジ）','info','2020-08-27 09:55:40','2020-08-27 09:55:40'),(1463,62,'在住・年齢','千葉県　50歳代','info','2020-08-27 09:55:40','2020-08-27 09:55:40'),(1464,62,'占い料金','1分170円（通話料込み・税別）','info','2020-08-27 09:55:40','2020-08-27 09:55:40'),(1465,63,'資格','鍼灸、ナード・アロマアドバイザー、メディカルセラピスト、介護予防運動指導員','profile','2020-08-27 09:55:40','2020-08-27 09:55:40'),(1466,63,'担当施術','美容鍼（美顔鍼）、はり治療、ハーブピーリング','profile','2020-08-27 09:55:40','2020-08-27 09:55:40'),(1467,63,'出身地','愛知県','profile','2020-08-27 09:55:40','2020-08-27 09:55:40'),(1468,63,'趣味','ヨガ、カラオケ','profile','2020-08-27 09:55:40','2020-08-27 09:55:40'),(1469,63,'特技','どこでも寝れます♪','profile','2020-08-27 09:55:40','2020-08-27 09:55:40'),(1470,63,'好きなもの','旅行、カラオケ、食べること、音楽を聴くこと','profile','2020-08-27 09:55:40','2020-08-27 09:55:40'),(1471,63,'嫌いなもの','豆','profile','2020-08-27 09:55:40','2020-08-27 09:55:40'),(1472,63,'モットー','興味をもったことはとりあえずやってみる。失敗も多いがその分、自分の経験値があがるので。','profile','2020-08-27 09:55:40','2020-08-27 09:55:40'),(1473,63,'夢','知識を高め、鍼灸師として成長する。ステキな鍼灸師になる。そして、治療に来てくださる皆さまを笑顔にしていきたい。','profile','2020-08-27 09:55:40','2020-08-27 09:55:40'),(1474,63,'名前','純志（ジュンジ）','info','2020-08-27 09:55:40','2020-08-27 09:55:40'),(1475,63,'在住・年齢','千葉県　50歳代','info','2020-08-27 09:55:40','2020-08-27 09:55:40'),(1476,63,'占い料金','1分170円（通話料込み・税別）','info','2020-08-27 09:55:40','2020-08-27 09:55:40'),(1477,64,'資格','鍼灸、ナード・アロマアドバイザー、メディカルセラピスト、介護予防運動指導員','profile','2020-08-27 09:55:40','2020-08-27 09:55:40'),(1478,64,'担当施術','美容鍼（美顔鍼）、はり治療、ハーブピーリング','profile','2020-08-27 09:55:40','2020-08-27 09:55:40'),(1479,64,'出身地','愛知県','profile','2020-08-27 09:55:40','2020-08-27 09:55:40'),(1480,64,'趣味','ヨガ、カラオケ','profile','2020-08-27 09:55:40','2020-08-27 09:55:40'),(1481,64,'特技','どこでも寝れます♪','profile','2020-08-27 09:55:40','2020-08-27 09:55:40'),(1482,64,'好きなもの','旅行、カラオケ、食べること、音楽を聴くこと','profile','2020-08-27 09:55:40','2020-08-27 09:55:40'),(1483,64,'嫌いなもの','豆','profile','2020-08-27 09:55:40','2020-08-27 09:55:40'),(1484,64,'モットー','興味をもったことはとりあえずやってみる。失敗も多いがその分、自分の経験値があがるので。','profile','2020-08-27 09:55:40','2020-08-27 09:55:40'),(1485,64,'夢','知識を高め、鍼灸師として成長する。ステキな鍼灸師になる。そして、治療に来てくださる皆さまを笑顔にしていきたい。','profile','2020-08-27 09:55:40','2020-08-27 09:55:40'),(1486,64,'名前','純志（ジュンジ）','info','2020-08-27 09:55:40','2020-08-27 09:55:40'),(1487,64,'在住・年齢','千葉県　50歳代','info','2020-08-27 09:55:40','2020-08-27 09:55:40'),(1488,64,'占い料金','1分170円（通話料込み・税別）','info','2020-08-27 09:55:40','2020-08-27 09:55:40'),(1489,65,'資格','鍼灸、ナード・アロマアドバイザー、メディカルセラピスト、介護予防運動指導員','profile','2020-08-27 09:55:40','2020-08-27 09:55:40'),(1490,65,'担当施術','美容鍼（美顔鍼）、はり治療、ハーブピーリング','profile','2020-08-27 09:55:40','2020-08-27 09:55:40'),(1491,65,'出身地','愛知県','profile','2020-08-27 09:55:40','2020-08-27 09:55:40'),(1492,65,'趣味','ヨガ、カラオケ','profile','2020-08-27 09:55:40','2020-08-27 09:55:40'),(1493,65,'特技','どこでも寝れます♪','profile','2020-08-27 09:55:40','2020-08-27 09:55:40'),(1494,65,'好きなもの','旅行、カラオケ、食べること、音楽を聴くこと','profile','2020-08-27 09:55:40','2020-08-27 09:55:40'),(1495,65,'嫌いなもの','豆','profile','2020-08-27 09:55:40','2020-08-27 09:55:40'),(1496,65,'モットー','興味をもったことはとりあえずやってみる。失敗も多いがその分、自分の経験値があがるので。','profile','2020-08-27 09:55:40','2020-08-27 09:55:40'),(1497,65,'夢','知識を高め、鍼灸師として成長する。ステキな鍼灸師になる。そして、治療に来てくださる皆さまを笑顔にしていきたい。','profile','2020-08-27 09:55:40','2020-08-27 09:55:40'),(1498,65,'名前','純志（ジュンジ）','info','2020-08-27 09:55:40','2020-08-27 09:55:40'),(1499,65,'在住・年齢','千葉県　50歳代','info','2020-08-27 09:55:40','2020-08-27 09:55:40'),(1500,65,'占い料金','1分170円（通話料込み・税別）','info','2020-08-27 09:55:40','2020-08-27 09:55:40'),(1501,66,'資格','鍼灸、ナード・アロマアドバイザー、メディカルセラピスト、介護予防運動指導員','profile','2020-08-27 09:55:40','2020-08-27 09:55:40'),(1502,66,'担当施術','美容鍼（美顔鍼）、はり治療、ハーブピーリング','profile','2020-08-27 09:55:40','2020-08-27 09:55:40'),(1503,66,'出身地','愛知県','profile','2020-08-27 09:55:40','2020-08-27 09:55:40'),(1504,66,'趣味','ヨガ、カラオケ','profile','2020-08-27 09:55:40','2020-08-27 09:55:40'),(1505,66,'特技','どこでも寝れます♪','profile','2020-08-27 09:55:40','2020-08-27 09:55:40'),(1506,66,'好きなもの','旅行、カラオケ、食べること、音楽を聴くこと','profile','2020-08-27 09:55:40','2020-08-27 09:55:40'),(1507,66,'嫌いなもの','豆','profile','2020-08-27 09:55:40','2020-08-27 09:55:40'),(1508,66,'モットー','興味をもったことはとりあえずやってみる。失敗も多いがその分、自分の経験値があがるので。','profile','2020-08-27 09:55:40','2020-08-27 09:55:40'),(1509,66,'夢','知識を高め、鍼灸師として成長する。ステキな鍼灸師になる。そして、治療に来てくださる皆さまを笑顔にしていきたい。','profile','2020-08-27 09:55:40','2020-08-27 09:55:40'),(1510,66,'名前','純志（ジュンジ）','info','2020-08-27 09:55:40','2020-08-27 09:55:40'),(1511,66,'在住・年齢','千葉県　50歳代','info','2020-08-27 09:55:40','2020-08-27 09:55:40'),(1512,66,'占い料金','1分170円（通話料込み・税別）','info','2020-08-27 09:55:40','2020-08-27 09:55:40'),(1513,67,'資格','鍼灸、ナード・アロマアドバイザー、メディカルセラピスト、介護予防運動指導員','profile','2020-08-27 09:55:40','2020-08-27 09:55:40'),(1514,67,'担当施術','美容鍼（美顔鍼）、はり治療、ハーブピーリング','profile','2020-08-27 09:55:40','2020-08-27 09:55:40'),(1515,67,'出身地','愛知県','profile','2020-08-27 09:55:40','2020-08-27 09:55:40'),(1516,67,'趣味','ヨガ、カラオケ','profile','2020-08-27 09:55:40','2020-08-27 09:55:40'),(1517,67,'特技','どこでも寝れます♪','profile','2020-08-27 09:55:40','2020-08-27 09:55:40'),(1518,67,'好きなもの','旅行、カラオケ、食べること、音楽を聴くこと','profile','2020-08-27 09:55:40','2020-08-27 09:55:40'),(1519,67,'嫌いなもの','豆','profile','2020-08-27 09:55:40','2020-08-27 09:55:40'),(1520,67,'モットー','興味をもったことはとりあえずやってみる。失敗も多いがその分、自分の経験値があがるので。','profile','2020-08-27 09:55:40','2020-08-27 09:55:40'),(1521,67,'夢','知識を高め、鍼灸師として成長する。ステキな鍼灸師になる。そして、治療に来てくださる皆さまを笑顔にしていきたい。','profile','2020-08-27 09:55:40','2020-08-27 09:55:40'),(1522,67,'名前','純志（ジュンジ）','info','2020-08-27 09:55:40','2020-08-27 09:55:40'),(1523,67,'在住・年齢','千葉県　50歳代','info','2020-08-27 09:55:40','2020-08-27 09:55:40'),(1524,67,'占い料金','1分170円（通話料込み・税別）','info','2020-08-27 09:55:40','2020-08-27 09:55:40'),(1525,68,'資格','鍼灸、ナード・アロマアドバイザー、メディカルセラピスト、介護予防運動指導員','profile','2020-08-27 09:55:40','2020-08-27 09:55:40'),(1526,68,'担当施術','美容鍼（美顔鍼）、はり治療、ハーブピーリング','profile','2020-08-27 09:55:40','2020-08-27 09:55:40'),(1527,68,'出身地','愛知県','profile','2020-08-27 09:55:40','2020-08-27 09:55:40'),(1528,68,'趣味','ヨガ、カラオケ','profile','2020-08-27 09:55:40','2020-08-27 09:55:40'),(1529,68,'特技','どこでも寝れます♪','profile','2020-08-27 09:55:40','2020-08-27 09:55:40'),(1530,68,'好きなもの','旅行、カラオケ、食べること、音楽を聴くこと','profile','2020-08-27 09:55:40','2020-08-27 09:55:40'),(1531,68,'嫌いなもの','豆','profile','2020-08-27 09:55:40','2020-08-27 09:55:40'),(1532,68,'モットー','興味をもったことはとりあえずやってみる。失敗も多いがその分、自分の経験値があがるので。','profile','2020-08-27 09:55:40','2020-08-27 09:55:40'),(1533,68,'夢','知識を高め、鍼灸師として成長する。ステキな鍼灸師になる。そして、治療に来てくださる皆さまを笑顔にしていきたい。','profile','2020-08-27 09:55:40','2020-08-27 09:55:40'),(1534,68,'名前','純志（ジュンジ）','info','2020-08-27 09:55:40','2020-08-27 09:55:40'),(1535,68,'在住・年齢','千葉県　50歳代','info','2020-08-27 09:55:40','2020-08-27 09:55:40'),(1536,68,'占い料金','1分170円（通話料込み・税別）','info','2020-08-27 09:55:40','2020-08-27 09:55:40'),(1537,69,'資格','鍼灸、ナード・アロマアドバイザー、メディカルセラピスト、介護予防運動指導員','profile','2020-08-27 09:55:40','2020-08-27 09:55:40'),(1538,69,'担当施術','美容鍼（美顔鍼）、はり治療、ハーブピーリング','profile','2020-08-27 09:55:40','2020-08-27 09:55:40'),(1539,69,'出身地','愛知県','profile','2020-08-27 09:55:40','2020-08-27 09:55:40'),(1540,69,'趣味','ヨガ、カラオケ','profile','2020-08-27 09:55:40','2020-08-27 09:55:40'),(1541,69,'特技','どこでも寝れます♪','profile','2020-08-27 09:55:40','2020-08-27 09:55:40'),(1542,69,'好きなもの','旅行、カラオケ、食べること、音楽を聴くこと','profile','2020-08-27 09:55:40','2020-08-27 09:55:40'),(1543,69,'嫌いなもの','豆','profile','2020-08-27 09:55:40','2020-08-27 09:55:40'),(1544,69,'モットー','興味をもったことはとりあえずやってみる。失敗も多いがその分、自分の経験値があがるので。','profile','2020-08-27 09:55:40','2020-08-27 09:55:40'),(1545,69,'夢','知識を高め、鍼灸師として成長する。ステキな鍼灸師になる。そして、治療に来てくださる皆さまを笑顔にしていきたい。','profile','2020-08-27 09:55:40','2020-08-27 09:55:40'),(1546,69,'名前','純志（ジュンジ）','info','2020-08-27 09:55:40','2020-08-27 09:55:40'),(1547,69,'在住・年齢','千葉県　50歳代','info','2020-08-27 09:55:40','2020-08-27 09:55:40'),(1548,69,'占い料金','1分170円（通話料込み・税別）','info','2020-08-27 09:55:40','2020-08-27 09:55:40'),(1549,70,'資格','鍼灸、ナード・アロマアドバイザー、メディカルセラピスト、介護予防運動指導員','profile','2020-08-27 09:55:40','2020-08-27 09:55:40'),(1550,70,'担当施術','美容鍼（美顔鍼）、はり治療、ハーブピーリング','profile','2020-08-27 09:55:40','2020-08-27 09:55:40'),(1551,70,'出身地','愛知県','profile','2020-08-27 09:55:40','2020-08-27 09:55:40'),(1552,70,'趣味','ヨガ、カラオケ','profile','2020-08-27 09:55:40','2020-08-27 09:55:40'),(1553,70,'特技','どこでも寝れます♪','profile','2020-08-27 09:55:40','2020-08-27 09:55:40'),(1554,70,'好きなもの','旅行、カラオケ、食べること、音楽を聴くこと','profile','2020-08-27 09:55:40','2020-08-27 09:55:40'),(1555,70,'嫌いなもの','豆','profile','2020-08-27 09:55:40','2020-08-27 09:55:40'),(1556,70,'モットー','興味をもったことはとりあえずやってみる。失敗も多いがその分、自分の経験値があがるので。','profile','2020-08-27 09:55:40','2020-08-27 09:55:40'),(1557,70,'夢','知識を高め、鍼灸師として成長する。ステキな鍼灸師になる。そして、治療に来てくださる皆さまを笑顔にしていきたい。','profile','2020-08-27 09:55:40','2020-08-27 09:55:40'),(1558,70,'名前','純志（ジュンジ）','info','2020-08-27 09:55:40','2020-08-27 09:55:40'),(1559,70,'在住・年齢','千葉県　50歳代','info','2020-08-27 09:55:40','2020-08-27 09:55:40'),(1560,70,'占い料金','1分170円（通話料込み・税別）','info','2020-08-27 09:55:40','2020-08-27 09:55:40'),(1561,71,'資格','鍼灸、ナード・アロマアドバイザー、メディカルセラピスト、介護予防運動指導員','profile','2020-08-27 09:55:40','2020-08-27 09:55:40'),(1562,71,'担当施術','美容鍼（美顔鍼）、はり治療、ハーブピーリング','profile','2020-08-27 09:55:40','2020-08-27 09:55:40'),(1563,71,'出身地','愛知県','profile','2020-08-27 09:55:40','2020-08-27 09:55:40'),(1564,71,'趣味','ヨガ、カラオケ','profile','2020-08-27 09:55:40','2020-08-27 09:55:40'),(1565,71,'特技','どこでも寝れます♪','profile','2020-08-27 09:55:40','2020-08-27 09:55:40'),(1566,71,'好きなもの','旅行、カラオケ、食べること、音楽を聴くこと','profile','2020-08-27 09:55:40','2020-08-27 09:55:40'),(1567,71,'嫌いなもの','豆','profile','2020-08-27 09:55:40','2020-08-27 09:55:40'),(1568,71,'モットー','興味をもったことはとりあえずやってみる。失敗も多いがその分、自分の経験値があがるので。','profile','2020-08-27 09:55:40','2020-08-27 09:55:40'),(1569,71,'夢','知識を高め、鍼灸師として成長する。ステキな鍼灸師になる。そして、治療に来てくださる皆さまを笑顔にしていきたい。','profile','2020-08-27 09:55:40','2020-08-27 09:55:40'),(1570,71,'名前','純志（ジュンジ）','info','2020-08-27 09:55:40','2020-08-27 09:55:40'),(1571,71,'在住・年齢','千葉県　50歳代','info','2020-08-27 09:55:40','2020-08-27 09:55:40'),(1572,71,'占い料金','1分170円（通話料込み・税別）','info','2020-08-27 09:55:40','2020-08-27 09:55:40'),(1573,72,'資格','鍼灸、ナード・アロマアドバイザー、メディカルセラピスト、介護予防運動指導員','profile','2020-08-27 09:55:40','2020-08-27 09:55:40'),(1574,72,'担当施術','美容鍼（美顔鍼）、はり治療、ハーブピーリング','profile','2020-08-27 09:55:40','2020-08-27 09:55:40'),(1575,72,'出身地','愛知県','profile','2020-08-27 09:55:40','2020-08-27 09:55:40'),(1576,72,'趣味','ヨガ、カラオケ','profile','2020-08-27 09:55:40','2020-08-27 09:55:40'),(1577,72,'特技','どこでも寝れます♪','profile','2020-08-27 09:55:40','2020-08-27 09:55:40'),(1578,72,'好きなもの','旅行、カラオケ、食べること、音楽を聴くこと','profile','2020-08-27 09:55:40','2020-08-27 09:55:40'),(1579,72,'嫌いなもの','豆','profile','2020-08-27 09:55:40','2020-08-27 09:55:40'),(1580,72,'モットー','興味をもったことはとりあえずやってみる。失敗も多いがその分、自分の経験値があがるので。','profile','2020-08-27 09:55:40','2020-08-27 09:55:40'),(1581,72,'夢','知識を高め、鍼灸師として成長する。ステキな鍼灸師になる。そして、治療に来てくださる皆さまを笑顔にしていきたい。','profile','2020-08-27 09:55:40','2020-08-27 09:55:40'),(1582,72,'名前','純志（ジュンジ）','info','2020-08-27 09:55:40','2020-08-27 09:55:40'),(1583,72,'在住・年齢','千葉県　50歳代','info','2020-08-27 09:55:40','2020-08-27 09:55:40'),(1584,72,'占い料金','1分170円（通話料込み・税別）','info','2020-08-27 09:55:40','2020-08-27 09:55:40'),(1585,73,'資格','鍼灸、ナード・アロマアドバイザー、メディカルセラピスト、介護予防運動指導員','profile','2020-08-27 09:55:40','2020-08-27 09:55:40'),(1586,73,'担当施術','美容鍼（美顔鍼）、はり治療、ハーブピーリング','profile','2020-08-27 09:55:40','2020-08-27 09:55:40'),(1587,73,'出身地','愛知県','profile','2020-08-27 09:55:40','2020-08-27 09:55:40'),(1588,73,'趣味','ヨガ、カラオケ','profile','2020-08-27 09:55:40','2020-08-27 09:55:40'),(1589,73,'特技','どこでも寝れます♪','profile','2020-08-27 09:55:40','2020-08-27 09:55:40'),(1590,73,'好きなもの','旅行、カラオケ、食べること、音楽を聴くこと','profile','2020-08-27 09:55:40','2020-08-27 09:55:40'),(1591,73,'嫌いなもの','豆','profile','2020-08-27 09:55:40','2020-08-27 09:55:40'),(1592,73,'モットー','興味をもったことはとりあえずやってみる。失敗も多いがその分、自分の経験値があがるので。','profile','2020-08-27 09:55:40','2020-08-27 09:55:40'),(1593,73,'夢','知識を高め、鍼灸師として成長する。ステキな鍼灸師になる。そして、治療に来てくださる皆さまを笑顔にしていきたい。','profile','2020-08-27 09:55:40','2020-08-27 09:55:40'),(1594,73,'名前','純志（ジュンジ）','info','2020-08-27 09:55:40','2020-08-27 09:55:40'),(1595,73,'在住・年齢','千葉県　50歳代','info','2020-08-27 09:55:40','2020-08-27 09:55:40'),(1596,73,'占い料金','1分170円（通話料込み・税別）','info','2020-08-27 09:55:40','2020-08-27 09:55:40'),(1597,74,'資格','鍼灸、ナード・アロマアドバイザー、メディカルセラピスト、介護予防運動指導員','profile','2020-08-27 09:55:40','2020-08-27 09:55:40'),(1598,74,'担当施術','美容鍼（美顔鍼）、はり治療、ハーブピーリング','profile','2020-08-27 09:55:40','2020-08-27 09:55:40'),(1599,74,'出身地','愛知県','profile','2020-08-27 09:55:40','2020-08-27 09:55:40'),(1600,74,'趣味','ヨガ、カラオケ','profile','2020-08-27 09:55:40','2020-08-27 09:55:40'),(1601,74,'特技','どこでも寝れます♪','profile','2020-08-27 09:55:40','2020-08-27 09:55:40'),(1602,74,'好きなもの','旅行、カラオケ、食べること、音楽を聴くこと','profile','2020-08-27 09:55:40','2020-08-27 09:55:40'),(1603,74,'嫌いなもの','豆','profile','2020-08-27 09:55:40','2020-08-27 09:55:40'),(1604,74,'モットー','興味をもったことはとりあえずやってみる。失敗も多いがその分、自分の経験値があがるので。','profile','2020-08-27 09:55:40','2020-08-27 09:55:40'),(1605,74,'夢','知識を高め、鍼灸師として成長する。ステキな鍼灸師になる。そして、治療に来てくださる皆さまを笑顔にしていきたい。','profile','2020-08-27 09:55:40','2020-08-27 09:55:40'),(1606,74,'名前','純志（ジュンジ）','info','2020-08-27 09:55:40','2020-08-27 09:55:40'),(1607,74,'在住・年齢','千葉県　50歳代','info','2020-08-27 09:55:40','2020-08-27 09:55:40'),(1608,74,'占い料金','1分170円（通話料込み・税別）','info','2020-08-27 09:55:40','2020-08-27 09:55:40'),(1609,75,'資格','鍼灸、ナード・アロマアドバイザー、メディカルセラピスト、介護予防運動指導員','profile','2020-08-27 09:55:40','2020-08-27 09:55:40'),(1610,75,'担当施術','美容鍼（美顔鍼）、はり治療、ハーブピーリング','profile','2020-08-27 09:55:40','2020-08-27 09:55:40'),(1611,75,'出身地','愛知県','profile','2020-08-27 09:55:40','2020-08-27 09:55:40'),(1612,75,'趣味','ヨガ、カラオケ','profile','2020-08-27 09:55:40','2020-08-27 09:55:40'),(1613,75,'特技','どこでも寝れます♪','profile','2020-08-27 09:55:40','2020-08-27 09:55:40'),(1614,75,'好きなもの','旅行、カラオケ、食べること、音楽を聴くこと','profile','2020-08-27 09:55:40','2020-08-27 09:55:40'),(1615,75,'嫌いなもの','豆','profile','2020-08-27 09:55:40','2020-08-27 09:55:40'),(1616,75,'モットー','興味をもったことはとりあえずやってみる。失敗も多いがその分、自分の経験値があがるので。','profile','2020-08-27 09:55:40','2020-08-27 09:55:40'),(1617,75,'夢','知識を高め、鍼灸師として成長する。ステキな鍼灸師になる。そして、治療に来てくださる皆さまを笑顔にしていきたい。','profile','2020-08-27 09:55:40','2020-08-27 09:55:40'),(1618,75,'名前','純志（ジュンジ）','info','2020-08-27 09:55:40','2020-08-27 09:55:40'),(1619,75,'在住・年齢','千葉県　50歳代','info','2020-08-27 09:55:40','2020-08-27 09:55:40'),(1620,75,'占い料金','1分170円（通話料込み・税別）','info','2020-08-27 09:55:40','2020-08-27 09:55:40'),(1621,76,'資格','鍼灸、ナード・アロマアドバイザー、メディカルセラピスト、介護予防運動指導員','profile','2020-08-27 09:55:40','2020-08-27 09:55:40'),(1622,76,'担当施術','美容鍼（美顔鍼）、はり治療、ハーブピーリング','profile','2020-08-27 09:55:40','2020-08-27 09:55:40'),(1623,76,'出身地','愛知県','profile','2020-08-27 09:55:40','2020-08-27 09:55:40'),(1624,76,'趣味','ヨガ、カラオケ','profile','2020-08-27 09:55:40','2020-08-27 09:55:40'),(1625,76,'特技','どこでも寝れます♪','profile','2020-08-27 09:55:40','2020-08-27 09:55:40'),(1626,76,'好きなもの','旅行、カラオケ、食べること、音楽を聴くこと','profile','2020-08-27 09:55:40','2020-08-27 09:55:40'),(1627,76,'嫌いなもの','豆','profile','2020-08-27 09:55:40','2020-08-27 09:55:40'),(1628,76,'モットー','興味をもったことはとりあえずやってみる。失敗も多いがその分、自分の経験値があがるので。','profile','2020-08-27 09:55:40','2020-08-27 09:55:40'),(1629,76,'夢','知識を高め、鍼灸師として成長する。ステキな鍼灸師になる。そして、治療に来てくださる皆さまを笑顔にしていきたい。','profile','2020-08-27 09:55:40','2020-08-27 09:55:40'),(1630,76,'名前','純志（ジュンジ）','info','2020-08-27 09:55:40','2020-08-27 09:55:40'),(1631,76,'在住・年齢','千葉県　50歳代','info','2020-08-27 09:55:40','2020-08-27 09:55:40'),(1632,76,'占い料金','1分170円（通話料込み・税別）','info','2020-08-27 09:55:40','2020-08-27 09:55:40'),(1633,77,'資格','鍼灸、ナード・アロマアドバイザー、メディカルセラピスト、介護予防運動指導員','profile','2020-08-27 09:55:40','2020-08-27 09:55:40'),(1634,77,'担当施術','美容鍼（美顔鍼）、はり治療、ハーブピーリング','profile','2020-08-27 09:55:41','2020-08-27 09:55:41'),(1635,77,'出身地','愛知県','profile','2020-08-27 09:55:41','2020-08-27 09:55:41'),(1636,77,'趣味','ヨガ、カラオケ','profile','2020-08-27 09:55:41','2020-08-27 09:55:41'),(1637,77,'特技','どこでも寝れます♪','profile','2020-08-27 09:55:41','2020-08-27 09:55:41'),(1638,77,'好きなもの','旅行、カラオケ、食べること、音楽を聴くこと','profile','2020-08-27 09:55:41','2020-08-27 09:55:41'),(1639,77,'嫌いなもの','豆','profile','2020-08-27 09:55:41','2020-08-27 09:55:41'),(1640,77,'モットー','興味をもったことはとりあえずやってみる。失敗も多いがその分、自分の経験値があがるので。','profile','2020-08-27 09:55:41','2020-08-27 09:55:41'),(1641,77,'夢','知識を高め、鍼灸師として成長する。ステキな鍼灸師になる。そして、治療に来てくださる皆さまを笑顔にしていきたい。','profile','2020-08-27 09:55:41','2020-08-27 09:55:41'),(1642,77,'名前','純志（ジュンジ）','info','2020-08-27 09:55:41','2020-08-27 09:55:41'),(1643,77,'在住・年齢','千葉県　50歳代','info','2020-08-27 09:55:41','2020-08-27 09:55:41'),(1644,77,'占い料金','1分170円（通話料込み・税別）','info','2020-08-27 09:55:41','2020-08-27 09:55:41'),(1645,78,'資格','鍼灸、ナード・アロマアドバイザー、メディカルセラピスト、介護予防運動指導員','profile','2020-08-27 09:55:41','2020-08-27 09:55:41'),(1646,78,'担当施術','美容鍼（美顔鍼）、はり治療、ハーブピーリング','profile','2020-08-27 09:55:41','2020-08-27 09:55:41'),(1647,78,'出身地','愛知県','profile','2020-08-27 09:55:41','2020-08-27 09:55:41'),(1648,78,'趣味','ヨガ、カラオケ','profile','2020-08-27 09:55:41','2020-08-27 09:55:41'),(1649,78,'特技','どこでも寝れます♪','profile','2020-08-27 09:55:41','2020-08-27 09:55:41'),(1650,78,'好きなもの','旅行、カラオケ、食べること、音楽を聴くこと','profile','2020-08-27 09:55:41','2020-08-27 09:55:41'),(1651,78,'嫌いなもの','豆','profile','2020-08-27 09:55:41','2020-08-27 09:55:41'),(1652,78,'モットー','興味をもったことはとりあえずやってみる。失敗も多いがその分、自分の経験値があがるので。','profile','2020-08-27 09:55:41','2020-08-27 09:55:41'),(1653,78,'夢','知識を高め、鍼灸師として成長する。ステキな鍼灸師になる。そして、治療に来てくださる皆さまを笑顔にしていきたい。','profile','2020-08-27 09:55:41','2020-08-27 09:55:41'),(1654,78,'名前','純志（ジュンジ）','info','2020-08-27 09:55:41','2020-08-27 09:55:41'),(1655,78,'在住・年齢','千葉県　50歳代','info','2020-08-27 09:55:41','2020-08-27 09:55:41'),(1656,78,'占い料金','1分170円（通話料込み・税別）','info','2020-08-27 09:55:41','2020-08-27 09:55:41'),(1657,79,'資格','鍼灸、ナード・アロマアドバイザー、メディカルセラピスト、介護予防運動指導員','profile','2020-08-27 09:55:41','2020-08-27 09:55:41'),(1658,79,'担当施術','美容鍼（美顔鍼）、はり治療、ハーブピーリング','profile','2020-08-27 09:55:41','2020-08-27 09:55:41'),(1659,79,'出身地','愛知県','profile','2020-08-27 09:55:41','2020-08-27 09:55:41'),(1660,79,'趣味','ヨガ、カラオケ','profile','2020-08-27 09:55:41','2020-08-27 09:55:41'),(1661,79,'特技','どこでも寝れます♪','profile','2020-08-27 09:55:41','2020-08-27 09:55:41'),(1662,79,'好きなもの','旅行、カラオケ、食べること、音楽を聴くこと','profile','2020-08-27 09:55:41','2020-08-27 09:55:41'),(1663,79,'嫌いなもの','豆','profile','2020-08-27 09:55:41','2020-08-27 09:55:41'),(1664,79,'モットー','興味をもったことはとりあえずやってみる。失敗も多いがその分、自分の経験値があがるので。','profile','2020-08-27 09:55:41','2020-08-27 09:55:41'),(1665,79,'夢','知識を高め、鍼灸師として成長する。ステキな鍼灸師になる。そして、治療に来てくださる皆さまを笑顔にしていきたい。','profile','2020-08-27 09:55:41','2020-08-27 09:55:41'),(1666,79,'名前','純志（ジュンジ）','info','2020-08-27 09:55:41','2020-08-27 09:55:41'),(1667,79,'在住・年齢','千葉県　50歳代','info','2020-08-27 09:55:41','2020-08-27 09:55:41'),(1668,79,'占い料金','1分170円（通話料込み・税別）','info','2020-08-27 09:55:41','2020-08-27 09:55:41'),(1704,10,'資格','鍼灸、ナード・アロマアドバイザー、メディカルセラピスト、介護予防運動指導員','profile','2020-08-27 11:18:21','2020-08-27 11:18:21'),(1705,10,'担当施術','美容鍼（美顔鍼）、はり治療、ハーブピーリング','profile','2020-08-27 11:18:21','2020-08-27 11:18:21'),(1706,10,'出身地','愛知県','profile','2020-08-27 11:18:21','2020-08-27 11:18:21'),(1707,10,'趣味','ヨガ、カラオケ','profile','2020-08-27 11:18:21','2020-08-27 11:18:21'),(1708,10,'特技','どこでも寝れます♪','profile','2020-08-27 11:18:21','2020-08-27 11:18:21'),(1709,10,'好きなもの','旅行、カラオケ、食べること、音楽を聴くこと','profile','2020-08-27 11:18:21','2020-08-27 11:18:21'),(1710,10,'嫌いなもの','豆','profile','2020-08-27 11:18:21','2020-08-27 11:18:21'),(1711,10,'モットー','興味をもったことはとりあえずやってみる。失敗も多いがその分、自分の経験値があがるので。','profile','2020-08-27 11:18:21','2020-08-27 11:18:21'),(1712,10,'夢','知識を高め、鍼灸師として成長する。ステキな鍼灸師になる。そして、治療に来てくださる皆さまを笑顔にしていきたい。','profile','2020-08-27 11:18:21','2020-08-27 11:18:21'),(1713,10,'999','999','profile','2020-08-27 11:18:21','2020-08-27 11:18:21'),(1714,10,'名前','純志（ジュンジ）','info','2020-08-27 11:18:21','2020-08-27 11:18:21'),(1715,10,'在住・年齢','千葉県　50歳代','info','2020-08-27 11:18:21','2020-08-27 11:18:21'),(1716,10,'占い料金','1分170円（通話料込み・税別）','info','2020-08-27 11:18:21','2020-08-27 11:18:21'),(1717,10,'777','777','info','2020-08-27 11:18:21','2020-08-27 11:18:21'),(1739,80,'電話占いサイト名','みみずくの砦','profile','2020-09-01 04:33:41','2020-09-01 04:33:41'),(1740,80,'URL','https://fort-owl.com/index.asp?','profile','2020-09-01 04:33:41','2020-09-01 04:33:41'),(1741,80,'電話番号','050-5372-7666','profile','2020-09-01 04:33:41','2020-09-01 04:33:41'),(1742,80,'メールアドレス','support@fort-owl.com','profile','2020-09-01 04:33:41','2020-09-01 04:33:41'),(1743,80,'住所','東京都豊島区西池袋2-37-4 としま産業振興プラザ4F','profile','2020-09-01 04:33:41','2020-09-01 04:33:41'),(1744,80,'好きなもの','旅行、カラオケ、食べること、音楽を聴くこと','profile','2020-09-01 04:33:41','2020-09-01 04:33:41'),(1745,80,'嫌いなもの','豆','profile','2020-09-01 04:33:41','2020-09-01 04:33:41'),(1746,80,'モットー','興味をもったことはとりあえずやってみる。失敗も多いがその分、自分の経験値があがるので。','profile','2020-09-01 04:33:41','2020-09-01 04:33:41'),(1747,80,'夢','知識を高め、鍼灸師として成長する。ステキな鍼灸師になる。そして、治療に来てくださる皆さまを笑顔にしていきたい。','profile','2020-09-01 04:33:41','2020-09-01 04:33:41'),(1748,80,'資格','鍼灸、ナード・アロマアドバイザー、メディカルセラピスト、介護予防運動指導員','profile','2020-09-01 04:33:41','2020-09-01 04:33:41'),(1749,80,'担当施術','美容鍼（美顔鍼）、はり治療、ハーブピーリング','profile','2020-09-01 04:33:41','2020-09-01 04:33:41'),(1750,80,'出身地','愛知県','profile','2020-09-01 04:33:41','2020-09-01 04:33:41'),(1751,80,'趣味','ヨガ、カラオケ','profile','2020-09-01 04:33:41','2020-09-01 04:33:41'),(1752,80,'特技','どこでも寝れます♪','profile','2020-09-01 04:33:41','2020-09-01 04:33:41'),(1753,80,'好きなもの','旅行、カラオケ、食べること、音楽を聴くこと','profile','2020-09-01 04:33:41','2020-09-01 04:33:41'),(1754,80,'嫌いなもの','豆','profile','2020-09-01 04:33:41','2020-09-01 04:33:41'),(1755,80,'モットー','興味をもったことはとりあえずやってみる。失敗も多いがその分、自分の経験値があがるので。','profile','2020-09-01 04:33:41','2020-09-01 04:33:41'),(1756,80,'夢','知識を高め、鍼灸師として成長する。ステキな鍼灸師になる。そして、治療に来てくださる皆さまを笑顔にしていきたい。','profile','2020-09-01 04:33:41','2020-09-01 04:33:41'),(1757,80,'名前','純志（ジュンジ）','info','2020-09-01 04:33:41','2020-09-01 04:33:41'),(1758,80,'在住・年齢','千葉県　50歳代','info','2020-09-01 04:33:41','2020-09-01 04:33:41'),(1759,80,'占い料金','1分170円（通話料込み・税別）','info','2020-09-01 04:33:41','2020-09-01 04:33:41'),(1760,81,'鑑定占術','霊感・霊感ルーン・ルーン・ルーン魔術ダウジング・ペンデュラムダウジング・霊視・霊聴・タロット・霊感タロット・イーチンタロット・未来透視・未来予知・未来視・過去視・思念想念伝達・スピリチュアルリーディング・サイキックリーディング・エンジェルオラクルカード・オラクルカード・故人との会話・ペットの気持ち・コンサルテーション・ヒーリング・恋愛トラウマ矯正術・愛する人に世界一愛される術','profile','2020-09-15 03:34:58','2020-09-15 03:34:58'),(1761,81,'相談内容','恋愛成就・複雑恋愛・相手の気持ち・片思い・出会い・復活愛・復縁・相性・男性心理・女性心理・結婚・三角関係・浮気・不倫・国際恋愛・人間関係・対人関係・仕事運・適職・天職・転職・進路・就職・経営相談・開業・目標・夢・家族関係・夫婦関係・親族問題・育児・子育て・シングルマザー・人生相談・魂の本質・ペットの気持ち・ペットと交信・パワーストーン選び・','profile','2020-09-15 03:34:58','2020-09-15 03:34:58'),(1834,82,'鑑定占術','霊感・霊感ルーン・ルーン・ルーン魔術ダウジング・ペンデュラムダウジング・霊視・霊聴・タロット・霊感タロット・イーチンタロット・未来透視・未来予知・未来視・過去視・思念想念伝達・スピリチュアルリーディング・サイキックリーディング・エンジェルオラクルカード・オラクルカード・故人との会話・ペットの気持ち・コンサルテーション・ヒーリング・恋愛トラウマ矯正術・愛する人に世界一愛される術','profile','2020-09-27 12:58:10','2020-09-27 12:58:10'),(1835,82,'相談内容','恋愛成就・複雑恋愛・相手の気持ち・片思い・出会い・復活愛・復縁・相性・男性心理・女性心理・結婚・三角関係・浮気・不倫・国際恋愛・人間関係・対人関係・仕事運・適職・天職・転職・進路・就職・経営相談・開業・目標・夢・家族関係・夫婦関係・親族問題・育児・子育て・シングルマザー・人生相談・魂の本質・ペットの気持ち・ペットと交信・パワーストーン選び・','profile','2020-09-27 12:58:10','2020-09-27 12:58:10'),(1840,86,NULL,NULL,'profile','2020-10-07 02:20:00','2020-10-07 02:20:00'),(1841,86,NULL,NULL,'comment','2020-10-07 02:20:00','2020-10-07 02:20:00'),(1844,84,NULL,NULL,'profile','2020-10-13 03:44:20','2020-10-13 03:44:20'),(1845,84,NULL,NULL,'comment','2020-10-13 03:44:20','2020-10-13 03:44:20'),(1855,88,NULL,NULL,'profile','2020-10-13 06:46:44','2020-10-13 06:46:44'),(1856,88,'エマ先生の占い鑑定スタイル','エマ先生の占いは、白はシロ。黒はクロとはっきりと明確に答えを出してもらえます。','comment','2020-10-13 06:46:44','2020-10-13 06:46:44'),(1857,87,NULL,NULL,'profile','2020-10-16 06:53:55','2020-10-16 06:53:55'),(1858,87,NULL,NULL,'comment','2020-10-16 06:53:55','2020-10-16 06:53:55'),(1939,90,'年代・年齢','30〜40','profile','2020-11-04 05:37:02','2020-11-04 05:37:02'),(1940,90,'所属/占い店舗','電話占いウィル','profile','2020-11-04 05:37:02','2020-11-04 05:37:02'),(1941,90,'得意な占術','霊感・霊視・波動修正・波動書き換え・タロット・ダウジング・四柱推命・九星術・気学・開運気学・周易・梅花心易・断易・開運方位鑑定','profile','2020-11-04 05:37:02','2020-11-04 05:37:02'),(1942,90,'占い師歴','13','profile','2020-11-04 05:37:02','2020-11-04 05:37:02'),(1943,90,'得意な相談/お悩み','恋愛・恋愛成就・複雑な恋愛・不倫・復活愛・復縁・結婚・離婚・片思い・縁結び・浮気・人生相談・出会い・男心・女心・人間関係・家庭問題・夫婦問題・相手の気持ち・家族関係・対人関係・兄弟姉妹・親子の問題・引越し・移転・お仕事・仕事運・転職・天職・進路・経営相談・就職・夢・目標・開業・廃業・ビジネスチャンス・ビジネスパートナー・金運・相続・健康・容姿・外見・愛の問題・魂の本質・夢診断・開運指導','profile','2020-11-04 05:37:02','2020-11-04 05:37:02'),(1944,90,'人柄・印象','明るい、はっきり伝える','profile','2020-11-04 05:37:02','2020-11-04 05:37:02'),(1945,90,'予約の取りやすさ','曜日により順番待ちがあります','profile','2020-11-04 05:37:02','2020-11-04 05:37:02'),(1946,90,'鑑定可能な時間帯','22:00〜3:00','profile','2020-11-04 05:37:02','2020-11-04 05:37:02'),(1947,90,NULL,NULL,'comment','2020-11-04 05:37:02','2020-11-04 05:37:02'),(1948,89,'年代・年齢','20〜30代','profile','2020-11-06 04:20:19','2020-11-06 04:20:19'),(1949,89,'所属/占い店舗','銀月堂・電話占いヴェルニ・Ameba占い館SATORI','profile','2020-11-06 04:20:19','2020-11-06 04:20:19'),(1950,89,'得意な占術','霊感霊視、スピリチュアル、易経、霊感タロットカード、オラクルカード、アンシェントメモリーオイル','profile','2020-11-06 04:20:19','2020-11-06 04:20:19'),(1951,89,'占い師歴','3年','profile','2020-11-06 04:20:19','2020-11-06 04:20:19'),(1952,89,'得意な相談/お悩み','恋愛、片思い、道ならぬ恋、不倫、復縁、縁結び、メール・ラインのお返事、アンシェントメモリーオイルによる恋愛波動の上昇','profile','2020-11-06 04:20:19','2020-11-06 04:20:19'),(1953,89,'人柄・印象','優しくて話しやすくはっきりと鑑定結果を伝えてくれる','profile','2020-11-06 04:20:19','2020-11-06 04:20:19'),(1954,89,'電話占い料金','1分290円','profile','2020-11-06 04:20:19','2020-11-06 04:20:19'),(1955,89,'対面鑑定料金','20分2000円 30分3000円 40分4000円 50分5000円 60分6000円 延長10分1000円','profile','2020-11-06 04:20:19','2020-11-06 04:20:19'),(1956,89,'メール鑑定料金','1件3300円','profile','2020-11-06 04:20:19','2020-11-06 04:20:19'),(1957,89,'予約の取りやすさ','電話共に取りやすいですが、鑑定できる日数が週3日程度で昼間の時間帯になります。','profile','2020-11-06 04:20:19','2020-11-06 04:20:19'),(1958,89,'鑑定可能な時間帯','月水木 11:00〜17:00','profile','2020-11-06 04:20:19','2020-11-06 04:20:19'),(1959,89,'愛蓮占い師　所属・概要','対面鑑定は京都の銀月堂に在籍、電話占いヴェルニとコラボレーションしているお店なので、電話鑑定も可能です。他にもAmeba占い館SATORIで占いを監修しています。','comment','2020-11-06 04:20:19','2020-11-06 04:20:19'),(1960,89,'愛蓮先生はこのような人にオススメ','・好きな人の気持ちを知りたい\n・話を聞いて欲しい\n・優しくして欲しい\n・短時間での鑑定を希望\n・過去の恋愛が忘れられない人\n・複雑な恋愛をしている人\n・どんな結果でもはっきりと伝えて欲しい人','comment','2020-11-06 04:20:19','2020-11-06 04:20:19'),(1961,89,'愛蓮先生 占いの特徴','算命学の占い師の祖母に幼少期からみっちりと鍛えられ育ち、インド、香港、上海、台湾などで生活をし、易経に出会い一番得意となる占術として今でも使われています。第一占術は易経ですが、タロットやオラクルなどのカード類を使い、持ち合わせた高い霊視能力を用いて答えを導き出していきます。','comment','2020-11-06 04:20:19','2020-11-06 04:20:19'),(1962,89,'愛蓮先生 占いの種類','霊感霊視、スピリチュアル、易経、霊感タロットカード、オラクルカード、アンシェントメモリーオイル','comment','2020-11-06 04:20:19','2020-11-06 04:20:19'),(1963,89,'愛蓮先生 占いで相談出来る内容',NULL,'comment','2020-11-06 04:20:19','2020-11-06 04:20:19'),(1970,85,NULL,NULL,'profile','2020-11-17 04:27:05','2020-11-17 04:27:05'),(1971,85,NULL,NULL,'comment','2020-11-17 04:27:05','2020-11-17 04:27:05'),(1992,91,'年代・年齢','72','profile','2020-11-17 12:39:29','2020-11-17 12:39:29'),(1993,91,'所属/占い店舗','THIDA OKINAWA','profile','2020-11-17 12:39:29','2020-11-17 12:39:29'),(1994,91,'得意な占術','琉球推命バランス統計学・姓名判断・気学・手相・引越し・命名・易占タロット（イーチンタロット）','profile','2020-11-17 12:39:29','2020-11-17 12:39:29'),(1995,91,'占い師歴','30年以上','profile','2020-11-17 12:39:29','2020-11-17 12:39:29'),(1996,91,'得意な相談/お悩み','恋愛・複雑な恋愛・不倫・略奪愛・人間関係・仕事・家庭運・命名','profile','2020-11-17 12:39:29','2020-11-17 12:39:29'),(1997,91,'人柄・印象','明るくはっきりと伝えてくれる。ハキハキした方','profile','2020-11-17 12:39:29','2020-11-17 12:39:29'),(1998,91,'予約の取りやすさ','平均して2～3週間待ち程度','profile','2020-11-17 12:39:29','2020-11-17 12:39:29'),(1999,91,'鑑定可能な時間帯','11:00～18:30','profile','2020-11-17 12:39:29','2020-11-17 12:39:29'),(2000,91,'ユタ家系','100年以上続くユタ直系家系に生まれ、幼いころより人並外れた予知能力を持つ。','comment','2020-11-17 12:39:29','2020-11-17 12:39:29'),(2001,91,'琉球推命バランス統計学','琉球文化と四柱推命をベースに「琉球推命バランス統計学」を確立させた。','comment','2020-11-17 12:39:29','2020-11-17 12:39:29'),(2002,91,'資格','メンタルウェルネストレーニング1級取得\nレイキティーチャー\n脳力活用マイスター','comment','2020-11-17 12:39:29','2020-11-17 12:39:29'),(2015,92,'年代・年齢',NULL,'profile','2020-11-24 09:01:22','2020-11-24 09:01:22'),(2016,92,'所属/占い店舗',NULL,'profile','2020-11-24 09:01:22','2020-11-24 09:01:22'),(2017,92,'得意な占術',NULL,'profile','2020-11-24 09:01:22','2020-11-24 09:01:22'),(2018,92,'占い師歴',NULL,'profile','2020-11-24 09:01:22','2020-11-24 09:01:22'),(2019,92,'得意な相談/お悩み',NULL,'profile','2020-11-24 09:01:22','2020-11-24 09:01:22'),(2020,92,'人柄・印象',NULL,'profile','2020-11-24 09:01:22','2020-11-24 09:01:22'),(2021,92,'電話占い料金',NULL,'profile','2020-11-24 09:01:22','2020-11-24 09:01:22'),(2022,92,'対面鑑定料金',NULL,'profile','2020-11-24 09:01:22','2020-11-24 09:01:22'),(2023,92,'メール鑑定料金',NULL,'profile','2020-11-24 09:01:22','2020-11-24 09:01:22'),(2024,92,'予約の取りやすさ',NULL,'profile','2020-11-24 09:01:22','2020-11-24 09:01:22'),(2025,92,'鑑定可能な時間帯',NULL,'profile','2020-11-24 09:01:22','2020-11-24 09:01:22'),(2026,92,NULL,NULL,'comment','2020-11-24 09:01:22','2020-11-24 09:01:22'),(2027,93,'年代・年齢','６０代','profile','2020-11-25 04:15:37','2020-11-25 04:15:37'),(2028,93,'所属/占い店舗','占いの駅　ヒルトン福岡シーホーク店','profile','2020-11-25 04:15:37','2020-11-25 04:15:37'),(2029,93,'得意な占術','手相、タロット、観相、九星気学、易','profile','2020-11-25 04:15:37','2020-11-25 04:15:37'),(2030,93,'占い師歴','１８年','profile','2020-11-25 04:15:37','2020-11-25 04:15:37'),(2031,93,'得意な相談/お悩み',NULL,'profile','2020-11-25 04:15:37','2020-11-25 04:15:37'),(2032,93,'人柄・印象','はっきり伝える','profile','2020-11-25 04:15:37','2020-11-25 04:15:37'),(2033,93,'電話占い料金',NULL,'profile','2020-11-25 04:15:37','2020-11-25 04:15:37'),(2034,93,'対面鑑定料金','15分2,000円','profile','2020-11-25 04:15:37','2020-11-25 04:15:37'),(2035,93,'メール鑑定料金',NULL,'profile','2020-11-25 04:15:37','2020-11-25 04:15:37'),(2036,93,'予約の取りやすさ','取りやすい','profile','2020-11-25 04:15:37','2020-11-25 04:15:37'),(2037,93,'鑑定可能な時間帯','10:00～20:00','profile','2020-11-25 04:15:37','2020-11-25 04:15:37'),(2038,93,NULL,NULL,'comment','2020-11-25 04:15:37','2020-11-25 04:15:37');

--
-- Table structure for table `fortune_method_details`
--

CREATE TABLE `fortune_method_details` (
  `id` bigint(20) unsigned NOT NULL AUTO_INCREMENT,
  `fortune_teller_id` int(11) NOT NULL,
  `fortune_method_id` int(11) NOT NULL,
  `created_at` timestamp NULL DEFAULT NULL,
  `updated_at` timestamp NULL DEFAULT NULL,
  PRIMARY KEY (`id`)
) ENGINE=InnoDB AUTO_INCREMENT=326 DEFAULT CHARSET=utf8mb4 COLLATE=utf8mb4_unicode_ci;

--
-- Dumping data for table `fortune_method_details`
--

INSERT INTO `fortune_method_details` VALUES (1,26,27,'2020-08-21 01:39:31','2020-08-21 01:39:31'),(2,26,24,'2020-08-21 01:39:31','2020-08-21 01:39:31'),(3,27,27,'2020-08-21 01:41:16','2020-08-21 01:41:16'),(4,27,26,'2020-08-21 01:41:16','2020-08-21 01:41:16'),(5,28,27,'2020-08-21 01:43:43','2020-08-21 01:43:43'),(6,28,24,'2020-08-21 01:43:43','2020-08-21 01:43:43'),(44,31,27,'2020-08-21 02:10:28','2020-08-21 02:10:28'),(70,30,27,'2020-08-23 21:14:38','2020-08-23 21:14:38'),(71,30,26,'2020-08-23 21:14:38','2020-08-23 21:14:38'),(82,29,27,'2020-08-24 21:07:41','2020-08-24 21:07:41'),(83,29,25,'2020-08-24 21:07:41','2020-08-24 21:07:41'),(84,29,24,'2020-08-24 21:07:41','2020-08-24 21:07:41'),(85,29,22,'2020-08-24 21:07:41','2020-08-24 21:07:41'),(86,29,20,'2020-08-24 21:07:41','2020-08-24 21:07:41'),(87,29,2,'2020-08-24 21:07:41','2020-08-24 21:07:41'),(88,29,1,'2020-08-24 21:07:41','2020-08-24 21:07:41'),(91,70,2,'2020-08-25 02:37:16','2020-08-25 02:37:16'),(92,70,1,'2020-08-25 02:37:16','2020-08-25 02:37:16'),(93,46,1,'2020-08-25 02:37:30','2020-08-25 02:37:30'),(102,10,27,'2020-08-27 11:18:21','2020-08-27 11:18:21'),(103,10,2,'2020-08-27 11:18:21','2020-08-27 11:18:21'),(106,80,27,'2020-09-01 04:33:41','2020-09-01 04:33:41'),(107,80,24,'2020-09-01 04:33:41','2020-09-01 04:33:41'),(144,82,28,'2020-09-27 12:58:10','2020-09-27 12:58:10'),(145,82,29,'2020-09-27 12:58:10','2020-09-27 12:58:10'),(146,82,20,'2020-09-27 12:58:10','2020-09-27 12:58:10'),(147,82,30,'2020-09-27 12:58:10','2020-09-27 12:58:10'),(148,82,4,'2020-09-27 12:58:10','2020-09-27 12:58:10'),(149,82,31,'2020-09-27 12:58:10','2020-09-27 12:58:10'),(162,86,4,'2020-10-07 02:20:00','2020-10-07 02:20:00'),(163,86,3,'2020-10-07 02:20:00','2020-10-07 02:20:00'),(164,86,5,'2020-10-07 02:20:00','2020-10-07 02:20:00'),(177,84,6,'2020-10-13 03:44:20','2020-10-13 03:44:20'),(178,84,4,'2020-10-13 03:44:20','2020-10-13 03:44:20'),(179,84,3,'2020-10-13 03:44:20','2020-10-13 03:44:20'),(180,84,11,'2020-10-13 03:44:20','2020-10-13 03:44:20'),(181,84,16,'2020-10-13 03:44:20','2020-10-13 03:44:20'),(182,84,7,'2020-10-13 03:44:20','2020-10-13 03:44:20'),(183,84,10,'2020-10-13 03:44:20','2020-10-13 03:44:20'),(184,84,12,'2020-10-13 03:44:20','2020-10-13 03:44:20'),(185,84,5,'2020-10-13 03:44:20','2020-10-13 03:44:20'),(226,88,6,'2020-10-13 06:46:44','2020-10-13 06:46:44'),(227,88,5,'2020-10-13 06:46:44','2020-10-13 06:46:44'),(228,88,4,'2020-10-13 06:46:44','2020-10-13 06:46:44'),(229,88,7,'2020-10-13 06:46:44','2020-10-13 06:46:44'),(230,88,3,'2020-10-13 06:46:44','2020-10-13 06:46:44'),(231,88,12,'2020-10-13 06:46:44','2020-10-13 06:46:44'),(232,88,11,'2020-10-13 06:46:44','2020-10-13 06:46:44'),(233,88,10,'2020-10-13 06:46:44','2020-10-13 06:46:44'),(234,88,16,'2020-10-13 06:46:44','2020-10-13 06:46:44'),(235,88,20,'2020-10-13 06:46:44','2020-10-13 06:46:44'),(236,87,4,'2020-10-16 06:53:55','2020-10-16 06:53:55'),(237,87,3,'2020-10-16 06:53:55','2020-10-16 06:53:55'),(287,90,4,'2020-11-04 05:37:02','2020-11-04 05:37:02'),(288,90,6,'2020-11-04 05:37:02','2020-11-04 05:37:02'),(289,90,3,'2020-11-04 05:37:02','2020-11-04 05:37:02'),(290,90,13,'2020-11-04 05:37:02','2020-11-04 05:37:02'),(291,90,16,'2020-11-04 05:37:02','2020-11-04 05:37:02'),(292,90,21,'2020-11-04 05:37:02','2020-11-04 05:37:02'),(293,90,28,'2020-11-04 05:37:02','2020-11-04 05:37:02'),(294,90,29,'2020-11-04 05:37:02','2020-11-04 05:37:02'),(295,90,37,'2020-11-04 05:37:02','2020-11-04 05:37:02'),(296,90,38,'2020-11-04 05:37:02','2020-11-04 05:37:02'),(297,90,39,'2020-11-04 05:37:02','2020-11-04 05:37:02'),(298,90,34,'2020-11-04 05:37:02','2020-11-04 05:37:02'),(299,90,40,'2020-11-04 05:37:02','2020-11-04 05:37:02'),(300,89,29,'2020-11-06 04:20:19','2020-11-06 04:20:19'),(301,89,28,'2020-11-06 04:20:19','2020-11-06 04:20:19'),(302,89,13,'2020-11-06 04:20:19','2020-11-06 04:20:19'),(303,89,4,'2020-11-06 04:20:19','2020-11-06 04:20:19'),(304,89,25,'2020-11-06 04:20:19','2020-11-06 04:20:19'),(314,85,4,'2020-11-17 04:27:05','2020-11-17 04:27:05'),(315,85,3,'2020-11-17 04:27:05','2020-11-17 04:27:05'),(316,85,5,'2020-11-17 04:27:05','2020-11-17 04:27:05'),(319,91,6,'2020-11-17 12:39:29','2020-11-17 12:39:29'),(320,91,9,'2020-11-17 12:39:29','2020-11-17 12:39:29'),(321,91,19,'2020-11-17 12:39:29','2020-11-17 12:39:29'),(322,91,15,'2020-11-17 12:39:29','2020-11-17 12:39:29'),(323,91,4,'2020-11-17 12:39:29','2020-11-17 12:39:29'),(324,92,6,'2020-11-24 09:01:22','2020-11-24 09:01:22'),(325,92,15,'2020-11-24 09:01:22','2020-11-24 09:01:22');

--
-- Table structure for table `fortune_methods`
--

CREATE TABLE `fortune_methods` (
  `id` bigint(20) unsigned NOT NULL AUTO_INCREMENT,
  `name` varchar(255) COLLATE utf8mb4_unicode_ci NOT NULL,
  `slug` varchar(255) COLLATE utf8mb4_unicode_ci DEFAULT NULL,
  `description` text COLLATE utf8mb4_unicode_ci DEFAULT NULL,
  `top_name` varchar(255) COLLATE utf8mb4_unicode_ci DEFAULT NULL,
  `logo` varchar(255) COLLATE utf8mb4_unicode_ci DEFAULT NULL,
  `order` int(11) NOT NULL DEFAULT 0,
  `show_top` smallint(6) NOT NULL DEFAULT 0,
  `is_activated` tinyint(1) NOT NULL DEFAULT 1,
  `is_deleted` tinyint(1) NOT NULL DEFAULT 0,
  `created_at` timestamp NULL DEFAULT NULL,
  `updated_at` timestamp NULL DEFAULT NULL,
  PRIMARY KEY (`id`)
) ENGINE=InnoDB AUTO_INCREMENT=41 DEFAULT CHARSET=utf8mb4 COLLATE=utf8mb4_unicode_ci;

--
-- Dumping data for table `fortune_methods`
--

INSERT INTO `fortune_methods` VALUES (1,'awew','awew','awew',NULL,NULL,3,0,1,1,'2020-08-16 23:11:09','2020-09-24 18:45:48'),(2,'4343','4343','343',NULL,NULL,4,0,1,1,'2020-08-16 23:11:27','2020-09-24 18:45:53'),(3,'タロット占い（インスピレーション）','タロット占い（インスピレーション）','タロット占い（インスピレーション）',NULL,NULL,3,0,1,0,'2020-08-17 00:05:34','2020-10-06 03:33:25'),(4,'タロット占い','tarot-fortune-telling','タロット占い',NULL,NULL,2,0,1,0,'2020-08-17 00:05:34','2020-10-09 02:44:28'),(5,'西洋占星術','西洋占星術','西洋占星術',NULL,NULL,4,0,1,0,'2020-08-17 00:05:34','2020-10-06 03:33:25'),(6,'四柱推命','fourpillarsofdestiny','四柱推命',NULL,NULL,1,0,1,0,'2020-08-17 00:05:34','2020-10-09 02:44:25'),(7,'インスピレーション占い','インスピレーション占い','インスピレーション占い',NULL,NULL,5,0,1,0,'2020-08-17 00:05:34','2020-10-06 03:33:25'),(8,'姓名判断','姓名判断','姓名判断',NULL,NULL,6,0,1,0,'2020-08-17 00:05:34','2020-10-06 03:33:25'),(9,'風水','風水','風水',NULL,NULL,7,0,1,0,'2020-08-17 00:05:34','2020-10-06 03:33:25'),(10,'算命学','算命学','算命学',NULL,NULL,8,0,1,0,'2020-08-17 00:05:34','2020-10-06 03:33:25'),(11,'宿曜占星術','宿曜占星術','宿曜占星術',NULL,NULL,9,0,1,0,'2020-08-17 00:05:34','2020-10-06 03:33:25'),(12,'数秘術','数秘術','数秘術',NULL,NULL,10,0,1,0,'2020-08-17 00:05:34','2020-10-06 03:33:25'),(13,'易占い（周易）','易占い（周易）','易占い（周易）',NULL,NULL,11,0,1,0,'2020-08-17 00:05:34','2020-10-06 03:33:25'),(14,'易占い（断易）','易占い（断易）','易占い（断易）',NULL,NULL,14,0,1,1,'2020-08-17 00:05:34','2020-09-24 18:46:11'),(15,'手相占い','手相占い','手相占い',NULL,NULL,12,0,1,0,'2020-08-17 00:05:34','2020-10-06 03:33:25'),(16,'九星気学','九星気学','九星気学',NULL,NULL,13,0,1,0,'2020-08-17 00:05:34','2020-10-06 03:33:25'),(17,'紫微斗数','紫微斗数','紫微斗数',NULL,NULL,14,0,1,0,'2020-08-17 00:05:34','2020-10-06 03:33:25'),(18,'方位','方位','方位',NULL,NULL,15,0,1,0,'2020-08-17 00:05:34','2020-10-06 03:33:25'),(19,'家相','家相','家相',NULL,NULL,16,0,1,0,'2020-08-17 00:05:34','2020-09-24 19:05:31'),(20,'ルーン占い','ルーン占い','ルーン占い',NULL,NULL,17,0,1,0,'2020-08-17 00:05:34','2020-09-24 19:05:31'),(21,'ダウジング','ダウジング','ダウジング',NULL,NULL,18,0,1,0,'2020-08-17 00:05:34','2020-09-24 19:05:31'),(22,'夢占い・夢診断','夢占い・夢診断','夢占い・夢診断',NULL,NULL,19,0,1,0,'2020-08-17 00:05:34','2020-09-24 19:05:31'),(23,'奇門遁甲','奇門遁甲','奇門遁甲',NULL,NULL,20,0,1,0,'2020-08-17 00:05:34','2020-09-24 19:05:31'),(24,'エンジェルカード占い','エンジェルカード占い','エンジェルカード占い',NULL,NULL,21,0,1,0,'2020-08-17 00:05:34','2020-09-24 19:05:31'),(25,'オラクルカード占い','オラクルカード占い','オラクルカード占い',NULL,NULL,22,0,1,0,'2020-08-17 00:05:34','2020-09-24 19:05:31'),(26,'水晶占い','水晶占い','水晶占い',NULL,NULL,23,0,1,0,'2020-08-17 00:05:34','2020-09-24 19:05:31'),(27,'トランプ占い','トランプ占い','トランプ占い',NULL,NULL,24,0,1,0,'2020-08-17 00:05:34','2020-09-24 19:05:31'),(28,'霊感','霊感',NULL,'霊感・霊視占い','a29d7d089add1e154a4e482d976d73f4.png',25,1,1,0,'2020-09-15 03:32:52','2020-12-22 04:07:55'),(29,'霊視','霊視',NULL,NULL,NULL,31,0,0,0,'2020-09-15 04:14:15','2020-09-29 06:45:25'),(30,'霊聴','霊聴',NULL,NULL,NULL,32,0,0,0,'2020-09-15 04:14:37','2020-09-24 19:05:31'),(31,'霊感タロット','霊感タロット',NULL,'霊感タロット','694eae2438d84d07e63347bf319a7257.png',30,1,1,0,'2020-09-15 04:14:51','2020-12-22 04:24:30'),(32,'透視','透視',NULL,'透視','b0d77d719d4a00e0374beef8042b8768.png',26,1,1,0,'2020-09-21 04:28:42','2020-12-22 04:07:43'),(33,'守護霊対話','守護霊対話',NULL,'守護霊対話','8b925e1a4cc8b3308a66a8ab300e1d35.png',27,1,1,0,'2020-09-21 04:35:58','2020-12-22 04:08:07'),(34,'波動修正','波動修正',NULL,'波動修正','0ce9c17a1c54932c975743fd297a2b10.png',28,1,1,0,'2020-09-21 04:40:05','2020-12-22 04:08:18'),(35,'遠隔ヒーリング','遠隔ヒーリング',NULL,'遠隔ヒーリング','10a9da446dbc9c2878f16f216542358f.png',29,1,1,0,'2020-09-21 04:43:16','2020-12-22 04:08:25'),(36,'test','test','test',NULL,NULL,33,0,1,1,'2020-10-14 07:56:58','2020-10-14 07:57:22'),(37,'梅花心易','バイカシンエキ',NULL,'','',33,0,1,0,'2020-11-04 05:16:49','2020-11-04 05:16:49'),(38,'断易','ダンエキ',NULL,'','',34,0,1,0,'2020-11-04 05:17:24','2020-11-04 05:17:24'),(39,'開運方位鑑定','カイウンホウイカンテイ',NULL,'','',35,0,1,0,'2020-11-04 05:17:48','2020-11-04 05:17:48'),(40,'波動書き換え','ハドウカキカエ',NULL,'','',36,0,1,0,'2020-11-04 05:18:18','2020-11-04 05:18:18');

--
-- Table structure for table `fortune_reviews`
--

CREATE TABLE `fortune_reviews` (
  `id` bigint(20) unsigned NOT NULL AUTO_INCREMENT,
  `fortune_teller_id` int(11) NOT NULL,
  `name` varchar(255) COLLATE utf8mb4_unicode_ci NOT NULL,
  `rate` double(2,1) NOT NULL DEFAULT 0.0,
  `content` text COLLATE utf8mb4_unicode_ci DEFAULT NULL,
  `like` int(11) NOT NULL DEFAULT 0,
  `avatar` varchar(255) COLLATE utf8mb4_unicode_ci DEFAULT NULL,
  `color` varchar(255) COLLATE utf8mb4_unicode_ci NOT NULL DEFAULT '#fff',
  `image_text` varchar(255) COLLATE utf8mb4_unicode_ci DEFAULT NULL,
  `created_at` timestamp NULL DEFAULT NULL,
  `updated_at` timestamp NULL DEFAULT NULL,
  PRIMARY KEY (`id`)
) ENGINE=InnoDB AUTO_INCREMENT=7 DEFAULT CHARSET=utf8mb4 COLLATE=utf8mb4_unicode_ci;

--
-- Dumping data for table `fortune_reviews`
--

INSERT INTO `fortune_reviews` VALUES (2,80,'藤和エリオ',4.4,'ラーメン屋で一蘭がいちばん。一蘭では西通りがいちばん。釜だれとんこつおいしい。重箱に入ってることも味を倍増させてる気がします。個室もあります。ただお土産用の釜だれとんこつは微妙。お店のスープは全く再現されてなかった。',0,NULL,'#fff',NULL,'2020-09-01 04:33:41','2020-09-01 04:33:41'),(5,82,'Test',2.8,'Test',0,NULL,'#d0219d','T','2020-09-24 17:00:00','2020-09-27 12:58:10'),(6,89,'とても満足でした！',4.7,'彼との復縁について、相談しましたが。先生の適格な答えに助けられました。',0,NULL,'#c8dfb5','と','2020-11-06 04:20:19','2020-11-06 04:20:19');

--
-- Table structure for table `fortune_schedules`
--

CREATE TABLE `fortune_schedules` (
  `id` bigint(20) unsigned NOT NULL AUTO_INCREMENT,
  `schedule_id` int(11) NOT NULL,
  `fortune_teller_id` int(11) NOT NULL,
  `time_8` int(11) NOT NULL DEFAULT 0,
  `time_9` int(11) NOT NULL DEFAULT 0,
  `time_10` int(11) NOT NULL DEFAULT 0,
  `time_11` int(11) NOT NULL DEFAULT 0,
  `time_12` int(11) NOT NULL DEFAULT 0,
  `time_13` int(11) NOT NULL DEFAULT 0,
  `time_14` int(11) NOT NULL DEFAULT 0,
  `time_15` int(11) NOT NULL DEFAULT 0,
  `time_16` int(11) NOT NULL DEFAULT 0,
  `time_17` int(11) NOT NULL DEFAULT 0,
  `time_18` int(11) NOT NULL DEFAULT 0,
  `time_19` int(11) NOT NULL DEFAULT 0,
  `time_20` int(11) NOT NULL DEFAULT 0,
  `time_21` int(11) NOT NULL DEFAULT 0,
  `time_22` int(11) NOT NULL DEFAULT 0,
  `time_23` int(11) NOT NULL DEFAULT 0,
  `time_24` int(11) NOT NULL DEFAULT 0,
  `time_1` int(11) NOT NULL DEFAULT 0,
  `created_at` timestamp NULL DEFAULT NULL,
  `updated_at` timestamp NULL DEFAULT NULL,
  PRIMARY KEY (`id`)
) ENGINE=InnoDB AUTO_INCREMENT=226 DEFAULT CHARSET=utf8mb4 COLLATE=utf8mb4_unicode_ci;

--
-- Dumping data for table `fortune_schedules`
--

INSERT INTO `fortune_schedules` VALUES (40,10,29,0,0,0,0,0,0,0,0,0,0,0,0,0,0,0,0,0,0,'2020-08-24 21:07:41','2020-08-24 21:07:41'),(41,11,29,0,0,0,0,0,0,0,0,0,0,0,0,0,0,0,0,0,0,'2020-08-24 21:07:41','2020-08-24 21:07:41'),(42,12,29,0,0,0,0,0,0,0,0,0,0,0,0,0,0,0,0,0,0,'2020-08-24 21:07:41','2020-08-24 21:07:41'),(43,13,29,0,0,0,0,0,0,0,0,0,0,0,0,0,0,0,0,0,0,'2020-08-24 21:07:41','2020-08-24 21:07:41'),(44,14,29,0,0,0,0,0,0,0,0,0,0,0,0,0,0,0,0,0,0,'2020-08-24 21:07:41','2020-08-24 21:07:41'),(45,15,29,0,0,0,0,0,0,0,0,0,0,0,0,0,0,0,0,0,0,'2020-08-24 21:07:41','2020-08-24 21:07:41'),(46,16,29,0,0,0,0,0,0,0,0,0,0,0,0,0,0,0,0,0,0,'2020-08-24 21:07:41','2020-08-24 21:07:41'),(54,10,70,0,0,0,0,0,0,0,0,0,0,0,0,0,0,0,0,0,0,'2020-08-25 02:37:16','2020-08-25 02:37:16'),(55,11,70,0,0,0,0,0,0,0,0,0,0,0,0,0,0,0,0,0,0,'2020-08-25 02:37:16','2020-08-25 02:37:16'),(56,12,70,0,0,0,0,0,0,0,0,0,0,0,0,0,0,0,0,0,0,'2020-08-25 02:37:16','2020-08-25 02:37:16'),(57,13,70,0,0,0,0,0,0,0,0,0,0,0,0,0,0,0,0,0,0,'2020-08-25 02:37:16','2020-08-25 02:37:16'),(58,14,70,0,0,0,0,0,0,0,0,0,0,0,0,0,0,0,0,0,0,'2020-08-25 02:37:16','2020-08-25 02:37:16'),(59,15,70,0,0,0,0,0,0,0,0,0,0,0,0,0,0,0,0,0,0,'2020-08-25 02:37:16','2020-08-25 02:37:16'),(60,16,70,0,0,0,0,0,0,0,0,0,0,0,0,0,0,0,0,0,0,'2020-08-25 02:37:16','2020-08-25 02:37:16'),(61,10,46,0,0,0,0,0,0,0,0,0,0,0,0,0,0,0,0,0,0,'2020-08-25 02:37:30','2020-08-25 02:37:30'),(62,11,46,0,0,0,0,0,0,0,0,0,0,0,0,0,0,0,0,0,0,'2020-08-25 02:37:30','2020-08-25 02:37:30'),(63,12,46,0,0,0,0,0,0,0,0,0,0,0,0,0,0,0,0,0,0,'2020-08-25 02:37:30','2020-08-25 02:37:30'),(64,13,46,0,0,0,0,0,0,0,0,0,0,0,0,0,0,0,0,0,0,'2020-08-25 02:37:30','2020-08-25 02:37:30'),(65,14,46,0,0,0,0,0,0,0,0,0,0,0,0,0,0,0,0,0,0,'2020-08-25 02:37:30','2020-08-25 02:37:30'),(66,15,46,0,0,0,0,0,0,0,0,0,0,0,0,0,0,0,0,0,0,'2020-08-25 02:37:30','2020-08-25 02:37:30'),(67,16,46,0,0,0,0,0,0,0,0,0,0,0,0,0,0,0,0,0,0,'2020-08-25 02:37:30','2020-08-25 02:37:30'),(88,12,10,0,0,0,0,0,0,0,0,0,0,0,0,0,0,0,0,0,0,'2020-08-27 11:18:21','2020-08-27 11:18:21'),(89,13,10,0,0,0,0,0,0,0,0,0,0,0,0,0,0,0,0,0,0,'2020-08-27 11:18:21','2020-08-27 11:18:21'),(90,14,10,0,0,0,0,0,0,0,0,0,0,0,0,0,0,0,0,0,0,'2020-08-27 11:18:21','2020-08-27 11:18:21'),(91,15,10,0,0,0,0,0,0,0,0,0,0,0,0,0,0,0,0,0,0,'2020-08-27 11:18:21','2020-08-27 11:18:21'),(92,16,10,1,2,0,0,0,0,0,0,0,0,0,0,0,0,0,0,0,0,'2020-08-27 11:18:21','2020-08-27 11:18:21'),(93,17,80,0,0,0,0,0,0,0,0,0,0,0,0,0,0,0,0,0,0,'2020-09-01 04:33:41','2020-09-01 04:33:41'),(94,19,80,0,0,0,0,0,0,0,0,0,0,0,0,0,0,0,0,0,0,'2020-09-01 04:33:41','2020-09-01 04:33:41'),(95,20,80,0,0,0,0,0,0,0,0,0,0,0,0,0,0,0,0,0,0,'2020-09-01 04:33:41','2020-09-01 04:33:41'),(96,21,80,0,0,0,0,0,0,0,0,0,0,0,0,0,0,0,0,0,0,'2020-09-01 04:33:41','2020-09-01 04:33:41'),(97,22,80,0,0,0,0,0,0,0,0,0,0,0,0,0,0,0,0,0,0,'2020-09-01 04:33:41','2020-09-01 04:33:41'),(98,18,80,0,0,0,0,0,0,0,0,0,0,0,0,0,0,0,0,0,0,'2020-09-01 04:33:41','2020-09-01 04:33:41'),(99,30,81,0,0,0,0,0,0,0,0,0,0,0,0,0,0,0,0,0,0,'2020-09-15 03:34:58','2020-09-15 03:34:58'),(100,31,81,0,0,0,0,0,0,0,0,0,0,0,0,0,0,0,0,0,0,'2020-09-15 03:34:58','2020-09-15 03:34:58'),(143,80,90,0,0,0,0,0,0,0,0,0,0,0,0,0,0,1,1,1,1,'2020-11-04 05:37:02','2020-11-04 05:37:02'),(144,81,90,0,0,0,0,0,0,0,0,0,0,0,0,0,0,1,1,1,1,'2020-11-04 05:37:02','2020-11-04 05:37:02'),(145,82,90,0,0,0,0,0,0,0,0,0,0,0,0,0,0,1,1,1,1,'2020-11-04 05:37:02','2020-11-04 05:37:02'),(146,83,90,0,0,0,0,0,0,0,0,0,0,0,0,0,0,1,1,1,1,'2020-11-04 05:37:02','2020-11-04 05:37:02'),(147,84,90,0,0,0,0,0,0,0,0,0,0,0,0,0,0,1,1,1,1,'2020-11-04 05:37:02','2020-11-04 05:37:02'),(148,85,90,0,0,0,0,0,0,0,0,0,0,0,0,0,0,1,1,1,1,'2020-11-04 05:37:02','2020-11-04 05:37:02'),(149,86,90,0,0,0,0,0,0,0,0,0,0,0,0,0,0,1,1,1,1,'2020-11-04 05:37:02','2020-11-04 05:37:02'),(150,82,89,0,0,0,0,0,0,0,0,0,0,0,0,0,0,0,0,0,0,'2020-11-06 04:20:19','2020-11-06 04:20:19'),(151,83,89,0,0,0,0,0,0,0,0,0,0,0,0,0,0,0,0,0,0,'2020-11-06 04:20:19','2020-11-06 04:20:19'),(152,84,89,0,0,0,0,0,0,0,0,0,0,0,0,0,0,0,0,0,0,'2020-11-06 04:20:19','2020-11-06 04:20:19'),(153,85,89,0,0,0,0,0,0,0,0,0,0,0,0,0,0,0,0,0,0,'2020-11-06 04:20:19','2020-11-06 04:20:19'),(154,86,89,0,0,0,0,0,0,0,0,0,0,0,0,0,0,0,0,0,0,'2020-11-06 04:20:19','2020-11-06 04:20:19'),(155,87,89,0,0,0,0,0,0,0,0,0,0,0,0,0,0,0,0,0,0,'2020-11-06 04:20:19','2020-11-06 04:20:19'),(156,88,89,0,0,0,0,0,0,0,0,0,0,0,0,0,0,0,0,0,0,'2020-11-06 04:20:19','2020-11-06 04:20:19'),(178,93,85,0,0,0,0,0,0,0,0,0,0,0,0,0,0,0,0,0,0,'2020-11-17 04:27:05','2020-11-17 04:27:05'),(179,94,85,0,0,0,0,0,0,0,0,0,0,0,0,0,0,0,0,0,0,'2020-11-17 04:27:05','2020-11-17 04:27:05'),(180,95,85,0,0,0,0,0,0,0,0,0,0,0,0,0,0,0,0,0,0,'2020-11-17 04:27:05','2020-11-17 04:27:05'),(181,96,85,0,0,0,0,0,0,0,0,0,0,0,0,0,0,0,0,0,0,'2020-11-17 04:27:05','2020-11-17 04:27:05'),(182,97,85,0,0,0,0,0,0,0,0,0,0,0,0,0,0,0,0,0,0,'2020-11-17 04:27:05','2020-11-17 04:27:05'),(183,98,85,0,0,0,0,0,0,0,0,0,0,0,0,0,0,0,0,0,0,'2020-11-17 04:27:05','2020-11-17 04:27:05'),(184,99,85,0,0,0,0,0,0,0,0,0,0,0,0,0,0,0,0,0,0,'2020-11-17 04:27:05','2020-11-17 04:27:05'),(199,93,91,0,0,0,0,0,0,0,0,0,0,0,0,0,0,0,0,0,0,'2020-11-17 12:39:29','2020-11-17 12:39:29'),(200,94,91,0,0,0,0,0,0,0,0,0,0,0,0,0,0,0,0,0,0,'2020-11-17 12:39:29','2020-11-17 12:39:29'),(201,95,91,0,0,0,0,0,0,0,0,0,0,0,0,0,0,0,0,0,0,'2020-11-17 12:39:29','2020-11-17 12:39:29'),(202,96,91,0,0,0,0,0,0,0,0,0,0,0,0,0,0,0,0,0,0,'2020-11-17 12:39:29','2020-11-17 12:39:29'),(203,97,91,0,0,0,0,0,0,0,0,0,0,0,0,0,0,0,0,0,0,'2020-11-17 12:39:29','2020-11-17 12:39:29'),(204,98,91,0,0,0,0,0,0,0,0,0,0,0,0,0,0,0,0,0,0,'2020-11-17 12:39:29','2020-11-17 12:39:29'),(205,99,91,0,0,0,0,0,0,0,0,0,0,0,0,0,0,0,0,0,0,'2020-11-17 12:39:29','2020-11-17 12:39:29'),(213,100,92,0,0,0,0,0,0,0,0,0,0,0,0,0,0,0,0,0,0,'2020-11-24 09:01:22','2020-11-24 09:01:22'),(214,101,92,0,0,0,0,0,0,0,0,0,0,0,0,0,0,0,0,0,0,'2020-11-24 09:01:22','2020-11-24 09:01:22'),(215,102,92,0,0,0,0,0,0,0,0,0,0,0,0,0,0,0,0,0,0,'2020-11-24 09:01:22','2020-11-24 09:01:22'),(216,103,92,0,0,0,0,0,0,0,0,0,0,0,0,0,0,0,0,0,0,'2020-11-24 09:01:22','2020-11-24 09:01:22'),(217,104,92,0,0,0,0,0,0,0,0,0,0,0,0,0,0,0,0,0,0,'2020-11-24 09:01:22','2020-11-24 09:01:22'),(218,105,92,0,0,0,0,0,0,0,0,0,0,0,0,0,0,0,0,0,0,'2020-11-24 09:01:22','2020-11-24 09:01:22'),(219,106,92,0,0,0,0,0,0,0,0,0,0,0,0,0,0,0,0,0,0,'2020-11-24 09:01:22','2020-11-24 09:01:22'),(220,101,93,0,0,0,0,0,0,0,0,0,0,0,0,0,0,0,0,0,0,'2020-11-25 04:15:37','2020-11-25 04:15:37'),(221,102,93,0,0,0,0,0,0,0,0,0,0,0,0,0,0,0,0,0,0,'2020-11-25 04:15:37','2020-11-25 04:15:37'),(222,103,93,0,0,0,0,0,0,0,0,0,0,0,0,0,0,0,0,0,0,'2020-11-25 04:15:37','2020-11-25 04:15:37'),(223,104,93,0,0,0,0,0,0,0,0,0,0,0,0,0,0,0,0,0,0,'2020-11-25 04:15:37','2020-11-25 04:15:37'),(224,105,93,0,0,0,0,0,0,0,0,0,0,0,0,0,0,0,0,0,0,'2020-11-25 04:15:37','2020-11-25 04:15:37'),(225,106,93,0,0,0,0,0,0,0,0,0,0,0,0,0,0,0,0,0,0,'2020-11-25 04:15:37','2020-11-25 04:15:37');

--
-- Table structure for table `fortune_teller_files`
--

CREATE TABLE `fortune_teller_files` (
  `id` bigint(20) unsigned NOT NULL AUTO_INCREMENT,
  `fortune_teller_id` int(11) NOT NULL,
  `name` varchar(255) COLLATE utf8mb4_unicode_ci NOT NULL,
  `file_name` varchar(255) COLLATE utf8mb4_unicode_ci DEFAULT NULL,
  `file_type` varchar(255) COLLATE utf8mb4_unicode_ci DEFAULT NULL,
  `extension` varchar(255) COLLATE utf8mb4_unicode_ci DEFAULT NULL,
  `url` varchar(255) COLLATE utf8mb4_unicode_ci DEFAULT NULL,
  `type` varchar(255) COLLATE utf8mb4_unicode_ci DEFAULT NULL,
  `created_at` timestamp NULL DEFAULT NULL,
  `updated_at` timestamp NULL DEFAULT NULL,
  PRIMARY KEY (`id`)
) ENGINE=InnoDB AUTO_INCREMENT=691 DEFAULT CHARSET=utf8mb4 COLLATE=utf8mb4_unicode_ci;

--
-- Dumping data for table `fortune_teller_files`
--

INSERT INTO `fortune_teller_files` VALUES (1,4,'9456dfdd774814c2bb607d6a6ca3f53f.png','9456dfdd774814c2bb607d6a6ca3f53f.png',NULL,NULL,NULL,'slider','2020-08-10 19:49:13','2020-08-10 19:49:13'),(2,4,'508563a4a403b17259e3738b8f90019f.jpg','508563a4a403b17259e3738b8f90019f.jpg',NULL,NULL,NULL,'slider','2020-08-10 19:49:13','2020-08-10 19:49:13'),(3,4,'b496ac0b58c49946cf4a849be268c14d.jpg','b496ac0b58c49946cf4a849be268c14d.jpg',NULL,NULL,NULL,'slider','2020-08-10 19:49:13','2020-08-10 19:49:13'),(9,5,'niko-photos-tGTVxeOr_Rs-unsplash.jpg','3aa94a99e2a9250e240f96ffff115db4.jpg',NULL,NULL,NULL,'slider','2020-08-10 21:47:39','2020-08-10 21:47:39'),(10,5,'marius-muresan-M5l-xJeD1ZM-unsplash.jpg','99a6971dbba49484a75802b09b156a5a.jpg',NULL,NULL,NULL,'slider','2020-08-10 21:47:39','2020-08-10 21:47:39'),(11,5,'DeepinScreenshot_select-area_20191225002354.png','e6508ee158eefd16b017f2e0bb02d54f.png',NULL,NULL,NULL,'slider','2020-08-10 21:47:39','2020-08-10 21:47:39'),(12,5,'faruk-kaymak-KTsg_xKnB3E-unsplash.jpg','f80c3dff797eda2cbb25cdeaeb0ba91d.jpg',NULL,NULL,NULL,'slider','2020-08-10 21:47:39','2020-08-10 21:47:39'),(13,5,'DeepinScreenshot_select-area_20191225002318.png','58821857b8631f7ec7d0eac2e85f7276.png',NULL,NULL,NULL,'slider','2020-08-10 21:47:39','2020-08-10 21:47:39'),(17,6,'faruk-kaymak-KTsg_xKnB3E-unsplash.jpg','06c15432b6b6a3cb6124d1509e0901ff.jpg',NULL,NULL,NULL,'slider','2020-08-10 22:03:56','2020-08-10 22:03:56'),(18,6,'78883353_2486570271465005_38677576364851200_n.jpg','40e3c504f9465f3e9c24fe7222eeb017.jpg',NULL,NULL,NULL,'slider','2020-08-10 22:03:56','2020-08-10 22:03:56'),(19,6,'DeepinScreenshot_select-area_20191225002354.png','2a421f1f6f68569b9f8554aa64fb1144.png',NULL,NULL,NULL,'gallery','2020-08-10 22:03:56','2020-08-10 22:03:56'),(20,6,'DeepinScreenshot_select-area_20191225002318.png','a2a15ff27db4d0f57019467e6c3fe1f1.png',NULL,NULL,NULL,'gallery','2020-08-10 22:03:56','2020-08-10 22:03:56'),(21,6,'Screenshot from 2019-12-09 23-29-02.png','1aba98806d7b747f853827d843108427.png',NULL,NULL,NULL,'gallery','2020-08-10 22:03:56','2020-08-10 22:03:56'),(22,6,'faruk-kaymak-KTsg_xKnB3E-unsplash.jpg','6aaca1a8aa48fa1282de44861e6231da.jpg',NULL,NULL,NULL,'gallery','2020-08-10 22:03:56','2020-08-10 22:03:56'),(23,6,'niko-photos-tGTVxeOr_Rs-unsplash.jpg','9ea9ab66f215f266b9b2bd78023b2ea4.jpg',NULL,NULL,NULL,'gallery','2020-08-10 22:03:56','2020-08-10 22:03:56'),(24,7,'niko-photos-tGTVxeOr_Rs-unsplash.jpg','14e2a5819bbafaf30177efbb7b68944a.jpg',NULL,NULL,NULL,'slider','2020-08-10 22:12:24','2020-08-10 22:12:24'),(25,7,'DeepinScreenshot_select-area_20191225002354.png','37ebb3bab9a82de70d83a224a6d0fe35.png',NULL,NULL,NULL,'gallery','2020-08-10 22:12:24','2020-08-10 22:12:24'),(26,7,'faruk-kaymak-KTsg_xKnB3E-unsplash.jpg','49677ff881b54e270b755c2b822a5928.jpg',NULL,NULL,NULL,'gallery','2020-08-10 22:12:24','2020-08-10 22:12:24'),(27,8,'niko-photos-tGTVxeOr_Rs-unsplash.jpg','1d66741cdf3f76edf0985de965e009cd.jpg',NULL,NULL,NULL,'slider','2020-08-11 02:40:10','2020-08-11 02:40:10'),(28,8,'faruk-kaymak-KTsg_xKnB3E-unsplash.jpg','1b466035307392b69010e3f500079f04.jpg',NULL,NULL,NULL,'gallery','2020-08-11 02:40:10','2020-08-11 02:40:10'),(29,9,'niko-photos-tGTVxeOr_Rs-unsplash.jpg','1d66741cdf3f76edf0985de965e009cd.jpg',NULL,NULL,NULL,'slider','2020-08-11 02:43:38','2020-08-11 02:43:38'),(30,9,'faruk-kaymak-KTsg_xKnB3E-unsplash.jpg','1b466035307392b69010e3f500079f04.jpg',NULL,NULL,NULL,'gallery','2020-08-11 02:43:38','2020-08-11 02:43:38'),(63,11,'2.jpg','6492cb473152ccbdc5c57bcf1850abbd.jpg',NULL,NULL,NULL,'slider','2020-08-20 20:43:21','2020-08-20 20:43:21'),(64,11,'4.jpg','e057626c256dbec046c7bc5ccaf97214.jpg',NULL,NULL,NULL,'slider','2020-08-20 20:43:21','2020-08-20 20:43:21'),(65,11,'3.jpg','8902714f293cff2af5e850d1d5f32fbb.jpg',NULL,NULL,NULL,'slider','2020-08-20 20:43:21','2020-08-20 20:43:21'),(66,11,'1.jpg','f053ef8aab43f0d3e42d261942c4fd50.jpg',NULL,NULL,NULL,'slider','2020-08-20 20:43:21','2020-08-20 20:43:21'),(67,11,'6.jpg','b2b63ebafe3baf29163822857e4c4c29.jpg',NULL,NULL,NULL,'slider','2020-08-20 20:43:21','2020-08-20 20:43:21'),(68,11,'5.jpg','22c2c6c7d4b60cf8d11b61bdb093ee11.jpg',NULL,NULL,NULL,'slider','2020-08-20 20:43:21','2020-08-20 20:43:21'),(69,11,'faruk-kaymak-KTsg_xKnB3E-unsplash.jpg','5c39fac78fc1d6b6c334d5ec4c704ce5.jpg',NULL,NULL,NULL,'gallery','2020-08-20 20:43:21','2020-08-20 20:43:21'),(70,12,'2.jpg','6492cb473152ccbdc5c57bcf1850abbd.jpg',NULL,NULL,NULL,'slider','2020-08-20 20:43:21','2020-08-20 20:43:21'),(71,12,'4.jpg','e057626c256dbec046c7bc5ccaf97214.jpg',NULL,NULL,NULL,'slider','2020-08-20 20:43:21','2020-08-20 20:43:21'),(72,12,'3.jpg','8902714f293cff2af5e850d1d5f32fbb.jpg',NULL,NULL,NULL,'slider','2020-08-20 20:43:21','2020-08-20 20:43:21'),(73,12,'1.jpg','f053ef8aab43f0d3e42d261942c4fd50.jpg',NULL,NULL,NULL,'slider','2020-08-20 20:43:21','2020-08-20 20:43:21'),(74,12,'6.jpg','b2b63ebafe3baf29163822857e4c4c29.jpg',NULL,NULL,NULL,'slider','2020-08-20 20:43:21','2020-08-20 20:43:21'),(75,12,'5.jpg','22c2c6c7d4b60cf8d11b61bdb093ee11.jpg',NULL,NULL,NULL,'slider','2020-08-20 20:43:21','2020-08-20 20:43:21'),(76,12,'faruk-kaymak-KTsg_xKnB3E-unsplash.jpg','5c39fac78fc1d6b6c334d5ec4c704ce5.jpg',NULL,NULL,NULL,'gallery','2020-08-20 20:43:21','2020-08-20 20:43:21'),(77,13,'2.jpg','6492cb473152ccbdc5c57bcf1850abbd.jpg',NULL,NULL,NULL,'slider','2020-08-20 20:43:21','2020-08-20 20:43:21'),(78,13,'4.jpg','e057626c256dbec046c7bc5ccaf97214.jpg',NULL,NULL,NULL,'slider','2020-08-20 20:43:21','2020-08-20 20:43:21'),(79,13,'3.jpg','8902714f293cff2af5e850d1d5f32fbb.jpg',NULL,NULL,NULL,'slider','2020-08-20 20:43:21','2020-08-20 20:43:21'),(80,13,'1.jpg','f053ef8aab43f0d3e42d261942c4fd50.jpg',NULL,NULL,NULL,'slider','2020-08-20 20:43:21','2020-08-20 20:43:21'),(81,13,'6.jpg','b2b63ebafe3baf29163822857e4c4c29.jpg',NULL,NULL,NULL,'slider','2020-08-20 20:43:21','2020-08-20 20:43:21'),(82,13,'5.jpg','22c2c6c7d4b60cf8d11b61bdb093ee11.jpg',NULL,NULL,NULL,'slider','2020-08-20 20:43:21','2020-08-20 20:43:21'),(83,13,'faruk-kaymak-KTsg_xKnB3E-unsplash.jpg','5c39fac78fc1d6b6c334d5ec4c704ce5.jpg',NULL,NULL,NULL,'gallery','2020-08-20 20:43:21','2020-08-20 20:43:21'),(84,14,'2.jpg','6492cb473152ccbdc5c57bcf1850abbd.jpg',NULL,NULL,NULL,'slider','2020-08-20 20:43:21','2020-08-20 20:43:21'),(85,14,'4.jpg','e057626c256dbec046c7bc5ccaf97214.jpg',NULL,NULL,NULL,'slider','2020-08-20 20:43:21','2020-08-20 20:43:21'),(86,14,'3.jpg','8902714f293cff2af5e850d1d5f32fbb.jpg',NULL,NULL,NULL,'slider','2020-08-20 20:43:21','2020-08-20 20:43:21'),(87,14,'1.jpg','f053ef8aab43f0d3e42d261942c4fd50.jpg',NULL,NULL,NULL,'slider','2020-08-20 20:43:21','2020-08-20 20:43:21'),(88,14,'6.jpg','b2b63ebafe3baf29163822857e4c4c29.jpg',NULL,NULL,NULL,'slider','2020-08-20 20:43:21','2020-08-20 20:43:21'),(89,14,'5.jpg','22c2c6c7d4b60cf8d11b61bdb093ee11.jpg',NULL,NULL,NULL,'slider','2020-08-20 20:43:21','2020-08-20 20:43:21'),(90,14,'faruk-kaymak-KTsg_xKnB3E-unsplash.jpg','5c39fac78fc1d6b6c334d5ec4c704ce5.jpg',NULL,NULL,NULL,'gallery','2020-08-20 20:43:21','2020-08-20 20:43:21'),(91,15,'2.jpg','6492cb473152ccbdc5c57bcf1850abbd.jpg',NULL,NULL,NULL,'slider','2020-08-20 20:43:21','2020-08-20 20:43:21'),(92,15,'4.jpg','e057626c256dbec046c7bc5ccaf97214.jpg',NULL,NULL,NULL,'slider','2020-08-20 20:43:21','2020-08-20 20:43:21'),(93,15,'3.jpg','8902714f293cff2af5e850d1d5f32fbb.jpg',NULL,NULL,NULL,'slider','2020-08-20 20:43:21','2020-08-20 20:43:21'),(94,15,'1.jpg','f053ef8aab43f0d3e42d261942c4fd50.jpg',NULL,NULL,NULL,'slider','2020-08-20 20:43:21','2020-08-20 20:43:21'),(95,15,'6.jpg','b2b63ebafe3baf29163822857e4c4c29.jpg',NULL,NULL,NULL,'slider','2020-08-20 20:43:21','2020-08-20 20:43:21'),(96,15,'5.jpg','22c2c6c7d4b60cf8d11b61bdb093ee11.jpg',NULL,NULL,NULL,'slider','2020-08-20 20:43:21','2020-08-20 20:43:21'),(97,15,'faruk-kaymak-KTsg_xKnB3E-unsplash.jpg','5c39fac78fc1d6b6c334d5ec4c704ce5.jpg',NULL,NULL,NULL,'gallery','2020-08-20 20:43:21','2020-08-20 20:43:21'),(98,16,'2.jpg','6492cb473152ccbdc5c57bcf1850abbd.jpg',NULL,NULL,NULL,'slider','2020-08-20 20:43:21','2020-08-20 20:43:21'),(99,16,'4.jpg','e057626c256dbec046c7bc5ccaf97214.jpg',NULL,NULL,NULL,'slider','2020-08-20 20:43:21','2020-08-20 20:43:21'),(100,16,'3.jpg','8902714f293cff2af5e850d1d5f32fbb.jpg',NULL,NULL,NULL,'slider','2020-08-20 20:43:21','2020-08-20 20:43:21'),(101,16,'1.jpg','f053ef8aab43f0d3e42d261942c4fd50.jpg',NULL,NULL,NULL,'slider','2020-08-20 20:43:21','2020-08-20 20:43:21'),(102,16,'6.jpg','b2b63ebafe3baf29163822857e4c4c29.jpg',NULL,NULL,NULL,'slider','2020-08-20 20:43:21','2020-08-20 20:43:21'),(103,16,'5.jpg','22c2c6c7d4b60cf8d11b61bdb093ee11.jpg',NULL,NULL,NULL,'slider','2020-08-20 20:43:21','2020-08-20 20:43:21'),(104,16,'faruk-kaymak-KTsg_xKnB3E-unsplash.jpg','5c39fac78fc1d6b6c334d5ec4c704ce5.jpg',NULL,NULL,NULL,'gallery','2020-08-20 20:43:21','2020-08-20 20:43:21'),(105,17,'2.jpg','6492cb473152ccbdc5c57bcf1850abbd.jpg',NULL,NULL,NULL,'slider','2020-08-20 20:43:21','2020-08-20 20:43:21'),(106,17,'4.jpg','e057626c256dbec046c7bc5ccaf97214.jpg',NULL,NULL,NULL,'slider','2020-08-20 20:43:21','2020-08-20 20:43:21'),(107,17,'3.jpg','8902714f293cff2af5e850d1d5f32fbb.jpg',NULL,NULL,NULL,'slider','2020-08-20 20:43:21','2020-08-20 20:43:21'),(108,17,'1.jpg','f053ef8aab43f0d3e42d261942c4fd50.jpg',NULL,NULL,NULL,'slider','2020-08-20 20:43:21','2020-08-20 20:43:21'),(109,17,'6.jpg','b2b63ebafe3baf29163822857e4c4c29.jpg',NULL,NULL,NULL,'slider','2020-08-20 20:43:21','2020-08-20 20:43:21'),(110,17,'5.jpg','22c2c6c7d4b60cf8d11b61bdb093ee11.jpg',NULL,NULL,NULL,'slider','2020-08-20 20:43:21','2020-08-20 20:43:21'),(111,17,'faruk-kaymak-KTsg_xKnB3E-unsplash.jpg','5c39fac78fc1d6b6c334d5ec4c704ce5.jpg',NULL,NULL,NULL,'gallery','2020-08-20 20:43:21','2020-08-20 20:43:21'),(112,18,'2.jpg','6492cb473152ccbdc5c57bcf1850abbd.jpg',NULL,NULL,NULL,'slider','2020-08-20 20:43:21','2020-08-20 20:43:21'),(113,18,'4.jpg','e057626c256dbec046c7bc5ccaf97214.jpg',NULL,NULL,NULL,'slider','2020-08-20 20:43:21','2020-08-20 20:43:21'),(114,18,'3.jpg','8902714f293cff2af5e850d1d5f32fbb.jpg',NULL,NULL,NULL,'slider','2020-08-20 20:43:21','2020-08-20 20:43:21'),(115,18,'1.jpg','f053ef8aab43f0d3e42d261942c4fd50.jpg',NULL,NULL,NULL,'slider','2020-08-20 20:43:21','2020-08-20 20:43:21'),(116,18,'6.jpg','b2b63ebafe3baf29163822857e4c4c29.jpg',NULL,NULL,NULL,'slider','2020-08-20 20:43:21','2020-08-20 20:43:21'),(117,18,'5.jpg','22c2c6c7d4b60cf8d11b61bdb093ee11.jpg',NULL,NULL,NULL,'slider','2020-08-20 20:43:21','2020-08-20 20:43:21'),(118,18,'faruk-kaymak-KTsg_xKnB3E-unsplash.jpg','5c39fac78fc1d6b6c334d5ec4c704ce5.jpg',NULL,NULL,NULL,'gallery','2020-08-20 20:43:21','2020-08-20 20:43:21'),(119,19,'2.jpg','6492cb473152ccbdc5c57bcf1850abbd.jpg',NULL,NULL,NULL,'slider','2020-08-20 20:43:21','2020-08-20 20:43:21'),(120,19,'4.jpg','e057626c256dbec046c7bc5ccaf97214.jpg',NULL,NULL,NULL,'slider','2020-08-20 20:43:21','2020-08-20 20:43:21'),(121,19,'3.jpg','8902714f293cff2af5e850d1d5f32fbb.jpg',NULL,NULL,NULL,'slider','2020-08-20 20:43:21','2020-08-20 20:43:21'),(122,19,'1.jpg','f053ef8aab43f0d3e42d261942c4fd50.jpg',NULL,NULL,NULL,'slider','2020-08-20 20:43:21','2020-08-20 20:43:21'),(123,19,'6.jpg','b2b63ebafe3baf29163822857e4c4c29.jpg',NULL,NULL,NULL,'slider','2020-08-20 20:43:21','2020-08-20 20:43:21'),(124,19,'5.jpg','22c2c6c7d4b60cf8d11b61bdb093ee11.jpg',NULL,NULL,NULL,'slider','2020-08-20 20:43:21','2020-08-20 20:43:21'),(125,19,'faruk-kaymak-KTsg_xKnB3E-unsplash.jpg','5c39fac78fc1d6b6c334d5ec4c704ce5.jpg',NULL,NULL,NULL,'gallery','2020-08-20 20:43:21','2020-08-20 20:43:21'),(126,20,'2.jpg','6492cb473152ccbdc5c57bcf1850abbd.jpg',NULL,NULL,NULL,'slider','2020-08-20 20:43:21','2020-08-20 20:43:21'),(127,20,'4.jpg','e057626c256dbec046c7bc5ccaf97214.jpg',NULL,NULL,NULL,'slider','2020-08-20 20:43:21','2020-08-20 20:43:21'),(128,20,'3.jpg','8902714f293cff2af5e850d1d5f32fbb.jpg',NULL,NULL,NULL,'slider','2020-08-20 20:43:21','2020-08-20 20:43:21'),(129,20,'1.jpg','f053ef8aab43f0d3e42d261942c4fd50.jpg',NULL,NULL,NULL,'slider','2020-08-20 20:43:21','2020-08-20 20:43:21'),(130,20,'6.jpg','b2b63ebafe3baf29163822857e4c4c29.jpg',NULL,NULL,NULL,'slider','2020-08-20 20:43:21','2020-08-20 20:43:21'),(131,20,'5.jpg','22c2c6c7d4b60cf8d11b61bdb093ee11.jpg',NULL,NULL,NULL,'slider','2020-08-20 20:43:21','2020-08-20 20:43:21'),(132,20,'faruk-kaymak-KTsg_xKnB3E-unsplash.jpg','5c39fac78fc1d6b6c334d5ec4c704ce5.jpg',NULL,NULL,NULL,'gallery','2020-08-20 20:43:21','2020-08-20 20:43:21'),(133,21,'2.jpg','6492cb473152ccbdc5c57bcf1850abbd.jpg',NULL,NULL,NULL,'slider','2020-08-20 20:43:21','2020-08-20 20:43:21'),(134,21,'4.jpg','e057626c256dbec046c7bc5ccaf97214.jpg',NULL,NULL,NULL,'slider','2020-08-20 20:43:21','2020-08-20 20:43:21'),(135,21,'3.jpg','8902714f293cff2af5e850d1d5f32fbb.jpg',NULL,NULL,NULL,'slider','2020-08-20 20:43:21','2020-08-20 20:43:21'),(136,21,'1.jpg','f053ef8aab43f0d3e42d261942c4fd50.jpg',NULL,NULL,NULL,'slider','2020-08-20 20:43:21','2020-08-20 20:43:21'),(137,21,'6.jpg','b2b63ebafe3baf29163822857e4c4c29.jpg',NULL,NULL,NULL,'slider','2020-08-20 20:43:21','2020-08-20 20:43:21'),(138,21,'5.jpg','22c2c6c7d4b60cf8d11b61bdb093ee11.jpg',NULL,NULL,NULL,'slider','2020-08-20 20:43:21','2020-08-20 20:43:21'),(139,21,'faruk-kaymak-KTsg_xKnB3E-unsplash.jpg','5c39fac78fc1d6b6c334d5ec4c704ce5.jpg',NULL,NULL,NULL,'gallery','2020-08-20 20:43:21','2020-08-20 20:43:21'),(140,22,'2.jpg','6492cb473152ccbdc5c57bcf1850abbd.jpg',NULL,NULL,NULL,'slider','2020-08-20 20:43:21','2020-08-20 20:43:21'),(141,22,'4.jpg','e057626c256dbec046c7bc5ccaf97214.jpg',NULL,NULL,NULL,'slider','2020-08-20 20:43:21','2020-08-20 20:43:21'),(142,22,'3.jpg','8902714f293cff2af5e850d1d5f32fbb.jpg',NULL,NULL,NULL,'slider','2020-08-20 20:43:21','2020-08-20 20:43:21'),(143,22,'1.jpg','f053ef8aab43f0d3e42d261942c4fd50.jpg',NULL,NULL,NULL,'slider','2020-08-20 20:43:21','2020-08-20 20:43:21'),(144,22,'6.jpg','b2b63ebafe3baf29163822857e4c4c29.jpg',NULL,NULL,NULL,'slider','2020-08-20 20:43:21','2020-08-20 20:43:21'),(145,22,'5.jpg','22c2c6c7d4b60cf8d11b61bdb093ee11.jpg',NULL,NULL,NULL,'slider','2020-08-20 20:43:21','2020-08-20 20:43:21'),(146,22,'faruk-kaymak-KTsg_xKnB3E-unsplash.jpg','5c39fac78fc1d6b6c334d5ec4c704ce5.jpg',NULL,NULL,NULL,'gallery','2020-08-20 20:43:21','2020-08-20 20:43:21'),(147,23,'2.jpg','6492cb473152ccbdc5c57bcf1850abbd.jpg',NULL,NULL,NULL,'slider','2020-08-20 20:43:21','2020-08-20 20:43:21'),(148,23,'4.jpg','e057626c256dbec046c7bc5ccaf97214.jpg',NULL,NULL,NULL,'slider','2020-08-20 20:43:21','2020-08-20 20:43:21'),(149,23,'3.jpg','8902714f293cff2af5e850d1d5f32fbb.jpg',NULL,NULL,NULL,'slider','2020-08-20 20:43:21','2020-08-20 20:43:21'),(150,23,'1.jpg','f053ef8aab43f0d3e42d261942c4fd50.jpg',NULL,NULL,NULL,'slider','2020-08-20 20:43:21','2020-08-20 20:43:21'),(151,23,'6.jpg','b2b63ebafe3baf29163822857e4c4c29.jpg',NULL,NULL,NULL,'slider','2020-08-20 20:43:21','2020-08-20 20:43:21'),(152,23,'5.jpg','22c2c6c7d4b60cf8d11b61bdb093ee11.jpg',NULL,NULL,NULL,'slider','2020-08-20 20:43:21','2020-08-20 20:43:21'),(153,23,'faruk-kaymak-KTsg_xKnB3E-unsplash.jpg','5c39fac78fc1d6b6c334d5ec4c704ce5.jpg',NULL,NULL,NULL,'gallery','2020-08-20 20:43:21','2020-08-20 20:43:21'),(154,24,'2.jpg','6492cb473152ccbdc5c57bcf1850abbd.jpg',NULL,NULL,NULL,'slider','2020-08-20 20:43:21','2020-08-20 20:43:21'),(155,24,'4.jpg','e057626c256dbec046c7bc5ccaf97214.jpg',NULL,NULL,NULL,'slider','2020-08-20 20:43:21','2020-08-20 20:43:21'),(156,24,'3.jpg','8902714f293cff2af5e850d1d5f32fbb.jpg',NULL,NULL,NULL,'slider','2020-08-20 20:43:21','2020-08-20 20:43:21'),(157,24,'1.jpg','f053ef8aab43f0d3e42d261942c4fd50.jpg',NULL,NULL,NULL,'slider','2020-08-20 20:43:21','2020-08-20 20:43:21'),(158,24,'6.jpg','b2b63ebafe3baf29163822857e4c4c29.jpg',NULL,NULL,NULL,'slider','2020-08-20 20:43:21','2020-08-20 20:43:21'),(159,24,'5.jpg','22c2c6c7d4b60cf8d11b61bdb093ee11.jpg',NULL,NULL,NULL,'slider','2020-08-20 20:43:21','2020-08-20 20:43:21'),(160,24,'faruk-kaymak-KTsg_xKnB3E-unsplash.jpg','5c39fac78fc1d6b6c334d5ec4c704ce5.jpg',NULL,NULL,NULL,'gallery','2020-08-20 20:43:21','2020-08-20 20:43:21'),(161,25,'2.jpg','6492cb473152ccbdc5c57bcf1850abbd.jpg',NULL,NULL,NULL,'slider','2020-08-20 20:43:21','2020-08-20 20:43:21'),(162,25,'4.jpg','e057626c256dbec046c7bc5ccaf97214.jpg',NULL,NULL,NULL,'slider','2020-08-20 20:43:21','2020-08-20 20:43:21'),(163,25,'3.jpg','8902714f293cff2af5e850d1d5f32fbb.jpg',NULL,NULL,NULL,'slider','2020-08-20 20:43:21','2020-08-20 20:43:21'),(164,25,'1.jpg','f053ef8aab43f0d3e42d261942c4fd50.jpg',NULL,NULL,NULL,'slider','2020-08-20 20:43:21','2020-08-20 20:43:21'),(165,25,'6.jpg','b2b63ebafe3baf29163822857e4c4c29.jpg',NULL,NULL,NULL,'slider','2020-08-20 20:43:21','2020-08-20 20:43:21'),(166,25,'5.jpg','22c2c6c7d4b60cf8d11b61bdb093ee11.jpg',NULL,NULL,NULL,'slider','2020-08-20 20:43:21','2020-08-20 20:43:21'),(167,25,'faruk-kaymak-KTsg_xKnB3E-unsplash.jpg','5c39fac78fc1d6b6c334d5ec4c704ce5.jpg',NULL,NULL,NULL,'gallery','2020-08-20 20:43:21','2020-08-20 20:43:21'),(182,32,'2.jpg','6492cb473152ccbdc5c57bcf1850abbd.jpg',NULL,NULL,NULL,'slider','2020-08-23 21:22:26','2020-08-23 21:22:26'),(183,32,'4.jpg','e057626c256dbec046c7bc5ccaf97214.jpg',NULL,NULL,NULL,'slider','2020-08-23 21:22:26','2020-08-23 21:22:26'),(184,32,'3.jpg','8902714f293cff2af5e850d1d5f32fbb.jpg',NULL,NULL,NULL,'slider','2020-08-23 21:22:26','2020-08-23 21:22:26'),(185,32,'1.jpg','f053ef8aab43f0d3e42d261942c4fd50.jpg',NULL,NULL,NULL,'slider','2020-08-23 21:22:26','2020-08-23 21:22:26'),(186,32,'6.jpg','b2b63ebafe3baf29163822857e4c4c29.jpg',NULL,NULL,NULL,'slider','2020-08-23 21:22:26','2020-08-23 21:22:26'),(187,32,'5.jpg','22c2c6c7d4b60cf8d11b61bdb093ee11.jpg',NULL,NULL,NULL,'slider','2020-08-23 21:22:26','2020-08-23 21:22:26'),(188,32,'faruk-kaymak-KTsg_xKnB3E-unsplash.jpg','5c39fac78fc1d6b6c334d5ec4c704ce5.jpg',NULL,NULL,NULL,'gallery','2020-08-23 21:22:26','2020-08-23 21:22:26'),(189,33,'2.jpg','6492cb473152ccbdc5c57bcf1850abbd.jpg',NULL,NULL,NULL,'slider','2020-08-23 21:22:26','2020-08-23 21:22:26'),(190,33,'4.jpg','e057626c256dbec046c7bc5ccaf97214.jpg',NULL,NULL,NULL,'slider','2020-08-23 21:22:26','2020-08-23 21:22:26'),(191,33,'3.jpg','8902714f293cff2af5e850d1d5f32fbb.jpg',NULL,NULL,NULL,'slider','2020-08-23 21:22:26','2020-08-23 21:22:26'),(192,33,'1.jpg','f053ef8aab43f0d3e42d261942c4fd50.jpg',NULL,NULL,NULL,'slider','2020-08-23 21:22:26','2020-08-23 21:22:26'),(193,33,'6.jpg','b2b63ebafe3baf29163822857e4c4c29.jpg',NULL,NULL,NULL,'slider','2020-08-23 21:22:26','2020-08-23 21:22:26'),(194,33,'5.jpg','22c2c6c7d4b60cf8d11b61bdb093ee11.jpg',NULL,NULL,NULL,'slider','2020-08-23 21:22:26','2020-08-23 21:22:26'),(195,33,'faruk-kaymak-KTsg_xKnB3E-unsplash.jpg','5c39fac78fc1d6b6c334d5ec4c704ce5.jpg',NULL,NULL,NULL,'gallery','2020-08-23 21:22:26','2020-08-23 21:22:26'),(196,34,'2.jpg','6492cb473152ccbdc5c57bcf1850abbd.jpg',NULL,NULL,NULL,'slider','2020-08-23 21:22:26','2020-08-23 21:22:26'),(197,34,'4.jpg','e057626c256dbec046c7bc5ccaf97214.jpg',NULL,NULL,NULL,'slider','2020-08-23 21:22:26','2020-08-23 21:22:26'),(198,34,'3.jpg','8902714f293cff2af5e850d1d5f32fbb.jpg',NULL,NULL,NULL,'slider','2020-08-23 21:22:26','2020-08-23 21:22:26'),(199,34,'1.jpg','f053ef8aab43f0d3e42d261942c4fd50.jpg',NULL,NULL,NULL,'slider','2020-08-23 21:22:26','2020-08-23 21:22:26'),(200,34,'6.jpg','b2b63ebafe3baf29163822857e4c4c29.jpg',NULL,NULL,NULL,'slider','2020-08-23 21:22:26','2020-08-23 21:22:26'),(201,34,'5.jpg','22c2c6c7d4b60cf8d11b61bdb093ee11.jpg',NULL,NULL,NULL,'slider','2020-08-23 21:22:26','2020-08-23 21:22:26'),(202,34,'faruk-kaymak-KTsg_xKnB3E-unsplash.jpg','5c39fac78fc1d6b6c334d5ec4c704ce5.jpg',NULL,NULL,NULL,'gallery','2020-08-23 21:22:26','2020-08-23 21:22:26'),(203,35,'2.jpg','6492cb473152ccbdc5c57bcf1850abbd.jpg',NULL,NULL,NULL,'slider','2020-08-23 21:22:26','2020-08-23 21:22:26'),(204,35,'4.jpg','e057626c256dbec046c7bc5ccaf97214.jpg',NULL,NULL,NULL,'slider','2020-08-23 21:22:26','2020-08-23 21:22:26'),(205,35,'3.jpg','8902714f293cff2af5e850d1d5f32fbb.jpg',NULL,NULL,NULL,'slider','2020-08-23 21:22:26','2020-08-23 21:22:26'),(206,35,'1.jpg','f053ef8aab43f0d3e42d261942c4fd50.jpg',NULL,NULL,NULL,'slider','2020-08-23 21:22:26','2020-08-23 21:22:26'),(207,35,'6.jpg','b2b63ebafe3baf29163822857e4c4c29.jpg',NULL,NULL,NULL,'slider','2020-08-23 21:22:26','2020-08-23 21:22:26'),(208,35,'5.jpg','22c2c6c7d4b60cf8d11b61bdb093ee11.jpg',NULL,NULL,NULL,'slider','2020-08-23 21:22:26','2020-08-23 21:22:26'),(209,35,'faruk-kaymak-KTsg_xKnB3E-unsplash.jpg','5c39fac78fc1d6b6c334d5ec4c704ce5.jpg',NULL,NULL,NULL,'gallery','2020-08-23 21:22:26','2020-08-23 21:22:26'),(210,36,'2.jpg','6492cb473152ccbdc5c57bcf1850abbd.jpg',NULL,NULL,NULL,'slider','2020-08-23 21:22:26','2020-08-23 21:22:26'),(211,36,'4.jpg','e057626c256dbec046c7bc5ccaf97214.jpg',NULL,NULL,NULL,'slider','2020-08-23 21:22:26','2020-08-23 21:22:26'),(212,36,'3.jpg','8902714f293cff2af5e850d1d5f32fbb.jpg',NULL,NULL,NULL,'slider','2020-08-23 21:22:26','2020-08-23 21:22:26'),(213,36,'1.jpg','f053ef8aab43f0d3e42d261942c4fd50.jpg',NULL,NULL,NULL,'slider','2020-08-23 21:22:26','2020-08-23 21:22:26'),(214,36,'6.jpg','b2b63ebafe3baf29163822857e4c4c29.jpg',NULL,NULL,NULL,'slider','2020-08-23 21:22:26','2020-08-23 21:22:26'),(215,36,'5.jpg','22c2c6c7d4b60cf8d11b61bdb093ee11.jpg',NULL,NULL,NULL,'slider','2020-08-23 21:22:26','2020-08-23 21:22:26'),(216,36,'faruk-kaymak-KTsg_xKnB3E-unsplash.jpg','5c39fac78fc1d6b6c334d5ec4c704ce5.jpg',NULL,NULL,NULL,'gallery','2020-08-23 21:22:26','2020-08-23 21:22:26'),(217,37,'2.jpg','6492cb473152ccbdc5c57bcf1850abbd.jpg',NULL,NULL,NULL,'slider','2020-08-23 21:22:26','2020-08-23 21:22:26'),(218,37,'4.jpg','e057626c256dbec046c7bc5ccaf97214.jpg',NULL,NULL,NULL,'slider','2020-08-23 21:22:26','2020-08-23 21:22:26'),(219,37,'3.jpg','8902714f293cff2af5e850d1d5f32fbb.jpg',NULL,NULL,NULL,'slider','2020-08-23 21:22:26','2020-08-23 21:22:26'),(220,37,'1.jpg','f053ef8aab43f0d3e42d261942c4fd50.jpg',NULL,NULL,NULL,'slider','2020-08-23 21:22:26','2020-08-23 21:22:26'),(221,37,'6.jpg','b2b63ebafe3baf29163822857e4c4c29.jpg',NULL,NULL,NULL,'slider','2020-08-23 21:22:26','2020-08-23 21:22:26'),(222,37,'5.jpg','22c2c6c7d4b60cf8d11b61bdb093ee11.jpg',NULL,NULL,NULL,'slider','2020-08-23 21:22:26','2020-08-23 21:22:26'),(223,37,'faruk-kaymak-KTsg_xKnB3E-unsplash.jpg','5c39fac78fc1d6b6c334d5ec4c704ce5.jpg',NULL,NULL,NULL,'gallery','2020-08-23 21:22:26','2020-08-23 21:22:26'),(224,38,'2.jpg','6492cb473152ccbdc5c57bcf1850abbd.jpg',NULL,NULL,NULL,'slider','2020-08-23 21:22:26','2020-08-23 21:22:26'),(225,38,'4.jpg','e057626c256dbec046c7bc5ccaf97214.jpg',NULL,NULL,NULL,'slider','2020-08-23 21:22:26','2020-08-23 21:22:26'),(226,38,'3.jpg','8902714f293cff2af5e850d1d5f32fbb.jpg',NULL,NULL,NULL,'slider','2020-08-23 21:22:26','2020-08-23 21:22:26'),(227,38,'1.jpg','f053ef8aab43f0d3e42d261942c4fd50.jpg',NULL,NULL,NULL,'slider','2020-08-23 21:22:26','2020-08-23 21:22:26'),(228,38,'6.jpg','b2b63ebafe3baf29163822857e4c4c29.jpg',NULL,NULL,NULL,'slider','2020-08-23 21:22:26','2020-08-23 21:22:26'),(229,38,'5.jpg','22c2c6c7d4b60cf8d11b61bdb093ee11.jpg',NULL,NULL,NULL,'slider','2020-08-23 21:22:26','2020-08-23 21:22:26'),(230,38,'faruk-kaymak-KTsg_xKnB3E-unsplash.jpg','5c39fac78fc1d6b6c334d5ec4c704ce5.jpg',NULL,NULL,NULL,'gallery','2020-08-23 21:22:26','2020-08-23 21:22:26'),(231,39,'2.jpg','6492cb473152ccbdc5c57bcf1850abbd.jpg',NULL,NULL,NULL,'slider','2020-08-23 21:22:26','2020-08-23 21:22:26'),(232,39,'4.jpg','e057626c256dbec046c7bc5ccaf97214.jpg',NULL,NULL,NULL,'slider','2020-08-23 21:22:26','2020-08-23 21:22:26'),(233,39,'3.jpg','8902714f293cff2af5e850d1d5f32fbb.jpg',NULL,NULL,NULL,'slider','2020-08-23 21:22:26','2020-08-23 21:22:26'),(234,39,'1.jpg','f053ef8aab43f0d3e42d261942c4fd50.jpg',NULL,NULL,NULL,'slider','2020-08-23 21:22:26','2020-08-23 21:22:26'),(235,39,'6.jpg','b2b63ebafe3baf29163822857e4c4c29.jpg',NULL,NULL,NULL,'slider','2020-08-23 21:22:26','2020-08-23 21:22:26'),(236,39,'5.jpg','22c2c6c7d4b60cf8d11b61bdb093ee11.jpg',NULL,NULL,NULL,'slider','2020-08-23 21:22:26','2020-08-23 21:22:26'),(237,39,'faruk-kaymak-KTsg_xKnB3E-unsplash.jpg','5c39fac78fc1d6b6c334d5ec4c704ce5.jpg',NULL,NULL,NULL,'gallery','2020-08-23 21:22:26','2020-08-23 21:22:26'),(238,40,'2.jpg','6492cb473152ccbdc5c57bcf1850abbd.jpg',NULL,NULL,NULL,'slider','2020-08-23 21:22:26','2020-08-23 21:22:26'),(239,40,'4.jpg','e057626c256dbec046c7bc5ccaf97214.jpg',NULL,NULL,NULL,'slider','2020-08-23 21:22:26','2020-08-23 21:22:26'),(240,40,'3.jpg','8902714f293cff2af5e850d1d5f32fbb.jpg',NULL,NULL,NULL,'slider','2020-08-23 21:22:26','2020-08-23 21:22:26'),(241,40,'1.jpg','f053ef8aab43f0d3e42d261942c4fd50.jpg',NULL,NULL,NULL,'slider','2020-08-23 21:22:26','2020-08-23 21:22:26'),(242,40,'6.jpg','b2b63ebafe3baf29163822857e4c4c29.jpg',NULL,NULL,NULL,'slider','2020-08-23 21:22:26','2020-08-23 21:22:26'),(243,40,'5.jpg','22c2c6c7d4b60cf8d11b61bdb093ee11.jpg',NULL,NULL,NULL,'slider','2020-08-23 21:22:26','2020-08-23 21:22:26'),(244,40,'faruk-kaymak-KTsg_xKnB3E-unsplash.jpg','5c39fac78fc1d6b6c334d5ec4c704ce5.jpg',NULL,NULL,NULL,'gallery','2020-08-23 21:22:26','2020-08-23 21:22:26'),(245,41,'2.jpg','6492cb473152ccbdc5c57bcf1850abbd.jpg',NULL,NULL,NULL,'slider','2020-08-23 21:22:26','2020-08-23 21:22:26'),(246,41,'4.jpg','e057626c256dbec046c7bc5ccaf97214.jpg',NULL,NULL,NULL,'slider','2020-08-23 21:22:26','2020-08-23 21:22:26'),(247,41,'3.jpg','8902714f293cff2af5e850d1d5f32fbb.jpg',NULL,NULL,NULL,'slider','2020-08-23 21:22:26','2020-08-23 21:22:26'),(248,41,'1.jpg','f053ef8aab43f0d3e42d261942c4fd50.jpg',NULL,NULL,NULL,'slider','2020-08-23 21:22:26','2020-08-23 21:22:26'),(249,41,'6.jpg','b2b63ebafe3baf29163822857e4c4c29.jpg',NULL,NULL,NULL,'slider','2020-08-23 21:22:26','2020-08-23 21:22:26'),(250,41,'5.jpg','22c2c6c7d4b60cf8d11b61bdb093ee11.jpg',NULL,NULL,NULL,'slider','2020-08-23 21:22:26','2020-08-23 21:22:26'),(251,41,'faruk-kaymak-KTsg_xKnB3E-unsplash.jpg','5c39fac78fc1d6b6c334d5ec4c704ce5.jpg',NULL,NULL,NULL,'gallery','2020-08-23 21:22:26','2020-08-23 21:22:26'),(252,42,'2.jpg','6492cb473152ccbdc5c57bcf1850abbd.jpg',NULL,NULL,NULL,'slider','2020-08-23 21:22:26','2020-08-23 21:22:26'),(253,42,'4.jpg','e057626c256dbec046c7bc5ccaf97214.jpg',NULL,NULL,NULL,'slider','2020-08-23 21:22:26','2020-08-23 21:22:26'),(254,42,'3.jpg','8902714f293cff2af5e850d1d5f32fbb.jpg',NULL,NULL,NULL,'slider','2020-08-23 21:22:26','2020-08-23 21:22:26'),(255,42,'1.jpg','f053ef8aab43f0d3e42d261942c4fd50.jpg',NULL,NULL,NULL,'slider','2020-08-23 21:22:26','2020-08-23 21:22:26'),(256,42,'6.jpg','b2b63ebafe3baf29163822857e4c4c29.jpg',NULL,NULL,NULL,'slider','2020-08-23 21:22:26','2020-08-23 21:22:26'),(257,42,'5.jpg','22c2c6c7d4b60cf8d11b61bdb093ee11.jpg',NULL,NULL,NULL,'slider','2020-08-23 21:22:26','2020-08-23 21:22:26'),(258,42,'faruk-kaymak-KTsg_xKnB3E-unsplash.jpg','5c39fac78fc1d6b6c334d5ec4c704ce5.jpg',NULL,NULL,NULL,'gallery','2020-08-23 21:22:26','2020-08-23 21:22:26'),(259,43,'2.jpg','6492cb473152ccbdc5c57bcf1850abbd.jpg',NULL,NULL,NULL,'slider','2020-08-23 21:22:26','2020-08-23 21:22:26'),(260,43,'4.jpg','e057626c256dbec046c7bc5ccaf97214.jpg',NULL,NULL,NULL,'slider','2020-08-23 21:22:26','2020-08-23 21:22:26'),(261,43,'3.jpg','8902714f293cff2af5e850d1d5f32fbb.jpg',NULL,NULL,NULL,'slider','2020-08-23 21:22:26','2020-08-23 21:22:26'),(262,43,'1.jpg','f053ef8aab43f0d3e42d261942c4fd50.jpg',NULL,NULL,NULL,'slider','2020-08-23 21:22:26','2020-08-23 21:22:26'),(263,43,'6.jpg','b2b63ebafe3baf29163822857e4c4c29.jpg',NULL,NULL,NULL,'slider','2020-08-23 21:22:26','2020-08-23 21:22:26'),(264,43,'5.jpg','22c2c6c7d4b60cf8d11b61bdb093ee11.jpg',NULL,NULL,NULL,'slider','2020-08-23 21:22:26','2020-08-23 21:22:26'),(265,43,'faruk-kaymak-KTsg_xKnB3E-unsplash.jpg','5c39fac78fc1d6b6c334d5ec4c704ce5.jpg',NULL,NULL,NULL,'gallery','2020-08-23 21:22:26','2020-08-23 21:22:26'),(266,44,'2.jpg','6492cb473152ccbdc5c57bcf1850abbd.jpg',NULL,NULL,NULL,'slider','2020-08-23 21:22:26','2020-08-23 21:22:26'),(267,44,'4.jpg','e057626c256dbec046c7bc5ccaf97214.jpg',NULL,NULL,NULL,'slider','2020-08-23 21:22:26','2020-08-23 21:22:26'),(268,44,'3.jpg','8902714f293cff2af5e850d1d5f32fbb.jpg',NULL,NULL,NULL,'slider','2020-08-23 21:22:26','2020-08-23 21:22:26'),(269,44,'1.jpg','f053ef8aab43f0d3e42d261942c4fd50.jpg',NULL,NULL,NULL,'slider','2020-08-23 21:22:26','2020-08-23 21:22:26'),(270,44,'6.jpg','b2b63ebafe3baf29163822857e4c4c29.jpg',NULL,NULL,NULL,'slider','2020-08-23 21:22:26','2020-08-23 21:22:26'),(271,44,'5.jpg','22c2c6c7d4b60cf8d11b61bdb093ee11.jpg',NULL,NULL,NULL,'slider','2020-08-23 21:22:26','2020-08-23 21:22:26'),(272,44,'faruk-kaymak-KTsg_xKnB3E-unsplash.jpg','5c39fac78fc1d6b6c334d5ec4c704ce5.jpg',NULL,NULL,NULL,'gallery','2020-08-23 21:22:26','2020-08-23 21:22:26'),(273,45,'2.jpg','6492cb473152ccbdc5c57bcf1850abbd.jpg',NULL,NULL,NULL,'slider','2020-08-23 21:22:26','2020-08-23 21:22:26'),(274,45,'4.jpg','e057626c256dbec046c7bc5ccaf97214.jpg',NULL,NULL,NULL,'slider','2020-08-23 21:22:26','2020-08-23 21:22:26'),(275,45,'3.jpg','8902714f293cff2af5e850d1d5f32fbb.jpg',NULL,NULL,NULL,'slider','2020-08-23 21:22:26','2020-08-23 21:22:26'),(276,45,'1.jpg','f053ef8aab43f0d3e42d261942c4fd50.jpg',NULL,NULL,NULL,'slider','2020-08-23 21:22:26','2020-08-23 21:22:26'),(277,45,'6.jpg','b2b63ebafe3baf29163822857e4c4c29.jpg',NULL,NULL,NULL,'slider','2020-08-23 21:22:26','2020-08-23 21:22:26'),(278,45,'5.jpg','22c2c6c7d4b60cf8d11b61bdb093ee11.jpg',NULL,NULL,NULL,'slider','2020-08-23 21:22:26','2020-08-23 21:22:26'),(279,45,'faruk-kaymak-KTsg_xKnB3E-unsplash.jpg','5c39fac78fc1d6b6c334d5ec4c704ce5.jpg',NULL,NULL,NULL,'gallery','2020-08-23 21:22:26','2020-08-23 21:22:26'),(287,47,'2.jpg','6492cb473152ccbdc5c57bcf1850abbd.jpg',NULL,NULL,NULL,'slider','2020-08-23 21:22:26','2020-08-23 21:22:26'),(288,47,'4.jpg','e057626c256dbec046c7bc5ccaf97214.jpg',NULL,NULL,NULL,'slider','2020-08-23 21:22:26','2020-08-23 21:22:26'),(289,47,'3.jpg','8902714f293cff2af5e850d1d5f32fbb.jpg',NULL,NULL,NULL,'slider','2020-08-23 21:22:26','2020-08-23 21:22:26'),(290,47,'1.jpg','f053ef8aab43f0d3e42d261942c4fd50.jpg',NULL,NULL,NULL,'slider','2020-08-23 21:22:26','2020-08-23 21:22:26'),(291,47,'6.jpg','b2b63ebafe3baf29163822857e4c4c29.jpg',NULL,NULL,NULL,'slider','2020-08-23 21:22:26','2020-08-23 21:22:26'),(292,47,'5.jpg','22c2c6c7d4b60cf8d11b61bdb093ee11.jpg',NULL,NULL,NULL,'slider','2020-08-23 21:22:26','2020-08-23 21:22:26'),(293,47,'faruk-kaymak-KTsg_xKnB3E-unsplash.jpg','5c39fac78fc1d6b6c334d5ec4c704ce5.jpg',NULL,NULL,NULL,'gallery','2020-08-23 21:22:26','2020-08-23 21:22:26'),(294,48,'2.jpg','6492cb473152ccbdc5c57bcf1850abbd.jpg',NULL,NULL,NULL,'slider','2020-08-23 21:22:26','2020-08-23 21:22:26'),(295,48,'4.jpg','e057626c256dbec046c7bc5ccaf97214.jpg',NULL,NULL,NULL,'slider','2020-08-23 21:22:26','2020-08-23 21:22:26'),(296,48,'3.jpg','8902714f293cff2af5e850d1d5f32fbb.jpg',NULL,NULL,NULL,'slider','2020-08-23 21:22:26','2020-08-23 21:22:26'),(297,48,'1.jpg','f053ef8aab43f0d3e42d261942c4fd50.jpg',NULL,NULL,NULL,'slider','2020-08-23 21:22:26','2020-08-23 21:22:26'),(298,48,'6.jpg','b2b63ebafe3baf29163822857e4c4c29.jpg',NULL,NULL,NULL,'slider','2020-08-23 21:22:26','2020-08-23 21:22:26'),(299,48,'5.jpg','22c2c6c7d4b60cf8d11b61bdb093ee11.jpg',NULL,NULL,NULL,'slider','2020-08-23 21:22:26','2020-08-23 21:22:26'),(300,48,'faruk-kaymak-KTsg_xKnB3E-unsplash.jpg','5c39fac78fc1d6b6c334d5ec4c704ce5.jpg',NULL,NULL,NULL,'gallery','2020-08-23 21:22:26','2020-08-23 21:22:26'),(301,49,'2.jpg','6492cb473152ccbdc5c57bcf1850abbd.jpg',NULL,NULL,NULL,'slider','2020-08-23 21:22:26','2020-08-23 21:22:26'),(302,49,'4.jpg','e057626c256dbec046c7bc5ccaf97214.jpg',NULL,NULL,NULL,'slider','2020-08-23 21:22:26','2020-08-23 21:22:26'),(303,49,'3.jpg','8902714f293cff2af5e850d1d5f32fbb.jpg',NULL,NULL,NULL,'slider','2020-08-23 21:22:26','2020-08-23 21:22:26'),(304,49,'1.jpg','f053ef8aab43f0d3e42d261942c4fd50.jpg',NULL,NULL,NULL,'slider','2020-08-23 21:22:26','2020-08-23 21:22:26'),(305,49,'6.jpg','b2b63ebafe3baf29163822857e4c4c29.jpg',NULL,NULL,NULL,'slider','2020-08-23 21:22:26','2020-08-23 21:22:26'),(306,49,'5.jpg','22c2c6c7d4b60cf8d11b61bdb093ee11.jpg',NULL,NULL,NULL,'slider','2020-08-23 21:22:26','2020-08-23 21:22:26'),(307,49,'faruk-kaymak-KTsg_xKnB3E-unsplash.jpg','5c39fac78fc1d6b6c334d5ec4c704ce5.jpg',NULL,NULL,NULL,'gallery','2020-08-23 21:22:26','2020-08-23 21:22:26'),(308,50,'2.jpg','6492cb473152ccbdc5c57bcf1850abbd.jpg',NULL,NULL,NULL,'slider','2020-08-23 21:22:26','2020-08-23 21:22:26'),(309,50,'4.jpg','e057626c256dbec046c7bc5ccaf97214.jpg',NULL,NULL,NULL,'slider','2020-08-23 21:22:26','2020-08-23 21:22:26'),(310,50,'3.jpg','8902714f293cff2af5e850d1d5f32fbb.jpg',NULL,NULL,NULL,'slider','2020-08-23 21:22:26','2020-08-23 21:22:26'),(311,50,'1.jpg','f053ef8aab43f0d3e42d261942c4fd50.jpg',NULL,NULL,NULL,'slider','2020-08-23 21:22:26','2020-08-23 21:22:26'),(312,50,'6.jpg','b2b63ebafe3baf29163822857e4c4c29.jpg',NULL,NULL,NULL,'slider','2020-08-23 21:22:26','2020-08-23 21:22:26'),(313,50,'5.jpg','22c2c6c7d4b60cf8d11b61bdb093ee11.jpg',NULL,NULL,NULL,'slider','2020-08-23 21:22:26','2020-08-23 21:22:26'),(314,50,'faruk-kaymak-KTsg_xKnB3E-unsplash.jpg','5c39fac78fc1d6b6c334d5ec4c704ce5.jpg',NULL,NULL,NULL,'gallery','2020-08-23 21:22:26','2020-08-23 21:22:26'),(315,51,'2.jpg','6492cb473152ccbdc5c57bcf1850abbd.jpg',NULL,NULL,NULL,'slider','2020-08-23 21:22:26','2020-08-23 21:22:26'),(316,51,'4.jpg','e057626c256dbec046c7bc5ccaf97214.jpg',NULL,NULL,NULL,'slider','2020-08-23 21:22:26','2020-08-23 21:22:26'),(317,51,'3.jpg','8902714f293cff2af5e850d1d5f32fbb.jpg',NULL,NULL,NULL,'slider','2020-08-23 21:22:26','2020-08-23 21:22:26'),(318,51,'1.jpg','f053ef8aab43f0d3e42d261942c4fd50.jpg',NULL,NULL,NULL,'slider','2020-08-23 21:22:26','2020-08-23 21:22:26'),(319,51,'6.jpg','b2b63ebafe3baf29163822857e4c4c29.jpg',NULL,NULL,NULL,'slider','2020-08-23 21:22:26','2020-08-23 21:22:26'),(320,51,'5.jpg','22c2c6c7d4b60cf8d11b61bdb093ee11.jpg',NULL,NULL,NULL,'slider','2020-08-23 21:22:26','2020-08-23 21:22:26'),(321,51,'faruk-kaymak-KTsg_xKnB3E-unsplash.jpg','5c39fac78fc1d6b6c334d5ec4c704ce5.jpg',NULL,NULL,NULL,'gallery','2020-08-23 21:22:26','2020-08-23 21:22:26'),(322,52,'2.jpg','6492cb473152ccbdc5c57bcf1850abbd.jpg',NULL,NULL,NULL,'slider','2020-08-23 21:22:26','2020-08-23 21:22:26'),(323,52,'4.jpg','e057626c256dbec046c7bc5ccaf97214.jpg',NULL,NULL,NULL,'slider','2020-08-23 21:22:26','2020-08-23 21:22:26'),(324,52,'3.jpg','8902714f293cff2af5e850d1d5f32fbb.jpg',NULL,NULL,NULL,'slider','2020-08-23 21:22:26','2020-08-23 21:22:26'),(325,52,'1.jpg','f053ef8aab43f0d3e42d261942c4fd50.jpg',NULL,NULL,NULL,'slider','2020-08-23 21:22:26','2020-08-23 21:22:26'),(326,52,'6.jpg','b2b63ebafe3baf29163822857e4c4c29.jpg',NULL,NULL,NULL,'slider','2020-08-23 21:22:26','2020-08-23 21:22:26'),(327,52,'5.jpg','22c2c6c7d4b60cf8d11b61bdb093ee11.jpg',NULL,NULL,NULL,'slider','2020-08-23 21:22:26','2020-08-23 21:22:26'),(328,52,'faruk-kaymak-KTsg_xKnB3E-unsplash.jpg','5c39fac78fc1d6b6c334d5ec4c704ce5.jpg',NULL,NULL,NULL,'gallery','2020-08-23 21:22:26','2020-08-23 21:22:26'),(329,53,'2.jpg','6492cb473152ccbdc5c57bcf1850abbd.jpg',NULL,NULL,NULL,'slider','2020-08-23 21:22:26','2020-08-23 21:22:26'),(330,53,'4.jpg','e057626c256dbec046c7bc5ccaf97214.jpg',NULL,NULL,NULL,'slider','2020-08-23 21:22:26','2020-08-23 21:22:26'),(331,53,'3.jpg','8902714f293cff2af5e850d1d5f32fbb.jpg',NULL,NULL,NULL,'slider','2020-08-23 21:22:26','2020-08-23 21:22:26'),(332,53,'1.jpg','f053ef8aab43f0d3e42d261942c4fd50.jpg',NULL,NULL,NULL,'slider','2020-08-23 21:22:26','2020-08-23 21:22:26'),(333,53,'6.jpg','b2b63ebafe3baf29163822857e4c4c29.jpg',NULL,NULL,NULL,'slider','2020-08-23 21:22:26','2020-08-23 21:22:26'),(334,53,'5.jpg','22c2c6c7d4b60cf8d11b61bdb093ee11.jpg',NULL,NULL,NULL,'slider','2020-08-23 21:22:26','2020-08-23 21:22:26'),(335,53,'faruk-kaymak-KTsg_xKnB3E-unsplash.jpg','5c39fac78fc1d6b6c334d5ec4c704ce5.jpg',NULL,NULL,NULL,'gallery','2020-08-23 21:22:26','2020-08-23 21:22:26'),(336,54,'2.jpg','6492cb473152ccbdc5c57bcf1850abbd.jpg',NULL,NULL,NULL,'slider','2020-08-23 21:22:26','2020-08-23 21:22:26'),(337,54,'4.jpg','e057626c256dbec046c7bc5ccaf97214.jpg',NULL,NULL,NULL,'slider','2020-08-23 21:22:26','2020-08-23 21:22:26'),(338,54,'3.jpg','8902714f293cff2af5e850d1d5f32fbb.jpg',NULL,NULL,NULL,'slider','2020-08-23 21:22:26','2020-08-23 21:22:26'),(339,54,'1.jpg','f053ef8aab43f0d3e42d261942c4fd50.jpg',NULL,NULL,NULL,'slider','2020-08-23 21:22:26','2020-08-23 21:22:26'),(340,54,'6.jpg','b2b63ebafe3baf29163822857e4c4c29.jpg',NULL,NULL,NULL,'slider','2020-08-23 21:22:26','2020-08-23 21:22:26'),(341,54,'5.jpg','22c2c6c7d4b60cf8d11b61bdb093ee11.jpg',NULL,NULL,NULL,'slider','2020-08-23 21:22:26','2020-08-23 21:22:26'),(342,54,'faruk-kaymak-KTsg_xKnB3E-unsplash.jpg','5c39fac78fc1d6b6c334d5ec4c704ce5.jpg',NULL,NULL,NULL,'gallery','2020-08-23 21:22:26','2020-08-23 21:22:26'),(343,55,'2.jpg','6492cb473152ccbdc5c57bcf1850abbd.jpg',NULL,NULL,NULL,'slider','2020-08-23 21:22:26','2020-08-23 21:22:26'),(344,55,'4.jpg','e057626c256dbec046c7bc5ccaf97214.jpg',NULL,NULL,NULL,'slider','2020-08-23 21:22:26','2020-08-23 21:22:26'),(345,55,'3.jpg','8902714f293cff2af5e850d1d5f32fbb.jpg',NULL,NULL,NULL,'slider','2020-08-23 21:22:26','2020-08-23 21:22:26'),(346,55,'1.jpg','f053ef8aab43f0d3e42d261942c4fd50.jpg',NULL,NULL,NULL,'slider','2020-08-23 21:22:26','2020-08-23 21:22:26'),(347,55,'6.jpg','b2b63ebafe3baf29163822857e4c4c29.jpg',NULL,NULL,NULL,'slider','2020-08-23 21:22:26','2020-08-23 21:22:26'),(348,55,'5.jpg','22c2c6c7d4b60cf8d11b61bdb093ee11.jpg',NULL,NULL,NULL,'slider','2020-08-23 21:22:26','2020-08-23 21:22:26'),(349,55,'faruk-kaymak-KTsg_xKnB3E-unsplash.jpg','5c39fac78fc1d6b6c334d5ec4c704ce5.jpg',NULL,NULL,NULL,'gallery','2020-08-23 21:22:26','2020-08-23 21:22:26'),(350,56,'2.jpg','6492cb473152ccbdc5c57bcf1850abbd.jpg',NULL,NULL,NULL,'slider','2020-08-23 21:22:30','2020-08-23 21:22:30'),(351,56,'4.jpg','e057626c256dbec046c7bc5ccaf97214.jpg',NULL,NULL,NULL,'slider','2020-08-23 21:22:30','2020-08-23 21:22:30'),(352,56,'3.jpg','8902714f293cff2af5e850d1d5f32fbb.jpg',NULL,NULL,NULL,'slider','2020-08-23 21:22:30','2020-08-23 21:22:30'),(353,56,'1.jpg','f053ef8aab43f0d3e42d261942c4fd50.jpg',NULL,NULL,NULL,'slider','2020-08-23 21:22:30','2020-08-23 21:22:30'),(354,56,'6.jpg','b2b63ebafe3baf29163822857e4c4c29.jpg',NULL,NULL,NULL,'slider','2020-08-23 21:22:30','2020-08-23 21:22:30'),(355,56,'5.jpg','22c2c6c7d4b60cf8d11b61bdb093ee11.jpg',NULL,NULL,NULL,'slider','2020-08-23 21:22:30','2020-08-23 21:22:30'),(356,56,'faruk-kaymak-KTsg_xKnB3E-unsplash.jpg','5c39fac78fc1d6b6c334d5ec4c704ce5.jpg',NULL,NULL,NULL,'gallery','2020-08-23 21:22:30','2020-08-23 21:22:30'),(357,57,'2.jpg','6492cb473152ccbdc5c57bcf1850abbd.jpg',NULL,NULL,NULL,'slider','2020-08-23 21:22:30','2020-08-23 21:22:30'),(358,57,'4.jpg','e057626c256dbec046c7bc5ccaf97214.jpg',NULL,NULL,NULL,'slider','2020-08-23 21:22:30','2020-08-23 21:22:30'),(359,57,'3.jpg','8902714f293cff2af5e850d1d5f32fbb.jpg',NULL,NULL,NULL,'slider','2020-08-23 21:22:30','2020-08-23 21:22:30'),(360,57,'1.jpg','f053ef8aab43f0d3e42d261942c4fd50.jpg',NULL,NULL,NULL,'slider','2020-08-23 21:22:30','2020-08-23 21:22:30'),(361,57,'6.jpg','b2b63ebafe3baf29163822857e4c4c29.jpg',NULL,NULL,NULL,'slider','2020-08-23 21:22:30','2020-08-23 21:22:30'),(362,57,'5.jpg','22c2c6c7d4b60cf8d11b61bdb093ee11.jpg',NULL,NULL,NULL,'slider','2020-08-23 21:22:30','2020-08-23 21:22:30'),(363,57,'faruk-kaymak-KTsg_xKnB3E-unsplash.jpg','5c39fac78fc1d6b6c334d5ec4c704ce5.jpg',NULL,NULL,NULL,'gallery','2020-08-23 21:22:30','2020-08-23 21:22:30'),(364,58,'2.jpg','6492cb473152ccbdc5c57bcf1850abbd.jpg',NULL,NULL,NULL,'slider','2020-08-23 21:22:30','2020-08-23 21:22:30'),(365,58,'4.jpg','e057626c256dbec046c7bc5ccaf97214.jpg',NULL,NULL,NULL,'slider','2020-08-23 21:22:30','2020-08-23 21:22:30'),(366,58,'3.jpg','8902714f293cff2af5e850d1d5f32fbb.jpg',NULL,NULL,NULL,'slider','2020-08-23 21:22:30','2020-08-23 21:22:30'),(367,58,'1.jpg','f053ef8aab43f0d3e42d261942c4fd50.jpg',NULL,NULL,NULL,'slider','2020-08-23 21:22:30','2020-08-23 21:22:30'),(368,58,'6.jpg','b2b63ebafe3baf29163822857e4c4c29.jpg',NULL,NULL,NULL,'slider','2020-08-23 21:22:30','2020-08-23 21:22:30'),(369,58,'5.jpg','22c2c6c7d4b60cf8d11b61bdb093ee11.jpg',NULL,NULL,NULL,'slider','2020-08-23 21:22:30','2020-08-23 21:22:30'),(370,58,'faruk-kaymak-KTsg_xKnB3E-unsplash.jpg','5c39fac78fc1d6b6c334d5ec4c704ce5.jpg',NULL,NULL,NULL,'gallery','2020-08-23 21:22:30','2020-08-23 21:22:30'),(371,59,'2.jpg','6492cb473152ccbdc5c57bcf1850abbd.jpg',NULL,NULL,NULL,'slider','2020-08-23 21:22:30','2020-08-23 21:22:30'),(372,59,'4.jpg','e057626c256dbec046c7bc5ccaf97214.jpg',NULL,NULL,NULL,'slider','2020-08-23 21:22:30','2020-08-23 21:22:30'),(373,59,'3.jpg','8902714f293cff2af5e850d1d5f32fbb.jpg',NULL,NULL,NULL,'slider','2020-08-23 21:22:30','2020-08-23 21:22:30'),(374,59,'1.jpg','f053ef8aab43f0d3e42d261942c4fd50.jpg',NULL,NULL,NULL,'slider','2020-08-23 21:22:30','2020-08-23 21:22:30'),(375,59,'6.jpg','b2b63ebafe3baf29163822857e4c4c29.jpg',NULL,NULL,NULL,'slider','2020-08-23 21:22:30','2020-08-23 21:22:30'),(376,59,'5.jpg','22c2c6c7d4b60cf8d11b61bdb093ee11.jpg',NULL,NULL,NULL,'slider','2020-08-23 21:22:30','2020-08-23 21:22:30'),(377,59,'faruk-kaymak-KTsg_xKnB3E-unsplash.jpg','5c39fac78fc1d6b6c334d5ec4c704ce5.jpg',NULL,NULL,NULL,'gallery','2020-08-23 21:22:30','2020-08-23 21:22:30'),(378,60,'2.jpg','6492cb473152ccbdc5c57bcf1850abbd.jpg',NULL,NULL,NULL,'slider','2020-08-23 21:22:30','2020-08-23 21:22:30'),(379,60,'4.jpg','e057626c256dbec046c7bc5ccaf97214.jpg',NULL,NULL,NULL,'slider','2020-08-23 21:22:30','2020-08-23 21:22:30'),(380,60,'3.jpg','8902714f293cff2af5e850d1d5f32fbb.jpg',NULL,NULL,NULL,'slider','2020-08-23 21:22:30','2020-08-23 21:22:30'),(381,60,'1.jpg','f053ef8aab43f0d3e42d261942c4fd50.jpg',NULL,NULL,NULL,'slider','2020-08-23 21:22:30','2020-08-23 21:22:30'),(382,60,'6.jpg','b2b63ebafe3baf29163822857e4c4c29.jpg',NULL,NULL,NULL,'slider','2020-08-23 21:22:30','2020-08-23 21:22:30'),(383,60,'5.jpg','22c2c6c7d4b60cf8d11b61bdb093ee11.jpg',NULL,NULL,NULL,'slider','2020-08-23 21:22:30','2020-08-23 21:22:30'),(384,60,'faruk-kaymak-KTsg_xKnB3E-unsplash.jpg','5c39fac78fc1d6b6c334d5ec4c704ce5.jpg',NULL,NULL,NULL,'gallery','2020-08-23 21:22:30','2020-08-23 21:22:30'),(385,61,'2.jpg','6492cb473152ccbdc5c57bcf1850abbd.jpg',NULL,NULL,NULL,'slider','2020-08-23 21:22:30','2020-08-23 21:22:30'),(386,61,'4.jpg','e057626c256dbec046c7bc5ccaf97214.jpg',NULL,NULL,NULL,'slider','2020-08-23 21:22:30','2020-08-23 21:22:30'),(387,61,'3.jpg','8902714f293cff2af5e850d1d5f32fbb.jpg',NULL,NULL,NULL,'slider','2020-08-23 21:22:30','2020-08-23 21:22:30'),(388,61,'1.jpg','f053ef8aab43f0d3e42d261942c4fd50.jpg',NULL,NULL,NULL,'slider','2020-08-23 21:22:30','2020-08-23 21:22:30'),(389,61,'6.jpg','b2b63ebafe3baf29163822857e4c4c29.jpg',NULL,NULL,NULL,'slider','2020-08-23 21:22:30','2020-08-23 21:22:30'),(390,61,'5.jpg','22c2c6c7d4b60cf8d11b61bdb093ee11.jpg',NULL,NULL,NULL,'slider','2020-08-23 21:22:30','2020-08-23 21:22:30'),(391,61,'faruk-kaymak-KTsg_xKnB3E-unsplash.jpg','5c39fac78fc1d6b6c334d5ec4c704ce5.jpg',NULL,NULL,NULL,'gallery','2020-08-23 21:22:30','2020-08-23 21:22:30'),(392,62,'2.jpg','6492cb473152ccbdc5c57bcf1850abbd.jpg',NULL,NULL,NULL,'slider','2020-08-23 21:22:30','2020-08-23 21:22:30'),(393,62,'4.jpg','e057626c256dbec046c7bc5ccaf97214.jpg',NULL,NULL,NULL,'slider','2020-08-23 21:22:30','2020-08-23 21:22:30'),(394,62,'3.jpg','8902714f293cff2af5e850d1d5f32fbb.jpg',NULL,NULL,NULL,'slider','2020-08-23 21:22:30','2020-08-23 21:22:30'),(395,62,'1.jpg','f053ef8aab43f0d3e42d261942c4fd50.jpg',NULL,NULL,NULL,'slider','2020-08-23 21:22:30','2020-08-23 21:22:30'),(396,62,'6.jpg','b2b63ebafe3baf29163822857e4c4c29.jpg',NULL,NULL,NULL,'slider','2020-08-23 21:22:30','2020-08-23 21:22:30'),(397,62,'5.jpg','22c2c6c7d4b60cf8d11b61bdb093ee11.jpg',NULL,NULL,NULL,'slider','2020-08-23 21:22:30','2020-08-23 21:22:30'),(398,62,'faruk-kaymak-KTsg_xKnB3E-unsplash.jpg','5c39fac78fc1d6b6c334d5ec4c704ce5.jpg',NULL,NULL,NULL,'gallery','2020-08-23 21:22:30','2020-08-23 21:22:30'),(399,63,'2.jpg','6492cb473152ccbdc5c57bcf1850abbd.jpg',NULL,NULL,NULL,'slider','2020-08-23 21:22:30','2020-08-23 21:22:30'),(400,63,'4.jpg','e057626c256dbec046c7bc5ccaf97214.jpg',NULL,NULL,NULL,'slider','2020-08-23 21:22:30','2020-08-23 21:22:30'),(401,63,'3.jpg','8902714f293cff2af5e850d1d5f32fbb.jpg',NULL,NULL,NULL,'slider','2020-08-23 21:22:30','2020-08-23 21:22:30'),(402,63,'1.jpg','f053ef8aab43f0d3e42d261942c4fd50.jpg',NULL,NULL,NULL,'slider','2020-08-23 21:22:30','2020-08-23 21:22:30'),(403,63,'6.jpg','b2b63ebafe3baf29163822857e4c4c29.jpg',NULL,NULL,NULL,'slider','2020-08-23 21:22:30','2020-08-23 21:22:30'),(404,63,'5.jpg','22c2c6c7d4b60cf8d11b61bdb093ee11.jpg',NULL,NULL,NULL,'slider','2020-08-23 21:22:30','2020-08-23 21:22:30'),(405,63,'faruk-kaymak-KTsg_xKnB3E-unsplash.jpg','5c39fac78fc1d6b6c334d5ec4c704ce5.jpg',NULL,NULL,NULL,'gallery','2020-08-23 21:22:30','2020-08-23 21:22:30'),(406,64,'2.jpg','6492cb473152ccbdc5c57bcf1850abbd.jpg',NULL,NULL,NULL,'slider','2020-08-23 21:22:30','2020-08-23 21:22:30'),(407,64,'4.jpg','e057626c256dbec046c7bc5ccaf97214.jpg',NULL,NULL,NULL,'slider','2020-08-23 21:22:30','2020-08-23 21:22:30'),(408,64,'3.jpg','8902714f293cff2af5e850d1d5f32fbb.jpg',NULL,NULL,NULL,'slider','2020-08-23 21:22:30','2020-08-23 21:22:30'),(409,64,'1.jpg','f053ef8aab43f0d3e42d261942c4fd50.jpg',NULL,NULL,NULL,'slider','2020-08-23 21:22:30','2020-08-23 21:22:30'),(410,64,'6.jpg','b2b63ebafe3baf29163822857e4c4c29.jpg',NULL,NULL,NULL,'slider','2020-08-23 21:22:30','2020-08-23 21:22:30'),(411,64,'5.jpg','22c2c6c7d4b60cf8d11b61bdb093ee11.jpg',NULL,NULL,NULL,'slider','2020-08-23 21:22:30','2020-08-23 21:22:30'),(412,64,'faruk-kaymak-KTsg_xKnB3E-unsplash.jpg','5c39fac78fc1d6b6c334d5ec4c704ce5.jpg',NULL,NULL,NULL,'gallery','2020-08-23 21:22:30','2020-08-23 21:22:30'),(413,65,'2.jpg','6492cb473152ccbdc5c57bcf1850abbd.jpg',NULL,NULL,NULL,'slider','2020-08-23 21:22:30','2020-08-23 21:22:30'),(414,65,'4.jpg','e057626c256dbec046c7bc5ccaf97214.jpg',NULL,NULL,NULL,'slider','2020-08-23 21:22:30','2020-08-23 21:22:30'),(415,65,'3.jpg','8902714f293cff2af5e850d1d5f32fbb.jpg',NULL,NULL,NULL,'slider','2020-08-23 21:22:30','2020-08-23 21:22:30'),(416,65,'1.jpg','f053ef8aab43f0d3e42d261942c4fd50.jpg',NULL,NULL,NULL,'slider','2020-08-23 21:22:30','2020-08-23 21:22:30'),(417,65,'6.jpg','b2b63ebafe3baf29163822857e4c4c29.jpg',NULL,NULL,NULL,'slider','2020-08-23 21:22:30','2020-08-23 21:22:30'),(418,65,'5.jpg','22c2c6c7d4b60cf8d11b61bdb093ee11.jpg',NULL,NULL,NULL,'slider','2020-08-23 21:22:30','2020-08-23 21:22:30'),(419,65,'faruk-kaymak-KTsg_xKnB3E-unsplash.jpg','5c39fac78fc1d6b6c334d5ec4c704ce5.jpg',NULL,NULL,NULL,'gallery','2020-08-23 21:22:30','2020-08-23 21:22:30'),(420,66,'2.jpg','6492cb473152ccbdc5c57bcf1850abbd.jpg',NULL,NULL,NULL,'slider','2020-08-23 21:22:30','2020-08-23 21:22:30'),(421,66,'4.jpg','e057626c256dbec046c7bc5ccaf97214.jpg',NULL,NULL,NULL,'slider','2020-08-23 21:22:30','2020-08-23 21:22:30'),(422,66,'3.jpg','8902714f293cff2af5e850d1d5f32fbb.jpg',NULL,NULL,NULL,'slider','2020-08-23 21:22:30','2020-08-23 21:22:30'),(423,66,'1.jpg','f053ef8aab43f0d3e42d261942c4fd50.jpg',NULL,NULL,NULL,'slider','2020-08-23 21:22:30','2020-08-23 21:22:30'),(424,66,'6.jpg','b2b63ebafe3baf29163822857e4c4c29.jpg',NULL,NULL,NULL,'slider','2020-08-23 21:22:30','2020-08-23 21:22:30'),(425,66,'5.jpg','22c2c6c7d4b60cf8d11b61bdb093ee11.jpg',NULL,NULL,NULL,'slider','2020-08-23 21:22:30','2020-08-23 21:22:30'),(426,66,'faruk-kaymak-KTsg_xKnB3E-unsplash.jpg','5c39fac78fc1d6b6c334d5ec4c704ce5.jpg',NULL,NULL,NULL,'gallery','2020-08-23 21:22:30','2020-08-23 21:22:30'),(427,67,'2.jpg','6492cb473152ccbdc5c57bcf1850abbd.jpg',NULL,NULL,NULL,'slider','2020-08-23 21:22:30','2020-08-23 21:22:30'),(428,67,'4.jpg','e057626c256dbec046c7bc5ccaf97214.jpg',NULL,NULL,NULL,'slider','2020-08-23 21:22:30','2020-08-23 21:22:30'),(429,67,'3.jpg','8902714f293cff2af5e850d1d5f32fbb.jpg',NULL,NULL,NULL,'slider','2020-08-23 21:22:30','2020-08-23 21:22:30'),(430,67,'1.jpg','f053ef8aab43f0d3e42d261942c4fd50.jpg',NULL,NULL,NULL,'slider','2020-08-23 21:22:30','2020-08-23 21:22:30'),(431,67,'6.jpg','b2b63ebafe3baf29163822857e4c4c29.jpg',NULL,NULL,NULL,'slider','2020-08-23 21:22:30','2020-08-23 21:22:30'),(432,67,'5.jpg','22c2c6c7d4b60cf8d11b61bdb093ee11.jpg',NULL,NULL,NULL,'slider','2020-08-23 21:22:30','2020-08-23 21:22:30'),(433,67,'faruk-kaymak-KTsg_xKnB3E-unsplash.jpg','5c39fac78fc1d6b6c334d5ec4c704ce5.jpg',NULL,NULL,NULL,'gallery','2020-08-23 21:22:30','2020-08-23 21:22:30'),(434,68,'2.jpg','6492cb473152ccbdc5c57bcf1850abbd.jpg',NULL,NULL,NULL,'slider','2020-08-23 21:22:30','2020-08-23 21:22:30'),(435,68,'4.jpg','e057626c256dbec046c7bc5ccaf97214.jpg',NULL,NULL,NULL,'slider','2020-08-23 21:22:30','2020-08-23 21:22:30'),(436,68,'3.jpg','8902714f293cff2af5e850d1d5f32fbb.jpg',NULL,NULL,NULL,'slider','2020-08-23 21:22:30','2020-08-23 21:22:30'),(437,68,'1.jpg','f053ef8aab43f0d3e42d261942c4fd50.jpg',NULL,NULL,NULL,'slider','2020-08-23 21:22:30','2020-08-23 21:22:30'),(438,68,'6.jpg','b2b63ebafe3baf29163822857e4c4c29.jpg',NULL,NULL,NULL,'slider','2020-08-23 21:22:30','2020-08-23 21:22:30'),(439,68,'5.jpg','22c2c6c7d4b60cf8d11b61bdb093ee11.jpg',NULL,NULL,NULL,'slider','2020-08-23 21:22:30','2020-08-23 21:22:30'),(440,68,'faruk-kaymak-KTsg_xKnB3E-unsplash.jpg','5c39fac78fc1d6b6c334d5ec4c704ce5.jpg',NULL,NULL,NULL,'gallery','2020-08-23 21:22:30','2020-08-23 21:22:30'),(441,69,'2.jpg','6492cb473152ccbdc5c57bcf1850abbd.jpg',NULL,NULL,NULL,'slider','2020-08-23 21:22:30','2020-08-23 21:22:30'),(442,69,'4.jpg','e057626c256dbec046c7bc5ccaf97214.jpg',NULL,NULL,NULL,'slider','2020-08-23 21:22:30','2020-08-23 21:22:30'),(443,69,'3.jpg','8902714f293cff2af5e850d1d5f32fbb.jpg',NULL,NULL,NULL,'slider','2020-08-23 21:22:30','2020-08-23 21:22:30'),(444,69,'1.jpg','f053ef8aab43f0d3e42d261942c4fd50.jpg',NULL,NULL,NULL,'slider','2020-08-23 21:22:30','2020-08-23 21:22:30'),(445,69,'6.jpg','b2b63ebafe3baf29163822857e4c4c29.jpg',NULL,NULL,NULL,'slider','2020-08-23 21:22:30','2020-08-23 21:22:30'),(446,69,'5.jpg','22c2c6c7d4b60cf8d11b61bdb093ee11.jpg',NULL,NULL,NULL,'slider','2020-08-23 21:22:30','2020-08-23 21:22:30'),(447,69,'faruk-kaymak-KTsg_xKnB3E-unsplash.jpg','5c39fac78fc1d6b6c334d5ec4c704ce5.jpg',NULL,NULL,NULL,'gallery','2020-08-23 21:22:30','2020-08-23 21:22:30'),(455,71,'2.jpg','6492cb473152ccbdc5c57bcf1850abbd.jpg',NULL,NULL,NULL,'slider','2020-08-23 21:22:30','2020-08-23 21:22:30'),(456,71,'4.jpg','e057626c256dbec046c7bc5ccaf97214.jpg',NULL,NULL,NULL,'slider','2020-08-23 21:22:30','2020-08-23 21:22:30'),(457,71,'3.jpg','8902714f293cff2af5e850d1d5f32fbb.jpg',NULL,NULL,NULL,'slider','2020-08-23 21:22:30','2020-08-23 21:22:30'),(458,71,'1.jpg','f053ef8aab43f0d3e42d261942c4fd50.jpg',NULL,NULL,NULL,'slider','2020-08-23 21:22:30','2020-08-23 21:22:30'),(459,71,'6.jpg','b2b63ebafe3baf29163822857e4c4c29.jpg',NULL,NULL,NULL,'slider','2020-08-23 21:22:30','2020-08-23 21:22:30'),(460,71,'5.jpg','22c2c6c7d4b60cf8d11b61bdb093ee11.jpg',NULL,NULL,NULL,'slider','2020-08-23 21:22:30','2020-08-23 21:22:30'),(461,71,'faruk-kaymak-KTsg_xKnB3E-unsplash.jpg','5c39fac78fc1d6b6c334d5ec4c704ce5.jpg',NULL,NULL,NULL,'gallery','2020-08-23 21:22:30','2020-08-23 21:22:30'),(462,72,'2.jpg','6492cb473152ccbdc5c57bcf1850abbd.jpg',NULL,NULL,NULL,'slider','2020-08-23 21:22:30','2020-08-23 21:22:30'),(463,72,'4.jpg','e057626c256dbec046c7bc5ccaf97214.jpg',NULL,NULL,NULL,'slider','2020-08-23 21:22:30','2020-08-23 21:22:30'),(464,72,'3.jpg','8902714f293cff2af5e850d1d5f32fbb.jpg',NULL,NULL,NULL,'slider','2020-08-23 21:22:30','2020-08-23 21:22:30'),(465,72,'1.jpg','f053ef8aab43f0d3e42d261942c4fd50.jpg',NULL,NULL,NULL,'slider','2020-08-23 21:22:30','2020-08-23 21:22:30'),(466,72,'6.jpg','b2b63ebafe3baf29163822857e4c4c29.jpg',NULL,NULL,NULL,'slider','2020-08-23 21:22:30','2020-08-23 21:22:30'),(467,72,'5.jpg','22c2c6c7d4b60cf8d11b61bdb093ee11.jpg',NULL,NULL,NULL,'slider','2020-08-23 21:22:30','2020-08-23 21:22:30'),(468,72,'faruk-kaymak-KTsg_xKnB3E-unsplash.jpg','5c39fac78fc1d6b6c334d5ec4c704ce5.jpg',NULL,NULL,NULL,'gallery','2020-08-23 21:22:30','2020-08-23 21:22:30'),(469,73,'2.jpg','6492cb473152ccbdc5c57bcf1850abbd.jpg',NULL,NULL,NULL,'slider','2020-08-23 21:22:30','2020-08-23 21:22:30'),(470,73,'4.jpg','e057626c256dbec046c7bc5ccaf97214.jpg',NULL,NULL,NULL,'slider','2020-08-23 21:22:30','2020-08-23 21:22:30'),(471,73,'3.jpg','8902714f293cff2af5e850d1d5f32fbb.jpg',NULL,NULL,NULL,'slider','2020-08-23 21:22:30','2020-08-23 21:22:30'),(472,73,'1.jpg','f053ef8aab43f0d3e42d261942c4fd50.jpg',NULL,NULL,NULL,'slider','2020-08-23 21:22:30','2020-08-23 21:22:30'),(473,73,'6.jpg','b2b63ebafe3baf29163822857e4c4c29.jpg',NULL,NULL,NULL,'slider','2020-08-23 21:22:30','2020-08-23 21:22:30'),(474,73,'5.jpg','22c2c6c7d4b60cf8d11b61bdb093ee11.jpg',NULL,NULL,NULL,'slider','2020-08-23 21:22:30','2020-08-23 21:22:30'),(475,73,'faruk-kaymak-KTsg_xKnB3E-unsplash.jpg','5c39fac78fc1d6b6c334d5ec4c704ce5.jpg',NULL,NULL,NULL,'gallery','2020-08-23 21:22:30','2020-08-23 21:22:30'),(476,74,'2.jpg','6492cb473152ccbdc5c57bcf1850abbd.jpg',NULL,NULL,NULL,'slider','2020-08-23 21:22:30','2020-08-23 21:22:30'),(477,74,'4.jpg','e057626c256dbec046c7bc5ccaf97214.jpg',NULL,NULL,NULL,'slider','2020-08-23 21:22:30','2020-08-23 21:22:30'),(478,74,'3.jpg','8902714f293cff2af5e850d1d5f32fbb.jpg',NULL,NULL,NULL,'slider','2020-08-23 21:22:30','2020-08-23 21:22:30'),(479,74,'1.jpg','f053ef8aab43f0d3e42d261942c4fd50.jpg',NULL,NULL,NULL,'slider','2020-08-23 21:22:30','2020-08-23 21:22:30'),(480,74,'6.jpg','b2b63ebafe3baf29163822857e4c4c29.jpg',NULL,NULL,NULL,'slider','2020-08-23 21:22:30','2020-08-23 21:22:30'),(481,74,'5.jpg','22c2c6c7d4b60cf8d11b61bdb093ee11.jpg',NULL,NULL,NULL,'slider','2020-08-23 21:22:30','2020-08-23 21:22:30'),(482,74,'faruk-kaymak-KTsg_xKnB3E-unsplash.jpg','5c39fac78fc1d6b6c334d5ec4c704ce5.jpg',NULL,NULL,NULL,'gallery','2020-08-23 21:22:30','2020-08-23 21:22:30'),(483,75,'2.jpg','6492cb473152ccbdc5c57bcf1850abbd.jpg',NULL,NULL,NULL,'slider','2020-08-23 21:22:30','2020-08-23 21:22:30'),(484,75,'4.jpg','e057626c256dbec046c7bc5ccaf97214.jpg',NULL,NULL,NULL,'slider','2020-08-23 21:22:30','2020-08-23 21:22:30'),(485,75,'3.jpg','8902714f293cff2af5e850d1d5f32fbb.jpg',NULL,NULL,NULL,'slider','2020-08-23 21:22:30','2020-08-23 21:22:30'),(486,75,'1.jpg','f053ef8aab43f0d3e42d261942c4fd50.jpg',NULL,NULL,NULL,'slider','2020-08-23 21:22:30','2020-08-23 21:22:30'),(487,75,'6.jpg','b2b63ebafe3baf29163822857e4c4c29.jpg',NULL,NULL,NULL,'slider','2020-08-23 21:22:30','2020-08-23 21:22:30'),(488,75,'5.jpg','22c2c6c7d4b60cf8d11b61bdb093ee11.jpg',NULL,NULL,NULL,'slider','2020-08-23 21:22:30','2020-08-23 21:22:30'),(489,75,'faruk-kaymak-KTsg_xKnB3E-unsplash.jpg','5c39fac78fc1d6b6c334d5ec4c704ce5.jpg',NULL,NULL,NULL,'gallery','2020-08-23 21:22:30','2020-08-23 21:22:30'),(490,76,'2.jpg','6492cb473152ccbdc5c57bcf1850abbd.jpg',NULL,NULL,NULL,'slider','2020-08-23 21:22:30','2020-08-23 21:22:30'),(491,76,'4.jpg','e057626c256dbec046c7bc5ccaf97214.jpg',NULL,NULL,NULL,'slider','2020-08-23 21:22:30','2020-08-23 21:22:30'),(492,76,'3.jpg','8902714f293cff2af5e850d1d5f32fbb.jpg',NULL,NULL,NULL,'slider','2020-08-23 21:22:30','2020-08-23 21:22:30'),(493,76,'1.jpg','f053ef8aab43f0d3e42d261942c4fd50.jpg',NULL,NULL,NULL,'slider','2020-08-23 21:22:30','2020-08-23 21:22:30'),(494,76,'6.jpg','b2b63ebafe3baf29163822857e4c4c29.jpg',NULL,NULL,NULL,'slider','2020-08-23 21:22:30','2020-08-23 21:22:30'),(495,76,'5.jpg','22c2c6c7d4b60cf8d11b61bdb093ee11.jpg',NULL,NULL,NULL,'slider','2020-08-23 21:22:30','2020-08-23 21:22:30'),(496,76,'faruk-kaymak-KTsg_xKnB3E-unsplash.jpg','5c39fac78fc1d6b6c334d5ec4c704ce5.jpg',NULL,NULL,NULL,'gallery','2020-08-23 21:22:30','2020-08-23 21:22:30'),(497,77,'2.jpg','6492cb473152ccbdc5c57bcf1850abbd.jpg',NULL,NULL,NULL,'slider','2020-08-23 21:22:30','2020-08-23 21:22:30'),(498,77,'4.jpg','e057626c256dbec046c7bc5ccaf97214.jpg',NULL,NULL,NULL,'slider','2020-08-23 21:22:30','2020-08-23 21:22:30'),(499,77,'3.jpg','8902714f293cff2af5e850d1d5f32fbb.jpg',NULL,NULL,NULL,'slider','2020-08-23 21:22:30','2020-08-23 21:22:30'),(500,77,'1.jpg','f053ef8aab43f0d3e42d261942c4fd50.jpg',NULL,NULL,NULL,'slider','2020-08-23 21:22:30','2020-08-23 21:22:30'),(501,77,'6.jpg','b2b63ebafe3baf29163822857e4c4c29.jpg',NULL,NULL,NULL,'slider','2020-08-23 21:22:30','2020-08-23 21:22:30'),(502,77,'5.jpg','22c2c6c7d4b60cf8d11b61bdb093ee11.jpg',NULL,NULL,NULL,'slider','2020-08-23 21:22:30','2020-08-23 21:22:30'),(503,77,'faruk-kaymak-KTsg_xKnB3E-unsplash.jpg','5c39fac78fc1d6b6c334d5ec4c704ce5.jpg',NULL,NULL,NULL,'gallery','2020-08-23 21:22:30','2020-08-23 21:22:30'),(504,78,'2.jpg','6492cb473152ccbdc5c57bcf1850abbd.jpg',NULL,NULL,NULL,'slider','2020-08-23 21:22:30','2020-08-23 21:22:30'),(505,78,'4.jpg','e057626c256dbec046c7bc5ccaf97214.jpg',NULL,NULL,NULL,'slider','2020-08-23 21:22:30','2020-08-23 21:22:30'),(506,78,'3.jpg','8902714f293cff2af5e850d1d5f32fbb.jpg',NULL,NULL,NULL,'slider','2020-08-23 21:22:30','2020-08-23 21:22:30'),(507,78,'1.jpg','f053ef8aab43f0d3e42d261942c4fd50.jpg',NULL,NULL,NULL,'slider','2020-08-23 21:22:30','2020-08-23 21:22:30'),(508,78,'6.jpg','b2b63ebafe3baf29163822857e4c4c29.jpg',NULL,NULL,NULL,'slider','2020-08-23 21:22:30','2020-08-23 21:22:30'),(509,78,'5.jpg','22c2c6c7d4b60cf8d11b61bdb093ee11.jpg',NULL,NULL,NULL,'slider','2020-08-23 21:22:30','2020-08-23 21:22:30'),(510,78,'faruk-kaymak-KTsg_xKnB3E-unsplash.jpg','5c39fac78fc1d6b6c334d5ec4c704ce5.jpg',NULL,NULL,NULL,'gallery','2020-08-23 21:22:30','2020-08-23 21:22:30'),(511,79,'2.jpg','6492cb473152ccbdc5c57bcf1850abbd.jpg',NULL,NULL,NULL,'slider','2020-08-23 21:22:30','2020-08-23 21:22:30'),(512,79,'4.jpg','e057626c256dbec046c7bc5ccaf97214.jpg',NULL,NULL,NULL,'slider','2020-08-23 21:22:30','2020-08-23 21:22:30'),(513,79,'3.jpg','8902714f293cff2af5e850d1d5f32fbb.jpg',NULL,NULL,NULL,'slider','2020-08-23 21:22:30','2020-08-23 21:22:30'),(514,79,'1.jpg','f053ef8aab43f0d3e42d261942c4fd50.jpg',NULL,NULL,NULL,'slider','2020-08-23 21:22:30','2020-08-23 21:22:30'),(515,79,'6.jpg','b2b63ebafe3baf29163822857e4c4c29.jpg',NULL,NULL,NULL,'slider','2020-08-23 21:22:30','2020-08-23 21:22:30'),(516,79,'5.jpg','22c2c6c7d4b60cf8d11b61bdb093ee11.jpg',NULL,NULL,NULL,'slider','2020-08-23 21:22:30','2020-08-23 21:22:30'),(517,79,'faruk-kaymak-KTsg_xKnB3E-unsplash.jpg','5c39fac78fc1d6b6c334d5ec4c704ce5.jpg',NULL,NULL,NULL,'gallery','2020-08-23 21:22:30','2020-08-23 21:22:30'),(525,70,'2.jpg','6492cb473152ccbdc5c57bcf1850abbd.jpg',NULL,NULL,NULL,'slider','2020-08-25 02:37:16','2020-08-25 02:37:16'),(526,70,'4.jpg','e057626c256dbec046c7bc5ccaf97214.jpg',NULL,NULL,NULL,'slider','2020-08-25 02:37:16','2020-08-25 02:37:16'),(527,70,'3.jpg','8902714f293cff2af5e850d1d5f32fbb.jpg',NULL,NULL,NULL,'slider','2020-08-25 02:37:16','2020-08-25 02:37:16'),(528,70,'1.jpg','f053ef8aab43f0d3e42d261942c4fd50.jpg',NULL,NULL,NULL,'slider','2020-08-25 02:37:16','2020-08-25 02:37:16'),(529,70,'6.jpg','b2b63ebafe3baf29163822857e4c4c29.jpg',NULL,NULL,NULL,'slider','2020-08-25 02:37:16','2020-08-25 02:37:16'),(530,70,'5.jpg','22c2c6c7d4b60cf8d11b61bdb093ee11.jpg',NULL,NULL,NULL,'slider','2020-08-25 02:37:16','2020-08-25 02:37:16'),(531,70,'faruk-kaymak-KTsg_xKnB3E-unsplash.jpg','5c39fac78fc1d6b6c334d5ec4c704ce5.jpg',NULL,NULL,NULL,'gallery','2020-08-25 02:37:16','2020-08-25 02:37:16'),(532,46,'2.jpg','6492cb473152ccbdc5c57bcf1850abbd.jpg',NULL,NULL,NULL,'slider','2020-08-25 02:37:30','2020-08-25 02:37:30'),(533,46,'4.jpg','e057626c256dbec046c7bc5ccaf97214.jpg',NULL,NULL,NULL,'slider','2020-08-25 02:37:30','2020-08-25 02:37:30'),(534,46,'3.jpg','8902714f293cff2af5e850d1d5f32fbb.jpg',NULL,NULL,NULL,'slider','2020-08-25 02:37:30','2020-08-25 02:37:30'),(535,46,'1.jpg','f053ef8aab43f0d3e42d261942c4fd50.jpg',NULL,NULL,NULL,'slider','2020-08-25 02:37:30','2020-08-25 02:37:30'),(536,46,'6.jpg','b2b63ebafe3baf29163822857e4c4c29.jpg',NULL,NULL,NULL,'slider','2020-08-25 02:37:30','2020-08-25 02:37:30'),(537,46,'5.jpg','22c2c6c7d4b60cf8d11b61bdb093ee11.jpg',NULL,NULL,NULL,'slider','2020-08-25 02:37:30','2020-08-25 02:37:30'),(538,46,'faruk-kaymak-KTsg_xKnB3E-unsplash.jpg','5c39fac78fc1d6b6c334d5ec4c704ce5.jpg',NULL,NULL,NULL,'gallery','2020-08-25 02:37:30','2020-08-25 02:37:30'),(567,10,'2.jpg','6492cb473152ccbdc5c57bcf1850abbd.jpg',NULL,NULL,NULL,'slider','2020-08-27 11:18:21','2020-08-27 11:18:21'),(568,10,'4.jpg','e057626c256dbec046c7bc5ccaf97214.jpg',NULL,NULL,NULL,'slider','2020-08-27 11:18:21','2020-08-27 11:18:21'),(569,10,'3.jpg','8902714f293cff2af5e850d1d5f32fbb.jpg',NULL,NULL,NULL,'slider','2020-08-27 11:18:21','2020-08-27 11:18:21'),(570,10,'1.jpg','f053ef8aab43f0d3e42d261942c4fd50.jpg',NULL,NULL,NULL,'slider','2020-08-27 11:18:21','2020-08-27 11:18:21'),(571,10,'6.jpg','b2b63ebafe3baf29163822857e4c4c29.jpg',NULL,NULL,NULL,'slider','2020-08-27 11:18:21','2020-08-27 11:18:21'),(572,10,'5.jpg','22c2c6c7d4b60cf8d11b61bdb093ee11.jpg',NULL,NULL,NULL,'slider','2020-08-27 11:18:21','2020-08-27 11:18:21'),(573,10,'faruk-kaymak-KTsg_xKnB3E-unsplash.jpg','5c39fac78fc1d6b6c334d5ec4c704ce5.jpg',NULL,NULL,NULL,'gallery','2020-08-27 11:18:21','2020-08-27 11:18:21'),(587,86,'1882-SLKDNNRPLT-BKWH_5.jpg','a962f714f71c509c1d3fee2da6a0adca.jpg',NULL,NULL,NULL,'slider','2020-10-07 02:20:01','2020-10-07 02:20:01'),(588,86,'i-img600x291-1538027496xkb6wq16853.jpg','731b602e2f9a83e001ea2a940d974295.jpg',NULL,NULL,NULL,'slider','2020-10-07 02:20:01','2020-10-07 02:20:01'),(589,86,'1882-SLKDNNRPLT-BKWH_4.jpg','2fa06811b1af5abd36229aa2b23c78e3.jpg',NULL,NULL,NULL,'slider','2020-10-07 02:20:01','2020-10-07 02:20:01'),(590,86,'i-img600x337-1537956577djaytj2146.jpg','13bfbc0aeb228935f9b51557a43e1030.jpg',NULL,NULL,NULL,'slider','2020-10-07 02:20:01','2020-10-07 02:20:01'),(591,86,'i-img600x337-1537956577qsg5im2146.jpg','327fc3892288dc1a7d812493afa77b9a.jpg',NULL,NULL,NULL,'slider','2020-10-07 02:20:01','2020-10-07 02:20:01'),(592,86,'i-img600x337-1537956577vcbx4g2146.jpg','9d757af9e28a69825e61e0ef4c386916.jpg',NULL,NULL,NULL,'slider','2020-10-07 02:20:01','2020-10-07 02:20:01'),(593,86,'i-img600x337-1537956577vtih802146.jpg','6c36d11e03545a659c78659c590aeae2.jpg',NULL,NULL,NULL,'slider','2020-10-07 02:20:01','2020-10-07 02:20:01'),(594,86,'1050021_1-2285.jpg','d2d9315a3eead285bca4d8a759f1423c.jpg',NULL,NULL,NULL,'slider','2020-10-07 02:20:01','2020-10-07 02:20:01'),(608,84,'2.jpg','bf19e2415bcbc811878ead22c8c98bce.jpg',NULL,NULL,NULL,'slider','2020-10-13 03:44:20','2020-10-13 03:44:20'),(609,84,'4.jpg','61041cfce1662d465c6b67be27e5da7e.jpg',NULL,NULL,NULL,'slider','2020-10-13 03:44:20','2020-10-13 03:44:20'),(610,84,'3.jpg','fb8d44430821581a1780dfa846162073.jpg',NULL,NULL,NULL,'slider','2020-10-13 03:44:20','2020-10-13 03:44:20'),(611,84,'6.jpg','fbbc7c082a2d61698e95060cec3fd7c1.jpg',NULL,NULL,NULL,'slider','2020-10-13 03:44:20','2020-10-13 03:44:20'),(612,84,'5.jpg','447dd076ed8d30060291256960fea629.jpg',NULL,NULL,NULL,'slider','2020-10-13 03:44:20','2020-10-13 03:44:20'),(637,88,'5.jpg','09f1afb444078e4e8bb155910af0f110.jpg',NULL,NULL,NULL,'slider','2020-10-13 06:46:44','2020-10-13 06:46:44'),(638,88,'4.jpg','c4b6a064a5b2df3f47646e523e42a436.jpg',NULL,NULL,NULL,'slider','2020-10-13 06:46:44','2020-10-13 06:46:44'),(639,88,'6.jpg','aba9aab9b81b9d9f0332db420327c053.jpg',NULL,NULL,NULL,'slider','2020-10-13 06:46:44','2020-10-13 06:46:44'),(640,88,'2.jpg','197555dfc1dd1793173a0f77d3f7401b.jpg',NULL,NULL,NULL,'slider','2020-10-13 06:46:44','2020-10-13 06:46:44'),(641,88,'3.jpg','e04014941d3edc4cb8c78aefa23f0c99.jpg',NULL,NULL,NULL,'slider','2020-10-13 06:46:44','2020-10-13 06:46:44'),(642,88,'1.jpg','3872efcde5ba3b59f7bfc85e548ef588.jpg',NULL,NULL,NULL,'slider','2020-10-13 06:46:44','2020-10-13 06:46:44'),(643,87,'i-img600x337-1537956577vcbx4g2146.jpg','76b816c8d9c6f5ef050615d7ecd9f9a9.jpg',NULL,NULL,NULL,'slider','2020-10-16 06:53:55','2020-10-16 06:53:55'),(644,87,'1882-SLKDNNRPLT-BKWH_5.jpg','bf2fc2dbe5cf074515f3c808c510cbf4.jpg',NULL,NULL,NULL,'slider','2020-10-16 06:53:55','2020-10-16 06:53:55'),(645,87,'i-img600x337-1537956577vtih802146.jpg','efb3b6358ed11019654c948d21859530.jpg',NULL,NULL,NULL,'slider','2020-10-16 06:53:55','2020-10-16 06:53:55'),(646,87,'i-img600x291-1538027496xkb6wq16853.jpg','da64450a79839ec663df68cd065bc806.jpg',NULL,NULL,NULL,'slider','2020-10-16 06:53:55','2020-10-16 06:53:55'),(647,87,'i-img600x337-1537956577djaytj2146.jpg','a4662cbaa366657cd4e5db2ff981c446.jpg',NULL,NULL,NULL,'slider','2020-10-16 06:53:55','2020-10-16 06:53:55'),(648,87,'i-img600x337-1537956577qsg5im2146.jpg','1c123fa4623415db0e07538c7b64d16b.jpg',NULL,NULL,NULL,'slider','2020-10-16 06:53:55','2020-10-16 06:53:55'),(649,87,'1050021_1-2285.jpg','0ee51f565d5894d336bfb2810451a381.jpg',NULL,NULL,NULL,'slider','2020-10-16 06:53:55','2020-10-16 06:53:55'),(652,90,'スクリーンショット 2020-11-04 14.33.38.png','6f3ad630ac4a02a80cbbd7925bc3b78f.png',NULL,NULL,NULL,'slider','2020-11-04 05:37:02','2020-11-04 05:37:02'),(677,85,'1882-SLKDNNRPLT-BKWH_5.jpg','a962f714f71c509c1d3fee2da6a0adca.jpg',NULL,NULL,NULL,'slider','2020-11-17 04:27:05','2020-11-17 04:27:05'),(678,85,'i-img600x291-1538027496xkb6wq16853.jpg','731b602e2f9a83e001ea2a940d974295.jpg',NULL,NULL,NULL,'slider','2020-11-17 04:27:05','2020-11-17 04:27:05'),(679,85,'1882-SLKDNNRPLT-BKWH_4.jpg','2fa06811b1af5abd36229aa2b23c78e3.jpg',NULL,NULL,NULL,'slider','2020-11-17 04:27:05','2020-11-17 04:27:05'),(680,85,'i-img600x337-1537956577djaytj2146.jpg','13bfbc0aeb228935f9b51557a43e1030.jpg',NULL,NULL,NULL,'slider','2020-11-17 04:27:05','2020-11-17 04:27:05'),(681,85,'i-img600x337-1537956577qsg5im2146.jpg','327fc3892288dc1a7d812493afa77b9a.jpg',NULL,NULL,NULL,'slider','2020-11-17 04:27:05','2020-11-17 04:27:05'),(682,85,'i-img600x337-1537956577vcbx4g2146.jpg','9d757af9e28a69825e61e0ef4c386916.jpg',NULL,NULL,NULL,'slider','2020-11-17 04:27:05','2020-11-17 04:27:05'),(683,85,'i-img600x337-1537956577vtih802146.jpg','6c36d11e03545a659c78659c590aeae2.jpg',NULL,NULL,NULL,'slider','2020-11-17 04:27:05','2020-11-17 04:27:05'),(684,85,'1050021_1-2285.jpg','d2d9315a3eead285bca4d8a759f1423c.jpg',NULL,NULL,NULL,'slider','2020-11-17 04:27:05','2020-11-17 04:27:05'),(686,91,'main001.jpg','abe2a60977601db7215c290f9f5cbfbf.jpg',NULL,NULL,NULL,'slider','2020-11-17 12:39:29','2020-11-17 12:39:29'),(687,92,'image.png','718a331b194718cdee33d083e1bad406.png',NULL,NULL,NULL,'slider','2020-11-24 09:01:22','2020-11-24 09:01:22'),(688,92,'image.jpg','2c0f9714ddd18dd5083ea52276465a5a.jpg',NULL,NULL,NULL,'slider','2020-11-24 09:01:22','2020-11-24 09:01:22'),(689,92,'image_kame.png','dd2c675f84570b625f3b759585cc7896.png',NULL,NULL,NULL,'slider','2020-11-24 09:01:22','2020-11-24 09:01:22'),(690,92,'t02200146_0800053011737471569.jpg','145a2a2c074735d2f9605da217302cb5.jpg',NULL,NULL,NULL,'slider','2020-11-24 09:01:22','2020-11-24 09:01:22');

--
