-- Table structure for table `jobs`
--

CREATE TABLE `jobs` (
  `id` bigint unsigned NOT NULL AUTO_INCREMENT,
  `name` varchar(255) CHARACTER SET utf8mb4 COLLATE utf8mb4_unicode_ci NOT NULL,
  `slug` varchar(255) CHARACTER SET utf8mb4 COLLATE utf8mb4_unicode_ci NOT NULL,
  `command` varchar(255) CHARACTER SET utf8mb4 COLLATE utf8mb4_unicode_ci NOT NULL,
  `site` varchar(255) CHARACTER SET utf8mb4 COLLATE utf8mb4_unicode_ci NOT NULL,
  `schedule` varchar(255) CHARACTER SET utf8mb4 COLLATE utf8mb4_unicode_ci NOT NULL DEFAULT 'everyMinute',
  `status` tinyint NOT NULL DEFAULT '0',
  `created_at` timestamp NULL DEFAULT NULL,
  `updated_at` timestamp NULL DEFAULT NULL,
  PRIMARY KEY (`id`),
  UNIQUE KEY `jobs_command_unique` (`command`)
) ENGINE=InnoDB DEFAULT CHARSET=utf8mb4 COLLATE=utf8mb4_unicode_ci;

--
-- Dumping data for table `jobs`
--


--
-- Table structure for table `keyword_details`
--

CREATE TABLE `keyword_details` (
  `id` bigint unsigned NOT NULL AUTO_INCREMENT,
  `keyword_id` bigint unsigned DEFAULT NULL,
  `ref_id` int NOT NULL,
  `type` varchar(255) CHARACTER SET utf8mb4 COLLATE utf8mb4_unicode_ci DEFAULT NULL,
  `created_at` timestamp NULL DEFAULT NULL,
  `updated_at` timestamp NULL DEFAULT NULL,
  PRIMARY KEY (`id`),
  KEY `keyword_details_keyword_id_foreign` (`keyword_id`)
) ENGINE=InnoDB AUTO_INCREMENT=492 DEFAULT CHARSET=utf8mb4 COLLATE=utf8mb4_unicode_ci;

--
-- Dumping data for table `keyword_details`
--

INSERT INTO `keyword_details` VALUES (13,7,92,'teller','2020-11-24 09:01:22','2020-11-24 09:01:22'),(14,8,986,'shop','2021-01-19 08:17:12','2021-01-19 08:17:12'),(15,9,1440,'shop','2021-01-20 21:10:10','2021-01-20 21:10:10'),(16,10,1442,'shop','2021-01-20 22:22:28','2021-01-20 22:22:28'),(17,40,1665,'shop','2021-02-02 02:28:24','2021-02-02 02:28:24'),(18,40,1666,'shop','2021-02-02 02:52:15','2021-02-02 02:52:15'),(20,41,1667,'shop','2021-02-09 02:30:56','2021-02-09 02:30:56'),(24,45,1687,'shop','2021-03-21 16:32:27','2021-03-21 16:32:27'),(25,46,1700,'shop','2021-03-31 00:30:38','2021-03-31 00:30:38'),(26,1,920,'teller','2021-04-04 20:57:59','2021-04-04 20:57:59'),(27,6,915,'teller','2021-04-05 03:31:36','2021-04-05 03:31:36'),(28,6,911,'teller','2021-04-05 03:32:00','2021-04-05 03:32:00'),(29,4,11,'shop','2021-04-07 05:05:16','2021-04-07 05:05:16'),(30,5,11,'shop','2021-04-07 05:05:16','2021-04-07 05:05:16'),(31,6,11,'shop','2021-04-07 05:05:16','2021-04-07 05:05:16'),(33,42,1675,'shop','2021-04-07 06:03:53','2021-04-07 06:03:53'),(34,43,1676,'shop','2021-04-07 06:04:09','2021-04-07 06:04:09'),(35,44,1677,'shop','2021-04-07 06:04:43','2021-04-07 06:04:43'),(377,63,63,'article','2021-07-12 03:13:20','2021-07-12 03:13:20'),(390,64,60,'article','2021-07-14 04:35:26','2021-07-14 04:35:26'),(391,7,60,'article','2021-07-14 04:35:26','2021-07-14 04:35:26'),(392,65,60,'article','2021-07-14 04:35:26','2021-07-14 04:35:26'),(413,48,1221,'shop','2021-08-24 04:51:51','2021-08-24 04:51:51'),(414,49,1221,'shop','2021-08-24 04:51:51','2021-08-24 04:51:51'),(415,50,1221,'shop','2021-08-24 04:51:51','2021-08-24 04:51:51'),(416,51,1221,'shop','2021-08-24 04:51:51','2021-08-24 04:51:51'),(417,5,1221,'shop','2021-08-24 04:51:51','2021-08-24 04:51:51'),(418,52,1221,'shop','2021-08-24 04:51:51','2021-08-24 04:51:51'),(419,53,1221,'shop','2021-08-24 04:51:51','2021-08-24 04:51:51'),(420,54,1221,'shop','2021-08-24 04:51:51','2021-08-24 04:51:51'),(421,55,1221,'shop','2021-08-24 04:51:51','2021-08-24 04:51:51'),(422,56,1221,'shop','2021-08-24 04:51:51','2021-08-24 04:51:51'),(432,74,9,'article','2022-09-13 12:54:26','2022-09-13 12:54:26'),(440,74,13,'article','2022-09-26 19:14:51','2022-09-26 19:14:51'),(441,77,22,'article','2022-10-25 11:14:28','2022-10-25 11:14:28'),(442,78,22,'article','2022-10-25 11:14:28','2022-10-25 11:14:28'),(443,74,11,'article','2022-11-08 21:02:50','2022-11-08 21:02:50'),(444,75,11,'article','2022-11-08 21:02:50','2022-11-08 21:02:50'),(445,76,11,'article','2022-11-08 21:02:50','2022-11-08 21:02:50'),(482,79,26,'article','2022-11-18 00:32:31','2022-11-18 00:32:31'),(483,80,26,'article','2022-11-18 00:32:31','2022-11-18 00:32:31'),(484,81,26,'article','2022-11-18 00:32:31','2022-11-18 00:32:31'),(487,82,25,'article','2022-11-18 01:01:27','2022-11-18 01:01:27'),(488,84,25,'article','2022-11-18 01:01:27','2022-11-18 01:01:27'),(489,85,25,'article','2022-11-18 01:01:27','2022-11-18 01:01:27'),(490,86,25,'article','2022-11-18 01:01:27','2022-11-18 01:01:27'),(491,87,27,'article','2022-12-06 10:32:58','2022-12-06 10:32:58');

--
-- Table structure for table `keywords`
--

CREATE TABLE `keywords` (
  `id` bigint unsigned NOT NULL AUTO_INCREMENT,
  `name` varchar(255) CHARACTER SET utf8mb4 COLLATE utf8mb4_unicode_ci NOT NULL,
  `description` text CHARACTER SET utf8mb4 COLLATE utf8mb4_unicode_ci,
  `position` int NOT NULL DEFAULT '0',
  `is_note` smallint NOT NULL DEFAULT '0',
  `is_related` smallint NOT NULL DEFAULT '0',
  `is_activated` smallint NOT NULL DEFAULT '1',
  `is_deleted` smallint NOT NULL DEFAULT '0',
  `created_at` timestamp NULL DEFAULT NULL,
  `updated_at` timestamp NULL DEFAULT NULL,
  PRIMARY KEY (`id`)
) ENGINE=InnoDB AUTO_INCREMENT=94 DEFAULT CHARSET=utf8mb4 COLLATE=utf8mb4_unicode_ci;

--
-- Dumping data for table `keywords`
--

INSERT INTO `keywords` VALUES (1,'結婚',NULL,0,0,0,1,1,'2020-10-23 01:45:37','2022-08-18 15:22:33'),(2,'不倫',NULL,0,0,0,1,1,'2020-10-23 01:45:42','2022-08-18 15:22:33'),(3,'復縁',NULL,0,0,1,1,1,'2020-10-23 01:45:47','2022-08-18 15:22:28'),(4,'恋愛占い',NULL,0,0,1,1,1,'2020-11-19 07:50:34','2022-08-18 15:22:28'),(5,'四柱推命',NULL,0,1,1,1,1,'2020-11-19 07:50:34','2022-08-18 15:22:28'),(6,'タロット占い',NULL,0,1,1,1,1,'2020-11-19 07:50:34','2022-08-18 15:22:28'),(7,'手相占い',NULL,0,1,1,1,1,'2020-11-24 09:01:22','2022-08-18 15:22:28'),(8,'aaew',NULL,0,0,0,1,1,'2021-01-19 08:17:12','2021-01-26 03:48:58'),(9,'ere',NULL,0,0,0,1,1,'2021-01-20 21:10:10','2021-01-26 03:49:17'),(10,'rer',NULL,0,0,0,1,1,'2021-01-20 22:22:28','2021-01-26 03:49:17'),(11,'ewew','wew',0,0,0,1,1,'2021-01-26 03:53:49','2021-01-26 03:54:06'),(12,'3434399999','343499999999',0,0,0,1,1,'2021-01-26 03:54:56','2021-01-26 03:55:18'),(13,'test editing','testn 44444444',0,0,0,1,1,'2021-01-26 04:05:57','2021-01-26 04:07:43'),(14,'test 2',NULL,0,0,0,1,1,'2021-01-26 04:06:03','2021-01-26 06:57:47'),(15,'54545',NULL,0,0,0,1,1,'2021-01-26 04:06:09','2021-01-26 06:57:47'),(16,'testtewwew',NULL,0,0,0,1,1,'2021-01-26 04:32:50','2021-01-26 06:57:47'),(17,'222222',NULL,0,0,0,1,1,'2021-01-26 04:33:04','2021-01-26 06:57:47'),(18,'9999',NULL,0,0,0,1,1,'2021-01-26 04:34:21','2021-01-26 06:57:38'),(19,'8888',NULL,0,0,0,1,1,'2021-01-26 04:37:44','2021-01-26 06:57:38'),(20,'6666',NULL,0,0,0,1,1,'2021-01-26 04:38:54','2021-01-26 06:57:38'),(21,'111',NULL,0,0,0,1,1,'2021-01-26 04:39:12','2021-01-26 06:57:38'),(22,'22222',NULL,0,0,0,1,1,'2021-01-26 04:39:22','2021-01-26 06:57:38'),(23,'333',NULL,0,0,0,1,1,'2021-01-26 04:39:32','2021-01-26 06:57:38'),(24,'44444',NULL,0,0,0,1,1,'2021-01-26 04:39:48','2021-01-26 06:57:38'),(25,'55555',NULL,0,0,0,1,1,'2021-01-26 04:39:59','2021-01-26 06:57:38'),(26,'666666',NULL,0,0,0,1,1,'2021-01-26 04:40:21','2021-01-26 06:57:38'),(27,'77777',NULL,0,0,0,1,1,'2021-01-26 04:40:36','2021-01-26 06:57:38'),(28,'eweư','wew',0,0,0,1,1,'2021-01-26 04:56:47','2021-01-26 06:57:38'),(29,'a1111111',NULL,0,0,0,1,1,'2021-01-26 04:57:01','2021-01-26 06:57:38'),(30,'b11111',NULL,0,0,0,1,1,'2021-01-26 04:57:46','2021-01-26 06:57:38'),(31,'c11111111',NULL,0,0,0,1,1,'2021-01-26 05:03:41','2021-01-26 06:57:38'),(32,'b5555',NULL,0,0,0,1,1,'2021-01-26 05:16:45','2021-01-26 06:57:38'),(33,'ewew',NULL,0,0,0,1,1,'2021-01-26 06:23:12','2021-01-26 06:57:38'),(34,'erer','erer',0,0,0,1,1,'2021-01-26 06:32:19','2021-01-26 06:57:38'),(35,'454',NULL,0,0,0,1,1,'2021-01-26 06:32:33','2021-01-26 06:57:38'),(36,'9898989',NULL,0,0,0,1,1,'2021-01-26 06:32:56','2021-01-26 06:57:38'),(37,'4545','454',0,0,0,1,1,'2021-01-26 06:33:26','2021-01-26 06:57:38'),(38,'test',NULL,0,0,0,1,1,'2021-01-27 02:40:54','2021-01-27 02:41:07'),(39,'433',NULL,0,0,0,1,1,'2021-01-27 02:41:15','2021-01-27 02:41:24'),(40,'NG',NULL,0,0,0,1,1,'2021-02-02 02:28:24','2021-04-12 04:42:56'),(41,'電話占い',NULL,0,0,1,1,1,'2021-02-09 02:23:59','2022-08-18 15:22:28'),(42,'ルネ・ヴァン・ダール研究所',NULL,0,0,0,1,1,'2021-03-11 08:30:47','2021-04-12 04:40:24'),(43,'LITRO',NULL,0,0,0,1,1,'2021-03-11 09:21:06','2021-04-12 04:40:21'),(44,'新宿占いスペースSecret',NULL,0,0,0,1,1,'2021-03-11 09:46:53','2021-04-12 04:40:28'),(45,'占いサロン風雷益',NULL,0,0,0,1,1,'2021-03-21 16:32:27','2021-04-12 04:42:52'),(46,'渋谷',NULL,0,1,0,1,1,'2021-03-31 00:30:38','2022-08-18 15:22:28'),(47,'新宿',NULL,0,1,0,1,1,'2021-04-12 04:43:10','2022-08-18 15:22:28'),(48,'三軒茶屋',NULL,0,0,0,1,1,'2021-05-11 11:59:15','2022-08-18 15:22:28'),(49,'世田谷区',NULL,0,1,0,1,1,'2021-05-11 11:59:15','2022-08-18 15:22:28'),(50,'占い',NULL,0,0,0,1,1,'2021-05-11 11:59:15','2022-08-18 15:22:28'),(51,'三茶',NULL,0,0,0,1,1,'2021-05-11 11:59:15','2022-08-18 15:22:28'),(52,'タロット',NULL,0,0,0,1,1,'2021-05-11 11:59:15','2022-08-18 15:22:28'),(53,'カード',NULL,0,0,0,1,1,'2021-05-11 11:59:15','2022-08-18 15:22:28'),(54,'パワーストーン',NULL,0,0,0,1,1,'2021-05-11 11:59:15','2022-08-18 15:22:28'),(55,'気学',NULL,0,0,0,1,1,'2021-05-11 11:59:15','2022-08-18 15:22:28'),(56,'霊符',NULL,0,0,0,1,1,'2021-05-11 11:59:15','2022-08-18 15:22:28'),(57,'アウトドア','アウトドア',0,1,0,1,1,'2021-05-25 04:23:54','2021-05-25 04:37:36'),(58,'マスク','マスク',0,1,0,1,1,'2021-05-25 04:24:03','2021-05-25 04:37:36'),(59,'時計','時計',0,1,0,1,1,'2021-05-25 04:24:11','2021-05-25 04:37:36'),(60,'スニーカー','スニーカー',0,1,0,1,1,'2021-05-25 04:24:18','2021-05-25 04:37:36'),(61,'オススメ本','オススメ本',0,1,0,1,1,'2021-05-25 04:24:29','2021-05-25 04:37:36'),(62,'仕事',NULL,0,0,0,1,1,'2021-06-15 02:17:18','2021-06-15 02:17:55'),(63,'大阪,四柱推命,統計学',NULL,0,0,0,1,1,'2021-07-06 05:29:45','2022-08-18 15:22:28'),(64,'大阪',NULL,0,0,0,1,1,'2021-07-14 02:53:03','2022-08-18 15:22:28'),(65,'占い師',NULL,0,0,0,1,1,'2021-07-14 02:53:03','2022-08-18 15:22:28'),(66,'老人ホーム',NULL,9,0,0,1,1,'2022-08-29 12:30:34','2023-04-07 03:50:29'),(67,'費用',NULL,8,0,0,1,1,'2022-08-29 12:30:48','2023-04-07 03:50:29'),(68,'訪問',NULL,7,0,0,1,1,'2022-08-29 12:30:56','2023-04-07 03:50:43'),(69,'通所',NULL,6,0,0,1,1,'2022-08-29 12:31:05','2023-04-07 03:50:43'),(70,'看護',NULL,5,0,0,1,1,'2022-08-29 12:31:12','2023-04-07 03:50:43'),(71,'リハビリ',NULL,1,0,0,1,1,'2022-08-29 12:31:21','2023-04-07 03:50:43'),(72,'34343',NULL,0,0,0,1,1,'2022-08-29 12:35:57','2022-08-29 12:36:02'),(73,'2323',NULL,0,0,0,1,1,'2022-08-29 12:45:37','2022-08-29 13:08:20'),(74,'tag1',NULL,2,0,0,1,1,'2022-09-13 02:09:41','2023-04-07 03:50:43'),(75,'tag2',NULL,3,0,0,1,1,'2022-09-13 11:15:37','2023-04-07 03:50:43'),(76,'tag3',NULL,4,0,0,1,1,'2022-09-13 11:15:37','2023-04-07 03:50:43'),(77,'abc',NULL,0,0,0,1,0,'2022-10-25 11:14:28','2022-10-25 11:14:28'),(78,'8923',NULL,0,0,0,1,0,'2022-10-25 11:14:28','2022-10-25 11:14:28'),(79,'joia',NULL,0,0,0,1,0,'2022-11-17 22:24:41','2022-11-17 22:24:41'),(80,'io2jio32',NULL,0,0,0,1,0,'2022-11-17 22:24:41','2022-11-17 22:24:41'),(81,'joio',NULL,0,0,0,1,0,'2022-11-17 22:24:41','2022-11-17 22:24:41'),(82,'hiaui',NULL,0,0,0,1,0,'2022-11-18 00:45:53','2022-11-18 00:45:53'),(83,'hiwui',NULL,0,0,0,1,0,'2022-11-18 00:45:53','2022-11-18 00:45:53'),(84,'222',NULL,0,0,0,1,0,'2022-11-18 01:01:27','2022-11-18 01:01:27'),(85,'444',NULL,0,0,0,1,0,'2022-11-18 01:01:27','2022-11-18 01:01:27'),(86,'55',NULL,0,0,0,1,0,'2022-11-18 01:01:27','2022-11-18 01:01:27'),(87,'343',NULL,0,0,0,1,0,'2022-12-06 10:32:58','2022-12-06 10:32:58'),(88,'test',NULL,0,0,0,1,0,'2023-04-05 09:04:01','2023-04-05 09:04:01'),(89,'demo',NULL,0,0,0,1,0,'2023-04-05 09:23:05','2023-04-05 09:23:05'),(90,'カーポート',NULL,0,0,0,1,0,'2023-05-01 07:42:48','2023-05-01 07:42:48'),(91,'フーゴ',NULL,0,0,0,1,0,'2023-05-10 09:28:33','2023-05-10 09:28:33'),(92,'カーポート型支持',NULL,0,0,0,1,0,'2023-05-15 09:53:47','2023-05-15 09:53:47'),(93,'aew',NULL,0,0,0,1,0,'2023-09-29 09:30:38','2023-09-29 09:30:38');

--
-- Table structure for table `leave_histories`
--

CREATE TABLE `leave_histories` (
  `id` bigint unsigned NOT NULL AUTO_INCREMENT,
  `employee_id` bigint unsigned NOT NULL,
  `leave_type_id` bigint unsigned NOT NULL,
  `from_date` date NOT NULL,
  `to_date` date NOT NULL,
  `total_days` int NOT NULL,
  `description` text CHARACTER SET utf8mb4 COLLATE utf8mb4_unicode_ci,
  `created_at` timestamp NULL DEFAULT NULL,
  `updated_at` timestamp NULL DEFAULT NULL,
  `deleted_at` timestamp NULL DEFAULT NULL,
  PRIMARY KEY (`id`),
  KEY `idx_lh_emp_from` (`employee_id`,`from_date`),
  KEY `idx_lh_emp_to` (`employee_id`,`to_date`),
  KEY `leave_histories_leave_type_id_index` (`leave_type_id`),
  CONSTRAINT `leave_histories_employee_id_foreign` FOREIGN KEY (`employee_id`) REFERENCES `employees` (`id`) ON DELETE CASCADE,
  CONSTRAINT `leave_histories_leave_type_id_foreign` FOREIGN KEY (`leave_type_id`) REFERENCES `leave_types` (`id`) ON DELETE RESTRICT
) ENGINE=InnoDB AUTO_INCREMENT=37 DEFAULT CHARSET=utf8mb4 COLLATE=utf8mb4_unicode_ci;

--
-- Dumping data for table `leave_histories`
--

INSERT INTO `leave_histories` VALUES (1,3,2,'2021-10-19','2022-03-31',0,NULL,NULL,'2025-05-19 07:34:42','2025-05-19 07:34:42'),(2,3,2,'2022-04-01','2023-02-09',0,NULL,NULL,'2025-05-19 07:34:42','2025-05-19 07:34:42'),(3,3,2,'2024-01-13','2025-03-31',0,NULL,NULL,'2025-05-19 07:34:42','2025-05-19 07:34:42'),(4,3,2,'2024-04-01','2025-03-31',365,NULL,'2025-05-19 07:34:42','2025-05-19 07:34:42',NULL),(5,3,2,'2024-01-13','2024-03-31',79,NULL,'2025-05-19 07:34:42','2025-05-19 07:34:42',NULL),(6,3,2,'2022-04-01','2023-02-09',315,NULL,'2025-05-19 07:34:42','2025-05-19 07:34:42',NULL),(7,3,2,'2021-10-19','2022-03-31',164,NULL,'2025-05-19 07:34:42','2025-05-19 07:34:42',NULL),(8,17,2,'2021-10-19','2022-03-31',164,NULL,'2025-05-20 09:32:56','2025-05-20 09:39:46','2025-05-20 09:39:46'),(9,17,2,'2024-04-01','2025-03-31',365,NULL,'2025-05-20 09:39:46','2025-05-20 09:39:46',NULL),(10,17,2,'2024-01-13','2024-03-31',79,NULL,'2025-05-20 09:39:46','2025-05-20 09:39:46',NULL),(11,17,2,'2022-04-01','2023-02-09',315,NULL,'2025-05-20 09:39:46','2025-05-20 09:39:46',NULL),(12,17,2,'2021-10-19','2022-03-31',164,NULL,'2025-05-20 09:39:46','2025-05-20 09:39:46',NULL),(13,35,2,'2021-10-19','2022-03-31',0,NULL,'2025-05-28 11:52:21','2025-05-28 11:52:21',NULL),(14,35,2,'2022-04-01','2023-02-09',0,NULL,'2025-05-28 11:52:21','2025-05-28 11:52:21',NULL),(15,35,2,'2024-01-13','2025-03-31',0,NULL,'2025-05-28 11:52:21','2025-05-28 11:52:21',NULL),(16,33,4,'2024-04-01','2024-06-23',0,NULL,'2025-05-28 11:52:21','2025-06-09 07:43:45','2025-06-09 07:43:45'),(17,34,4,'2019-07-28','2020-03-31',0,NULL,'2025-05-28 11:52:21','2025-05-28 12:03:38','2025-05-28 12:03:38'),(18,34,4,'2020-04-01','2020-07-05',0,NULL,'2025-05-28 11:52:21','2025-05-28 12:03:38','2025-05-28 12:03:38'),(19,34,4,'2020-04-01','2020-07-05',96,NULL,'2025-05-28 12:03:38','2025-05-28 12:03:38',NULL),(20,34,4,'2019-07-28','2020-03-31',248,NULL,'2025-05-28 12:03:38','2025-05-28 12:03:38',NULL),(21,36,4,'2017-01-27','2018-04-18',447,NULL,'2025-05-29 12:48:59','2025-05-29 12:58:01','2025-05-29 12:58:01'),(22,36,4,'2012-06-21','2013-04-24',308,NULL,'2025-05-29 12:48:59','2025-05-29 12:58:01','2025-05-29 12:58:01'),(23,36,4,'2017-01-27','2018-04-18',447,NULL,'2025-05-29 12:58:01','2025-05-29 13:13:04','2025-05-29 13:13:04'),(24,36,4,'2012-06-21','2013-04-24',308,NULL,'2025-05-29 12:58:01','2025-05-29 13:13:04','2025-05-29 13:13:04'),(25,36,4,'2017-01-27','2018-04-18',447,NULL,'2025-05-29 13:13:04','2025-05-29 13:14:55','2025-05-29 13:14:55'),(26,36,4,'2012-06-21','2013-04-24',308,NULL,'2025-05-29 13:13:04','2025-05-29 13:14:55','2025-05-29 13:14:55'),(27,36,4,'2017-01-27','2018-04-18',447,NULL,'2025-05-29 13:14:55','2025-05-29 13:30:19','2025-05-29 13:30:19'),(28,36,4,'2012-06-21','2013-04-24',308,NULL,'2025-05-29 13:14:55','2025-05-29 13:30:19','2025-05-29 13:30:19'),(29,36,4,'2018-04-01','2018-04-18',18,NULL,'2025-05-29 13:30:19','2025-05-29 13:30:19',NULL),(30,36,4,'2017-04-01','2018-03-31',365,NULL,'2025-05-29 13:30:19','2025-05-29 13:30:19',NULL),(31,36,4,'2017-01-27','2017-03-31',64,NULL,'2025-05-29 13:30:19','2025-05-29 13:30:19',NULL),(32,36,4,'2013-04-01','2013-04-24',24,NULL,'2025-05-29 13:30:19','2025-05-29 13:30:19',NULL),(33,36,4,'2012-06-21','2013-03-31',284,NULL,'2025-05-29 13:30:19','2025-05-29 13:30:19',NULL),(34,33,4,'2024-04-01','2024-06-23',84,NULL,'2025-06-09 07:43:45','2025-06-09 07:43:45',NULL),(35,37,4,'2023-05-31','2023-06-26',0,NULL,'2025-07-03 14:22:48','2025-07-03 14:22:48',NULL),(36,37,4,'2023-10-01','2023-10-20',0,NULL,'2025-07-03 14:22:48','2025-07-03 14:22:48',NULL);

--
-- Table structure for table `leave_types`
--

CREATE TABLE `leave_types` (
  `id` bigint unsigned NOT NULL AUTO_INCREMENT,
  `name` varchar(255) CHARACTER SET utf8mb4 COLLATE utf8mb4_unicode_ci NOT NULL,
  `code` varchar(50) CHARACTER SET utf8mb4 COLLATE utf8mb4_unicode_ci NOT NULL,
  `affect_tenure` tinyint(1) NOT NULL DEFAULT '1' COMMENT 'Ảnh hưởng đến thâm niên',
  `tenure_calculation_rate` decimal(5,2) NOT NULL DEFAULT '100.00' COMMENT 'Tỷ lệ tính vào thâm niên (%)',
  `description` tinytext CHARACTER SET utf8mb4 COLLATE utf8mb4_unicode_ci,
  `is_activated` tinyint(1) NOT NULL DEFAULT '1' COMMENT '1: Active, 0: Inactive',
  `created_at` timestamp NULL DEFAULT NULL,
  `updated_at` timestamp NULL DEFAULT NULL,
  `deleted_at` timestamp NULL DEFAULT NULL,
  PRIMARY KEY (`id`),
  UNIQUE KEY `leave_types_code_unique` (`code`),
  KEY `leave_types_code_index` (`code`),
  KEY `leave_types_is_activated_index` (`is_activated`)
) ENGINE=InnoDB AUTO_INCREMENT=14 DEFAULT CHARSET=utf8mb4 COLLATE=utf8mb4_unicode_ci;

--
-- Dumping data for table `leave_types`
--

INSERT INTO `leave_types` VALUES (1,'年次有給休暇','LT0001',1,100.00,'法定の年次有給休暇',1,'2025-04-30 02:27:48','2025-05-02 07:23:17','2025-05-02 07:23:17'),(2,'傷病休業（旧）','LT0002',0,50.00,'医師の診断書が必要',1,'2025-04-30 02:27:48','2025-05-07 14:48:38',NULL),(3,'産前産後休暇','LT0003',1,100.00,'産前6週間、産後8週間',1,'2025-04-30 02:27:48','2025-05-02 07:23:27','2025-05-02 07:23:27'),(4,'育児・介護休業','LT0004',0,0.00,'子供が1歳になるまで',1,'2025-04-30 02:27:48','2025-05-07 14:50:45',NULL),(5,'傷病休業','LT0005',1,0.00,NULL,1,'2025-04-30 02:27:48','2025-05-07 14:50:26',NULL),(6,'結婚休暇','LT0006',1,50.00,'結婚に伴う特別休暇',1,'2025-04-30 02:27:48','2025-05-07 14:48:19','2025-05-07 14:48:19'),(7,'忌引休暇','LT0007',1,50.00,'親族の死亡に伴う特別休暇',1,'2025-04-30 02:27:48','2025-05-07 14:49:26','2025-05-07 14:49:26'),(8,'夏季休暇','LT0008',1,0.00,'夏季特別休暇',1,'2025-04-30 02:27:48','2025-05-02 07:23:13','2025-05-02 07:23:13'),(9,'リフレッシュ休暇','LT0009',1,0.00,'勤続年数に応じた特別休暇',1,'2025-04-30 02:27:48','2025-05-02 07:23:09','2025-05-02 07:23:09'),(10,'業務災害休暇','LT0010',1,50.00,'業務上の災害による休暇',1,'2025-04-30 02:27:48','2025-05-07 14:49:23','2025-05-07 14:49:23'),(11,'生理休暇','LT0011',1,0.00,'生理日の就業が著しく困難な女性社員のための休暇',1,'2025-04-30 02:27:48','2025-05-02 07:23:03','2025-05-02 07:23:03'),(12,'ボランティア休暇','LT0012',1,0.00,'ボランティア活動のための特別休暇',1,'2025-04-30 02:27:48','2025-05-02 07:23:01','2025-05-02 07:23:01'),(13,'欠勤','LT0013',1,0.00,'給与控除対象',1,'2025-04-30 02:27:48','2025-05-02 07:23:07','2025-05-02 07:23:07');

--
-- Table structure for table `level_details`
--

CREATE TABLE `level_details` (
  `id` bigint unsigned NOT NULL AUTO_INCREMENT,
  `level_id` bigint unsigned NOT NULL,
  `salary_grade_from` int unsigned DEFAULT NULL,
  `salary_grade_to` int unsigned DEFAULT NULL,
  `point_value` decimal(10,2) NOT NULL DEFAULT '0.00',
  `created_at` timestamp NULL DEFAULT NULL,
  `updated_at` timestamp NULL DEFAULT NULL,
  `deleted_at` timestamp NULL DEFAULT NULL,
  PRIMARY KEY (`id`),
  KEY `level_details_level_id_foreign` (`level_id`),
  KEY `level_details_salary_grade_from_index` (`salary_grade_from`),
  KEY `level_details_salary_grade_to_index` (`salary_grade_to`),
  CONSTRAINT `level_details_level_id_foreign` FOREIGN KEY (`level_id`) REFERENCES `levels` (`id`) ON DELETE CASCADE
) ENGINE=InnoDB AUTO_INCREMENT=66 DEFAULT CHARSET=utf8mb4 COLLATE=utf8mb4_unicode_ci;

--
-- Dumping data for table `level_details`
--

INSERT INTO `level_details` VALUES (1,2,NULL,NULL,8.00,'2025-04-30 02:27:47','2025-04-30 15:46:09','2025-04-30 15:46:09'),(2,3,NULL,NULL,10.00,'2025-04-30 02:27:47','2025-04-30 15:46:12','2025-04-30 15:46:12'),(3,4,NULL,NULL,15.00,'2025-04-30 02:27:47','2025-04-30 15:46:07','2025-04-30 15:46:07'),(4,5,NULL,NULL,18.00,'2025-04-30 02:27:47','2025-04-30 15:46:00','2025-04-30 15:46:00'),(5,6,NULL,NULL,20.00,'2025-04-30 02:27:47','2025-04-30 15:45:28','2025-04-30 15:45:28'),(6,7,NULL,NULL,25.00,'2025-04-30 02:27:47','2025-04-30 15:44:57','2025-04-30 15:44:57'),(7,8,NULL,NULL,30.00,'2025-04-30 02:27:47','2025-04-30 15:46:02','2025-04-30 15:46:02'),(8,9,NULL,NULL,35.00,'2025-04-30 02:27:47','2025-04-30 15:45:57','2025-04-30 15:45:57'),(9,10,NULL,NULL,35.00,'2025-04-30 02:27:47','2025-04-30 15:46:21','2025-04-30 15:46:21'),(10,11,NULL,NULL,40.00,'2025-04-30 02:27:47','2025-04-30 15:46:18','2025-04-30 15:46:18'),(11,12,NULL,NULL,43.00,'2025-04-30 02:27:47','2025-04-30 15:46:16','2025-04-30 15:46:16'),(12,13,NULL,NULL,45.00,'2025-04-30 02:27:47','2025-04-30 15:46:14','2025-04-30 15:46:14'),(13,26,NULL,NULL,5.00,'2025-04-30 02:27:47','2025-04-30 02:27:47',NULL),(14,27,NULL,NULL,8.00,'2025-04-30 02:27:47','2025-04-30 02:27:47',NULL),(15,28,NULL,NULL,10.00,'2025-04-30 02:27:47','2025-04-30 02:27:47',NULL),(16,29,NULL,NULL,15.00,'2025-04-30 02:27:47','2025-04-30 02:27:47',NULL),(17,37,1,10,15.00,'2025-04-30 02:27:47','2025-04-30 02:27:47',NULL),(18,37,11,20,18.00,'2025-04-30 02:27:47','2025-04-30 02:27:47',NULL),(19,37,21,39,20.00,'2025-04-30 02:27:47','2025-04-30 02:27:47',NULL),(20,37,40,NULL,25.00,'2025-04-30 02:27:47','2025-04-30 02:27:47',NULL),(21,38,1,20,10.00,'2025-04-30 02:27:47','2025-04-30 02:27:47',NULL),(22,38,21,43,15.00,'2025-04-30 02:27:47','2025-04-30 02:27:47',NULL),(23,39,NULL,NULL,8.00,'2025-04-30 02:27:47','2025-04-30 02:27:47',NULL),(24,40,1,10,15.00,'2025-04-30 02:27:47','2025-04-30 02:27:47',NULL),(25,40,11,20,18.00,'2025-04-30 02:27:47','2025-04-30 02:27:47',NULL),(26,40,21,39,20.00,'2025-04-30 02:27:47','2025-04-30 02:27:47',NULL),(27,40,40,NULL,25.00,'2025-04-30 02:27:47','2025-04-30 02:27:47',NULL),(28,41,1,20,10.00,'2025-04-30 02:27:47','2025-04-30 02:27:47',NULL),(29,41,21,43,15.00,'2025-04-30 02:27:47','2025-04-30 02:27:47',NULL),(30,42,NULL,NULL,8.00,'2025-04-30 02:27:47','2025-04-30 02:27:47',NULL),(31,43,NULL,NULL,38.00,'2025-04-30 02:27:47','2025-04-30 02:27:47',NULL),(32,44,NULL,NULL,35.00,'2025-04-30 02:27:47','2025-04-30 02:27:47',NULL),(33,45,NULL,NULL,30.00,'2025-04-30 02:27:47','2025-04-30 02:27:47',NULL),(34,46,NULL,NULL,30.00,'2025-04-30 02:27:47','2025-04-30 02:27:47',NULL),(35,47,NULL,NULL,30.00,'2025-04-30 02:27:48','2025-04-30 02:27:48',NULL),(36,48,NULL,NULL,38.00,'2025-04-30 02:27:48','2025-04-30 02:27:48',NULL),(37,49,1,24,40.00,'2025-04-30 02:27:48','2025-04-30 02:27:48',NULL),(38,49,25,49,43.00,'2025-04-30 02:27:48','2025-04-30 02:27:48',NULL),(39,49,50,NULL,45.00,'2025-04-30 02:27:48','2025-04-30 02:27:48',NULL),(40,7,NULL,NULL,15.00,'2025-04-30 15:44:57','2025-04-30 15:46:50','2025-04-30 15:46:50'),(41,6,NULL,NULL,10.00,'2025-04-30 15:45:28','2025-04-30 15:46:48','2025-04-30 15:46:48'),(42,50,1,24,40.00,'2025-04-30 15:56:35','2025-04-30 15:56:35',NULL),(43,51,25,49,43.00,'2025-04-30 15:57:25','2025-04-30 15:57:25',NULL),(44,52,50,NULL,45.00,'2025-04-30 15:58:32','2025-04-30 15:58:32',NULL),(45,53,NULL,NULL,38.00,'2025-04-30 15:59:18','2025-04-30 15:59:18',NULL),(46,54,NULL,NULL,35.00,'2025-04-30 15:59:56','2025-04-30 15:59:56',NULL),(47,55,NULL,NULL,30.00,'2025-04-30 16:00:32','2025-04-30 16:06:17','2025-04-30 16:06:17'),(48,56,NULL,NULL,30.00,'2025-04-30 16:07:00','2025-04-30 16:07:00',NULL),(49,57,1,10,15.00,'2025-04-30 16:07:30','2025-05-01 09:46:27','2025-05-01 09:46:27'),(50,58,11,20,18.00,'2025-04-30 16:08:41','2025-04-30 16:08:41',NULL),(51,59,21,39,20.00,'2025-04-30 16:09:20','2025-04-30 16:09:39','2025-04-30 16:09:39'),(52,60,21,39,20.00,'2025-04-30 16:10:02','2025-05-28 11:57:12','2025-05-28 11:57:12'),(53,61,NULL,NULL,25.00,'2025-04-30 16:10:30','2025-04-30 16:10:47','2025-04-30 16:10:47'),(54,61,40,40,25.00,'2025-04-30 16:10:47','2025-05-02 08:32:36','2025-05-02 08:32:36'),(55,62,1,20,10.00,'2025-05-01 09:42:34','2025-05-28 12:02:55','2025-05-28 12:02:55'),(56,57,1,10,15.00,'2025-05-01 09:46:27','2025-05-28 12:01:39','2025-05-28 12:01:39'),(57,57,21,43,15.00,'2025-05-01 09:46:27','2025-05-28 12:01:39','2025-05-28 12:01:39'),(58,63,NULL,NULL,8.00,'2025-05-01 09:47:05','2025-05-01 09:47:05',NULL),(59,61,40,40,25.00,'2025-05-02 08:32:36','2025-05-02 08:32:50','2025-05-02 08:32:50'),(60,61,1,NULL,25.00,'2025-05-02 08:32:50','2025-05-02 08:32:50',NULL),(61,60,21,39,20.00,'2025-05-28 11:57:12','2025-05-28 11:58:09','2025-05-28 11:58:09'),(62,60,1,39,20.00,'2025-05-28 11:58:09','2025-05-28 11:58:09',NULL),(63,57,1,43,15.00,'2025-05-28 12:01:39','2025-05-28 12:01:39',NULL),(64,62,1,30,10.00,'2025-05-28 12:02:55','2025-05-29 13:49:21','2025-05-29 13:49:21'),(65,62,1,40,10.00,'2025-05-29 13:49:21','2025-05-29 13:49:21',NULL);

--
-- Table structure for table `level_histories`
--

CREATE TABLE `level_histories` (
  `id` bigint unsigned NOT NULL AUTO_INCREMENT,
  `employee_id` bigint unsigned NOT NULL,
  `level_id` bigint unsigned NOT NULL,
  `from_date` date NOT NULL,
  `to_date` date DEFAULT NULL,
  `salary_grade` int unsigned DEFAULT NULL,
  `concurrent_duties` varchar(255) CHARACTER SET utf8mb4 COLLATE utf8mb4_unicode_ci DEFAULT NULL,
  `issued_by` varchar(255) CHARACTER SET utf8mb4 COLLATE utf8mb4_unicode_ci DEFAULT NULL,
  `created_at` timestamp NULL DEFAULT NULL,
  `updated_at` timestamp NULL DEFAULT NULL,
  `deleted_at` timestamp NULL DEFAULT NULL,
  PRIMARY KEY (`id`),
  KEY `level_histories_level_id_foreign` (`level_id`),
  KEY `idx_lh_emp_from` (`employee_id`,`from_date`),
  KEY `idx_lh_emp_to` (`employee_id`,`to_date`),
  CONSTRAINT `level_histories_employee_id_foreign` FOREIGN KEY (`employee_id`) REFERENCES `employees` (`id`) ON DELETE CASCADE,
  CONSTRAINT `level_histories_level_id_foreign` FOREIGN KEY (`level_id`) REFERENCES `levels` (`id`) ON DELETE RESTRICT
) ENGINE=InnoDB AUTO_INCREMENT=1061 DEFAULT CHARSET=utf8mb4 COLLATE=utf8mb4_unicode_ci;

--
-- Dumping data for table `level_histories`
--

INSERT INTO `level_histories` VALUES (21,2,49,'1994-08-08','2025-05-01',40,NULL,NULL,'2025-05-02 08:02:14','2025-05-02 08:26:45','2025-05-02 08:26:45'),(22,2,49,'1994-08-08','2025-05-01',40,NULL,NULL,'2025-05-02 08:26:45','2025-05-02 08:27:06','2025-05-02 08:27:06'),(23,2,32,'2025-05-02','2025-05-01',NULL,NULL,NULL,'2025-05-02 08:27:06','2025-05-02 08:27:30','2025-05-02 08:27:30'),(24,2,61,'2006-04-01','2007-03-31',8,NULL,NULL,NULL,'2025-05-02 08:34:57','2025-05-02 08:34:57'),(25,2,61,'2007-04-01','2008-03-31',16,NULL,NULL,NULL,'2025-05-02 08:34:57','2025-05-02 08:34:57'),(26,2,61,'2008-04-01','2009-03-31',26,NULL,NULL,NULL,'2025-05-02 08:34:57','2025-05-02 08:34:57'),(27,2,56,'2009-04-01','2010-03-31',1,NULL,NULL,NULL,'2025-05-02 08:34:57','2025-05-02 08:34:57'),(28,2,56,'2010-04-01','2011-03-31',9,NULL,NULL,NULL,'2025-05-02 08:34:57','2025-05-02 08:34:57'),(29,2,56,'2011-04-01','2012-03-31',17,NULL,NULL,NULL,'2025-05-02 08:34:57','2025-05-02 08:34:57'),(30,2,56,'2012-04-01','2013-03-31',16,NULL,NULL,NULL,'2025-05-02 08:34:57','2025-05-02 08:34:57'),(31,2,56,'2013-04-01','2014-03-31',13,NULL,NULL,NULL,'2025-05-02 08:34:57','2025-05-02 08:34:57'),(32,2,56,'2014-04-01','2015-03-31',18,NULL,NULL,NULL,'2025-05-02 08:34:57','2025-05-02 08:34:57'),(33,2,56,'2015-04-01','2016-03-31',23,NULL,NULL,NULL,'2025-05-02 08:34:57','2025-05-02 08:34:57'),(34,2,56,'2016-04-01','2017-03-31',28,NULL,NULL,NULL,'2025-05-02 08:34:57','2025-05-02 08:34:57'),(35,2,43,'2017-04-01','2018-03-31',1,NULL,NULL,NULL,'2025-05-02 08:34:57','2025-05-02 08:34:57'),(36,2,43,'2018-04-01','2019-03-31',4,NULL,NULL,NULL,'2025-05-02 08:34:57','2025-05-02 08:34:57'),(37,2,43,'2019-04-01','2020-03-31',7,NULL,NULL,NULL,'2025-05-02 08:34:57','2025-05-02 08:34:57'),(38,2,43,'2020-04-01','2021-03-31',10,NULL,NULL,NULL,'2025-05-02 08:34:57','2025-05-02 08:34:57'),(39,2,49,'2021-04-01','2022-03-31',1,NULL,NULL,NULL,'2025-05-02 08:34:57','2025-05-02 08:34:57'),(40,2,49,'2021-04-01','2022-03-31',1,NULL,NULL,'2025-05-02 08:34:57','2025-05-02 08:46:31','2025-05-02 08:46:31'),(41,2,43,'2020-04-01','2021-03-31',10,NULL,NULL,'2025-05-02 08:34:57','2025-05-02 08:46:31','2025-05-02 08:46:31'),(42,2,43,'2019-04-01','2020-03-31',7,NULL,NULL,'2025-05-02 08:34:57','2025-05-02 08:46:31','2025-05-02 08:46:31'),(43,2,43,'2018-04-01','2019-03-31',4,NULL,NULL,'2025-05-02 08:34:57','2025-05-02 08:46:31','2025-05-02 08:46:31'),(44,2,43,'2017-04-01','2018-03-31',1,NULL,NULL,'2025-05-02 08:34:57','2025-05-02 08:46:31','2025-05-02 08:46:31'),(45,2,56,'2016-04-01','2017-03-31',28,NULL,NULL,'2025-05-02 08:34:57','2025-05-02 08:46:31','2025-05-02 08:46:31'),(46,2,56,'2015-04-01','2016-03-31',23,NULL,NULL,'2025-05-02 08:34:57','2025-05-02 08:46:31','2025-05-02 08:46:31'),(47,2,56,'2014-04-01','2015-03-31',18,NULL,NULL,'2025-05-02 08:34:57','2025-05-02 08:46:31','2025-05-02 08:46:31'),(48,2,56,'2013-04-01','2014-03-31',13,NULL,NULL,'2025-05-02 08:34:57','2025-05-02 08:46:31','2025-05-02 08:46:31'),(49,2,56,'2012-04-01','2013-03-31',16,NULL,NULL,'2025-05-02 08:34:57','2025-05-02 08:46:31','2025-05-02 08:46:31'),(50,2,56,'2011-04-01','2012-03-31',17,NULL,NULL,'2025-05-02 08:34:57','2025-05-02 08:46:31','2025-05-02 08:46:31'),(51,2,56,'2010-04-01','2011-03-31',9,NULL,NULL,'2025-05-02 08:34:57','2025-05-02 08:46:31','2025-05-02 08:46:31'),(52,2,56,'2009-04-01','2010-03-31',1,NULL,NULL,'2025-05-02 08:34:57','2025-05-02 08:46:31','2025-05-02 08:46:31'),(53,2,61,'2008-04-01','2009-03-31',26,NULL,NULL,'2025-05-02 08:34:57','2025-05-02 08:46:31','2025-05-02 08:46:31'),(54,2,61,'2007-04-01','2008-03-31',16,NULL,NULL,'2025-05-02 08:34:57','2025-05-02 08:46:31','2025-05-02 08:46:31'),(55,2,61,'2006-04-01','2007-03-31',8,NULL,NULL,'2025-05-02 08:34:57','2025-05-02 08:46:31','2025-05-02 08:46:31'),(56,2,49,'2021-04-01','2022-03-31',1,NULL,NULL,'2025-05-02 08:46:31','2025-05-20 13:56:22','2025-05-20 13:56:22'),(57,2,43,'2020-04-01','2021-03-31',10,NULL,NULL,'2025-05-02 08:46:31','2025-05-20 13:56:22','2025-05-20 13:56:22'),(58,2,43,'2019-04-01','2020-03-31',7,NULL,NULL,'2025-05-02 08:46:31','2025-05-20 13:56:22','2025-05-20 13:56:22'),(59,2,43,'2018-04-01','2019-03-31',4,NULL,NULL,'2025-05-02 08:46:31','2025-05-20 13:56:22','2025-05-20 13:56:22'),(60,2,43,'2017-04-01','2018-03-31',1,NULL,NULL,'2025-05-02 08:46:31','2025-05-20 13:56:22','2025-05-20 13:56:22'),(61,2,56,'2016-04-01','2017-03-31',28,NULL,NULL,'2025-05-02 08:46:31','2025-05-20 13:56:22','2025-05-20 13:56:22'),(62,2,56,'2015-04-01','2016-03-31',23,NULL,NULL,'2025-05-02 08:46:31','2025-05-20 13:56:22','2025-05-20 13:56:22'),(63,2,56,'2014-04-01','2015-03-31',18,NULL,NULL,'2025-05-02 08:46:31','2025-05-20 13:56:22','2025-05-20 13:56:22'),(64,2,56,'2013-04-01','2014-03-31',13,NULL,NULL,'2025-05-02 08:46:31','2025-05-20 13:56:22','2025-05-20 13:56:22'),(65,2,56,'2012-04-01','2013-03-31',16,NULL,NULL,'2025-05-02 08:46:31','2025-05-20 13:56:22','2025-05-20 13:56:22'),(66,2,56,'2011-04-01','2012-03-31',17,NULL,NULL,'2025-05-02 08:46:31','2025-05-20 13:56:22','2025-05-20 13:56:22'),(67,2,56,'2010-04-01','2011-03-31',9,NULL,NULL,'2025-05-02 08:46:31','2025-05-20 13:56:22','2025-05-20 13:56:22'),(68,2,56,'2009-04-01','2010-03-31',1,NULL,NULL,'2025-05-02 08:46:31','2025-05-20 13:56:22','2025-05-20 13:56:22'),(69,2,61,'2008-04-01','2009-03-31',26,NULL,NULL,'2025-05-02 08:46:31','2025-05-20 13:56:22','2025-05-20 13:56:22'),(70,2,61,'2007-04-01','2008-03-31',16,NULL,NULL,'2025-05-02 08:46:31','2025-05-20 13:56:22','2025-05-20 13:56:22'),(71,2,61,'2006-04-01','2007-03-31',8,NULL,NULL,'2025-05-02 08:46:31','2025-05-20 13:56:22','2025-05-20 13:56:22'),(72,3,39,'2017-04-01','2018-03-31',15,NULL,NULL,NULL,'2025-05-19 07:34:42','2025-05-19 07:34:42'),(73,3,39,'2018-04-01','2019-03-31',22,NULL,NULL,NULL,'2025-05-19 07:34:42','2025-05-19 07:34:42'),(74,3,39,'2019-04-01','2020-03-31',29,NULL,NULL,NULL,'2025-05-19 07:34:42','2025-05-19 07:34:42'),(75,3,39,'2020-04-01','2021-03-31',36,NULL,NULL,NULL,'2025-05-19 07:34:42','2025-05-19 07:34:42'),(76,3,39,'2021-04-01','2022-03-31',43,NULL,NULL,NULL,'2025-05-19 07:34:42','2025-05-19 07:34:42'),(77,3,39,'2022-04-01','2023-03-31',49,NULL,NULL,NULL,'2025-05-19 07:34:42','2025-05-19 07:34:42'),(78,3,39,'2023-04-01','2024-03-31',49,NULL,NULL,NULL,'2025-05-19 07:34:42','2025-05-19 07:34:42'),(79,3,39,'2024-04-01','2025-03-31',49,NULL,NULL,NULL,'2025-05-19 07:34:42','2025-05-19 07:34:42'),(80,6,39,'2023-04-01','2024-03-31',15,NULL,NULL,NULL,NULL,NULL),(81,6,39,'2024-04-01','2025-03-31',22,NULL,NULL,NULL,NULL,NULL),(82,7,42,'2019-04-14','2020-03-31',39,NULL,NULL,NULL,NULL,NULL),(83,7,42,'2020-04-01','2021-03-31',46,NULL,NULL,NULL,NULL,NULL),(84,7,41,'2021-04-01','2022-03-31',3,NULL,NULL,NULL,NULL,NULL),(85,7,41,'2022-04-01','2023-03-31',10,NULL,NULL,NULL,NULL,NULL),(86,7,40,'2023-04-01','2024-03-31',1,NULL,NULL,NULL,NULL,NULL),(87,7,40,'2024-04-01','2025-03-31',6,NULL,NULL,NULL,NULL,NULL),(88,8,63,'2013-04-01','2014-03-31',18,NULL,NULL,NULL,NULL,NULL),(89,8,63,'2014-04-01','2015-03-31',26,NULL,NULL,NULL,NULL,NULL),(90,8,62,'2015-04-01','2016-03-31',1,NULL,NULL,NULL,NULL,NULL),(91,8,62,'2016-04-01','2017-03-31',6,NULL,NULL,NULL,NULL,NULL),(92,8,39,'2017-04-01','2018-03-31',44,NULL,NULL,NULL,NULL,NULL),(93,8,38,'2018-04-01','2019-03-31',1,NULL,NULL,NULL,NULL,NULL),(94,8,38,'2019-04-01','2020-03-31',8,NULL,NULL,NULL,NULL,NULL),(95,8,38,'2020-04-01','2021-03-31',15,NULL,NULL,NULL,NULL,NULL),(96,8,38,'2021-04-01','2022-03-31',22,NULL,NULL,NULL,NULL,NULL),(97,8,38,'2022-04-01','2023-03-31',29,NULL,NULL,NULL,NULL,NULL),(98,8,38,'2023-04-01','2024-03-31',37,NULL,NULL,NULL,NULL,NULL),(99,8,37,'2024-04-01','2025-03-31',1,NULL,NULL,NULL,NULL,NULL),(100,9,61,'2006-04-01','2007-03-31',28,NULL,NULL,NULL,NULL,NULL),(101,9,56,'2007-04-01','2008-03-31',33,NULL,NULL,NULL,NULL,NULL),(102,9,56,'2008-04-01','2009-03-31',38,NULL,NULL,NULL,NULL,NULL),(103,9,56,'2009-04-01','2010-03-31',43,NULL,NULL,NULL,NULL,NULL),(104,9,56,'2010-04-01','2011-03-31',48,NULL,NULL,NULL,NULL,NULL),(105,9,56,'2011-04-01','2012-03-31',3,NULL,NULL,NULL,NULL,NULL),(106,9,56,'2012-04-01','2013-03-31',2,NULL,NULL,NULL,NULL,NULL),(107,9,56,'2013-04-01','2014-03-31',7,NULL,NULL,NULL,NULL,NULL),(108,9,54,'2014-04-01','2015-03-31',12,NULL,NULL,NULL,NULL,NULL),(109,9,54,'2015-04-01','2016-03-31',17,NULL,NULL,NULL,NULL,NULL),(110,9,54,'2016-04-01','2017-03-31',22,NULL,NULL,NULL,NULL,NULL),(111,9,44,'2017-04-01','2018-03-31',4,NULL,NULL,NULL,NULL,NULL),(112,9,43,'2018-04-01','2019-03-31',7,NULL,NULL,NULL,NULL,NULL),(113,9,43,'2019-04-01','2020-03-31',10,NULL,NULL,NULL,NULL,NULL),(114,9,43,'2020-04-01','2021-03-31',13,NULL,NULL,NULL,NULL,NULL),(115,9,43,'2021-04-01','2022-03-31',16,NULL,NULL,NULL,NULL,NULL),(116,9,49,'2022-04-01','2023-03-31',20,NULL,NULL,NULL,NULL,NULL),(117,9,49,'2023-04-01','2024-03-31',20,NULL,NULL,NULL,NULL,NULL),(118,9,49,'2024-04-01','2025-03-31',20,NULL,NULL,NULL,NULL,NULL),(159,1,56,'2006-04-01','2007-03-31',11,NULL,NULL,'2025-05-18 10:09:24','2025-05-18 10:16:10','2025-05-18 10:16:10'),(160,1,56,'2007-04-01','2008-03-31',16,NULL,NULL,'2025-05-18 10:09:24','2025-05-18 10:16:10','2025-05-18 10:16:10'),(161,1,56,'2008-04-01','2009-03-31',24,NULL,NULL,'2025-05-18 10:09:24','2025-05-18 10:16:10','2025-05-18 10:16:10'),(162,1,54,'2009-04-01','2010-03-31',2,NULL,NULL,'2025-05-18 10:09:24','2025-05-18 10:16:10','2025-05-18 10:16:10'),(163,1,54,'2010-04-01','2011-03-31',7,NULL,NULL,'2025-05-18 10:09:24','2025-05-18 10:16:10','2025-05-18 10:16:10'),(164,1,54,'2011-04-01','2012-03-31',12,NULL,NULL,'2025-05-18 10:09:24','2025-05-18 10:16:10','2025-05-18 10:16:10'),(165,1,54,'2012-04-01','2013-03-31',20,NULL,NULL,'2025-05-18 10:09:24','2025-05-18 10:16:10','2025-05-18 10:16:10'),(166,1,54,'2013-04-01','2014-03-31',25,NULL,NULL,'2025-05-18 10:09:24','2025-05-18 10:16:10','2025-05-18 10:16:10'),(167,1,53,'2014-04-01','2015-03-31',10,NULL,NULL,'2025-05-18 10:09:24','2025-05-18 10:16:10','2025-05-18 10:16:10'),(168,1,53,'2015-04-01','2016-03-31',15,NULL,NULL,'2025-05-18 10:09:24','2025-05-18 10:16:10','2025-05-18 10:16:10'),(169,1,53,'2016-04-01','2017-03-31',20,NULL,NULL,'2025-05-18 10:09:24','2025-05-18 10:16:10','2025-05-18 10:16:10'),(170,1,49,'2017-04-01','2018-03-31',1,NULL,NULL,'2025-05-18 10:09:24','2025-05-18 10:16:10','2025-05-18 10:16:10'),(171,1,49,'2018-04-01','2019-03-31',4,NULL,NULL,'2025-05-18 10:09:24','2025-05-18 10:16:10','2025-05-18 10:16:10'),(172,1,49,'2019-04-01','2020-03-31',7,NULL,NULL,'2025-05-18 10:09:24','2025-05-18 10:16:10','2025-05-18 10:16:10'),(173,1,49,'2020-04-01','2021-03-31',10,NULL,NULL,'2025-05-18 10:09:24','2025-05-18 10:16:10','2025-05-18 10:16:10'),(174,1,49,'2021-04-01','2022-03-31',13,NULL,NULL,'2025-05-18 10:09:24','2025-05-18 10:16:10','2025-05-18 10:16:10'),(175,1,49,'2022-04-01','2023-03-31',16,NULL,NULL,'2025-05-18 10:09:24','2025-05-18 10:16:10','2025-05-18 10:16:10'),(176,1,49,'2023-04-01','2024-03-31',16,NULL,NULL,'2025-05-18 10:09:24','2025-05-18 10:16:10','2025-05-18 10:16:10'),(177,1,49,'2024-04-01','2025-03-31',16,NULL,NULL,'2025-05-18 10:09:24','2025-05-18 10:16:10','2025-05-18 10:16:10'),(178,1,49,'2025-04-01','2025-06-30',16,NULL,NULL,'2025-05-18 10:09:24','2025-05-18 10:16:10','2025-05-18 10:16:10'),(179,1,49,'2025-04-01','2025-06-30',16,NULL,NULL,'2025-05-18 10:16:10','2025-05-18 17:03:52','2025-05-18 17:03:52'),(180,1,49,'2024-04-01','2025-03-31',16,NULL,NULL,'2025-05-18 10:16:10','2025-05-18 17:03:52','2025-05-18 17:03:52'),(181,1,49,'2023-04-01','2024-03-31',16,NULL,NULL,'2025-05-18 10:16:10','2025-05-18 17:03:52','2025-05-18 17:03:52'),(182,1,49,'2022-04-01','2023-03-31',16,NULL,NULL,'2025-05-18 10:16:10','2025-05-18 17:03:52','2025-05-18 17:03:52'),(183,1,49,'2021-04-01','2022-03-31',13,NULL,NULL,'2025-05-18 10:16:10','2025-05-18 17:03:52','2025-05-18 17:03:52'),(184,1,49,'2020-04-01','2021-03-31',10,NULL,NULL,'2025-05-18 10:16:10','2025-05-18 17:03:52','2025-05-18 17:03:52'),(185,1,49,'2019-04-01','2020-03-31',7,NULL,NULL,'2025-05-18 10:16:10','2025-05-18 17:03:52','2025-05-18 17:03:52'),(186,1,49,'2018-04-01','2019-03-31',4,NULL,NULL,'2025-05-18 10:16:10','2025-05-18 17:03:52','2025-05-18 17:03:52'),(187,1,49,'2017-04-01','2018-03-31',1,NULL,NULL,'2025-05-18 10:16:10','2025-05-18 17:03:52','2025-05-18 17:03:52'),(188,1,53,'2016-04-01','2017-03-31',20,NULL,NULL,'2025-05-18 10:16:10','2025-05-18 17:03:52','2025-05-18 17:03:52'),(189,1,53,'2015-04-01','2016-03-31',15,NULL,NULL,'2025-05-18 10:16:10','2025-05-18 17:03:52','2025-05-18 17:03:52'),(190,1,53,'2014-04-01','2015-03-31',10,NULL,NULL,'2025-05-18 10:16:10','2025-05-18 17:03:52','2025-05-18 17:03:52'),(191,1,54,'2013-04-01','2014-03-31',25,NULL,NULL,'2025-05-18 10:16:10','2025-05-18 17:03:52','2025-05-18 17:03:52'),(192,1,54,'2012-04-01','2013-03-31',20,NULL,NULL,'2025-05-18 10:16:10','2025-05-18 17:03:52','2025-05-18 17:03:52'),(193,1,54,'2011-04-01','2012-03-31',12,NULL,NULL,'2025-05-18 10:16:10','2025-05-18 17:03:52','2025-05-18 17:03:52'),(194,1,54,'2010-04-01','2011-03-31',7,NULL,NULL,'2025-05-18 10:16:10','2025-05-18 17:03:52','2025-05-18 17:03:52'),(195,1,54,'2009-04-01','2010-03-31',2,NULL,NULL,'2025-05-18 10:16:10','2025-05-18 17:03:52','2025-05-18 17:03:52'),(196,1,56,'2008-04-01','2009-03-31',24,NULL,NULL,'2025-05-18 10:16:10','2025-05-18 17:03:52','2025-05-18 17:03:52'),(197,1,56,'2007-04-01','2008-03-31',16,NULL,NULL,'2025-05-18 10:16:10','2025-05-18 17:03:52','2025-05-18 17:03:52'),(198,1,56,'2006-04-01','2007-03-31',11,NULL,NULL,'2025-05-18 10:16:10','2025-05-18 17:03:52','2025-05-18 17:03:52'),(199,1,49,'2025-04-01','2025-06-30',16,NULL,NULL,'2025-05-18 17:03:52','2025-05-18 17:04:14','2025-05-18 17:04:14'),(200,1,49,'2024-04-01','2025-03-31',16,NULL,NULL,'2025-05-18 17:03:52','2025-05-18 17:04:14','2025-05-18 17:04:14'),(201,1,49,'2023-04-01','2024-03-31',16,NULL,NULL,'2025-05-18 17:03:52','2025-05-18 17:04:14','2025-05-18 17:04:14'),(202,1,49,'2022-04-01','2023-03-31',16,NULL,NULL,'2025-05-18 17:03:52','2025-05-18 17:04:14','2025-05-18 17:04:14'),(203,1,49,'2021-04-01','2022-03-31',13,NULL,NULL,'2025-05-18 17:03:52','2025-05-18 17:04:14','2025-05-18 17:04:14'),(204,1,49,'2020-04-01','2021-03-31',10,NULL,NULL,'2025-05-18 17:03:52','2025-05-18 17:04:14','2025-05-18 17:04:14'),(205,1,49,'2019-04-01','2020-03-31',7,NULL,NULL,'2025-05-18 17:03:52','2025-05-18 17:04:14','2025-05-18 17:04:14'),(206,1,49,'2018-04-01','2019-03-31',4,NULL,NULL,'2025-05-18 17:03:52','2025-05-18 17:04:14','2025-05-18 17:04:14'),(207,1,49,'2017-04-01','2018-03-31',1,NULL,NULL,'2025-05-18 17:03:52','2025-05-18 17:04:14','2025-05-18 17:04:14'),(208,1,53,'2016-04-01','2017-03-31',20,NULL,NULL,'2025-05-18 17:03:52','2025-05-18 17:04:14','2025-05-18 17:04:14'),(209,1,53,'2015-04-01','2016-03-31',15,NULL,NULL,'2025-05-18 17:03:52','2025-05-18 17:04:14','2025-05-18 17:04:14'),(210,1,53,'2014-04-01','2015-03-31',10,NULL,NULL,'2025-05-18 17:03:52','2025-05-18 17:04:14','2025-05-18 17:04:14'),(211,1,54,'2013-04-01','2014-03-31',25,NULL,NULL,'2025-05-18 17:03:52','2025-05-18 17:04:14','2025-05-18 17:04:14'),(212,1,54,'2012-04-01','2013-03-31',20,NULL,NULL,'2025-05-18 17:03:52','2025-05-18 17:04:14','2025-05-18 17:04:14'),(213,1,54,'2011-04-01','2012-03-31',12,NULL,NULL,'2025-05-18 17:03:52','2025-05-18 17:04:14','2025-05-18 17:04:14'),(214,1,54,'2010-04-01','2011-03-31',7,NULL,NULL,'2025-05-18 17:03:52','2025-05-18 17:04:14','2025-05-18 17:04:14'),(215,1,54,'2009-04-01','2010-03-31',2,NULL,NULL,'2025-05-18 17:03:52','2025-05-18 17:04:14','2025-05-18 17:04:14'),(216,1,56,'2008-04-01','2009-03-31',24,NULL,NULL,'2025-05-18 17:03:52','2025-05-18 17:04:14','2025-05-18 17:04:14'),(217,1,56,'2007-04-01','2008-03-31',16,NULL,NULL,'2025-05-18 17:03:52','2025-05-18 17:04:14','2025-05-18 17:04:14'),(218,1,56,'2006-04-01','2007-03-31',11,NULL,NULL,'2025-05-18 17:03:52','2025-05-18 17:04:14','2025-05-18 17:04:14'),(219,1,49,'2025-04-01','2025-06-30',16,NULL,NULL,'2025-05-18 17:04:14','2025-05-19 02:24:36','2025-05-19 02:24:36'),(220,1,49,'2024-04-01','2025-03-31',16,NULL,NULL,'2025-05-18 17:04:14','2025-05-19 02:24:36','2025-05-19 02:24:36'),(221,1,49,'2023-04-01','2024-03-31',16,NULL,NULL,'2025-05-18 17:04:14','2025-05-19 02:24:36','2025-05-19 02:24:36'),(222,1,49,'2022-04-01','2023-03-31',16,NULL,NULL,'2025-05-18 17:04:14','2025-05-19 02:24:36','2025-05-19 02:24:36'),(223,1,49,'2021-04-01','2022-03-31',13,NULL,NULL,'2025-05-18 17:04:14','2025-05-19 02:24:36','2025-05-19 02:24:36'),(224,1,49,'2020-04-01','2021-03-31',10,NULL,NULL,'2025-05-18 17:04:14','2025-05-19 02:24:36','2025-05-19 02:24:36'),(225,1,49,'2019-04-01','2020-03-31',7,NULL,NULL,'2025-05-18 17:04:14','2025-05-19 02:24:36','2025-05-19 02:24:36'),(226,1,49,'2018-04-01','2019-03-31',4,NULL,NULL,'2025-05-18 17:04:14','2025-05-19 02:24:36','2025-05-19 02:24:36'),(227,1,49,'2017-04-01','2018-03-31',1,NULL,NULL,'2025-05-18 17:04:14','2025-05-19 02:24:36','2025-05-19 02:24:36'),(228,1,53,'2016-04-01','2017-03-31',20,NULL,NULL,'2025-05-18 17:04:14','2025-05-19 02:24:36','2025-05-19 02:24:36'),(229,1,53,'2015-04-01','2016-03-31',15,NULL,NULL,'2025-05-18 17:04:14','2025-05-19 02:24:36','2025-05-19 02:24:36'),(230,1,53,'2014-04-01','2015-03-31',10,NULL,NULL,'2025-05-18 17:04:14','2025-05-19 02:24:36','2025-05-19 02:24:36'),(231,1,54,'2013-04-01','2014-03-31',25,NULL,NULL,'2025-05-18 17:04:14','2025-05-19 02:24:36','2025-05-19 02:24:36'),(232,1,54,'2012-04-01','2013-03-31',20,NULL,NULL,'2025-05-18 17:04:14','2025-05-19 02:24:36','2025-05-19 02:24:36'),(233,1,54,'2011-04-01','2012-03-31',12,NULL,NULL,'2025-05-18 17:04:14','2025-05-19 02:24:36','2025-05-19 02:24:36'),(234,1,54,'2010-04-01','2011-03-31',7,NULL,NULL,'2025-05-18 17:04:14','2025-05-19 02:24:36','2025-05-19 02:24:36'),(235,1,54,'2009-04-01','2010-03-31',2,NULL,NULL,'2025-05-18 17:04:14','2025-05-19 02:24:36','2025-05-19 02:24:36'),(236,1,56,'2008-04-01','2009-03-31',24,NULL,NULL,'2025-05-18 17:04:14','2025-05-19 02:24:36','2025-05-19 02:24:36'),(237,1,56,'2007-04-01','2008-03-31',16,NULL,NULL,'2025-05-18 17:04:14','2025-05-19 02:24:36','2025-05-19 02:24:36'),(238,1,56,'2006-04-01','2007-03-31',11,NULL,NULL,'2025-05-18 17:04:14','2025-05-19 02:24:36','2025-05-19 02:24:36'),(239,1,49,'2025-04-01','2025-06-30',16,NULL,NULL,'2025-05-19 02:24:36','2025-05-19 02:24:57','2025-05-19 02:24:57'),(240,1,49,'2024-04-01','2025-03-31',16,NULL,NULL,'2025-05-19 02:24:36','2025-05-19 02:24:57','2025-05-19 02:24:57'),(241,1,49,'2023-04-01','2024-03-31',16,NULL,NULL,'2025-05-19 02:24:36','2025-05-19 02:24:57','2025-05-19 02:24:57'),(242,1,49,'2022-04-01','2023-03-31',16,NULL,NULL,'2025-05-19 02:24:36','2025-05-19 02:24:57','2025-05-19 02:24:57'),(243,1,49,'2021-04-01','2022-03-31',13,NULL,NULL,'2025-05-19 02:24:36','2025-05-19 02:24:57','2025-05-19 02:24:57'),(244,1,49,'2020-04-01','2021-03-31',10,NULL,NULL,'2025-05-19 02:24:36','2025-05-19 02:24:57','2025-05-19 02:24:57'),(245,1,49,'2019-04-01','2020-03-31',7,NULL,NULL,'2025-05-19 02:24:36','2025-05-19 02:24:57','2025-05-19 02:24:57'),(246,1,49,'2018-04-01','2019-03-31',4,NULL,NULL,'2025-05-19 02:24:36','2025-05-19 02:24:57','2025-05-19 02:24:57'),(247,1,49,'2017-04-01','2018-03-31',1,NULL,NULL,'2025-05-19 02:24:36','2025-05-19 02:24:57','2025-05-19 02:24:57'),(248,1,53,'2016-04-01','2017-03-31',20,NULL,NULL,'2025-05-19 02:24:36','2025-05-19 02:24:57','2025-05-19 02:24:57'),(249,1,53,'2015-04-01','2016-03-31',15,NULL,NULL,'2025-05-19 02:24:36','2025-05-19 02:24:57','2025-05-19 02:24:57'),(250,1,53,'2014-04-01','2015-03-31',10,NULL,NULL,'2025-05-19 02:24:36','2025-05-19 02:24:57','2025-05-19 02:24:57'),(251,1,54,'2013-04-01','2014-03-31',25,NULL,NULL,'2025-05-19 02:24:36','2025-05-19 02:24:57','2025-05-19 02:24:57'),(252,1,54,'2012-04-01','2013-03-31',20,NULL,NULL,'2025-05-19 02:24:36','2025-05-19 02:24:57','2025-05-19 02:24:57'),(253,1,54,'2011-04-01','2012-03-31',12,NULL,NULL,'2025-05-19 02:24:36','2025-05-19 02:24:57','2025-05-19 02:24:57'),(254,1,54,'2010-04-01','2011-03-31',7,NULL,NULL,'2025-05-19 02:24:36','2025-05-19 02:24:57','2025-05-19 02:24:57'),(255,1,54,'2009-04-01','2010-03-31',2,NULL,NULL,'2025-05-19 02:24:36','2025-05-19 02:24:57','2025-05-19 02:24:57'),(256,1,56,'2008-04-01','2009-03-31',24,NULL,NULL,'2025-05-19 02:24:36','2025-05-19 02:24:57','2025-05-19 02:24:57'),(257,1,56,'2007-04-01','2008-03-31',16,NULL,NULL,'2025-05-19 02:24:36','2025-05-19 02:24:57','2025-05-19 02:24:57'),(258,1,56,'2006-04-01','2007-03-31',11,NULL,NULL,'2025-05-19 02:24:36','2025-05-19 02:24:57','2025-05-19 02:24:57'),(259,1,49,'2025-04-01','2025-06-30',16,NULL,NULL,'2025-05-19 02:24:57','2025-05-20 08:38:30','2025-05-20 08:38:30'),(260,1,49,'2024-04-01','2025-03-31',16,NULL,NULL,'2025-05-19 02:24:57','2025-05-20 08:38:30','2025-05-20 08:38:30'),(261,1,49,'2023-04-01','2024-03-31',16,NULL,NULL,'2025-05-19 02:24:57','2025-05-20 08:38:30','2025-05-20 08:38:30'),(262,1,49,'2022-04-01','2023-03-31',16,NULL,NULL,'2025-05-19 02:24:57','2025-05-20 08:38:30','2025-05-20 08:38:30'),(263,1,49,'2021-04-01','2022-03-31',13,NULL,NULL,'2025-05-19 02:24:57','2025-05-20 08:38:30','2025-05-20 08:38:30'),(264,1,49,'2020-04-01','2021-03-31',10,NULL,NULL,'2025-05-19 02:24:57','2025-05-20 08:38:30','2025-05-20 08:38:30'),(265,1,49,'2019-04-01','2020-03-31',7,NULL,NULL,'2025-05-19 02:24:57','2025-05-20 08:38:30','2025-05-20 08:38:30'),(266,1,49,'2018-04-01','2019-03-31',4,NULL,NULL,'2025-05-19 02:24:57','2025-05-20 08:38:30','2025-05-20 08:38:30'),(267,1,49,'2017-04-01','2018-03-31',1,NULL,NULL,'2025-05-19 02:24:57','2025-05-20 08:38:30','2025-05-20 08:38:30'),(268,1,53,'2016-04-01','2017-03-31',20,NULL,NULL,'2025-05-19 02:24:57','2025-05-20 08:38:30','2025-05-20 08:38:30'),(269,1,53,'2015-04-01','2016-03-31',15,NULL,NULL,'2025-05-19 02:24:57','2025-05-20 08:38:30','2025-05-20 08:38:30'),(270,1,53,'2014-04-01','2015-03-31',10,NULL,NULL,'2025-05-19 02:24:57','2025-05-20 08:38:30','2025-05-20 08:38:30'),(271,1,54,'2013-04-01','2014-03-31',25,NULL,NULL,'2025-05-19 02:24:57','2025-05-20 08:38:30','2025-05-20 08:38:30'),(272,1,54,'2012-04-01','2013-03-31',20,NULL,NULL,'2025-05-19 02:24:57','2025-05-20 08:38:30','2025-05-20 08:38:30'),(273,1,54,'2011-04-01','2012-03-31',12,NULL,NULL,'2025-05-19 02:24:57','2025-05-20 08:38:30','2025-05-20 08:38:30'),(274,1,54,'2010-04-01','2011-03-31',7,NULL,NULL,'2025-05-19 02:24:57','2025-05-20 08:38:30','2025-05-20 08:38:30'),(275,1,54,'2009-04-01','2010-03-31',2,NULL,NULL,'2025-05-19 02:24:57','2025-05-20 08:38:30','2025-05-20 08:38:30'),(276,1,56,'2008-04-01','2009-03-31',24,NULL,NULL,'2025-05-19 02:24:57','2025-05-20 08:38:30','2025-05-20 08:38:30'),(277,1,56,'2007-04-01','2008-03-31',16,NULL,NULL,'2025-05-19 02:24:57','2025-05-20 08:38:30','2025-05-20 08:38:30'),(278,1,56,'2006-04-01','2007-03-31',11,NULL,NULL,'2025-05-19 02:24:57','2025-05-20 08:38:30','2025-05-20 08:38:30'),(279,3,39,'2024-04-01','2025-03-31',49,NULL,NULL,'2025-05-19 07:34:42','2025-05-19 07:34:42',NULL),(280,3,39,'2023-04-01','2024-03-31',49,NULL,NULL,'2025-05-19 07:34:42','2025-05-19 07:34:42',NULL),(281,3,39,'2022-04-01','2023-03-31',49,NULL,NULL,'2025-05-19 07:34:42','2025-05-19 07:34:42',NULL),(282,3,39,'2021-04-01','2022-03-31',43,NULL,NULL,'2025-05-19 07:34:42','2025-05-19 07:34:42',NULL),(283,3,39,'2020-04-01','2021-03-31',36,NULL,NULL,'2025-05-19 07:34:42','2025-05-19 07:34:42',NULL),(284,3,39,'2019-04-01','2020-03-31',29,NULL,NULL,'2025-05-19 07:34:42','2025-05-19 07:34:42',NULL),(285,3,39,'2018-04-01','2019-03-31',22,NULL,NULL,'2025-05-19 07:34:42','2025-05-19 07:34:42',NULL),(286,3,39,'2017-04-01','2018-03-31',15,NULL,NULL,'2025-05-19 07:34:42','2025-05-19 07:34:42',NULL),(287,10,56,'2006-04-01','2007-03-31',11,NULL,NULL,'2025-05-20 08:28:25','2025-05-20 08:28:25',NULL),(288,10,56,'2007-04-01','2008-03-31',16,NULL,NULL,'2025-05-20 08:28:25','2025-05-20 08:28:25',NULL),(289,10,56,'2008-04-01','2009-03-31',24,NULL,NULL,'2025-05-20 08:28:25','2025-05-20 08:28:25',NULL),(290,10,54,'2009-04-01','2010-03-31',2,NULL,NULL,'2025-05-20 08:28:25','2025-05-20 08:28:25',NULL),(291,10,54,'2010-04-01','2011-03-31',7,NULL,NULL,'2025-05-20 08:28:25','2025-05-20 08:28:25',NULL),(292,10,54,'2011-04-01','2012-03-31',12,NULL,NULL,'2025-05-20 08:28:25','2025-05-20 08:28:25',NULL),(293,10,54,'2012-04-01','2013-03-31',20,NULL,NULL,'2025-05-20 08:28:25','2025-05-20 08:28:25',NULL),(294,10,54,'2013-04-01','2014-03-31',25,NULL,NULL,'2025-05-20 08:28:25','2025-05-20 08:28:25',NULL),(295,10,53,'2014-04-01','2015-03-31',10,NULL,NULL,'2025-05-20 08:28:25','2025-05-20 08:28:25',NULL),(296,10,53,'2015-04-01','2016-03-31',15,NULL,NULL,'2025-05-20 08:28:25','2025-05-20 08:28:25',NULL),(297,10,53,'2016-04-01','2017-03-31',20,NULL,NULL,'2025-05-20 08:28:25','2025-05-20 08:28:25',NULL),(298,10,49,'2017-04-01','2018-03-31',1,NULL,NULL,'2025-05-20 08:28:25','2025-05-20 08:28:25',NULL),(299,10,49,'2018-04-01','2019-03-31',4,NULL,NULL,'2025-05-20 08:28:25','2025-05-20 08:28:25',NULL),(300,10,49,'2019-04-01','2020-03-31',7,NULL,NULL,'2025-05-20 08:28:25','2025-05-20 08:28:25',NULL),(301,10,49,'2020-04-01','2021-03-31',10,NULL,NULL,'2025-05-20 08:28:25','2025-05-20 08:28:25',NULL),(302,10,49,'2021-04-01','2022-03-31',13,NULL,NULL,'2025-05-20 08:28:25','2025-05-20 08:28:25',NULL),(303,10,49,'2022-04-01','2023-03-31',16,NULL,NULL,'2025-05-20 08:28:25','2025-05-20 08:28:25',NULL),(304,10,49,'2023-04-01','2024-03-31',16,NULL,NULL,'2025-05-20 08:28:25','2025-05-20 08:28:25',NULL),(305,10,49,'2024-04-01','2025-03-31',16,NULL,NULL,'2025-05-20 08:28:25','2025-05-20 08:28:25',NULL),(306,10,49,'2025-04-01','2025-06-30',16,NULL,NULL,'2025-05-20 08:28:25','2025-05-20 08:28:25',NULL),(307,1,49,'2025-04-01','2025-06-30',16,NULL,NULL,'2025-05-20 08:38:30','2025-05-20 08:38:39','2025-05-20 08:38:39'),(308,1,49,'2024-04-01','2025-03-31',16,NULL,NULL,'2025-05-20 08:38:30','2025-05-20 08:38:39','2025-05-20 08:38:39'),(309,1,49,'2023-04-01','2024-03-31',16,NULL,NULL,'2025-05-20 08:38:30','2025-05-20 08:38:39','2025-05-20 08:38:39'),(310,1,49,'2022-04-01','2023-03-31',16,NULL,NULL,'2025-05-20 08:38:30','2025-05-20 08:38:39','2025-05-20 08:38:39'),(311,1,49,'2021-04-01','2022-03-31',13,NULL,NULL,'2025-05-20 08:38:30','2025-05-20 08:38:39','2025-05-20 08:38:39'),(312,1,49,'2020-04-01','2021-03-31',10,NULL,NULL,'2025-05-20 08:38:30','2025-05-20 08:38:39','2025-05-20 08:38:39'),(313,1,49,'2019-04-01','2020-03-31',7,NULL,NULL,'2025-05-20 08:38:30','2025-05-20 08:38:39','2025-05-20 08:38:39'),(314,1,49,'2018-04-01','2019-03-31',4,NULL,NULL,'2025-05-20 08:38:30','2025-05-20 08:38:39','2025-05-20 08:38:39'),(315,1,49,'2017-04-01','2018-03-31',1,NULL,NULL,'2025-05-20 08:38:30','2025-05-20 08:38:39','2025-05-20 08:38:39'),(316,1,53,'2016-04-01','2017-03-31',20,NULL,NULL,'2025-05-20 08:38:30','2025-05-20 08:38:39','2025-05-20 08:38:39'),(317,1,53,'2015-04-01','2016-03-31',15,NULL,NULL,'2025-05-20 08:38:30','2025-05-20 08:38:39','2025-05-20 08:38:39'),(318,1,53,'2014-04-01','2015-03-31',10,NULL,NULL,'2025-05-20 08:38:30','2025-05-20 08:38:39','2025-05-20 08:38:39'),(319,1,54,'2013-04-01','2014-03-31',25,NULL,NULL,'2025-05-20 08:38:30','2025-05-20 08:38:39','2025-05-20 08:38:39'),(320,1,54,'2012-04-01','2013-03-31',20,NULL,NULL,'2025-05-20 08:38:30','2025-05-20 08:38:39','2025-05-20 08:38:39'),(321,1,54,'2011-04-01','2012-03-31',12,NULL,NULL,'2025-05-20 08:38:30','2025-05-20 08:38:39','2025-05-20 08:38:39'),(322,1,54,'2010-04-01','2011-03-31',7,NULL,NULL,'2025-05-20 08:38:30','2025-05-20 08:38:39','2025-05-20 08:38:39'),(323,1,54,'2009-04-01','2010-03-31',2,NULL,NULL,'2025-05-20 08:38:30','2025-05-20 08:38:39','2025-05-20 08:38:39'),(324,1,56,'2008-04-01','2009-03-31',24,NULL,NULL,'2025-05-20 08:38:30','2025-05-20 08:38:39','2025-05-20 08:38:39'),(325,1,56,'2007-04-01','2008-03-31',16,NULL,NULL,'2025-05-20 08:38:30','2025-05-20 08:38:39','2025-05-20 08:38:39'),(326,1,56,'2006-04-01','2007-03-31',11,NULL,NULL,'2025-05-20 08:38:30','2025-05-20 08:38:39','2025-05-20 08:38:39'),(327,1,49,'2025-04-01','2025-06-30',16,NULL,NULL,'2025-05-20 08:38:39','2025-05-20 10:37:00','2025-05-20 10:37:00'),(328,1,49,'2024-04-01','2025-03-31',16,NULL,NULL,'2025-05-20 08:38:39','2025-05-20 10:37:00','2025-05-20 10:37:00'),(329,1,49,'2023-04-01','2024-03-31',16,NULL,NULL,'2025-05-20 08:38:39','2025-05-20 10:37:00','2025-05-20 10:37:00'),(330,1,49,'2022-04-01','2023-03-31',16,NULL,NULL,'2025-05-20 08:38:39','2025-05-20 10:37:00','2025-05-20 10:37:00'),(331,1,49,'2021-04-01','2022-03-31',13,NULL,NULL,'2025-05-20 08:38:39','2025-05-20 10:37:00','2025-05-20 10:37:00'),(332,1,49,'2020-04-01','2021-03-31',10,NULL,NULL,'2025-05-20 08:38:39','2025-05-20 10:37:00','2025-05-20 10:37:00'),(333,1,49,'2019-04-01','2020-03-31',7,NULL,NULL,'2025-05-20 08:38:39','2025-05-20 10:37:00','2025-05-20 10:37:00'),(334,1,49,'2018-04-01','2019-03-31',4,NULL,NULL,'2025-05-20 08:38:39','2025-05-20 10:37:00','2025-05-20 10:37:00'),(335,1,49,'2017-04-01','2018-03-31',1,NULL,NULL,'2025-05-20 08:38:39','2025-05-20 10:37:00','2025-05-20 10:37:00'),(336,1,53,'2016-04-01','2017-03-31',20,NULL,NULL,'2025-05-20 08:38:39','2025-05-20 10:37:00','2025-05-20 10:37:00'),(337,1,53,'2015-04-01','2016-03-31',15,NULL,NULL,'2025-05-20 08:38:39','2025-05-20 10:37:00','2025-05-20 10:37:00'),(338,1,53,'2014-04-01','2015-03-31',10,NULL,NULL,'2025-05-20 08:38:39','2025-05-20 10:37:00','2025-05-20 10:37:00'),(339,1,54,'2013-04-01','2014-03-31',25,NULL,NULL,'2025-05-20 08:38:39','2025-05-20 10:37:00','2025-05-20 10:37:00'),(340,1,54,'2012-04-01','2013-03-31',20,NULL,NULL,'2025-05-20 08:38:39','2025-05-20 10:37:00','2025-05-20 10:37:00'),(341,1,54,'2011-04-01','2012-03-31',12,NULL,NULL,'2025-05-20 08:38:39','2025-05-20 10:37:00','2025-05-20 10:37:00'),(342,1,54,'2010-04-01','2011-03-31',7,NULL,NULL,'2025-05-20 08:38:39','2025-05-20 10:37:00','2025-05-20 10:37:00'),(343,1,54,'2009-04-01','2010-03-31',2,NULL,NULL,'2025-05-20 08:38:39','2025-05-20 10:37:00','2025-05-20 10:37:00'),(344,1,56,'2008-04-01','2009-03-31',24,NULL,NULL,'2025-05-20 08:38:39','2025-05-20 10:37:00','2025-05-20 10:37:00'),(345,1,56,'2007-04-01','2008-03-31',16,NULL,NULL,'2025-05-20 08:38:39','2025-05-20 10:37:00','2025-05-20 10:37:00'),(346,1,56,'2006-04-01','2007-03-31',11,NULL,NULL,'2025-05-20 08:38:39','2025-05-20 10:37:00','2025-05-20 10:37:00'),(347,1,49,'2025-04-01','2025-06-30',16,NULL,NULL,'2025-05-20 10:37:00','2025-05-20 10:45:32','2025-05-20 10:45:32'),(348,1,49,'2024-04-01','2025-03-31',16,NULL,NULL,'2025-05-20 10:37:00','2025-05-20 10:45:32','2025-05-20 10:45:32'),(349,1,49,'2023-04-01','2024-03-31',16,NULL,NULL,'2025-05-20 10:37:00','2025-05-20 10:45:32','2025-05-20 10:45:32'),(350,1,49,'2022-04-01','2023-03-31',16,NULL,NULL,'2025-05-20 10:37:00','2025-05-20 10:45:32','2025-05-20 10:45:32'),(351,1,49,'2021-04-01','2022-03-31',13,NULL,NULL,'2025-05-20 10:37:00','2025-05-20 10:45:32','2025-05-20 10:45:32'),(352,1,49,'2020-04-01','2021-03-31',10,NULL,NULL,'2025-05-20 10:37:00','2025-05-20 10:45:32','2025-05-20 10:45:32'),(353,1,49,'2019-04-01','2020-03-31',7,NULL,NULL,'2025-05-20 10:37:00','2025-05-20 10:45:32','2025-05-20 10:45:32'),(354,1,49,'2018-04-01','2019-03-31',4,NULL,NULL,'2025-05-20 10:37:00','2025-05-20 10:45:32','2025-05-20 10:45:32'),(355,1,49,'2017-04-01','2018-03-31',1,NULL,NULL,'2025-05-20 10:37:00','2025-05-20 10:45:32','2025-05-20 10:45:32'),(356,1,53,'2016-04-01','2017-03-31',20,NULL,NULL,'2025-05-20 10:37:00','2025-05-20 10:45:32','2025-05-20 10:45:32'),(357,1,53,'2015-04-01','2016-03-31',15,NULL,NULL,'2025-05-20 10:37:00','2025-05-20 10:45:32','2025-05-20 10:45:32'),(358,1,53,'2014-04-01','2015-03-31',10,NULL,NULL,'2025-05-20 10:37:00','2025-05-20 10:45:32','2025-05-20 10:45:32'),(359,1,54,'2013-04-01','2014-03-31',25,NULL,NULL,'2025-05-20 10:37:00','2025-05-20 10:45:32','2025-05-20 10:45:32'),(360,1,54,'2012-04-01','2013-03-31',20,NULL,NULL,'2025-05-20 10:37:00','2025-05-20 10:45:32','2025-05-20 10:45:32'),(361,1,54,'2011-04-01','2012-03-31',12,NULL,NULL,'2025-05-20 10:37:00','2025-05-20 10:45:32','2025-05-20 10:45:32'),(362,1,54,'2010-04-01','2011-03-31',7,NULL,NULL,'2025-05-20 10:37:00','2025-05-20 10:45:32','2025-05-20 10:45:32'),(363,1,54,'2009-04-01','2010-03-31',2,NULL,NULL,'2025-05-20 10:37:00','2025-05-20 10:45:32','2025-05-20 10:45:32'),(364,1,56,'2008-04-01','2009-03-31',24,NULL,NULL,'2025-05-20 10:37:00','2025-05-20 10:45:32','2025-05-20 10:45:32'),(365,1,56,'2007-04-01','2008-03-31',16,NULL,NULL,'2025-05-20 10:37:00','2025-05-20 10:45:32','2025-05-20 10:45:32'),(366,1,56,'2006-04-01','2007-03-31',11,NULL,NULL,'2025-05-20 10:37:00','2025-05-20 10:45:32','2025-05-20 10:45:32'),(367,1,49,'2025-04-01','2025-06-30',16,NULL,NULL,'2025-05-20 10:45:32','2025-05-20 10:45:54','2025-05-20 10:45:54'),(368,1,49,'2024-04-01','2025-03-31',16,NULL,NULL,'2025-05-20 10:45:32','2025-05-20 10:45:54','2025-05-20 10:45:54'),(369,1,49,'2023-04-01','2024-03-31',16,NULL,NULL,'2025-05-20 10:45:32','2025-05-20 10:45:54','2025-05-20 10:45:54'),(370,1,49,'2022-04-01','2023-03-31',16,NULL,NULL,'2025-05-20 10:45:32','2025-05-20 10:45:54','2025-05-20 10:45:54'),(371,1,49,'2021-04-01','2022-03-31',13,NULL,NULL,'2025-05-20 10:45:32','2025-05-20 10:45:54','2025-05-20 10:45:54'),(372,1,49,'2020-04-01','2021-03-31',10,NULL,NULL,'2025-05-20 10:45:32','2025-05-20 10:45:54','2025-05-20 10:45:54'),(373,1,49,'2019-04-01','2020-03-31',7,NULL,NULL,'2025-05-20 10:45:32','2025-05-20 10:45:54','2025-05-20 10:45:54'),(374,1,49,'2018-04-01','2019-03-31',4,NULL,NULL,'2025-05-20 10:45:32','2025-05-20 10:45:54','2025-05-20 10:45:54'),(375,1,49,'2017-04-01','2018-03-31',1,NULL,NULL,'2025-05-20 10:45:32','2025-05-20 10:45:54','2025-05-20 10:45:54'),(376,1,53,'2016-04-01','2017-03-31',20,NULL,NULL,'2025-05-20 10:45:32','2025-05-20 10:45:54','2025-05-20 10:45:54'),(377,1,53,'2015-04-01','2016-03-31',15,NULL,NULL,'2025-05-20 10:45:32','2025-05-20 10:45:54','2025-05-20 10:45:54'),(378,1,53,'2014-04-01','2015-03-31',10,NULL,NULL,'2025-05-20 10:45:32','2025-05-20 10:45:54','2025-05-20 10:45:54'),(379,1,54,'2013-04-01','2014-03-31',25,NULL,NULL,'2025-05-20 10:45:32','2025-05-20 10:45:54','2025-05-20 10:45:54'),(380,1,54,'2012-04-01','2013-03-31',20,NULL,NULL,'2025-05-20 10:45:32','2025-05-20 10:45:54','2025-05-20 10:45:54'),(381,1,54,'2011-04-01','2012-03-31',12,NULL,NULL,'2025-05-20 10:45:32','2025-05-20 10:45:54','2025-05-20 10:45:54'),(382,1,54,'2010-04-01','2011-03-31',7,NULL,NULL,'2025-05-20 10:45:32','2025-05-20 10:45:54','2025-05-20 10:45:54'),(383,1,54,'2009-04-01','2010-03-31',2,NULL,NULL,'2025-05-20 10:45:32','2025-05-20 10:45:54','2025-05-20 10:45:54'),(384,1,56,'2008-04-01','2009-03-31',24,NULL,NULL,'2025-05-20 10:45:32','2025-05-20 10:45:54','2025-05-20 10:45:54'),(385,1,56,'2007-04-01','2008-03-31',16,NULL,NULL,'2025-05-20 10:45:32','2025-05-20 10:45:54','2025-05-20 10:45:54'),(386,1,56,'2006-04-01','2007-03-31',11,NULL,NULL,'2025-05-20 10:45:32','2025-05-20 10:45:54','2025-05-20 10:45:54'),(387,1,49,'2025-04-01','2025-06-30',16,NULL,NULL,'2025-05-20 10:45:54','2025-05-20 10:46:19','2025-05-20 10:46:19'),(388,1,49,'2024-04-01','2025-03-31',16,NULL,NULL,'2025-05-20 10:45:54','2025-05-20 10:46:19','2025-05-20 10:46:19'),(389,1,49,'2023-04-01','2024-03-31',16,NULL,NULL,'2025-05-20 10:45:54','2025-05-20 10:46:19','2025-05-20 10:46:19'),(390,1,49,'2022-04-01','2023-03-31',16,NULL,NULL,'2025-05-20 10:45:54','2025-05-20 10:46:19','2025-05-20 10:46:19'),(391,1,49,'2021-04-01','2022-03-31',13,NULL,NULL,'2025-05-20 10:45:54','2025-05-20 10:46:19','2025-05-20 10:46:19'),(392,1,49,'2020-04-01','2021-03-31',10,NULL,NULL,'2025-05-20 10:45:54','2025-05-20 10:46:19','2025-05-20 10:46:19'),(393,1,49,'2019-04-01','2020-03-31',7,NULL,NULL,'2025-05-20 10:45:54','2025-05-20 10:46:19','2025-05-20 10:46:19'),(394,1,49,'2018-04-01','2019-03-31',4,NULL,NULL,'2025-05-20 10:45:54','2025-05-20 10:46:19','2025-05-20 10:46:19'),(395,1,49,'2017-04-01','2018-03-31',1,NULL,NULL,'2025-05-20 10:45:54','2025-05-20 10:46:19','2025-05-20 10:46:19'),(396,1,53,'2016-04-01','2017-03-31',20,NULL,NULL,'2025-05-20 10:45:54','2025-05-20 10:46:19','2025-05-20 10:46:19'),(397,1,53,'2015-04-01','2016-03-31',15,NULL,NULL,'2025-05-20 10:45:54','2025-05-20 10:46:19','2025-05-20 10:46:19'),(398,1,53,'2014-04-01','2015-03-31',10,NULL,NULL,'2025-05-20 10:45:54','2025-05-20 10:46:19','2025-05-20 10:46:19'),(399,1,54,'2013-04-01','2014-03-31',25,NULL,NULL,'2025-05-20 10:45:54','2025-05-20 10:46:19','2025-05-20 10:46:19'),(400,1,54,'2012-04-01','2013-03-31',20,NULL,NULL,'2025-05-20 10:45:54','2025-05-20 10:46:19','2025-05-20 10:46:19'),(401,1,54,'2011-04-01','2012-03-31',12,NULL,NULL,'2025-05-20 10:45:54','2025-05-20 10:46:19','2025-05-20 10:46:19'),(402,1,54,'2010-04-01','2011-03-31',7,NULL,NULL,'2025-05-20 10:45:54','2025-05-20 10:46:19','2025-05-20 10:46:19'),(403,1,54,'2009-04-01','2010-03-31',2,NULL,NULL,'2025-05-20 10:45:54','2025-05-20 10:46:19','2025-05-20 10:46:19'),(404,1,56,'2008-04-01','2009-03-31',24,NULL,NULL,'2025-05-20 10:45:54','2025-05-20 10:46:19','2025-05-20 10:46:19'),(405,1,56,'2007-04-01','2008-03-31',16,NULL,NULL,'2025-05-20 10:45:54','2025-05-20 10:46:19','2025-05-20 10:46:19'),(406,1,56,'2006-04-01','2007-03-31',11,NULL,NULL,'2025-05-20 10:45:54','2025-05-20 10:46:19','2025-05-20 10:46:19'),(407,1,49,'2025-04-01','2025-06-30',16,NULL,NULL,'2025-05-20 10:46:19','2025-05-20 15:37:47','2025-05-20 15:37:47'),(408,1,49,'2024-04-01','2025-03-31',16,NULL,NULL,'2025-05-20 10:46:19','2025-05-20 15:37:47','2025-05-20 15:37:47'),(409,1,49,'2023-04-01','2024-03-31',16,NULL,NULL,'2025-05-20 10:46:19','2025-05-20 15:37:47','2025-05-20 15:37:47'),(410,1,49,'2022-04-01','2023-03-31',16,NULL,NULL,'2025-05-20 10:46:19','2025-05-20 15:37:47','2025-05-20 15:37:47'),(411,1,49,'2021-04-01','2022-03-31',13,NULL,NULL,'2025-05-20 10:46:19','2025-05-20 15:37:47','2025-05-20 15:37:47'),(412,1,49,'2020-04-01','2021-03-31',10,NULL,NULL,'2025-05-20 10:46:19','2025-05-20 15:37:47','2025-05-20 15:37:47'),(413,1,49,'2019-04-01','2020-03-31',7,NULL,NULL,'2025-05-20 10:46:19','2025-05-20 15:37:47','2025-05-20 15:37:47'),(414,1,49,'2018-04-01','2019-03-31',4,NULL,NULL,'2025-05-20 10:46:19','2025-05-20 15:37:47','2025-05-20 15:37:47'),(415,1,49,'2017-04-01','2018-03-31',1,NULL,NULL,'2025-05-20 10:46:19','2025-05-20 15:37:47','2025-05-20 15:37:47'),(416,1,53,'2016-04-01','2017-03-31',20,NULL,NULL,'2025-05-20 10:46:19','2025-05-20 15:37:47','2025-05-20 15:37:47'),(417,1,53,'2015-04-01','2016-03-31',15,NULL,NULL,'2025-05-20 10:46:19','2025-05-20 15:37:47','2025-05-20 15:37:47'),(418,1,53,'2014-04-01','2015-03-31',10,NULL,NULL,'2025-05-20 10:46:19','2025-05-20 15:37:47','2025-05-20 15:37:47'),(419,1,54,'2013-04-01','2014-03-31',25,NULL,NULL,'2025-05-20 10:46:19','2025-05-20 15:37:47','2025-05-20 15:37:47'),(420,1,54,'2012-04-01','2013-03-31',20,NULL,NULL,'2025-05-20 10:46:19','2025-05-20 15:37:47','2025-05-20 15:37:47'),(421,1,54,'2011-04-01','2012-03-31',12,NULL,NULL,'2025-05-20 10:46:19','2025-05-20 15:37:47','2025-05-20 15:37:47'),(422,1,54,'2010-04-01','2011-03-31',7,NULL,NULL,'2025-05-20 10:46:19','2025-05-20 15:37:47','2025-05-20 15:37:47'),(423,1,54,'2009-04-01','2010-03-31',2,NULL,NULL,'2025-05-20 10:46:19','2025-05-20 15:37:47','2025-05-20 15:37:47'),(424,1,56,'2008-04-01','2009-03-31',24,NULL,NULL,'2025-05-20 10:46:19','2025-05-20 15:37:47','2025-05-20 15:37:47'),(425,1,56,'2007-04-01','2008-03-31',16,NULL,NULL,'2025-05-20 10:46:19','2025-05-20 15:37:47','2025-05-20 15:37:47'),(426,1,56,'2006-04-01','2007-03-31',11,NULL,NULL,'2025-05-20 10:46:19','2025-05-20 15:37:47','2025-05-20 15:37:47'),(427,2,49,'2021-04-01','2022-03-31',1,NULL,NULL,'2025-05-20 13:56:22','2025-05-20 13:56:40','2025-05-20 13:56:40'),(428,2,43,'2020-04-01','2021-03-31',10,NULL,NULL,'2025-05-20 13:56:22','2025-05-20 13:56:40','2025-05-20 13:56:40'),(429,2,43,'2019-04-01','2020-03-31',7,NULL,NULL,'2025-05-20 13:56:22','2025-05-20 13:56:40','2025-05-20 13:56:40'),(430,2,43,'2018-04-01','2019-03-31',4,NULL,NULL,'2025-05-20 13:56:22','2025-05-20 13:56:40','2025-05-20 13:56:40'),(431,2,43,'2017-04-01','2018-03-31',1,NULL,NULL,'2025-05-20 13:56:22','2025-05-20 13:56:40','2025-05-20 13:56:40'),(432,2,56,'2016-04-01','2017-03-31',28,NULL,NULL,'2025-05-20 13:56:22','2025-05-20 13:56:40','2025-05-20 13:56:40'),(433,2,56,'2015-04-01','2016-03-31',23,NULL,NULL,'2025-05-20 13:56:22','2025-05-20 13:56:40','2025-05-20 13:56:40'),(434,2,56,'2014-04-01','2015-03-31',18,NULL,NULL,'2025-05-20 13:56:22','2025-05-20 13:56:40','2025-05-20 13:56:40'),(435,2,56,'2013-04-01','2014-03-31',13,NULL,NULL,'2025-05-20 13:56:22','2025-05-20 13:56:40','2025-05-20 13:56:40'),(436,2,56,'2012-04-01','2013-03-31',16,NULL,NULL,'2025-05-20 13:56:22','2025-05-20 13:56:40','2025-05-20 13:56:40'),(437,2,56,'2011-04-01','2012-03-31',17,NULL,NULL,'2025-05-20 13:56:22','2025-05-20 13:56:40','2025-05-20 13:56:40'),(438,2,56,'2010-04-01','2011-03-31',9,NULL,NULL,'2025-05-20 13:56:22','2025-05-20 13:56:40','2025-05-20 13:56:40'),(439,2,56,'2009-04-01','2010-03-31',1,NULL,NULL,'2025-05-20 13:56:22','2025-05-20 13:56:40','2025-05-20 13:56:40'),(440,2,61,'2008-04-01','2009-03-31',26,NULL,NULL,'2025-05-20 13:56:22','2025-05-20 13:56:40','2025-05-20 13:56:40'),(441,2,61,'2007-04-01','2008-03-31',16,NULL,NULL,'2025-05-20 13:56:22','2025-05-20 13:56:40','2025-05-20 13:56:40'),(442,2,61,'2006-04-01','2007-03-31',8,NULL,NULL,'2025-05-20 13:56:22','2025-05-20 13:56:40','2025-05-20 13:56:40'),(443,2,49,'2021-04-01','2022-03-31',1,NULL,NULL,'2025-05-20 13:56:40','2025-05-20 13:56:49','2025-05-20 13:56:49'),(444,2,43,'2020-04-01','2021-03-31',10,NULL,NULL,'2025-05-20 13:56:40','2025-05-20 13:56:49','2025-05-20 13:56:49'),(445,2,43,'2019-04-01','2020-03-31',7,NULL,NULL,'2025-05-20 13:56:40','2025-05-20 13:56:49','2025-05-20 13:56:49'),(446,2,43,'2018-04-01','2019-03-31',4,NULL,NULL,'2025-05-20 13:56:40','2025-05-20 13:56:49','2025-05-20 13:56:49'),(447,2,43,'2017-04-01','2018-03-31',1,NULL,NULL,'2025-05-20 13:56:40','2025-05-20 13:56:49','2025-05-20 13:56:49'),(448,2,56,'2016-04-01','2017-03-31',28,NULL,NULL,'2025-05-20 13:56:40','2025-05-20 13:56:49','2025-05-20 13:56:49'),(449,2,56,'2015-04-01','2016-03-31',23,NULL,NULL,'2025-05-20 13:56:40','2025-05-20 13:56:49','2025-05-20 13:56:49'),(450,2,56,'2014-04-01','2015-03-31',18,NULL,NULL,'2025-05-20 13:56:40','2025-05-20 13:56:49','2025-05-20 13:56:49'),(451,2,56,'2013-04-01','2014-03-31',13,NULL,NULL,'2025-05-20 13:56:40','2025-05-20 13:56:49','2025-05-20 13:56:49'),(452,2,56,'2012-04-01','2013-03-31',16,NULL,NULL,'2025-05-20 13:56:40','2025-05-20 13:56:49','2025-05-20 13:56:49'),(453,2,56,'2011-04-01','2012-03-31',17,NULL,NULL,'2025-05-20 13:56:40','2025-05-20 13:56:49','2025-05-20 13:56:49'),(454,2,56,'2010-04-01','2011-03-31',9,NULL,NULL,'2025-05-20 13:56:40','2025-05-20 13:56:49','2025-05-20 13:56:49'),(455,2,56,'2009-04-01','2010-03-31',1,NULL,NULL,'2025-05-20 13:56:40','2025-05-20 13:56:49','2025-05-20 13:56:49'),(456,2,61,'2008-04-01','2009-03-31',26,NULL,NULL,'2025-05-20 13:56:40','2025-05-20 13:56:49','2025-05-20 13:56:49'),(457,2,61,'2007-04-01','2008-03-31',16,NULL,NULL,'2025-05-20 13:56:40','2025-05-20 13:56:49','2025-05-20 13:56:49'),(458,2,61,'2006-04-01','2007-03-31',8,NULL,NULL,'2025-05-20 13:56:40','2025-05-20 13:56:49','2025-05-20 13:56:49'),(459,2,49,'2021-04-01','2022-03-31',1,NULL,NULL,'2025-05-20 13:56:49','2025-05-20 13:57:29','2025-05-20 13:57:29'),(460,2,43,'2020-04-01','2021-03-31',10,NULL,NULL,'2025-05-20 13:56:49','2025-05-20 13:57:29','2025-05-20 13:57:29'),(461,2,43,'2019-04-01','2020-03-31',7,NULL,NULL,'2025-05-20 13:56:49','2025-05-20 13:57:29','2025-05-20 13:57:29'),(462,2,43,'2018-04-01','2019-03-31',4,NULL,NULL,'2025-05-20 13:56:49','2025-05-20 13:57:29','2025-05-20 13:57:29'),(463,2,43,'2017-04-01','2018-03-31',1,NULL,NULL,'2025-05-20 13:56:49','2025-05-20 13:57:29','2025-05-20 13:57:29'),(464,2,56,'2016-04-01','2017-03-31',28,NULL,NULL,'2025-05-20 13:56:49','2025-05-20 13:57:29','2025-05-20 13:57:29'),(465,2,56,'2015-04-01','2016-03-31',23,NULL,NULL,'2025-05-20 13:56:49','2025-05-20 13:57:29','2025-05-20 13:57:29'),(466,2,56,'2014-04-01','2015-03-31',18,NULL,NULL,'2025-05-20 13:56:49','2025-05-20 13:57:29','2025-05-20 13:57:29'),(467,2,56,'2013-04-01','2014-03-31',13,NULL,NULL,'2025-05-20 13:56:49','2025-05-20 13:57:29','2025-05-20 13:57:29'),(468,2,56,'2012-04-01','2013-03-31',16,NULL,NULL,'2025-05-20 13:56:49','2025-05-20 13:57:29','2025-05-20 13:57:29'),(469,2,56,'2011-04-01','2012-03-31',17,NULL,NULL,'2025-05-20 13:56:49','2025-05-20 13:57:29','2025-05-20 13:57:29'),(470,2,56,'2010-04-01','2011-03-31',9,NULL,NULL,'2025-05-20 13:56:49','2025-05-20 13:57:29','2025-05-20 13:57:29'),(471,2,56,'2009-04-01','2010-03-31',1,NULL,NULL,'2025-05-20 13:56:49','2025-05-20 13:57:29','2025-05-20 13:57:29'),(472,2,61,'2008-04-01','2009-03-31',26,NULL,NULL,'2025-05-20 13:56:49','2025-05-20 13:57:29','2025-05-20 13:57:29'),(473,2,61,'2007-04-01','2008-03-31',16,NULL,NULL,'2025-05-20 13:56:49','2025-05-20 13:57:29','2025-05-20 13:57:29'),(474,2,61,'2006-04-01','2007-03-31',8,NULL,NULL,'2025-05-20 13:56:49','2025-05-20 13:57:29','2025-05-20 13:57:29'),(475,2,49,'2021-04-01','2022-03-31',1,NULL,NULL,'2025-05-20 13:57:29','2025-05-20 13:58:33','2025-05-20 13:58:33'),(476,2,43,'2020-04-01','2021-03-31',10,NULL,NULL,'2025-05-20 13:57:29','2025-05-20 13:58:33','2025-05-20 13:58:33'),(477,2,43,'2019-04-01','2020-03-31',7,NULL,NULL,'2025-05-20 13:57:29','2025-05-20 13:58:33','2025-05-20 13:58:33'),(478,2,43,'2018-04-01','2019-03-31',4,NULL,NULL,'2025-05-20 13:57:29','2025-05-20 13:58:33','2025-05-20 13:58:33'),(479,2,43,'2017-04-01','2018-03-31',1,NULL,NULL,'2025-05-20 13:57:29','2025-05-20 13:58:33','2025-05-20 13:58:33'),(480,2,56,'2016-04-01','2017-03-31',28,NULL,NULL,'2025-05-20 13:57:29','2025-05-20 13:58:33','2025-05-20 13:58:33'),(481,2,56,'2015-04-01','2016-03-31',23,NULL,NULL,'2025-05-20 13:57:29','2025-05-20 13:58:33','2025-05-20 13:58:33'),(482,2,56,'2014-04-01','2015-03-31',18,NULL,NULL,'2025-05-20 13:57:29','2025-05-20 13:58:33','2025-05-20 13:58:33'),(483,2,56,'2013-04-01','2014-03-31',13,NULL,NULL,'2025-05-20 13:57:29','2025-05-20 13:58:33','2025-05-20 13:58:33'),(484,2,56,'2012-04-01','2013-03-31',16,NULL,NULL,'2025-05-20 13:57:29','2025-05-20 13:58:33','2025-05-20 13:58:33'),(485,2,56,'2011-04-01','2012-03-31',17,NULL,NULL,'2025-05-20 13:57:29','2025-05-20 13:58:33','2025-05-20 13:58:33'),(486,2,56,'2010-04-01','2011-03-31',9,NULL,NULL,'2025-05-20 13:57:29','2025-05-20 13:58:33','2025-05-20 13:58:33'),(487,2,56,'2009-04-01','2010-03-31',1,NULL,NULL,'2025-05-20 13:57:29','2025-05-20 13:58:33','2025-05-20 13:58:33'),(488,2,61,'2008-04-01','2009-03-31',26,NULL,NULL,'2025-05-20 13:57:29','2025-05-20 13:58:33','2025-05-20 13:58:33'),(489,2,61,'2007-04-01','2008-03-31',16,NULL,NULL,'2025-05-20 13:57:29','2025-05-20 13:58:33','2025-05-20 13:58:33'),(490,2,61,'2006-04-01','2007-03-31',8,NULL,NULL,'2025-05-20 13:57:29','2025-05-20 13:58:33','2025-05-20 13:58:33'),(491,2,49,'2021-04-01','2022-03-31',1,NULL,NULL,'2025-05-20 13:58:33','2025-05-20 15:38:41','2025-05-20 15:38:41'),(492,2,43,'2020-04-01','2021-03-31',10,NULL,NULL,'2025-05-20 13:58:33','2025-05-20 15:38:41','2025-05-20 15:38:41'),(493,2,43,'2019-04-01','2020-03-31',7,NULL,NULL,'2025-05-20 13:58:33','2025-05-20 15:38:41','2025-05-20 15:38:41'),(494,2,43,'2018-04-01','2019-03-31',4,NULL,NULL,'2025-05-20 13:58:33','2025-05-20 15:38:41','2025-05-20 15:38:41'),(495,2,43,'2017-04-01','2018-03-31',1,NULL,NULL,'2025-05-20 13:58:33','2025-05-20 15:38:41','2025-05-20 15:38:41'),(496,2,56,'2016-04-01','2017-03-31',28,NULL,NULL,'2025-05-20 13:58:33','2025-05-20 15:38:41','2025-05-20 15:38:41'),(497,2,56,'2015-04-01','2016-03-31',23,NULL,NULL,'2025-05-20 13:58:33','2025-05-20 15:38:41','2025-05-20 15:38:41'),(498,2,56,'2014-04-01','2015-03-31',18,NULL,NULL,'2025-05-20 13:58:33','2025-05-20 15:38:41','2025-05-20 15:38:41'),(499,2,56,'2013-04-01','2014-03-31',13,NULL,NULL,'2025-05-20 13:58:33','2025-05-20 15:38:41','2025-05-20 15:38:41'),(500,2,56,'2012-04-01','2013-03-31',16,NULL,NULL,'2025-05-20 13:58:33','2025-05-20 15:38:41','2025-05-20 15:38:41'),(501,2,56,'2011-04-01','2012-03-31',17,NULL,NULL,'2025-05-20 13:58:33','2025-05-20 15:38:41','2025-05-20 15:38:41'),(502,2,56,'2010-04-01','2011-03-31',9,NULL,NULL,'2025-05-20 13:58:33','2025-05-20 15:38:41','2025-05-20 15:38:41'),(503,2,56,'2009-04-01','2010-03-31',1,NULL,NULL,'2025-05-20 13:58:33','2025-05-20 15:38:41','2025-05-20 15:38:41'),(504,2,61,'2008-04-01','2009-03-31',26,NULL,NULL,'2025-05-20 13:58:33','2025-05-20 15:38:41','2025-05-20 15:38:41'),(505,2,61,'2007-04-01','2008-03-31',16,NULL,NULL,'2025-05-20 13:58:33','2025-05-20 15:38:41','2025-05-20 15:38:41'),(506,2,61,'2006-04-01','2007-03-31',8,NULL,NULL,'2025-05-20 13:58:33','2025-05-20 15:38:41','2025-05-20 15:38:41'),(507,1,49,'2025-04-01','2025-06-30',16,NULL,NULL,'2025-05-20 15:37:47','2025-05-20 15:38:13','2025-05-20 15:38:13'),(508,1,49,'2024-04-01','2025-03-31',16,NULL,NULL,'2025-05-20 15:37:47','2025-05-20 15:38:13','2025-05-20 15:38:13'),(509,1,49,'2023-04-01','2024-03-31',16,NULL,NULL,'2025-05-20 15:37:47','2025-05-20 15:38:13','2025-05-20 15:38:13'),(510,1,49,'2022-04-01','2023-03-31',16,NULL,NULL,'2025-05-20 15:37:47','2025-05-20 15:38:13','2025-05-20 15:38:13'),(511,1,49,'2021-04-01','2022-03-31',13,NULL,NULL,'2025-05-20 15:37:47','2025-05-20 15:38:13','2025-05-20 15:38:13'),(512,1,49,'2020-04-01','2021-03-31',10,NULL,NULL,'2025-05-20 15:37:47','2025-05-20 15:38:13','2025-05-20 15:38:13'),(513,1,49,'2019-04-01','2020-03-31',7,NULL,NULL,'2025-05-20 15:37:47','2025-05-20 15:38:13','2025-05-20 15:38:13'),(514,1,49,'2018-04-01','2019-03-31',4,NULL,NULL,'2025-05-20 15:37:47','2025-05-20 15:38:13','2025-05-20 15:38:13'),(515,1,49,'2017-04-01','2018-03-31',1,NULL,NULL,'2025-05-20 15:37:47','2025-05-20 15:38:13','2025-05-20 15:38:13'),(516,1,53,'2016-04-01','2017-03-31',20,NULL,NULL,'2025-05-20 15:37:47','2025-05-20 15:38:13','2025-05-20 15:38:13'),(517,1,53,'2015-04-01','2016-03-31',15,NULL,NULL,'2025-05-20 15:37:47','2025-05-20 15:38:13','2025-05-20 15:38:13'),(518,1,53,'2014-04-01','2015-03-31',10,NULL,NULL,'2025-05-20 15:37:47','2025-05-20 15:38:13','2025-05-20 15:38:13'),(519,1,54,'2013-04-01','2014-03-31',25,NULL,NULL,'2025-05-20 15:37:47','2025-05-20 15:38:13','2025-05-20 15:38:13'),(520,1,54,'2012-04-01','2013-03-31',20,NULL,NULL,'2025-05-20 15:37:47','2025-05-20 15:38:13','2025-05-20 15:38:13'),(521,1,54,'2011-04-01','2012-03-31',12,NULL,NULL,'2025-05-20 15:37:47','2025-05-20 15:38:13','2025-05-20 15:38:13'),(522,1,54,'2010-04-01','2011-03-31',7,NULL,NULL,'2025-05-20 15:37:47','2025-05-20 15:38:13','2025-05-20 15:38:13'),(523,1,54,'2009-04-01','2010-03-31',2,NULL,NULL,'2025-05-20 15:37:47','2025-05-20 15:38:13','2025-05-20 15:38:13'),(524,1,56,'2008-04-01','2009-03-31',24,NULL,NULL,'2025-05-20 15:37:47','2025-05-20 15:38:13','2025-05-20 15:38:13'),(525,1,56,'2007-04-01','2008-03-31',16,NULL,NULL,'2025-05-20 15:37:47','2025-05-20 15:38:13','2025-05-20 15:38:13'),(526,1,56,'2006-04-01','2007-03-31',11,NULL,NULL,'2025-05-20 15:37:47','2025-05-20 15:38:13','2025-05-20 15:38:13'),(527,1,49,'2025-04-01','2025-06-30',16,NULL,NULL,'2025-05-20 15:38:13','2025-05-20 15:38:17','2025-05-20 15:38:17'),(528,1,49,'2024-04-01','2025-03-31',16,NULL,NULL,'2025-05-20 15:38:13','2025-05-20 15:38:17','2025-05-20 15:38:17'),(529,1,49,'2023-04-01','2024-03-31',16,NULL,NULL,'2025-05-20 15:38:13','2025-05-20 15:38:17','2025-05-20 15:38:17'),(530,1,49,'2022-04-01','2023-03-31',16,NULL,NULL,'2025-05-20 15:38:13','2025-05-20 15:38:17','2025-05-20 15:38:17'),(531,1,49,'2021-04-01','2022-03-31',13,NULL,NULL,'2025-05-20 15:38:13','2025-05-20 15:38:17','2025-05-20 15:38:17'),(532,1,49,'2020-04-01','2021-03-31',10,NULL,NULL,'2025-05-20 15:38:13','2025-05-20 15:38:17','2025-05-20 15:38:17'),(533,1,49,'2019-04-01','2020-03-31',7,NULL,NULL,'2025-05-20 15:38:13','2025-05-20 15:38:17','2025-05-20 15:38:17'),(534,1,49,'2018-04-01','2019-03-31',4,NULL,NULL,'2025-05-20 15:38:13','2025-05-20 15:38:17','2025-05-20 15:38:17'),(535,1,49,'2017-04-01','2018-03-31',1,NULL,NULL,'2025-05-20 15:38:13','2025-05-20 15:38:17','2025-05-20 15:38:17'),(536,1,53,'2016-04-01','2017-03-31',20,NULL,NULL,'2025-05-20 15:38:13','2025-05-20 15:38:17','2025-05-20 15:38:17'),(537,1,53,'2015-04-01','2016-03-31',15,NULL,NULL,'2025-05-20 15:38:13','2025-05-20 15:38:17','2025-05-20 15:38:17'),(538,1,53,'2014-04-01','2015-03-31',10,NULL,NULL,'2025-05-20 15:38:13','2025-05-20 15:38:17','2025-05-20 15:38:17'),(539,1,54,'2013-04-01','2014-03-31',25,NULL,NULL,'2025-05-20 15:38:13','2025-05-20 15:38:17','2025-05-20 15:38:17'),(540,1,54,'2012-04-01','2013-03-31',20,NULL,NULL,'2025-05-20 15:38:13','2025-05-20 15:38:17','2025-05-20 15:38:17'),(541,1,54,'2011-04-01','2012-03-31',12,NULL,NULL,'2025-05-20 15:38:13','2025-05-20 15:38:17','2025-05-20 15:38:17'),(542,1,54,'2010-04-01','2011-03-31',7,NULL,NULL,'2025-05-20 15:38:13','2025-05-20 15:38:17','2025-05-20 15:38:17'),(543,1,54,'2009-04-01','2010-03-31',2,NULL,NULL,'2025-05-20 15:38:13','2025-05-20 15:38:17','2025-05-20 15:38:17'),(544,1,56,'2008-04-01','2009-03-31',24,NULL,NULL,'2025-05-20 15:38:13','2025-05-20 15:38:17','2025-05-20 15:38:17'),(545,1,56,'2007-04-01','2008-03-31',16,NULL,NULL,'2025-05-20 15:38:13','2025-05-20 15:38:17','2025-05-20 15:38:17'),(546,1,56,'2006-04-01','2007-03-31',11,NULL,NULL,'2025-05-20 15:38:13','2025-05-20 15:38:17','2025-05-20 15:38:17'),(547,1,49,'2025-04-01','2025-06-30',16,NULL,NULL,'2025-05-20 15:38:17','2025-05-20 15:38:26','2025-05-20 15:38:26'),(548,1,49,'2024-04-01','2025-03-31',16,NULL,NULL,'2025-05-20 15:38:17','2025-05-20 15:38:26','2025-05-20 15:38:26'),(549,1,49,'2023-04-01','2024-03-31',16,NULL,NULL,'2025-05-20 15:38:17','2025-05-20 15:38:26','2025-05-20 15:38:26'),(550,1,49,'2022-04-01','2023-03-31',16,NULL,NULL,'2025-05-20 15:38:17','2025-05-20 15:38:26','2025-05-20 15:38:26'),(551,1,49,'2021-04-01','2022-03-31',13,NULL,NULL,'2025-05-20 15:38:17','2025-05-20 15:38:26','2025-05-20 15:38:26'),(552,1,49,'2020-04-01','2021-03-31',10,NULL,NULL,'2025-05-20 15:38:17','2025-05-20 15:38:26','2025-05-20 15:38:26'),(553,1,49,'2019-04-01','2020-03-31',7,NULL,NULL,'2025-05-20 15:38:17','2025-05-20 15:38:26','2025-05-20 15:38:26'),(554,1,49,'2018-04-01','2019-03-31',4,NULL,NULL,'2025-05-20 15:38:17','2025-05-20 15:38:26','2025-05-20 15:38:26'),(555,1,49,'2017-04-01','2018-03-31',1,NULL,NULL,'2025-05-20 15:38:17','2025-05-20 15:38:26','2025-05-20 15:38:26'),(556,1,53,'2016-04-01','2017-03-31',20,NULL,NULL,'2025-05-20 15:38:17','2025-05-20 15:38:26','2025-05-20 15:38:26'),(557,1,53,'2015-04-01','2016-03-31',15,NULL,NULL,'2025-05-20 15:38:17','2025-05-20 15:38:26','2025-05-20 15:38:26'),(558,1,53,'2014-04-01','2015-03-31',10,NULL,NULL,'2025-05-20 15:38:17','2025-05-20 15:38:26','2025-05-20 15:38:26'),(559,1,54,'2013-04-01','2014-03-31',25,NULL,NULL,'2025-05-20 15:38:17','2025-05-20 15:38:26','2025-05-20 15:38:26'),(560,1,54,'2012-04-01','2013-03-31',20,NULL,NULL,'2025-05-20 15:38:17','2025-05-20 15:38:26','2025-05-20 15:38:26'),(561,1,54,'2011-04-01','2012-03-31',12,NULL,NULL,'2025-05-20 15:38:17','2025-05-20 15:38:26','2025-05-20 15:38:26'),(562,1,54,'2010-04-01','2011-03-31',7,NULL,NULL,'2025-05-20 15:38:17','2025-05-20 15:38:26','2025-05-20 15:38:26'),(563,1,54,'2009-04-01','2010-03-31',2,NULL,NULL,'2025-05-20 15:38:17','2025-05-20 15:38:26','2025-05-20 15:38:26'),(564,1,56,'2008-04-01','2009-03-31',24,NULL,NULL,'2025-05-20 15:38:17','2025-05-20 15:38:26','2025-05-20 15:38:26'),(565,1,56,'2007-04-01','2008-03-31',16,NULL,NULL,'2025-05-20 15:38:17','2025-05-20 15:38:26','2025-05-20 15:38:26'),(566,1,56,'2006-04-01','2007-03-31',11,NULL,NULL,'2025-05-20 15:38:17','2025-05-20 15:38:26','2025-05-20 15:38:26'),(567,1,49,'2025-04-01','2025-06-30',16,NULL,NULL,'2025-05-20 15:38:26','2025-05-20 22:50:02','2025-05-20 22:50:02'),(568,1,49,'2024-04-01','2025-03-31',16,NULL,NULL,'2025-05-20 15:38:26','2025-05-20 22:50:02','2025-05-20 22:50:02'),(569,1,49,'2023-04-01','2024-03-31',16,NULL,NULL,'2025-05-20 15:38:26','2025-05-20 22:50:02','2025-05-20 22:50:02'),(570,1,49,'2022-04-01','2023-03-31',16,NULL,NULL,'2025-05-20 15:38:26','2025-05-20 22:50:02','2025-05-20 22:50:02'),(571,1,49,'2021-04-01','2022-03-31',13,NULL,NULL,'2025-05-20 15:38:26','2025-05-20 22:50:02','2025-05-20 22:50:02'),(572,1,49,'2020-04-01','2021-03-31',10,NULL,NULL,'2025-05-20 15:38:26','2025-05-20 22:50:02','2025-05-20 22:50:02'),(573,1,49,'2019-04-01','2020-03-31',7,NULL,NULL,'2025-05-20 15:38:26','2025-05-20 22:50:02','2025-05-20 22:50:02'),(574,1,49,'2018-04-01','2019-03-31',4,NULL,NULL,'2025-05-20 15:38:26','2025-05-20 22:50:02','2025-05-20 22:50:02'),(575,1,49,'2017-04-01','2018-03-31',1,NULL,NULL,'2025-05-20 15:38:26','2025-05-20 22:50:02','2025-05-20 22:50:02'),(576,1,53,'2016-04-01','2017-03-31',20,NULL,NULL,'2025-05-20 15:38:26','2025-05-20 22:50:02','2025-05-20 22:50:02'),(577,1,53,'2015-04-01','2016-03-31',15,NULL,NULL,'2025-05-20 15:38:26','2025-05-20 22:50:02','2025-05-20 22:50:02'),(578,1,53,'2014-04-01','2015-03-31',10,NULL,NULL,'2025-05-20 15:38:26','2025-05-20 22:50:02','2025-05-20 22:50:02'),(579,1,54,'2013-04-01','2014-03-31',25,NULL,NULL,'2025-05-20 15:38:26','2025-05-20 22:50:02','2025-05-20 22:50:02'),(580,1,54,'2012-04-01','2013-03-31',20,NULL,NULL,'2025-05-20 15:38:26','2025-05-20 22:50:02','2025-05-20 22:50:02'),(581,1,54,'2011-04-01','2012-03-31',12,NULL,NULL,'2025-05-20 15:38:26','2025-05-20 22:50:02','2025-05-20 22:50:02'),(582,1,54,'2010-04-01','2011-03-31',7,NULL,NULL,'2025-05-20 15:38:26','2025-05-20 22:50:02','2025-05-20 22:50:02'),(583,1,54,'2009-04-01','2010-03-31',2,NULL,NULL,'2025-05-20 15:38:26','2025-05-20 22:50:02','2025-05-20 22:50:02'),(584,1,56,'2008-04-01','2009-03-31',24,NULL,NULL,'2025-05-20 15:38:26','2025-05-20 22:50:02','2025-05-20 22:50:02'),(585,1,56,'2007-04-01','2008-03-31',16,NULL,NULL,'2025-05-20 15:38:26','2025-05-20 22:50:02','2025-05-20 22:50:02'),(586,1,56,'2006-04-01','2007-03-31',11,NULL,NULL,'2025-05-20 15:38:26','2025-05-20 22:50:02','2025-05-20 22:50:02'),(587,2,49,'2021-04-01','2022-03-31',1,NULL,NULL,'2025-05-20 15:38:41','2025-05-20 15:39:40','2025-05-20 15:39:40'),(588,2,43,'2020-04-01','2021-03-31',10,NULL,NULL,'2025-05-20 15:38:41','2025-05-20 15:39:40','2025-05-20 15:39:40'),(589,2,43,'2019-04-01','2020-03-31',7,NULL,NULL,'2025-05-20 15:38:41','2025-05-20 15:39:40','2025-05-20 15:39:40'),(590,2,43,'2018-04-01','2019-03-31',4,NULL,NULL,'2025-05-20 15:38:41','2025-05-20 15:39:40','2025-05-20 15:39:40'),(591,2,43,'2017-04-01','2018-03-31',1,NULL,NULL,'2025-05-20 15:38:41','2025-05-20 15:39:40','2025-05-20 15:39:40'),(592,2,56,'2016-04-01','2017-03-31',28,NULL,NULL,'2025-05-20 15:38:41','2025-05-20 15:39:40','2025-05-20 15:39:40'),(593,2,56,'2015-04-01','2016-03-31',23,NULL,NULL,'2025-05-20 15:38:41','2025-05-20 15:39:40','2025-05-20 15:39:40'),(594,2,56,'2014-04-01','2015-03-31',18,NULL,NULL,'2025-05-20 15:38:41','2025-05-20 15:39:40','2025-05-20 15:39:40'),(595,2,56,'2013-04-01','2014-03-31',13,NULL,NULL,'2025-05-20 15:38:41','2025-05-20 15:39:40','2025-05-20 15:39:40'),(596,2,56,'2012-04-01','2013-03-31',16,NULL,NULL,'2025-05-20 15:38:41','2025-05-20 15:39:40','2025-05-20 15:39:40'),(597,2,56,'2011-04-01','2012-03-31',17,NULL,NULL,'2025-05-20 15:38:41','2025-05-20 15:39:40','2025-05-20 15:39:40'),(598,2,56,'2010-04-01','2011-03-31',9,NULL,NULL,'2025-05-20 15:38:41','2025-05-20 15:39:40','2025-05-20 15:39:40'),(599,2,56,'2009-04-01','2010-03-31',1,NULL,NULL,'2025-05-20 15:38:41','2025-05-20 15:39:40','2025-05-20 15:39:40'),(600,2,61,'2008-04-01','2009-03-31',26,NULL,NULL,'2025-05-20 15:38:41','2025-05-20 15:39:40','2025-05-20 15:39:40'),(601,2,61,'2007-04-01','2008-03-31',16,NULL,NULL,'2025-05-20 15:38:41','2025-05-20 15:39:40','2025-05-20 15:39:40'),(602,2,61,'2006-04-01','2007-03-31',8,NULL,NULL,'2025-05-20 15:38:41','2025-05-20 15:39:40','2025-05-20 15:39:40'),(603,2,49,'2021-04-01','2022-03-31',1,NULL,NULL,'2025-05-20 15:39:40','2025-05-28 12:56:38','2025-05-28 12:56:38'),(604,2,43,'2020-04-01','2021-03-31',10,NULL,NULL,'2025-05-20 15:39:40','2025-05-28 12:56:38','2025-05-28 12:56:38'),(605,2,43,'2019-04-01','2020-03-31',7,NULL,NULL,'2025-05-20 15:39:40','2025-05-28 12:56:38','2025-05-28 12:56:38'),(606,2,43,'2018-04-01','2019-03-31',4,NULL,NULL,'2025-05-20 15:39:40','2025-05-28 12:56:38','2025-05-28 12:56:38'),(607,2,43,'2017-04-01','2018-03-31',1,NULL,NULL,'2025-05-20 15:39:40','2025-05-28 12:56:38','2025-05-28 12:56:38'),(608,2,56,'2016-04-01','2017-03-31',28,NULL,NULL,'2025-05-20 15:39:40','2025-05-28 12:56:38','2025-05-28 12:56:38'),(609,2,56,'2015-04-01','2016-03-31',23,NULL,NULL,'2025-05-20 15:39:40','2025-05-28 12:56:38','2025-05-28 12:56:38'),(610,2,56,'2014-04-01','2015-03-31',18,NULL,NULL,'2025-05-20 15:39:40','2025-05-28 12:56:38','2025-05-28 12:56:38'),(611,2,56,'2013-04-01','2014-03-31',13,NULL,NULL,'2025-05-20 15:39:40','2025-05-28 12:56:38','2025-05-28 12:56:38'),(612,2,56,'2012-04-01','2013-03-31',16,NULL,NULL,'2025-05-20 15:39:40','2025-05-28 12:56:38','2025-05-28 12:56:38'),(613,2,56,'2011-04-01','2012-03-31',17,NULL,NULL,'2025-05-20 15:39:40','2025-05-28 12:56:38','2025-05-28 12:56:38'),(614,2,56,'2010-04-01','2011-03-31',9,NULL,NULL,'2025-05-20 15:39:40','2025-05-28 12:56:38','2025-05-28 12:56:38'),(615,2,56,'2009-04-01','2010-03-31',1,NULL,NULL,'2025-05-20 15:39:40','2025-05-28 12:56:38','2025-05-28 12:56:38'),(616,2,61,'2008-04-01','2009-03-31',26,NULL,NULL,'2025-05-20 15:39:40','2025-05-28 12:56:38','2025-05-28 12:56:38'),(617,2,61,'2007-04-01','2008-03-31',16,NULL,NULL,'2025-05-20 15:39:40','2025-05-28 12:56:38','2025-05-28 12:56:38'),(618,2,61,'2006-04-01','2007-03-31',8,NULL,NULL,'2025-05-20 15:39:40','2025-05-28 12:56:38','2025-05-28 12:56:38'),(619,1,49,'2025-04-01','2025-06-30',16,NULL,NULL,'2025-05-20 22:50:02','2025-05-22 12:24:21','2025-05-22 12:24:21'),(620,1,49,'2024-04-01','2025-03-31',16,NULL,NULL,'2025-05-20 22:50:02','2025-05-22 12:24:21','2025-05-22 12:24:21'),(621,1,49,'2023-04-01','2024-03-31',16,NULL,NULL,'2025-05-20 22:50:02','2025-05-22 12:24:21','2025-05-22 12:24:21'),(622,1,49,'2022-04-01','2023-03-31',16,NULL,NULL,'2025-05-20 22:50:02','2025-05-22 12:24:21','2025-05-22 12:24:21'),(623,1,49,'2021-04-01','2022-03-31',13,NULL,NULL,'2025-05-20 22:50:02','2025-05-22 12:24:21','2025-05-22 12:24:21'),(624,1,49,'2020-04-01','2021-03-31',10,NULL,NULL,'2025-05-20 22:50:02','2025-05-22 12:24:21','2025-05-22 12:24:21'),(625,1,49,'2019-04-01','2020-03-31',7,NULL,NULL,'2025-05-20 22:50:02','2025-05-22 12:24:21','2025-05-22 12:24:21'),(626,1,49,'2018-04-01','2019-03-31',4,NULL,NULL,'2025-05-20 22:50:02','2025-05-22 12:24:21','2025-05-22 12:24:21'),(627,1,49,'2017-04-01','2018-03-31',1,NULL,NULL,'2025-05-20 22:50:02','2025-05-22 12:24:21','2025-05-22 12:24:21'),(628,1,53,'2016-04-01','2017-03-31',20,NULL,NULL,'2025-05-20 22:50:02','2025-05-22 12:24:21','2025-05-22 12:24:21'),(629,1,53,'2015-04-01','2016-03-31',15,NULL,NULL,'2025-05-20 22:50:02','2025-05-22 12:24:21','2025-05-22 12:24:21'),(630,1,53,'2014-04-01','2015-03-31',10,NULL,NULL,'2025-05-20 22:50:02','2025-05-22 12:24:21','2025-05-22 12:24:21'),(631,1,54,'2013-04-01','2014-03-31',25,NULL,NULL,'2025-05-20 22:50:02','2025-05-22 12:24:21','2025-05-22 12:24:21'),(632,1,54,'2012-04-01','2013-03-31',20,NULL,NULL,'2025-05-20 22:50:02','2025-05-22 12:24:21','2025-05-22 12:24:21'),(633,1,54,'2011-04-01','2012-03-31',12,NULL,NULL,'2025-05-20 22:50:02','2025-05-22 12:24:21','2025-05-22 12:24:21'),(634,1,54,'2010-04-01','2011-03-31',7,NULL,NULL,'2025-05-20 22:50:02','2025-05-22 12:24:21','2025-05-22 12:24:21'),(635,1,54,'2009-04-01','2010-03-31',2,NULL,NULL,'2025-05-20 22:50:02','2025-05-22 12:24:21','2025-05-22 12:24:21'),(636,1,56,'2008-04-01','2009-03-31',24,NULL,NULL,'2025-05-20 22:50:02','2025-05-22 12:24:21','2025-05-22 12:24:21'),(637,1,56,'2007-04-01','2008-03-31',16,NULL,NULL,'2025-05-20 22:50:02','2025-05-22 12:24:21','2025-05-22 12:24:21'),(638,1,56,'2006-04-01','2007-03-31',11,NULL,NULL,'2025-05-20 22:50:02','2025-05-22 12:24:21','2025-05-22 12:24:21'),(639,1,49,'2025-04-01','2025-06-30',16,NULL,NULL,'2025-05-22 12:24:21','2025-05-28 09:15:56','2025-05-28 09:15:56'),(640,1,49,'2024-04-01','2025-03-31',16,NULL,NULL,'2025-05-22 12:24:21','2025-05-28 09:15:56','2025-05-28 09:15:56'),(641,1,49,'2023-04-01','2024-03-31',16,NULL,NULL,'2025-05-22 12:24:21','2025-05-28 09:15:56','2025-05-28 09:15:56'),(642,1,49,'2022-04-01','2023-03-31',16,NULL,NULL,'2025-05-22 12:24:21','2025-05-28 09:15:56','2025-05-28 09:15:56'),(643,1,49,'2021-04-01','2022-03-31',13,NULL,NULL,'2025-05-22 12:24:21','2025-05-28 09:15:56','2025-05-28 09:15:56'),(644,1,49,'2020-04-01','2021-03-31',10,NULL,NULL,'2025-05-22 12:24:21','2025-05-28 09:15:56','2025-05-28 09:15:56'),(645,1,49,'2019-04-01','2020-03-31',7,NULL,NULL,'2025-05-22 12:24:21','2025-05-28 09:15:56','2025-05-28 09:15:56'),(646,1,49,'2018-04-01','2019-03-31',4,NULL,NULL,'2025-05-22 12:24:21','2025-05-28 09:15:56','2025-05-28 09:15:56'),(647,1,49,'2017-04-01','2018-03-31',1,NULL,NULL,'2025-05-22 12:24:21','2025-05-28 09:15:56','2025-05-28 09:15:56'),(648,1,53,'2016-04-01','2017-03-31',20,NULL,NULL,'2025-05-22 12:24:21','2025-05-28 09:15:56','2025-05-28 09:15:56'),(649,1,53,'2015-04-01','2016-03-31',15,NULL,NULL,'2025-05-22 12:24:21','2025-05-28 09:15:56','2025-05-28 09:15:56'),(650,1,53,'2014-04-01','2015-03-31',10,NULL,NULL,'2025-05-22 12:24:21','2025-05-28 09:15:56','2025-05-28 09:15:56'),(651,1,54,'2013-04-01','2014-03-31',25,NULL,NULL,'2025-05-22 12:24:21','2025-05-28 09:15:56','2025-05-28 09:15:56'),(652,1,54,'2012-04-01','2013-03-31',20,NULL,NULL,'2025-05-22 12:24:21','2025-05-28 09:15:56','2025-05-28 09:15:56'),(653,1,54,'2011-04-01','2012-03-31',12,NULL,NULL,'2025-05-22 12:24:21','2025-05-28 09:15:56','2025-05-28 09:15:56'),(654,1,54,'2010-04-01','2011-03-31',7,NULL,NULL,'2025-05-22 12:24:21','2025-05-28 09:15:56','2025-05-28 09:15:56'),(655,1,54,'2009-04-01','2010-03-31',2,NULL,NULL,'2025-05-22 12:24:21','2025-05-28 09:15:56','2025-05-28 09:15:56'),(656,1,56,'2008-04-01','2009-03-31',24,NULL,NULL,'2025-05-22 12:24:21','2025-05-28 09:15:56','2025-05-28 09:15:56'),(657,1,56,'2007-04-01','2008-03-31',16,NULL,NULL,'2025-05-22 12:24:21','2025-05-28 09:15:56','2025-05-28 09:15:56'),(658,1,56,'2006-04-01','2007-03-31',11,NULL,NULL,'2025-05-22 12:24:21','2025-05-28 09:15:56','2025-05-28 09:15:56'),(659,21,61,'2006-04-01','2007-03-31',8,NULL,NULL,'2025-05-22 14:24:36','2025-05-22 21:58:48','2025-05-22 21:58:48'),(660,21,61,'2007-04-01','2008-03-31',13,NULL,NULL,'2025-05-22 14:24:36','2025-05-22 21:58:48','2025-05-22 21:58:48'),(661,21,61,'2008-04-01','2009-03-31',18,NULL,NULL,'2025-05-22 14:24:36','2025-05-22 21:58:48','2025-05-22 21:58:48'),(662,21,61,'2009-04-01','2010-03-31',26,NULL,NULL,'2025-05-22 14:24:36','2025-05-22 21:58:48','2025-05-22 21:58:48'),(663,21,61,'2010-04-01','2011-03-31',31,NULL,NULL,'2025-05-22 14:24:36','2025-05-22 21:58:48','2025-05-22 21:58:48'),(664,21,56,'2011-04-01','2012-03-31',1,NULL,NULL,'2025-05-22 14:24:36','2025-05-22 21:58:48','2025-05-22 21:58:48'),(665,21,56,'2012-04-01','2013-03-31',6,NULL,NULL,'2025-05-22 14:24:36','2025-05-22 21:58:48','2025-05-22 21:58:48'),(666,21,56,'2013-04-01','2014-03-31',11,NULL,NULL,'2025-05-22 14:24:36','2025-05-22 21:58:48','2025-05-22 21:58:48'),(667,21,56,'2014-04-01','2015-03-31',16,NULL,NULL,'2025-05-22 14:24:36','2025-05-22 21:58:48','2025-05-22 21:58:48'),(668,21,56,'2015-04-01','2016-03-31',21,NULL,NULL,'2025-05-22 14:24:36','2025-05-22 21:58:48','2025-05-22 21:58:48'),(669,21,56,'2016-04-01','2017-03-31',26,NULL,NULL,'2025-05-22 14:24:36','2025-05-22 21:58:48','2025-05-22 21:58:48'),(670,21,46,'2017-04-01','2018-03-31',22,NULL,NULL,'2025-05-22 14:24:36','2025-05-22 21:58:48','2025-05-22 21:58:48'),(671,21,46,'2018-04-01','2019-03-31',27,NULL,NULL,'2025-05-22 14:24:36','2025-05-22 21:58:48','2025-05-22 21:58:48'),(672,21,48,'2019-04-01','2020-03-31',1,NULL,NULL,'2025-05-22 14:24:36','2025-05-22 21:58:48','2025-05-22 21:58:48'),(673,21,48,'2020-04-01','2021-03-31',4,NULL,NULL,'2025-05-22 14:24:36','2025-05-22 21:58:48','2025-05-22 21:58:48'),(674,21,48,'2021-04-01','2022-03-31',7,NULL,NULL,'2025-05-22 14:24:36','2025-05-22 21:58:48','2025-05-22 21:58:48'),(675,21,48,'2022-04-01','2023-03-31',10,NULL,NULL,'2025-05-22 14:24:36','2025-05-22 21:58:48','2025-05-22 21:58:48'),(676,21,48,'2023-04-01','2024-03-31',10,NULL,NULL,'2025-05-22 14:24:36','2025-05-22 21:58:48','2025-05-22 21:58:48'),(677,21,48,'2024-04-01','2025-03-31',10,NULL,NULL,'2025-05-22 14:24:36','2025-05-22 21:58:48','2025-05-22 21:58:48'),(678,21,48,'2025-04-01','2025-07-31',10,NULL,NULL,'2025-05-22 14:24:36','2025-05-22 21:58:48','2025-05-22 21:58:48'),(679,21,48,'2025-04-01','2025-07-31',10,NULL,NULL,'2025-05-22 21:58:48','2025-05-22 22:03:22','2025-05-22 22:03:22'),(680,21,48,'2024-04-01','2025-03-31',10,NULL,NULL,'2025-05-22 21:58:48','2025-05-22 22:03:22','2025-05-22 22:03:22'),(681,21,48,'2023-04-01','2024-03-31',10,NULL,NULL,'2025-05-22 21:58:48','2025-05-22 22:03:22','2025-05-22 22:03:22'),(682,21,48,'2022-04-01','2023-03-31',10,NULL,NULL,'2025-05-22 21:58:48','2025-05-22 22:03:22','2025-05-22 22:03:22'),(683,21,48,'2021-04-01','2022-03-31',7,NULL,NULL,'2025-05-22 21:58:48','2025-05-22 22:03:22','2025-05-22 22:03:22'),(684,21,48,'2020-04-01','2021-03-31',4,NULL,NULL,'2025-05-22 21:58:48','2025-05-22 22:03:22','2025-05-22 22:03:22'),(685,21,48,'2019-04-01','2020-03-31',1,NULL,NULL,'2025-05-22 21:58:48','2025-05-22 22:03:22','2025-05-22 22:03:22'),(686,21,46,'2018-04-01','2019-03-31',27,NULL,NULL,'2025-05-22 21:58:48','2025-05-22 22:03:22','2025-05-22 22:03:22'),(687,21,46,'2017-04-01','2018-03-31',22,NULL,NULL,'2025-05-22 21:58:48','2025-05-22 22:03:22','2025-05-22 22:03:22'),(688,21,56,'2016-04-01','2017-03-31',26,NULL,NULL,'2025-05-22 21:58:48','2025-05-22 22:03:22','2025-05-22 22:03:22'),(689,21,56,'2015-04-01','2016-03-31',21,NULL,NULL,'2025-05-22 21:58:48','2025-05-22 22:03:22','2025-05-22 22:03:22'),(690,21,56,'2014-04-01','2015-03-31',16,NULL,NULL,'2025-05-22 21:58:48','2025-05-22 22:03:22','2025-05-22 22:03:22'),(691,21,56,'2013-04-01','2014-03-31',11,NULL,NULL,'2025-05-22 21:58:48','2025-05-22 22:03:22','2025-05-22 22:03:22'),(692,21,56,'2012-04-01','2013-03-31',6,NULL,NULL,'2025-05-22 21:58:48','2025-05-22 22:03:22','2025-05-22 22:03:22'),(693,21,56,'2011-04-01','2012-03-31',1,NULL,NULL,'2025-05-22 21:58:48','2025-05-22 22:03:22','2025-05-22 22:03:22'),(694,21,61,'2010-04-01','2011-03-31',31,NULL,NULL,'2025-05-22 21:58:48','2025-05-22 22:03:22','2025-05-22 22:03:22'),(695,21,61,'2009-04-01','2010-03-31',26,NULL,NULL,'2025-05-22 21:58:48','2025-05-22 22:03:22','2025-05-22 22:03:22'),(696,21,61,'2008-04-01','2009-03-31',18,NULL,NULL,'2025-05-22 21:58:48','2025-05-22 22:03:22','2025-05-22 22:03:22'),(697,21,61,'2007-04-01','2008-03-31',13,NULL,NULL,'2025-05-22 21:58:48','2025-05-22 22:03:22','2025-05-22 22:03:22'),(698,21,61,'2006-04-01','2007-03-31',8,NULL,NULL,'2025-05-22 21:58:48','2025-05-22 22:03:22','2025-05-22 22:03:22'),(699,21,48,'2025-04-01','2025-07-31',10,NULL,NULL,'2025-05-22 22:03:22','2025-05-23 18:47:54','2025-05-23 18:47:54'),(700,21,48,'2024-04-01','2025-03-31',10,NULL,NULL,'2025-05-22 22:03:22','2025-05-23 18:47:54','2025-05-23 18:47:54'),(701,21,48,'2023-04-01','2024-03-31',10,NULL,NULL,'2025-05-22 22:03:22','2025-05-23 18:47:54','2025-05-23 18:47:54'),(702,21,48,'2022-04-01','2023-03-31',10,NULL,NULL,'2025-05-22 22:03:22','2025-05-23 18:47:54','2025-05-23 18:47:54'),(703,21,48,'2021-04-01','2022-03-31',7,NULL,NULL,'2025-05-22 22:03:22','2025-05-23 18:47:54','2025-05-23 18:47:54'),(704,21,48,'2020-04-01','2021-03-31',4,NULL,NULL,'2025-05-22 22:03:22','2025-05-23 18:47:54','2025-05-23 18:47:54'),(705,21,48,'2019-04-01','2020-03-31',1,NULL,NULL,'2025-05-22 22:03:22','2025-05-23 18:47:54','2025-05-23 18:47:54'),(706,21,46,'2018-04-01','2019-03-31',27,NULL,NULL,'2025-05-22 22:03:22','2025-05-23 18:47:54','2025-05-23 18:47:54'),(707,21,46,'2017-04-01','2018-03-31',22,NULL,NULL,'2025-05-22 22:03:22','2025-05-23 18:47:54','2025-05-23 18:47:54'),(708,21,56,'2016-04-01','2017-03-31',26,NULL,NULL,'2025-05-22 22:03:22','2025-05-23 18:47:54','2025-05-23 18:47:54'),(709,21,56,'2015-04-01','2016-03-31',21,NULL,NULL,'2025-05-22 22:03:22','2025-05-23 18:47:54','2025-05-23 18:47:54'),(710,21,56,'2014-04-01','2015-03-31',16,NULL,NULL,'2025-05-22 22:03:22','2025-05-23 18:47:54','2025-05-23 18:47:54'),(711,21,56,'2013-04-01','2014-03-31',11,NULL,NULL,'2025-05-22 22:03:22','2025-05-23 18:47:54','2025-05-23 18:47:54'),(712,21,56,'2012-04-01','2013-03-31',6,NULL,NULL,'2025-05-22 22:03:22','2025-05-23 18:47:54','2025-05-23 18:47:54'),(713,21,56,'2011-04-01','2012-03-31',1,NULL,NULL,'2025-05-22 22:03:22','2025-05-23 18:47:54','2025-05-23 18:47:54'),(714,21,61,'2010-04-01','2011-03-31',31,NULL,NULL,'2025-05-22 22:03:22','2025-05-23 18:47:54','2025-05-23 18:47:54'),(715,21,61,'2009-04-01','2010-03-31',26,NULL,NULL,'2025-05-22 22:03:22','2025-05-23 18:47:54','2025-05-23 18:47:54'),(716,21,61,'2008-04-01','2009-03-31',18,NULL,NULL,'2025-05-22 22:03:22','2025-05-23 18:47:54','2025-05-23 18:47:54'),(717,21,61,'2007-04-01','2008-03-31',13,NULL,NULL,'2025-05-22 22:03:22','2025-05-23 18:47:54','2025-05-23 18:47:54'),(718,21,61,'2006-04-01','2007-03-31',8,NULL,NULL,'2025-05-22 22:03:22','2025-05-23 18:47:54','2025-05-23 18:47:54'),(719,21,48,'2025-04-01','2025-07-31',10,NULL,NULL,'2025-05-23 18:47:54','2025-05-23 18:47:54',NULL),(720,21,48,'2024-04-01','2025-03-31',10,NULL,NULL,'2025-05-23 18:47:54','2025-05-23 18:47:54',NULL),(721,21,48,'2023-04-01','2024-03-31',10,NULL,NULL,'2025-05-23 18:47:54','2025-05-23 18:47:54',NULL),(722,21,48,'2022-04-01','2023-03-31',10,NULL,NULL,'2025-05-23 18:47:54','2025-05-23 18:47:54',NULL),(723,21,48,'2021-04-01','2022-03-31',7,NULL,NULL,'2025-05-23 18:47:54','2025-05-23 18:47:54',NULL),(724,21,48,'2020-04-01','2021-03-31',4,NULL,NULL,'2025-05-23 18:47:54','2025-05-23 18:47:54',NULL),(725,21,48,'2019-04-01','2020-03-31',1,NULL,NULL,'2025-05-23 18:47:54','2025-05-23 18:47:54',NULL),(726,21,46,'2018-04-01','2019-03-31',27,NULL,NULL,'2025-05-23 18:47:54','2025-05-23 18:47:54',NULL),(727,21,46,'2017-04-01','2018-03-31',22,NULL,NULL,'2025-05-23 18:47:54','2025-05-23 18:47:54',NULL),(728,21,56,'2016-04-01','2017-03-31',26,NULL,NULL,'2025-05-23 18:47:54','2025-05-23 18:47:54',NULL),(729,21,56,'2015-04-01','2016-03-31',21,NULL,NULL,'2025-05-23 18:47:54','2025-05-23 18:47:54',NULL),(730,21,56,'2014-04-01','2015-03-31',16,NULL,NULL,'2025-05-23 18:47:54','2025-05-23 18:47:54',NULL),(731,21,56,'2013-04-01','2014-03-31',11,NULL,NULL,'2025-05-23 18:47:54','2025-05-23 18:47:54',NULL),(732,21,56,'2012-04-01','2013-03-31',6,NULL,NULL,'2025-05-23 18:47:54','2025-05-23 18:47:54',NULL),(733,21,56,'2011-04-01','2012-03-31',1,NULL,NULL,'2025-05-23 18:47:54','2025-05-23 18:47:54',NULL),(734,21,61,'2010-04-01','2011-03-31',31,NULL,NULL,'2025-05-23 18:47:54','2025-05-23 18:47:54',NULL),(735,21,61,'2009-04-01','2010-03-31',26,NULL,NULL,'2025-05-23 18:47:54','2025-05-23 18:47:54',NULL),(736,21,61,'2008-04-01','2009-03-31',18,NULL,NULL,'2025-05-23 18:47:54','2025-05-23 18:47:54',NULL),(737,21,61,'2007-04-01','2008-03-31',13,NULL,NULL,'2025-05-23 18:47:54','2025-05-23 18:47:54',NULL),(738,21,61,'2006-04-01','2007-03-31',8,NULL,NULL,'2025-05-23 18:47:54','2025-05-23 18:47:54',NULL),(739,1,49,'2025-04-01','2025-06-30',16,NULL,NULL,'2025-05-28 09:15:56','2025-06-18 10:23:12','2025-06-18 10:23:12'),(740,1,49,'2024-04-01','2025-03-31',16,NULL,NULL,'2025-05-28 09:15:56','2025-06-18 10:23:12','2025-06-18 10:23:12'),(741,1,49,'2023-04-01','2024-03-31',16,NULL,NULL,'2025-05-28 09:15:56','2025-06-18 10:23:12','2025-06-18 10:23:12'),(742,1,49,'2022-04-01','2023-03-31',16,NULL,NULL,'2025-05-28 09:15:56','2025-06-18 10:23:12','2025-06-18 10:23:12'),(743,1,49,'2021-04-01','2022-03-31',13,NULL,NULL,'2025-05-28 09:15:56','2025-06-18 10:23:12','2025-06-18 10:23:12'),(744,1,49,'2020-04-01','2021-03-31',10,NULL,NULL,'2025-05-28 09:15:56','2025-06-18 10:23:12','2025-06-18 10:23:12'),(745,1,49,'2019-04-01','2020-03-31',7,NULL,NULL,'2025-05-28 09:15:56','2025-06-18 10:23:12','2025-06-18 10:23:12'),(746,1,49,'2018-04-01','2019-03-31',4,NULL,NULL,'2025-05-28 09:15:56','2025-06-18 10:23:12','2025-06-18 10:23:12'),(747,1,49,'2017-04-01','2018-03-31',1,NULL,NULL,'2025-05-28 09:15:56','2025-06-18 10:23:12','2025-06-18 10:23:12'),(748,1,53,'2016-04-01','2017-03-31',20,NULL,NULL,'2025-05-28 09:15:56','2025-06-18 10:23:12','2025-06-18 10:23:12'),(749,1,53,'2015-04-01','2016-03-31',15,NULL,NULL,'2025-05-28 09:15:56','2025-06-18 10:23:12','2025-06-18 10:23:12'),(750,1,53,'2014-04-01','2015-03-31',10,NULL,NULL,'2025-05-28 09:15:56','2025-06-18 10:23:12','2025-06-18 10:23:12'),(751,1,54,'2013-04-01','2014-03-31',25,NULL,NULL,'2025-05-28 09:15:56','2025-06-18 10:23:12','2025-06-18 10:23:12'),(752,1,54,'2012-04-01','2013-03-31',20,NULL,NULL,'2025-05-28 09:15:56','2025-06-18 10:23:12','2025-06-18 10:23:12'),(753,1,54,'2011-04-01','2012-03-31',12,NULL,NULL,'2025-05-28 09:15:56','2025-06-18 10:23:12','2025-06-18 10:23:12'),(754,1,54,'2010-04-01','2011-03-31',7,NULL,NULL,'2025-05-28 09:15:56','2025-06-18 10:23:12','2025-06-18 10:23:12'),(755,1,54,'2009-04-01','2010-03-31',2,NULL,NULL,'2025-05-28 09:15:56','2025-06-18 10:23:12','2025-06-18 10:23:12'),(756,1,56,'2008-04-01','2009-03-31',24,NULL,NULL,'2025-05-28 09:15:56','2025-06-18 10:23:12','2025-06-18 10:23:12'),(757,1,56,'2007-04-01','2008-03-31',16,NULL,NULL,'2025-05-28 09:15:56','2025-06-18 10:23:12','2025-06-18 10:23:12'),(758,1,56,'2006-04-01','2007-03-31',11,NULL,NULL,'2025-05-28 09:15:56','2025-06-18 10:23:12','2025-06-18 10:23:12'),(759,31,61,'2006-04-01','2007-03-31',8,NULL,NULL,'2025-05-28 11:52:20','2025-05-28 11:52:20',NULL),(760,31,61,'2007-04-01','2008-03-31',13,NULL,NULL,'2025-05-28 11:52:20','2025-05-28 11:52:20',NULL),(761,31,61,'2008-04-01','2009-03-31',18,NULL,NULL,'2025-05-28 11:52:20','2025-05-28 11:52:20',NULL),(762,31,61,'2009-04-01','2010-03-31',26,NULL,NULL,'2025-05-28 11:52:20','2025-05-28 11:52:20',NULL),(763,31,61,'2010-04-01','2011-03-31',31,NULL,NULL,'2025-05-28 11:52:20','2025-05-28 11:52:20',NULL),(764,31,56,'2011-04-01','2012-03-31',1,NULL,NULL,'2025-05-28 11:52:20','2025-05-28 11:52:20',NULL),(765,31,56,'2012-04-01','2013-03-31',6,NULL,NULL,'2025-05-28 11:52:20','2025-05-28 11:52:20',NULL),(766,31,56,'2013-04-01','2014-03-31',11,NULL,NULL,'2025-05-28 11:52:20','2025-05-28 11:52:20',NULL),(767,31,56,'2014-04-01','2015-03-31',16,NULL,NULL,'2025-05-28 11:52:20','2025-05-28 11:52:20',NULL),(768,31,56,'2015-04-01','2016-03-31',21,NULL,NULL,'2025-05-28 11:52:20','2025-05-28 11:52:20',NULL),(769,31,56,'2016-04-01','2017-03-31',26,NULL,NULL,'2025-05-28 11:52:20','2025-05-28 11:52:20',NULL),(770,31,46,'2017-04-01','2018-03-31',22,NULL,NULL,'2025-05-28 11:52:20','2025-05-28 11:52:20',NULL),(771,31,46,'2018-04-01','2019-03-31',27,NULL,NULL,'2025-05-28 11:52:20','2025-05-28 11:52:20',NULL),(772,31,48,'2019-04-01','2020-03-31',1,NULL,NULL,'2025-05-28 11:52:20','2025-05-28 11:52:20',NULL),(773,31,48,'2020-04-01','2021-03-31',4,NULL,NULL,'2025-05-28 11:52:20','2025-05-28 11:52:20',NULL),(774,31,48,'2021-04-01','2022-03-31',7,NULL,NULL,'2025-05-28 11:52:20','2025-05-28 11:52:20',NULL),(775,31,48,'2022-04-01','2023-03-31',10,NULL,NULL,'2025-05-28 11:52:20','2025-05-28 11:52:20',NULL),(776,31,48,'2023-04-01','2024-03-31',10,NULL,NULL,'2025-05-28 11:52:20','2025-05-28 11:52:20',NULL),(777,31,48,'2024-04-01','2025-03-31',10,NULL,NULL,'2025-05-28 11:52:21','2025-05-28 11:52:21',NULL),(778,31,48,'2025-04-01','2025-07-31',10,NULL,NULL,'2025-05-28 11:52:21','2025-05-28 11:52:21',NULL),(779,35,39,'2017-04-01','2018-03-31',15,NULL,NULL,'2025-05-28 11:52:21','2025-05-28 11:52:21',NULL),(780,35,39,'2018-04-01','2019-03-31',22,NULL,NULL,'2025-05-28 11:52:21','2025-05-28 11:52:21',NULL),(781,35,39,'2019-04-01','2020-03-31',29,NULL,NULL,'2025-05-28 11:52:21','2025-05-28 11:52:21',NULL),(782,35,39,'2020-04-01','2021-03-31',36,NULL,NULL,'2025-05-28 11:52:21','2025-05-28 11:52:21',NULL),(783,35,39,'2021-04-01','2022-03-31',43,NULL,NULL,'2025-05-28 11:52:21','2025-05-28 11:52:21',NULL),(784,35,39,'2022-04-01','2023-03-31',49,NULL,NULL,'2025-05-28 11:52:21','2025-05-28 11:52:21',NULL),(785,35,39,'2023-04-01','2024-03-31',49,NULL,NULL,'2025-05-28 11:52:21','2025-05-28 11:52:21',NULL),(786,35,39,'2024-04-01','2025-03-31',49,NULL,NULL,'2025-05-28 11:52:21','2025-05-28 11:52:21',NULL),(787,32,60,'2006-04-01','2007-03-31',13,NULL,NULL,'2025-05-28 11:52:21','2025-05-28 11:55:04','2025-05-28 11:55:04'),(788,32,60,'2007-04-01','2008-03-31',12,NULL,NULL,'2025-05-28 11:52:21','2025-05-28 11:55:04','2025-05-28 11:55:04'),(789,32,60,'2008-04-01','2009-03-31',11,NULL,NULL,'2025-05-28 11:52:21','2025-05-28 11:55:04','2025-05-28 11:55:04'),(790,32,60,'2009-04-01','2010-03-31',16,NULL,NULL,'2025-05-28 11:52:21','2025-05-28 11:55:04','2025-05-28 11:55:04'),(791,32,60,'2010-04-01','2011-03-31',21,NULL,NULL,'2025-05-28 11:52:21','2025-05-28 11:55:04','2025-05-28 11:55:04'),(792,32,60,'2011-04-01','2012-03-31',20,NULL,NULL,'2025-05-28 11:52:21','2025-05-28 11:55:04','2025-05-28 11:55:04'),(793,32,60,'2012-04-01','2013-03-31',17,NULL,NULL,'2025-05-28 11:52:21','2025-05-28 11:55:04','2025-05-28 11:55:04'),(794,32,60,'2013-04-01','2014-03-31',14,NULL,NULL,'2025-05-28 11:52:21','2025-05-28 11:55:04','2025-05-28 11:55:04'),(795,32,60,'2014-04-01','2015-03-31',19,NULL,NULL,'2025-05-28 11:52:21','2025-05-28 11:55:04','2025-05-28 11:55:04'),(796,32,60,'2015-04-01','2016-03-31',24,NULL,NULL,'2025-05-28 11:52:21','2025-05-28 11:55:04','2025-05-28 11:55:04'),(797,32,60,'2016-04-01','2017-03-31',29,NULL,NULL,'2025-05-28 11:52:21','2025-05-28 11:55:04','2025-05-28 11:55:04'),(798,32,45,'2017-04-01','2018-03-31',9,NULL,NULL,'2025-05-28 11:52:21','2025-05-28 11:55:04','2025-05-28 11:55:04'),(799,32,45,'2018-04-01','2019-03-31',14,NULL,NULL,'2025-05-28 11:52:21','2025-05-28 11:55:04','2025-05-28 11:55:04'),(800,32,45,'2019-04-01','2020-03-31',19,NULL,NULL,'2025-05-28 11:52:21','2025-05-28 11:55:04','2025-05-28 11:55:04'),(801,32,45,'2020-04-01','2021-03-31',24,NULL,NULL,'2025-05-28 11:52:21','2025-05-28 11:55:04','2025-05-28 11:55:04'),(802,32,45,'2021-04-01','2022-03-31',29,NULL,NULL,'2025-05-28 11:52:21','2025-05-28 11:55:04','2025-05-28 11:55:04'),(803,32,44,'2022-04-01','2023-03-31',1,NULL,NULL,'2025-05-28 11:52:21','2025-05-28 11:55:04','2025-05-28 11:55:04'),(804,32,44,'2023-04-01','2024-03-31',6,NULL,NULL,'2025-05-28 11:52:21','2025-05-28 11:55:04','2025-05-28 11:55:04'),(805,32,44,'2024-04-01','2025-03-31',11,NULL,NULL,'2025-05-28 11:52:21','2025-05-28 11:55:04','2025-05-28 11:55:04'),(806,33,63,'2015-04-01','2016-03-31',1,NULL,NULL,'2025-05-28 11:52:21','2025-06-09 07:43:44','2025-06-09 07:43:44'),(807,33,62,'2016-04-01','2017-03-31',2,NULL,NULL,'2025-05-28 11:52:21','2025-06-09 07:43:44','2025-06-09 07:43:44'),(808,33,39,'2017-04-01','2018-03-31',29,NULL,NULL,'2025-05-28 11:52:21','2025-06-09 07:43:44','2025-06-09 07:43:44'),(809,33,39,'2018-04-01','2019-03-31',36,NULL,NULL,'2025-05-28 11:52:21','2025-06-09 07:43:44','2025-06-09 07:43:44'),(810,33,39,'2019-04-01','2020-03-31',43,NULL,NULL,'2025-05-28 11:52:21','2025-06-09 07:43:44','2025-06-09 07:43:44'),(811,33,39,'2020-04-01','2021-03-31',50,NULL,NULL,'2025-05-28 11:52:21','2025-06-09 07:43:44','2025-06-09 07:43:44'),(812,33,38,'2021-04-01','2022-03-31',7,NULL,NULL,'2025-05-28 11:52:21','2025-06-09 07:43:44','2025-06-09 07:43:44'),(813,33,38,'2022-04-01','2023-03-31',14,NULL,NULL,'2025-05-28 11:52:21','2025-06-09 07:43:44','2025-06-09 07:43:44'),(814,33,38,'2023-04-01','2024-03-31',22,NULL,NULL,'2025-05-28 11:52:21','2025-06-09 07:43:44','2025-06-09 07:43:44'),(815,33,38,'2024-04-01','2025-03-31',29,NULL,NULL,'2025-05-28 11:52:21','2025-06-09 07:43:44','2025-06-09 07:43:44'),(816,34,63,'2006-04-01','2007-03-31',24,NULL,NULL,'2025-05-28 11:52:21','2025-05-28 12:03:38','2025-05-28 12:03:38'),(817,34,63,'2007-04-01','2008-03-31',29,NULL,NULL,'2025-05-28 11:52:21','2025-05-28 12:03:38','2025-05-28 12:03:38'),(818,34,62,'2008-04-01','2009-03-31',4,NULL,NULL,'2025-05-28 11:52:21','2025-05-28 12:03:38','2025-05-28 12:03:38'),(819,34,62,'2009-04-01','2010-03-31',9,NULL,NULL,'2025-05-28 11:52:21','2025-05-28 12:03:38','2025-05-28 12:03:38'),(820,34,62,'2010-04-01','2011-03-31',14,NULL,NULL,'2025-05-28 11:52:21','2025-05-28 12:03:38','2025-05-28 12:03:38'),(821,34,62,'2011-04-01','2012-03-31',19,NULL,NULL,'2025-05-28 11:52:21','2025-05-28 12:03:38','2025-05-28 12:03:38'),(822,34,62,'2012-04-01','2013-03-31',24,NULL,NULL,'2025-05-28 11:52:21','2025-05-28 12:03:38','2025-05-28 12:03:38'),(823,34,62,'2013-04-01','2014-03-31',29,NULL,NULL,'2025-05-28 11:52:21','2025-05-28 12:03:38','2025-05-28 12:03:38'),(824,34,57,'2014-04-01','2015-03-31',2,NULL,NULL,'2025-05-28 11:52:21','2025-05-28 12:03:38','2025-05-28 12:03:38'),(825,34,57,'2015-04-01','2016-03-31',7,NULL,NULL,'2025-05-28 11:52:21','2025-05-28 12:03:38','2025-05-28 12:03:38'),(826,34,57,'2016-04-01','2017-03-31',12,NULL,NULL,'2025-05-28 11:52:21','2025-05-28 12:03:38','2025-05-28 12:03:38'),(827,34,37,'2017-04-01','2018-03-31',6,NULL,NULL,'2025-05-28 11:52:21','2025-05-28 12:03:38','2025-05-28 12:03:38'),(828,34,37,'2018-04-01','2019-03-31',11,NULL,NULL,'2025-05-28 11:52:21','2025-05-28 12:03:38','2025-05-28 12:03:38'),(829,34,37,'2019-04-01','2020-03-31',16,NULL,NULL,'2025-05-28 11:52:21','2025-05-28 12:03:38','2025-05-28 12:03:38'),(830,34,37,'2020-04-01','2021-03-31',16,NULL,NULL,'2025-05-28 11:52:21','2025-05-28 12:03:38','2025-05-28 12:03:38'),(831,34,37,'2021-04-01','2022-03-31',21,NULL,NULL,'2025-05-28 11:52:21','2025-05-28 12:03:38','2025-05-28 12:03:38'),(832,34,37,'2022-04-01','2023-03-31',26,NULL,NULL,'2025-05-28 11:52:21','2025-05-28 12:03:38','2025-05-28 12:03:38'),(833,34,37,'2023-04-01','2024-03-31',31,NULL,NULL,'2025-05-28 11:52:21','2025-05-28 12:03:38','2025-05-28 12:03:38'),(834,34,37,'2024-04-01','2025-03-31',36,NULL,NULL,'2025-05-28 11:52:21','2025-05-28 12:03:38','2025-05-28 12:03:38'),(835,32,44,'2024-04-01','2025-03-31',11,NULL,NULL,'2025-05-28 11:55:04','2025-05-28 11:55:04',NULL),(836,32,44,'2023-04-01','2024-03-31',6,NULL,NULL,'2025-05-28 11:55:04','2025-05-28 11:55:04',NULL),(837,32,44,'2022-04-01','2023-03-31',1,NULL,NULL,'2025-05-28 11:55:04','2025-05-28 11:55:04',NULL),(838,32,45,'2021-04-01','2022-03-31',29,NULL,NULL,'2025-05-28 11:55:04','2025-05-28 11:55:04',NULL),(839,32,45,'2020-04-01','2021-03-31',24,NULL,NULL,'2025-05-28 11:55:04','2025-05-28 11:55:04',NULL),(840,32,45,'2019-04-01','2020-03-31',19,NULL,NULL,'2025-05-28 11:55:04','2025-05-28 11:55:04',NULL),(841,32,45,'2018-04-01','2019-03-31',14,NULL,NULL,'2025-05-28 11:55:04','2025-05-28 11:55:04',NULL),(842,32,45,'2017-04-01','2018-03-31',9,NULL,NULL,'2025-05-28 11:55:04','2025-05-28 11:55:04',NULL),(843,32,60,'2016-04-01','2017-03-31',29,NULL,NULL,'2025-05-28 11:55:04','2025-05-28 11:55:04',NULL),(844,32,60,'2015-04-01','2016-03-31',24,NULL,NULL,'2025-05-28 11:55:04','2025-05-28 11:55:04',NULL),(845,32,60,'2014-04-01','2015-03-31',19,NULL,NULL,'2025-05-28 11:55:04','2025-05-28 11:55:04',NULL),(846,32,60,'2013-04-01','2014-03-31',14,NULL,NULL,'2025-05-28 11:55:04','2025-05-28 11:55:04',NULL),(847,32,60,'2012-04-01','2013-03-31',17,NULL,NULL,'2025-05-28 11:55:04','2025-05-28 11:55:04',NULL),(848,32,60,'2011-04-01','2012-03-31',20,NULL,NULL,'2025-05-28 11:55:04','2025-05-28 11:55:04',NULL),(849,32,60,'2010-04-01','2011-03-31',21,NULL,NULL,'2025-05-28 11:55:04','2025-05-28 11:55:04',NULL),(850,32,60,'2009-04-01','2010-03-31',16,NULL,NULL,'2025-05-28 11:55:04','2025-05-28 11:55:04',NULL),(851,32,60,'2008-04-01','2009-03-31',11,NULL,NULL,'2025-05-28 11:55:04','2025-05-28 11:55:04',NULL),(852,32,60,'2007-04-01','2008-03-31',12,NULL,NULL,'2025-05-28 11:55:04','2025-05-28 11:55:04',NULL),(853,32,60,'2006-04-01','2007-03-31',13,NULL,NULL,'2025-05-28 11:55:04','2025-05-28 11:55:04',NULL),(854,34,37,'2024-04-01','2025-03-31',36,NULL,NULL,'2025-05-28 12:03:38','2025-05-28 12:03:38',NULL),(855,34,37,'2023-04-01','2024-03-31',31,NULL,NULL,'2025-05-28 12:03:38','2025-05-28 12:03:38',NULL),(856,34,37,'2022-04-01','2023-03-31',26,NULL,NULL,'2025-05-28 12:03:38','2025-05-28 12:03:38',NULL),(857,34,37,'2021-04-01','2022-03-31',21,NULL,NULL,'2025-05-28 12:03:38','2025-05-28 12:03:38',NULL),(858,34,37,'2020-04-01','2021-03-31',16,NULL,NULL,'2025-05-28 12:03:38','2025-05-28 12:03:38',NULL),(859,34,37,'2019-04-01','2020-03-31',16,NULL,NULL,'2025-05-28 12:03:38','2025-05-28 12:03:38',NULL),(860,34,37,'2018-04-01','2019-03-31',11,NULL,NULL,'2025-05-28 12:03:38','2025-05-28 12:03:38',NULL),(861,34,37,'2017-04-01','2018-03-31',6,NULL,NULL,'2025-05-28 12:03:38','2025-05-28 12:03:38',NULL),(862,34,57,'2016-04-01','2017-03-31',12,NULL,NULL,'2025-05-28 12:03:38','2025-05-28 12:03:38',NULL),(863,34,57,'2015-04-01','2016-03-31',7,NULL,NULL,'2025-05-28 12:03:38','2025-05-28 12:03:38',NULL),(864,34,57,'2014-04-01','2015-03-31',2,NULL,NULL,'2025-05-28 12:03:38','2025-05-28 12:03:38',NULL),(865,34,62,'2013-04-01','2014-03-31',29,NULL,NULL,'2025-05-28 12:03:38','2025-05-28 12:03:38',NULL),(866,34,62,'2012-04-01','2013-03-31',24,NULL,NULL,'2025-05-28 12:03:38','2025-05-28 12:03:38',NULL),(867,34,62,'2011-04-01','2012-03-31',19,NULL,NULL,'2025-05-28 12:03:38','2025-05-28 12:03:38',NULL),(868,34,62,'2010-04-01','2011-03-31',14,NULL,NULL,'2025-05-28 12:03:38','2025-05-28 12:03:38',NULL),(869,34,62,'2009-04-01','2010-03-31',9,NULL,NULL,'2025-05-28 12:03:38','2025-05-28 12:03:38',NULL),(870,34,62,'2008-04-01','2009-03-31',4,NULL,NULL,'2025-05-28 12:03:38','2025-05-28 12:03:38',NULL),(871,34,63,'2007-04-01','2008-03-31',29,NULL,NULL,'2025-05-28 12:03:38','2025-05-28 12:03:38',NULL),(872,34,63,'2006-04-01','2007-03-31',24,NULL,NULL,'2025-05-28 12:03:38','2025-05-28 12:03:38',NULL),(873,2,49,'2021-04-01','2022-03-31',1,NULL,NULL,'2025-05-28 12:56:38','2025-05-28 12:56:40','2025-05-28 12:56:40'),(874,2,43,'2020-04-01','2021-03-31',10,NULL,NULL,'2025-05-28 12:56:38','2025-05-28 12:56:40','2025-05-28 12:56:40'),(875,2,43,'2019-04-01','2020-03-31',7,NULL,NULL,'2025-05-28 12:56:38','2025-05-28 12:56:40','2025-05-28 12:56:40'),(876,2,43,'2018-04-01','2019-03-31',4,NULL,NULL,'2025-05-28 12:56:38','2025-05-28 12:56:40','2025-05-28 12:56:40'),(877,2,43,'2017-04-01','2018-03-31',1,NULL,NULL,'2025-05-28 12:56:38','2025-05-28 12:56:40','2025-05-28 12:56:40'),(878,2,56,'2016-04-01','2017-03-31',28,NULL,NULL,'2025-05-28 12:56:38','2025-05-28 12:56:40','2025-05-28 12:56:40'),(879,2,56,'2015-04-01','2016-03-31',23,NULL,NULL,'2025-05-28 12:56:38','2025-05-28 12:56:40','2025-05-28 12:56:40'),(880,2,56,'2014-04-01','2015-03-31',18,NULL,NULL,'2025-05-28 12:56:38','2025-05-28 12:56:40','2025-05-28 12:56:40'),(881,2,56,'2013-04-01','2014-03-31',13,NULL,NULL,'2025-05-28 12:56:38','2025-05-28 12:56:40','2025-05-28 12:56:40'),(882,2,56,'2012-04-01','2013-03-31',16,NULL,NULL,'2025-05-28 12:56:38','2025-05-28 12:56:40','2025-05-28 12:56:40'),(883,2,56,'2011-04-01','2012-03-31',17,NULL,NULL,'2025-05-28 12:56:38','2025-05-28 12:56:40','2025-05-28 12:56:40'),(884,2,56,'2010-04-01','2011-03-31',9,NULL,NULL,'2025-05-28 12:56:38','2025-05-28 12:56:40','2025-05-28 12:56:40'),(885,2,56,'2009-04-01','2010-03-31',1,NULL,NULL,'2025-05-28 12:56:38','2025-05-28 12:56:40','2025-05-28 12:56:40'),(886,2,61,'2008-04-01','2009-03-31',26,NULL,NULL,'2025-05-28 12:56:38','2025-05-28 12:56:40','2025-05-28 12:56:40'),(887,2,61,'2007-04-01','2008-03-31',16,NULL,NULL,'2025-05-28 12:56:38','2025-05-28 12:56:40','2025-05-28 12:56:40'),(888,2,61,'2006-04-01','2007-03-31',8,NULL,NULL,'2025-05-28 12:56:38','2025-05-28 12:56:40','2025-05-28 12:56:40'),(889,2,49,'2021-04-01','2022-03-31',1,NULL,NULL,'2025-05-28 12:56:40','2025-05-28 12:56:40',NULL),(890,2,43,'2020-04-01','2021-03-31',10,NULL,NULL,'2025-05-28 12:56:40','2025-05-28 12:56:40',NULL),(891,2,43,'2019-04-01','2020-03-31',7,NULL,NULL,'2025-05-28 12:56:40','2025-05-28 12:56:40',NULL),(892,2,43,'2018-04-01','2019-03-31',4,NULL,NULL,'2025-05-28 12:56:40','2025-05-28 12:56:40',NULL),(893,2,43,'2017-04-01','2018-03-31',1,NULL,NULL,'2025-05-28 12:56:40','2025-05-28 12:56:40',NULL),(894,2,56,'2016-04-01','2017-03-31',28,NULL,NULL,'2025-05-28 12:56:40','2025-05-28 12:56:40',NULL),(895,2,56,'2015-04-01','2016-03-31',23,NULL,NULL,'2025-05-28 12:56:40','2025-05-28 12:56:40',NULL),(896,2,56,'2014-04-01','2015-03-31',18,NULL,NULL,'2025-05-28 12:56:40','2025-05-28 12:56:40',NULL),(897,2,56,'2013-04-01','2014-03-31',13,NULL,NULL,'2025-05-28 12:56:40','2025-05-28 12:56:40',NULL),(898,2,56,'2012-04-01','2013-03-31',16,NULL,NULL,'2025-05-28 12:56:40','2025-05-28 12:56:40',NULL),(899,2,56,'2011-04-01','2012-03-31',17,NULL,NULL,'2025-05-28 12:56:40','2025-05-28 12:56:40',NULL),(900,2,56,'2010-04-01','2011-03-31',9,NULL,NULL,'2025-05-28 12:56:40','2025-05-28 12:56:40',NULL),(901,2,56,'2009-04-01','2010-03-31',1,NULL,NULL,'2025-05-28 12:56:40','2025-05-28 12:56:40',NULL),(902,2,61,'2008-04-01','2009-03-31',26,NULL,NULL,'2025-05-28 12:56:40','2025-05-28 12:56:40',NULL),(903,2,61,'2007-04-01','2008-03-31',16,NULL,NULL,'2025-05-28 12:56:40','2025-05-28 12:56:40',NULL),(904,2,61,'2006-04-01','2007-03-31',8,NULL,NULL,'2025-05-28 12:56:40','2025-05-28 12:56:40',NULL),(905,36,16,'1997-04-01','2025-05-28',0,NULL,NULL,'2025-05-29 11:56:41','2025-05-29 12:48:59','2025-05-29 12:48:59'),(906,36,40,'2024-04-01','2025-03-31',32,NULL,NULL,'2025-05-29 12:48:59','2025-05-29 12:58:01','2025-05-29 12:58:01'),(907,36,40,'2023-04-01','2024-03-31',27,NULL,NULL,'2025-05-29 12:48:59','2025-05-29 12:58:01','2025-05-29 12:58:01'),(908,36,40,'2022-04-01','2023-03-31',22,NULL,NULL,'2025-05-29 12:48:59','2025-05-29 12:58:01','2025-05-29 12:58:01'),(909,36,40,'2021-04-01','2022-03-31',17,NULL,NULL,'2025-05-29 12:48:59','2025-05-29 12:58:01','2025-05-29 12:58:01'),(910,36,37,'2020-04-01','2021-03-31',12,NULL,NULL,'2025-05-29 12:48:59','2025-05-29 12:58:01','2025-05-29 12:58:01'),(911,36,40,'2019-04-01','2020-03-31',7,NULL,NULL,'2025-05-29 12:48:59','2025-05-29 12:58:01','2025-05-29 12:58:01'),(912,36,41,'2018-04-01','2019-03-31',43,NULL,NULL,'2025-05-29 12:48:59','2025-05-29 12:58:01','2025-05-29 12:58:01'),(913,36,41,'2017-04-01','2018-03-31',43,NULL,NULL,'2025-05-29 12:48:59','2025-05-29 12:58:01','2025-05-29 12:58:01'),(914,36,57,'2016-04-01','2017-03-31',6,NULL,NULL,'2025-05-29 12:48:59','2025-05-29 12:58:01','2025-05-29 12:58:01'),(915,36,57,'2015-04-01','2016-03-31',1,NULL,NULL,'2025-05-29 12:48:59','2025-05-29 12:58:01','2025-05-29 12:58:01'),(916,36,62,'2014-04-01','2015-03-31',31,NULL,NULL,'2025-05-29 12:48:59','2025-05-29 12:58:01','2025-05-29 12:58:01'),(917,36,62,'2013-04-01','2014-03-31',32,NULL,NULL,'2025-05-29 12:48:59','2025-05-29 12:58:01','2025-05-29 12:58:01'),(918,36,62,'2012-04-01','2013-03-31',32,NULL,NULL,'2025-05-29 12:48:59','2025-05-29 12:58:01','2025-05-29 12:58:01'),(919,36,62,'2011-04-01','2012-03-31',33,NULL,NULL,'2025-05-29 12:48:59','2025-05-29 12:58:01','2025-05-29 12:58:01'),(920,36,62,'2010-04-01','2011-03-31',28,NULL,NULL,'2025-05-29 12:48:59','2025-05-29 12:58:01','2025-05-29 12:58:01'),(921,36,62,'2009-04-01','2010-03-31',23,NULL,NULL,'2025-05-29 12:48:59','2025-05-29 12:58:01','2025-05-29 12:58:01'),(922,36,62,'2008-04-01','2009-03-31',18,NULL,NULL,'2025-05-29 12:48:59','2025-05-29 12:58:01','2025-05-29 12:58:01'),(923,36,62,'2007-04-01','2008-03-31',13,NULL,NULL,'2025-05-29 12:48:59','2025-05-29 12:58:01','2025-05-29 12:58:01'),(924,36,62,'2006-04-01','2007-03-31',8,NULL,NULL,'2025-05-29 12:48:59','2025-05-29 12:58:01','2025-05-29 12:58:01'),(925,36,40,'2024-04-01','2025-03-31',32,NULL,NULL,'2025-05-29 12:58:01','2025-05-29 13:13:04','2025-05-29 13:13:04'),(926,36,40,'2023-04-01','2024-03-31',27,NULL,NULL,'2025-05-29 12:58:01','2025-05-29 13:13:04','2025-05-29 13:13:04'),(927,36,40,'2022-04-01','2023-03-31',22,NULL,NULL,'2025-05-29 12:58:01','2025-05-29 13:13:04','2025-05-29 13:13:04'),(928,36,40,'2021-04-01','2022-03-31',17,NULL,NULL,'2025-05-29 12:58:01','2025-05-29 13:13:04','2025-05-29 13:13:04'),(929,36,37,'2020-04-01','2021-03-31',12,NULL,NULL,'2025-05-29 12:58:01','2025-05-29 13:13:04','2025-05-29 13:13:04'),(930,36,40,'2019-04-01','2020-03-31',7,NULL,NULL,'2025-05-29 12:58:01','2025-05-29 13:13:04','2025-05-29 13:13:04'),(931,36,41,'2018-04-01','2019-03-31',43,NULL,NULL,'2025-05-29 12:58:01','2025-05-29 13:13:04','2025-05-29 13:13:04'),(932,36,41,'2017-04-01','2018-03-31',43,NULL,NULL,'2025-05-29 12:58:01','2025-05-29 13:13:04','2025-05-29 13:13:04'),(933,36,57,'2016-04-01','2017-03-31',6,NULL,NULL,'2025-05-29 12:58:01','2025-05-29 13:13:04','2025-05-29 13:13:04'),(934,36,57,'2015-04-01','2016-03-31',1,NULL,NULL,'2025-05-29 12:58:01','2025-05-29 13:13:04','2025-05-29 13:13:04'),(935,36,62,'2014-04-01','2015-03-31',31,NULL,NULL,'2025-05-29 12:58:01','2025-05-29 13:13:04','2025-05-29 13:13:04'),(936,36,62,'2013-04-01','2014-03-31',32,NULL,NULL,'2025-05-29 12:58:01','2025-05-29 13:13:04','2025-05-29 13:13:04'),(937,36,62,'2012-04-01','2013-03-31',32,NULL,NULL,'2025-05-29 12:58:01','2025-05-29 13:13:04','2025-05-29 13:13:04'),(938,36,62,'2011-04-01','2012-03-31',33,NULL,NULL,'2025-05-29 12:58:01','2025-05-29 13:13:04','2025-05-29 13:13:04'),(939,36,62,'2010-04-01','2011-03-31',28,NULL,NULL,'2025-05-29 12:58:01','2025-05-29 13:13:04','2025-05-29 13:13:04'),(940,36,62,'2009-04-01','2010-03-31',23,NULL,NULL,'2025-05-29 12:58:01','2025-05-29 13:13:04','2025-05-29 13:13:04'),(941,36,62,'2008-04-01','2009-03-31',18,NULL,NULL,'2025-05-29 12:58:01','2025-05-29 13:13:04','2025-05-29 13:13:04'),(942,36,62,'2007-04-01','2008-03-31',13,NULL,NULL,'2025-05-29 12:58:01','2025-05-29 13:13:04','2025-05-29 13:13:04'),(943,36,62,'2006-04-01','2007-03-31',8,NULL,NULL,'2025-05-29 12:58:01','2025-05-29 13:13:04','2025-05-29 13:13:04'),(944,36,40,'2024-04-01','2025-03-31',32,NULL,NULL,'2025-05-29 13:13:04','2025-05-29 13:14:55','2025-05-29 13:14:55'),(945,36,40,'2023-04-01','2024-03-31',27,NULL,NULL,'2025-05-29 13:13:04','2025-05-29 13:14:55','2025-05-29 13:14:55'),(946,36,40,'2022-04-01','2023-03-31',22,NULL,NULL,'2025-05-29 13:13:04','2025-05-29 13:14:55','2025-05-29 13:14:55'),(947,36,40,'2021-04-01','2022-03-31',17,NULL,NULL,'2025-05-29 13:13:04','2025-05-29 13:14:55','2025-05-29 13:14:55'),(948,36,37,'2020-04-01','2021-03-31',12,NULL,NULL,'2025-05-29 13:13:04','2025-05-29 13:14:55','2025-05-29 13:14:55'),(949,36,40,'2019-04-01','2020-03-31',7,NULL,NULL,'2025-05-29 13:13:04','2025-05-29 13:14:55','2025-05-29 13:14:55'),(950,36,41,'2018-04-01','2019-03-31',43,NULL,NULL,'2025-05-29 13:13:04','2025-05-29 13:14:55','2025-05-29 13:14:55'),(951,36,41,'2017-04-01','2018-03-31',43,NULL,NULL,'2025-05-29 13:13:04','2025-05-29 13:14:55','2025-05-29 13:14:55'),(952,36,57,'2016-04-01','2017-03-31',6,NULL,NULL,'2025-05-29 13:13:04','2025-05-29 13:14:55','2025-05-29 13:14:55'),(953,36,57,'2015-04-01','2016-03-31',1,NULL,NULL,'2025-05-29 13:13:04','2025-05-29 13:14:55','2025-05-29 13:14:55'),(954,36,62,'2014-04-01','2015-03-31',31,NULL,NULL,'2025-05-29 13:13:04','2025-05-29 13:14:55','2025-05-29 13:14:55'),(955,36,62,'2013-04-01','2014-03-31',32,NULL,NULL,'2025-05-29 13:13:04','2025-05-29 13:14:55','2025-05-29 13:14:55'),(956,36,62,'2012-04-01','2013-03-31',32,NULL,NULL,'2025-05-29 13:13:04','2025-05-29 13:14:55','2025-05-29 13:14:55'),(957,36,62,'2011-04-01','2012-03-31',33,NULL,NULL,'2025-05-29 13:13:04','2025-05-29 13:14:55','2025-05-29 13:14:55'),(958,36,62,'2010-04-01','2011-03-31',28,NULL,NULL,'2025-05-29 13:13:04','2025-05-29 13:14:55','2025-05-29 13:14:55'),(959,36,62,'2009-04-01','2010-03-31',23,NULL,NULL,'2025-05-29 13:13:04','2025-05-29 13:14:55','2025-05-29 13:14:55'),(960,36,62,'2008-04-01','2009-03-31',18,NULL,NULL,'2025-05-29 13:13:04','2025-05-29 13:14:55','2025-05-29 13:14:55'),(961,36,62,'2007-04-01','2008-03-31',13,NULL,NULL,'2025-05-29 13:13:04','2025-05-29 13:14:55','2025-05-29 13:14:55'),(962,36,62,'2006-04-01','2007-03-31',8,NULL,NULL,'2025-05-29 13:13:04','2025-05-29 13:14:55','2025-05-29 13:14:55'),(963,36,40,'2024-04-01','2025-03-31',32,NULL,NULL,'2025-05-29 13:14:55','2025-05-29 13:30:18','2025-05-29 13:30:18'),(964,36,40,'2023-04-01','2024-03-31',27,NULL,NULL,'2025-05-29 13:14:55','2025-05-29 13:30:18','2025-05-29 13:30:18'),(965,36,40,'2022-04-01','2023-03-31',22,NULL,NULL,'2025-05-29 13:14:55','2025-05-29 13:30:18','2025-05-29 13:30:18'),(966,36,40,'2021-04-01','2022-03-31',17,NULL,NULL,'2025-05-29 13:14:55','2025-05-29 13:30:18','2025-05-29 13:30:18'),(967,36,37,'2020-04-01','2021-03-31',12,NULL,NULL,'2025-05-29 13:14:55','2025-05-29 13:30:18','2025-05-29 13:30:18'),(968,36,40,'2019-04-01','2020-03-31',7,NULL,NULL,'2025-05-29 13:14:55','2025-05-29 13:30:18','2025-05-29 13:30:18'),(969,36,41,'2018-04-01','2019-03-31',43,NULL,NULL,'2025-05-29 13:14:55','2025-05-29 13:30:18','2025-05-29 13:30:18'),(970,36,41,'2017-04-01','2018-03-31',43,NULL,NULL,'2025-05-29 13:14:55','2025-05-29 13:30:18','2025-05-29 13:30:18'),(971,36,57,'2016-04-01','2017-03-31',6,NULL,NULL,'2025-05-29 13:14:55','2025-05-29 13:30:18','2025-05-29 13:30:18'),(972,36,57,'2015-04-01','2016-03-31',1,NULL,NULL,'2025-05-29 13:14:55','2025-05-29 13:30:18','2025-05-29 13:30:18'),(973,36,62,'2014-04-01','2015-03-31',31,NULL,NULL,'2025-05-29 13:14:55','2025-05-29 13:30:18','2025-05-29 13:30:18'),(974,36,62,'2013-04-01','2014-03-31',32,NULL,NULL,'2025-05-29 13:14:55','2025-05-29 13:30:18','2025-05-29 13:30:18'),(975,36,62,'2012-04-01','2013-03-31',32,NULL,NULL,'2025-05-29 13:14:55','2025-05-29 13:30:18','2025-05-29 13:30:18'),(976,36,62,'2011-04-01','2012-03-31',33,NULL,NULL,'2025-05-29 13:14:55','2025-05-29 13:30:18','2025-05-29 13:30:18'),(977,36,62,'2010-04-01','2011-03-31',28,NULL,NULL,'2025-05-29 13:14:55','2025-05-29 13:30:18','2025-05-29 13:30:18'),(978,36,62,'2009-04-01','2010-03-31',23,NULL,NULL,'2025-05-29 13:14:55','2025-05-29 13:30:18','2025-05-29 13:30:18'),(979,36,62,'2008-04-01','2009-03-31',18,NULL,NULL,'2025-05-29 13:14:55','2025-05-29 13:30:18','2025-05-29 13:30:18'),(980,36,62,'2007-04-01','2008-03-31',13,NULL,NULL,'2025-05-29 13:14:55','2025-05-29 13:30:18','2025-05-29 13:30:18'),(981,36,62,'2006-04-01','2007-03-31',8,NULL,NULL,'2025-05-29 13:14:55','2025-05-29 13:30:18','2025-05-29 13:30:18'),(982,36,40,'2024-04-01','2025-03-31',32,NULL,NULL,'2025-05-29 13:30:18','2025-05-29 13:30:18',NULL),(983,36,40,'2023-04-01','2024-03-31',27,NULL,NULL,'2025-05-29 13:30:18','2025-05-29 13:30:18',NULL),(984,36,40,'2022-04-01','2023-03-31',22,NULL,NULL,'2025-05-29 13:30:18','2025-05-29 13:30:18',NULL),(985,36,40,'2021-04-01','2022-03-31',17,NULL,NULL,'2025-05-29 13:30:18','2025-05-29 13:30:18',NULL),(986,36,37,'2020-04-01','2021-03-31',12,NULL,NULL,'2025-05-29 13:30:18','2025-05-29 13:30:18',NULL),(987,36,40,'2019-04-01','2020-03-31',7,NULL,NULL,'2025-05-29 13:30:19','2025-05-29 13:30:19',NULL),(988,36,41,'2018-04-01','2019-03-31',43,NULL,NULL,'2025-05-29 13:30:19','2025-05-29 13:30:19',NULL),(989,36,41,'2017-04-01','2018-03-31',43,NULL,NULL,'2025-05-29 13:30:19','2025-05-29 13:30:19',NULL),(990,36,57,'2016-04-01','2017-03-31',6,NULL,NULL,'2025-05-29 13:30:19','2025-05-29 13:30:19',NULL),(991,36,57,'2015-04-01','2016-03-31',1,NULL,NULL,'2025-05-29 13:30:19','2025-05-29 13:30:19',NULL),(992,36,62,'2014-04-01','2015-03-31',31,NULL,NULL,'2025-05-29 13:30:19','2025-05-29 13:30:19',NULL),(993,36,62,'2013-04-01','2014-03-31',32,NULL,NULL,'2025-05-29 13:30:19','2025-05-29 13:30:19',NULL),(994,36,62,'2012-04-01','2013-03-31',32,NULL,NULL,'2025-05-29 13:30:19','2025-05-29 13:30:19',NULL),(995,36,62,'2011-04-01','2012-03-31',33,NULL,NULL,'2025-05-29 13:30:19','2025-05-29 13:30:19',NULL),(996,36,62,'2010-04-01','2011-03-31',28,NULL,NULL,'2025-05-29 13:30:19','2025-05-29 13:30:19',NULL),(997,36,62,'2009-04-01','2010-03-31',23,NULL,NULL,'2025-05-29 13:30:19','2025-05-29 13:30:19',NULL),(998,36,62,'2008-04-01','2009-03-31',18,NULL,NULL,'2025-05-29 13:30:19','2025-05-29 13:30:19',NULL),(999,36,62,'2007-04-01','2008-03-31',13,NULL,NULL,'2025-05-29 13:30:19','2025-05-29 13:30:19',NULL),(1000,36,62,'2006-04-01','2007-03-31',8,NULL,NULL,'2025-05-29 13:30:19','2025-05-29 13:30:19',NULL),(1001,33,38,'2024-04-01','2025-03-31',29,NULL,NULL,'2025-06-09 07:43:44','2025-06-09 07:43:44',NULL),(1002,33,38,'2023-04-01','2024-03-31',22,NULL,NULL,'2025-06-09 07:43:44','2025-06-09 07:43:44',NULL),(1003,33,38,'2022-04-01','2023-03-31',14,NULL,NULL,'2025-06-09 07:43:44','2025-06-09 07:43:44',NULL),(1004,33,38,'2021-04-01','2022-03-31',7,NULL,NULL,'2025-06-09 07:43:44','2025-06-09 07:43:44',NULL),(1005,33,39,'2020-04-01','2021-03-31',50,NULL,NULL,'2025-06-09 07:43:44','2025-06-09 07:43:44',NULL),(1006,33,39,'2019-04-01','2020-03-31',43,NULL,NULL,'2025-06-09 07:43:44','2025-06-09 07:43:44',NULL),(1007,33,39,'2018-04-01','2019-03-31',36,NULL,NULL,'2025-06-09 07:43:44','2025-06-09 07:43:44',NULL),(1008,33,39,'2017-04-01','2018-03-31',29,NULL,NULL,'2025-06-09 07:43:45','2025-06-09 07:43:45',NULL),(1009,33,62,'2016-04-01','2017-03-31',2,NULL,NULL,'2025-06-09 07:43:45','2025-06-09 07:43:45',NULL),(1010,33,63,'2015-04-01','2016-03-31',1,NULL,NULL,'2025-06-09 07:43:45','2025-06-09 07:43:45',NULL),(1011,1,49,'2025-04-01','2025-06-30',17,NULL,NULL,'2025-06-18 10:23:12','2025-06-18 10:23:22','2025-06-18 10:23:22'),(1012,1,49,'2024-04-01','2025-03-31',16,NULL,NULL,'2025-06-18 10:23:12','2025-06-18 10:23:22','2025-06-18 10:23:22'),(1013,1,49,'2023-04-01','2024-03-31',16,NULL,NULL,'2025-06-18 10:23:12','2025-06-18 10:23:22','2025-06-18 10:23:22'),(1014,1,49,'2022-04-01','2023-03-31',16,NULL,NULL,'2025-06-18 10:23:12','2025-06-18 10:23:22','2025-06-18 10:23:22'),(1015,1,49,'2021-04-01','2022-03-31',13,NULL,NULL,'2025-06-18 10:23:12','2025-06-18 10:23:22','2025-06-18 10:23:22'),(1016,1,49,'2020-04-01','2021-03-31',10,NULL,NULL,'2025-06-18 10:23:12','2025-06-18 10:23:22','2025-06-18 10:23:22'),(1017,1,49,'2019-04-01','2020-03-31',7,NULL,NULL,'2025-06-18 10:23:12','2025-06-18 10:23:22','2025-06-18 10:23:22'),(1018,1,49,'2018-04-01','2019-03-31',4,NULL,NULL,'2025-06-18 10:23:12','2025-06-18 10:23:22','2025-06-18 10:23:22'),(1019,1,49,'2017-04-01','2018-03-31',1,NULL,NULL,'2025-06-18 10:23:12','2025-06-18 10:23:22','2025-06-18 10:23:22'),(1020,1,53,'2016-04-01','2017-03-31',20,NULL,NULL,'2025-06-18 10:23:12','2025-06-18 10:23:22','2025-06-18 10:23:22'),(1021,1,53,'2015-04-01','2016-03-31',15,NULL,NULL,'2025-06-18 10:23:12','2025-06-18 10:23:22','2025-06-18 10:23:22'),(1022,1,53,'2014-04-01','2015-03-31',10,NULL,NULL,'2025-06-18 10:23:12','2025-06-18 10:23:22','2025-06-18 10:23:22'),(1023,1,54,'2013-04-01','2014-03-31',25,NULL,NULL,'2025-06-18 10:23:12','2025-06-18 10:23:22','2025-06-18 10:23:22'),(1024,1,54,'2012-04-01','2013-03-31',20,NULL,NULL,'2025-06-18 10:23:12','2025-06-18 10:23:22','2025-06-18 10:23:22'),(1025,1,54,'2011-04-01','2012-03-31',12,NULL,NULL,'2025-06-18 10:23:12','2025-06-18 10:23:22','2025-06-18 10:23:22'),(1026,1,54,'2010-04-01','2011-03-31',7,NULL,NULL,'2025-06-18 10:23:12','2025-06-18 10:23:22','2025-06-18 10:23:22'),(1027,1,54,'2009-04-01','2010-03-31',2,NULL,NULL,'2025-06-18 10:23:12','2025-06-18 10:23:22','2025-06-18 10:23:22'),(1028,1,56,'2008-04-01','2009-03-31',24,NULL,NULL,'2025-06-18 10:23:12','2025-06-18 10:23:22','2025-06-18 10:23:22'),(1029,1,56,'2007-04-01','2008-03-31',16,NULL,NULL,'2025-06-18 10:23:12','2025-06-18 10:23:22','2025-06-18 10:23:22'),(1030,1,56,'2006-04-01','2007-03-31',11,NULL,NULL,'2025-06-18 10:23:12','2025-06-18 10:23:22','2025-06-18 10:23:22'),(1031,1,49,'2025-04-01','2025-06-30',16,NULL,NULL,'2025-06-18 10:23:22','2025-06-18 10:23:22',NULL),(1032,1,49,'2024-04-01','2025-03-31',16,NULL,NULL,'2025-06-18 10:23:22','2025-06-18 10:23:22',NULL),(1033,1,49,'2023-04-01','2024-03-31',16,NULL,NULL,'2025-06-18 10:23:22','2025-06-18 10:23:22',NULL),(1034,1,49,'2022-04-01','2023-03-31',16,NULL,NULL,'2025-06-18 10:23:22','2025-06-18 10:23:22',NULL),(1035,1,49,'2021-04-01','2022-03-31',13,NULL,NULL,'2025-06-18 10:23:22','2025-06-18 10:23:22',NULL),(1036,1,49,'2020-04-01','2021-03-31',10,NULL,NULL,'2025-06-18 10:23:22','2025-06-18 10:23:22',NULL),(1037,1,49,'2019-04-01','2020-03-31',7,NULL,NULL,'2025-06-18 10:23:22','2025-06-18 10:23:22',NULL),(1038,1,49,'2018-04-01','2019-03-31',4,NULL,NULL,'2025-06-18 10:23:22','2025-06-18 10:23:22',NULL),(1039,1,49,'2017-04-01','2018-03-31',1,NULL,NULL,'2025-06-18 10:23:22','2025-06-18 10:23:22',NULL),(1040,1,53,'2016-04-01','2017-03-31',20,NULL,NULL,'2025-06-18 10:23:22','2025-06-18 10:23:22',NULL),(1041,1,53,'2015-04-01','2016-03-31',15,NULL,NULL,'2025-06-18 10:23:22','2025-06-18 10:23:22',NULL),(1042,1,53,'2014-04-01','2015-03-31',10,NULL,NULL,'2025-06-18 10:23:22','2025-06-18 10:23:22',NULL),(1043,1,54,'2013-04-01','2014-03-31',25,NULL,NULL,'2025-06-18 10:23:22','2025-06-18 10:23:22',NULL),(1044,1,54,'2012-04-01','2013-03-31',20,NULL,NULL,'2025-06-18 10:23:22','2025-06-18 10:23:22',NULL),(1045,1,54,'2011-04-01','2012-03-31',12,NULL,NULL,'2025-06-18 10:23:22','2025-06-18 10:23:22',NULL),(1046,1,54,'2010-04-01','2011-03-31',7,NULL,NULL,'2025-06-18 10:23:22','2025-06-18 10:23:22',NULL),(1047,1,54,'2009-04-01','2010-03-31',2,NULL,NULL,'2025-06-18 10:23:22','2025-06-18 10:23:22',NULL),(1048,1,56,'2008-04-01','2009-03-31',24,NULL,NULL,'2025-06-18 10:23:22','2025-06-18 10:23:22',NULL),(1049,1,56,'2007-04-01','2008-03-31',16,NULL,NULL,'2025-06-18 10:23:22','2025-06-18 10:23:22',NULL),(1050,1,56,'2006-04-01','2007-03-31',11,NULL,NULL,'2025-06-18 10:23:22','2025-06-18 10:23:22',NULL),(1051,37,63,'2015-04-01','2016-03-31',1,NULL,NULL,'2025-07-03 14:22:48','2025-07-03 14:22:48',NULL),(1052,37,62,'2016-04-01','2017-03-31',2,NULL,NULL,'2025-07-03 14:22:48','2025-07-03 14:22:48',NULL),(1053,37,39,'2017-04-01','2018-03-31',30,NULL,NULL,'2025-07-03 14:22:48','2025-07-03 14:22:48',NULL),(1054,37,39,'2018-04-01','2019-03-31',37,NULL,NULL,'2025-07-03 14:22:48','2025-07-03 14:22:48',NULL),(1055,37,39,'2019-04-01','2020-03-31',44,NULL,NULL,'2025-07-03 14:22:48','2025-07-03 14:22:48',NULL),(1056,37,38,'2020-04-01','2021-03-31',1,NULL,NULL,'2025-07-03 14:22:48','2025-07-03 14:22:48',NULL),(1057,37,38,'2021-04-01','2022-03-31',8,NULL,NULL,'2025-07-03 14:22:48','2025-07-03 14:22:48',NULL),(1058,37,38,'2022-04-01','2023-03-31',16,NULL,NULL,'2025-07-03 14:22:48','2025-07-03 14:22:48',NULL),(1059,37,38,'2023-04-01','2024-03-31',24,NULL,NULL,'2025-07-03 14:22:48','2025-07-03 14:22:48',NULL),(1060,37,37,'2024-04-01','2025-03-31',1,NULL,NULL,'2025-07-03 14:22:48','2025-07-03 14:22:48',NULL);

--
-- Table structure for table `levels`
--

CREATE TABLE `levels` (
  `id` bigint unsigned NOT NULL AUTO_INCREMENT,
  `code` varchar(255) CHARACTER SET utf8mb4 COLLATE utf8mb4_unicode_ci DEFAULT NULL COMMENT 'Mã cấp bậc',
  `name` varchar(255) CHARACTER SET utf8mb4 COLLATE utf8mb4_unicode_ci DEFAULT NULL COMMENT 'Tên cấp bậc',
  `points` decimal(10,2) NOT NULL DEFAULT '0.00',
  `parent_id` bigint unsigned NOT NULL DEFAULT '0',
  `created_by` bigint unsigned NOT NULL,
  `created_at` timestamp NULL DEFAULT NULL,
  `updated_at` timestamp NULL DEFAULT NULL,
  `deleted_at` timestamp NULL DEFAULT NULL,
  PRIMARY KEY (`id`),
  KEY `levels_created_by_foreign` (`created_by`),
  KEY `levels_code_index` (`code`),
  CONSTRAINT `levels_created_by_foreign` FOREIGN KEY (`created_by`) REFERENCES `users` (`id`) ON DELETE RESTRICT
) ENGINE=InnoDB AUTO_INCREMENT=64 DEFAULT CHARSET=utf8mb4 COLLATE=utf8mb4_unicode_ci;

--
-- Dumping data for table `levels`
--

INSERT INTO `levels` VALUES (1,'0001','総合職',0.00,0,1,'2025-04-30 02:27:47','2025-04-30 02:27:47',NULL),(2,'0001','課長',8.00,1,1,'2025-04-30 02:27:47','2025-04-30 15:46:09','2025-04-30 15:46:09'),(3,'0002','課長1',10.00,1,1,'2025-04-30 02:27:47','2025-04-30 15:46:12','2025-04-30 15:46:12'),(4,'0003','副主査3',15.00,1,1,'2025-04-30 02:27:47','2025-04-30 15:46:07','2025-04-30 15:46:07'),(5,'0004','副主査2',18.00,1,1,'2025-04-30 02:27:47','2025-04-30 15:46:00','2025-04-30 15:46:00'),(6,'0005','主務',20.00,1,1,'2025-04-30 02:27:47','2025-04-30 15:46:48','2025-04-30 15:46:48'),(7,'0006','主査',25.00,1,1,'2025-04-30 02:27:47','2025-04-30 15:46:51','2025-04-30 15:46:51'),(8,'0007','副主査2',30.00,1,1,'2025-04-30 02:27:47','2025-04-30 15:46:02','2025-04-30 15:46:02'),(9,'0008','副主査1',35.00,1,1,'2025-04-30 02:27:47','2025-04-30 15:45:57','2025-04-30 15:45:57'),(10,'0009','課長補佐2',35.00,1,1,'2025-04-30 02:27:47','2025-04-30 15:46:21','2025-04-30 15:46:21'),(11,'0010','課長補佐1',40.00,1,1,'2025-04-30 02:27:47','2025-04-30 15:46:18','2025-04-30 15:46:18'),(12,'0011','課長2',43.00,1,1,'2025-04-30 02:27:47','2025-04-30 15:46:16','2025-04-30 15:46:16'),(13,'0012','課長1',45.00,1,1,'2025-04-30 02:27:47','2025-04-30 15:46:14','2025-04-30 15:46:14'),(14,'0002','契約',0.00,0,1,'2025-04-30 02:27:47','2025-04-30 02:27:47',NULL),(15,'0001','1等級',0.00,14,1,'2025-04-30 02:27:47','2025-04-30 15:46:23','2025-04-30 15:46:23'),(16,'0003','嘱託(07年8月以前)',0.00,0,1,'2025-04-30 02:27:47','2025-04-30 02:27:47',NULL),(17,'0001','等級なし',0.00,16,1,'2025-04-30 02:27:47','2025-04-30 15:46:26','2025-04-30 15:46:26'),(18,'0006','嘱託(07年8月以降)',0.00,0,1,'2025-04-30 02:27:47','2025-04-30 02:27:47',NULL),(19,'0001','A',0.00,18,1,'2025-04-30 02:27:47','2025-04-30 15:46:28','2025-04-30 15:46:28'),(20,'0002','B',0.00,18,1,'2025-04-30 02:27:47','2025-04-30 15:46:31','2025-04-30 15:46:31'),(21,'0003','C',0.00,18,1,'2025-04-30 02:27:47','2025-04-30 15:46:33','2025-04-30 15:46:33'),(22,'0004','D',0.00,18,1,'2025-04-30 02:27:47','2025-04-30 15:46:35','2025-04-30 15:46:35'),(23,'0005','E',0.00,18,1,'2025-04-30 02:27:47','2025-04-30 15:46:37','2025-04-30 15:46:37'),(24,'0006','F',0.00,18,1,'2025-04-30 02:27:47','2025-04-30 15:46:39','2025-04-30 15:46:39'),(25,'0007','一般職',0.00,0,1,'2025-04-30 02:27:47','2025-04-30 02:27:47',NULL),(26,'001','課長2',5.00,25,1,'2025-04-30 02:27:47','2025-04-30 02:27:47',NULL),(27,'002','課長1',8.00,25,1,'2025-04-30 02:27:47','2025-04-30 02:27:47',NULL),(28,'003','主務',10.00,25,1,'2025-04-30 02:27:47','2025-04-30 02:27:47',NULL),(29,'004','主査',15.00,25,1,'2025-04-30 02:27:47','2025-04-30 02:27:47',NULL),(30,'0008','兼務役員',0.00,0,1,'2025-04-30 02:27:47','2025-04-30 02:27:47',NULL),(31,'0001','等級なし',0.00,30,1,'2025-04-30 02:27:47','2025-04-30 15:53:44','2025-04-30 15:53:44'),(32,'0009','役員',0.00,0,1,'2025-04-30 02:27:47','2025-04-30 02:27:47',NULL),(33,'0001','等級なし',0.00,32,1,'2025-04-30 02:27:47','2025-04-30 15:53:47','2025-04-30 15:53:47'),(34,'0010','顧問',0.00,0,1,'2025-04-30 02:27:47','2025-04-30 02:27:47',NULL),(35,'001','等級なし',0.00,34,1,'2025-04-30 02:27:47','2025-04-30 15:53:49','2025-04-30 15:53:49'),(36,'0011','オフィススタッフ',0.00,0,1,'2025-04-30 02:27:47','2025-04-30 02:27:47',NULL),(37,'0020','L1',0.00,36,1,'2025-04-30 02:27:47','2025-04-30 02:27:47',NULL),(38,'0021','L2',0.00,36,1,'2025-04-30 02:27:47','2025-04-30 02:27:47',NULL),(39,'0022','L3',8.00,36,1,'2025-04-30 02:27:47','2025-04-30 02:27:47',NULL),(40,'0023','A1',0.00,36,1,'2025-04-30 02:27:47','2025-04-30 02:27:47',NULL),(41,'0024','A2',0.00,36,1,'2025-04-30 02:27:47','2025-04-30 02:27:47',NULL),(42,'0025','A3',8.00,36,1,'2025-04-30 02:27:47','2025-04-30 02:27:47',NULL),(43,'0026','C1',38.00,36,1,'2025-04-30 02:27:47','2025-04-30 02:27:47',NULL),(44,'0027','C2',35.00,36,1,'2025-04-30 02:27:47','2025-04-30 02:27:47',NULL),(45,'0028','C3',30.00,36,1,'2025-04-30 02:27:47','2025-04-30 02:27:47',NULL),(46,'0029','E1',30.00,36,1,'2025-04-30 02:27:47','2025-04-30 02:27:47',NULL),(47,'0030','E2',30.00,36,1,'2025-04-30 02:27:48','2025-04-30 02:27:48',NULL),(48,'0031','M',38.00,36,1,'2025-04-30 02:27:48','2025-04-30 02:27:48',NULL),(49,'0032','T',0.00,36,1,'2025-04-30 02:27:48','2025-04-30 02:27:48',NULL),(50,'003','参事補１',0.00,1,1,'2025-04-30 15:56:35','2025-04-30 15:56:35',NULL),(51,'002','参事２',0.00,1,1,'2025-04-30 15:57:25','2025-04-30 15:57:25',NULL),(52,'004','参事１',0.00,1,1,'2025-04-30 15:58:32','2025-04-30 15:58:32',NULL),(53,'005','参事補２',0.00,1,1,'2025-04-30 15:59:18','2025-04-30 15:59:18',NULL),(54,'006','副参事１',0.00,1,1,'2025-04-30 15:59:56','2025-04-30 15:59:56',NULL),(55,'副参事２','007',0.00,1,1,'2025-04-30 16:00:32','2025-04-30 16:06:17','2025-04-30 16:06:17'),(56,'008','副参事２',0.00,1,1,'2025-04-30 16:07:00','2025-04-30 16:07:00',NULL),(57,'007','副主事３',0.00,1,1,'2025-04-30 16:07:30','2025-04-30 16:07:30',NULL),(58,'009','副主事２',0.00,1,1,'2025-04-30 16:08:41','2025-04-30 16:08:41',NULL),(59,'副主事１','010',0.00,1,1,'2025-04-30 16:09:20','2025-04-30 16:09:39','2025-04-30 16:09:39'),(60,'010','副主事１',0.00,1,1,'2025-04-30 16:10:02','2025-04-30 16:10:02',NULL),(61,'011','主事',0.00,1,1,'2025-04-30 16:10:30','2025-04-30 16:10:30',NULL),(62,'012','書記１',0.00,1,1,'2025-05-01 09:42:34','2025-05-01 09:42:34',NULL),(63,'014','書記２',0.00,1,1,'2025-05-01 09:47:05','2025-05-01 09:47:05',NULL);

--
-- Table structure for table `manufacturers`
--

CREATE TABLE `manufacturers` (
  `id` bigint unsigned NOT NULL AUTO_INCREMENT,
  `name` varchar(255) CHARACTER SET utf8mb4 COLLATE utf8mb4_unicode_ci NOT NULL,
  `slug` varchar(255) CHARACTER SET utf8mb4 COLLATE utf8mb4_unicode_ci NOT NULL,
  `image` varchar(255) CHARACTER SET utf8mb4 COLLATE utf8mb4_unicode_ci DEFAULT NULL,
  `description` varchar(255) CHARACTER SET utf8mb4 COLLATE utf8mb4_unicode_ci DEFAULT NULL,
  `rank` int unsigned DEFAULT NULL,
  `position` int NOT NULL DEFAULT '0',
  `is_activated` smallint NOT NULL DEFAULT '1',
  `is_deleted` smallint NOT NULL DEFAULT '0',
  `created_at` timestamp NULL DEFAULT NULL,
  `updated_at` timestamp NULL DEFAULT NULL,
  PRIMARY KEY (`id`)
) ENGINE=InnoDB AUTO_INCREMENT=8 DEFAULT CHARSET=utf8mb4 COLLATE=utf8mb4_unicode_ci;

--
-- Dumping data for table `manufacturers`
--

INSERT INTO `manufacturers` VALUES (1,'YKK AP','ykk-ap','a96e6bbc0976d6610082a48ee912be32.png',NULL,NULL,0,1,0,'2023-02-22 16:49:45','2023-02-22 16:49:45'),(2,'LIXIL','lixil','b2bd64019f7942b93afed37aeb0abdd4.png',NULL,NULL,0,1,0,'2023-02-22 16:50:03','2023-02-22 16:50:03'),(3,'三協アルミ','三協アルミ','30737f9401b468a1f6bf982cf341b385.png',NULL,NULL,0,1,0,'2023-02-22 16:50:20','2023-02-22 16:50:20'),(4,'タカショー','タカショー','000f496ca13466a51966a8d6a6b7cba2.png',NULL,NULL,0,1,0,'2023-02-22 16:50:32','2023-02-22 16:50:32'),(5,'オンリーワン','オンリーワン','263ccabc12e154fc7332f04b8beda152.png',NULL,NULL,0,1,0,'2023-02-22 16:50:47','2023-02-22 16:50:47'),(6,'Broil King','broil-king','60e7b6971e780e6fb377ef81a7cf67d1.png',NULL,NULL,0,1,0,'2023-02-22 16:51:00','2023-02-22 16:51:00'),(7,'343','343',NULL,'3',NULL,0,1,1,'2023-02-22 16:51:18','2023-02-22 16:51:21');

--
-- Table structure for table `menu_sliders`
--

CREATE TABLE `menu_sliders` (
  `id` bigint unsigned NOT NULL AUTO_INCREMENT,
  `menu_id` int NOT NULL,
  `image` varchar(255) CHARACTER SET utf8mb4 COLLATE utf8mb4_unicode_ci DEFAULT NULL,
  `title` varchar(255) CHARACTER SET utf8mb4 COLLATE utf8mb4_unicode_ci DEFAULT NULL,
  `description` varchar(255) CHARACTER SET utf8mb4 COLLATE utf8mb4_unicode_ci DEFAULT NULL,
  `link` varchar(255) CHARACTER SET utf8mb4 COLLATE utf8mb4_unicode_ci DEFAULT NULL,
  `created_at` timestamp NULL DEFAULT NULL,
  `updated_at` timestamp NULL DEFAULT NULL,
  PRIMARY KEY (`id`)
) ENGINE=InnoDB DEFAULT CHARSET=utf8mb4 COLLATE=utf8mb4_unicode_ci;

--
-- Dumping data for table `menu_sliders`
--


--
-- Table structure for table `menus`
--

CREATE TABLE `menus` (
  `id` bigint unsigned NOT NULL AUTO_INCREMENT,
  `name` varchar(255) CHARACTER SET utf8mb4 COLLATE utf8mb4_unicode_ci NOT NULL,
  `slug` varchar(255) CHARACTER SET utf8mb4 COLLATE utf8mb4_unicode_ci DEFAULT NULL,
  `type` varchar(255) CHARACTER SET utf8mb4 COLLATE utf8mb4_unicode_ci NOT NULL DEFAULT 'text',
  `link` varchar(255) CHARACTER SET utf8mb4 COLLATE utf8mb4_unicode_ci DEFAULT NULL,
  `category_id` int DEFAULT NULL,
  `parent_id` int NOT NULL DEFAULT '0',
  `position` varchar(255) CHARACTER SET utf8mb4 COLLATE utf8mb4_unicode_ci NOT NULL DEFAULT 'header',
  `order` int NOT NULL DEFAULT '0',
  `is_activated` tinyint(1) NOT NULL DEFAULT '1',
  `is_deleted` tinyint(1) NOT NULL DEFAULT '0',
  `created_at` timestamp NULL DEFAULT NULL,
  `updated_at` timestamp NULL DEFAULT NULL,
  PRIMARY KEY (`id`)
) ENGINE=InnoDB DEFAULT CHARSET=utf8mb4 COLLATE=utf8mb4_unicode_ci;

--
-- Dumping data for table `menus`
--


--
-- Table structure for table `migrations`
--

CREATE TABLE `migrations` (
  `id` int unsigned NOT NULL AUTO_INCREMENT,
  `migration` varchar(255) CHARACTER SET utf8mb4 COLLATE utf8mb4_unicode_ci NOT NULL,
  `batch` int NOT NULL,
  PRIMARY KEY (`id`)
) ENGINE=InnoDB AUTO_INCREMENT=348 DEFAULT CHARSET=utf8mb4 COLLATE=utf8mb4_unicode_ci;

--
-- Dumping data for table `migrations`
--

INSERT INTO `migrations` VALUES (1,'2014_10_12_000000_create_users_table',1),(2,'2014_10_12_100000_create_password_resets_table',1),(3,'2019_03_16_102314_add_simple_role_to_user_table',1),(4,'2019_04_20_125200_create_permission_tables',1),(5,'2019_04_20_130706_setup_role_permissions',1),(6,'2019_08_19_000000_create_failed_jobs_table',1),(7,'2019_12_14_000001_create_personal_access_tokens_table',1),(8,'2020_03_25_170854_remove_passport',1),(17,'2020_04_13_190704_create_ranks_table',2),(18,'2020_04_13_190947_create_keywords_table',2),(19,'2020_04_13_191204_create_categories_table',2),(20,'2020_04_13_191424_create_topics_table',2),(22,'2020_04_15_032455_create_urls_table',3),(23,'2020_04_15_155902_add_total_comment_into_topics_table',4),(24,'2020_04_18_014742_create_comments_table',5),(25,'2020_04_20_094317_add_idx_column_into_comments_table',6),(28,'2020_04_20_184118_create_quotes_table',7),(29,'2020_04_26_013036_add_some_column_into_topics_table',8),(30,'2020_04_26_163404_add_description_column_into_keywords_table',9),(31,'2020_04_26_180129_create_filter_words_table',10),(40,'2020_05_03_100002_create_articles_table',11),(41,'2020_05_03_101731_update_some_columns_for_article',11),(42,'2020_05_03_104522_add_published_date_into_articles_table',11),(43,'2020_05_06_034733_create_links_table',11),(45,'2020_05_06_052259_create_magicwands_table',12),(47,'2020_05_06_101607_create_jobs_table',13),(48,'2020_05_08_062400_add_job_id_column_into_links_table',14),(49,'2020_05_17_070159_create_modules_table',15),(50,'2020_05_17_072900_create_settings_table',15),(53,'2020_07_30_034104_create_menus_table',16),(54,'2020_07_30_052231_add_category_id_column_into_menus_table',17),(56,'2020_07_30_072433_add_is_publish_column_into_settings_table',18),(57,'2020_07_31_052159_create_sliders_table',19),(58,'2020_08_01_064228_create_slider_details_table',19),(59,'2020_08_01_102453_add_name_column_into_slider_details_table',20),(64,'2020_08_04_040030_create_articles_table',21),(66,'2020_08_10_040551_create_fortune_tellers_table',22),(67,'2020_08_11_020643_create_fortune_tellers_files_table',23),(68,'2020_08_14_063949_add_description_column_into_fortune_tellers_table',24),(69,'2020_08_17_023749_add_category_id_column_into_fortune_table',25),(70,'2020_08_17_042053_create_fortune_methods_table',26),(71,'2020_08_17_042203_create_consultations_table',27),(72,'2020_08_17_062352_create_schedules_table',28),(73,'2020_08_21_070153_add_filter_name_column_into_fortune_tellers',29),(74,'2020_08_21_082129_create_fortune_method_details_table',30),(75,'2020_08_21_082208_create_consultation_details_table',30),(76,'2020_08_22_080131_add_parent_id_into_menus_table',31),(77,'2020_08_24_033153_add_ref_names_table',32),(78,'2020_08_24_034239_add_ref_name_id_column_into_fortune_tellers',33),(79,'2020_08_24_071256_create_fortune_schedules_table',34),(80,'2020_08_26_025825_create_menu_sliders_table',35),(81,'2020_08_27_094021_create_fortune_metas_table',36),(82,'2020_08_31_105133_create_fortune_reviews_table',37),(83,'2020_09_03_072225_change_message_column_length_of_fortuneteller',38),(84,'2020_09_04_061051_add_color_column_into_fortune_reviews_table',39),(85,'2020_09_14_071312_add_login_url_column_into_users_table',40),(86,'2020_09_15_102745_create_contacts_table',41),(87,'2020_09_18_104303_create_shops_table',42),(88,'2020_09_18_174120_add_shop_id_column_into_fortuneteller',42),(89,'2020_09_19_104138_create_notify_table',42),(90,'2020_09_20_110626_add_preview_coe_into_fortune_tellers_table',43),(91,'2020_09_21_070649_add_logo_column_into_shops_table',44),(92,'2020_09_21_071420_create_shop_metas_table',44),(93,'2020_09_21_075202_create_areas_table',44),(94,'2020_09_21_140258_add_area_id_column_into_shops_table',44),(95,'2020_09_22_042011_add_order_column_into_shops_table',45),(96,'2020_09_22_163241_create_parent_id_column_into_areas_table',45),(97,'2020_09_24_082723_add_show_top_column_into_fortune_tellers',46),(98,'2020_09_24_165112_add_logo_column_into_fortune_methods_table',46),(99,'2020_09_26_214615_add_order_column_into_shop_metas_table',47),(100,'2020_09_27_093025_create_seo_metas_table',47),(101,'2020_09_30_022535_add_position_column_into_menus_table',48),(102,'2020_10_07_021130_change_length_of_desc_1_full_column',49),(103,'2020_10_09_061455_create_seo_format_table',50),(104,'2020_10_14_044142_add_slug_to_fortune_tellers_table',51),(105,'2020_10_15_020113_add_shop_infos_table',52),(106,'2020_10_23_051824_create_keyword_details_table',53),(107,'2020_10_23_072254_add_show_search_column_into_areas_table',53),(108,'2020_10_23_101042_add_show_search_column_into_shops_table',53),(109,'2020_10_26_015657_change_age_column_into_fortune_tellers_table',54),(110,'2020_11_03_041306_add_2_column_into_shops_table',55),(111,'2020_11_03_044153_add_5_column_into_shops_table',55),(112,'2020_11_04_090218_create_shop_csv_log_table',56),(113,'2020_11_19_051505_add_some_column_into_shop_table',57),(114,'2020_11_19_051907_create_shop_review_table',57),(115,'2020_11_19_051919_create_shop_sliders_table',57),(116,'2020_11_24_042024_add_2_column_into_shop_review_table',58),(117,'2020_12_02_052919_create_headers_table',59),(118,'2020_12_08_070941_change_fee_column_of_shop_table',60),(119,'2021_01_11_061024_add_interview_url_column_into_shops_table',61),(120,'2021_01_12_085829_create_rules_table',62),(121,'2021_01_15_050929_create_role_meta_table',63),(122,'2021_01_15_075408_add_shop_id_into_article_table',63),(123,'2021_01_20_214830_add_user_id_column_into_shops_table',64),(124,'2021_01_27_042736_add_fortune_teller_id_column_into_article_table',65),(125,'2021_02_02_090227_create_created_by_column_into_users',66),(126,'2021_02_03_070631_add_assigned_user_id_into_fortune_teller_table',67),(127,'2021_04_12_173530_add_column_into_areas_table',68),(128,'2021_04_15_054739_create_csv_files_table',69),(129,'2021_04_15_054754_create_csv_file_details_table',69),(130,'2021_04_15_054807_create_csv_file_configs_table',69),(131,'2021_04_15_091428_add_parent_id_column_into_csv_file_details',69),(132,'2021_04_19_071159_add_is_related_column_into_keywords_table',70),(133,'2021_04_19_074405_add_is_popular_column_into_fortune_tellers_table',70),(134,'2021_04_26_195536_add_some_column_into_slider_details_table',71),(135,'2021_04_27_192701_add_type_link_into_slider_details_table',72),(136,'2021_04_28_204950_add_some_column_into_slider_details',73),(137,'2021_05_05_035100_create_files_table',74),(138,'2021_05_05_083223_add_width_height_column_into_files_table',74),(139,'2021_05_10_044139_add_some_column_into_seo_metas_table',74),(140,'2021_05_11_073000_remove_some_colum_of_fortune_teller_files_table',74),(141,'2021_05_12_173130_change_order_column_into_areas_table',74),(142,'2021_05_18_174739_add_type_column_into_articles_table',75),(143,'2021_05_25_035433_add_is_note_column_into_keywords_table',76),(144,'2021_05_31_101111_create_features_table',77),(145,'2021_06_02_040324_add_description_column_into_features_table',78),(146,'2021_06_02_043653_add_category_details_table',78),(147,'2021_06_03_180246_add_image_column_into_features_table',79),(148,'2021_06_03_181651_add_title_column_into_features_table',79),(149,'2021_07_01_082914_create_languages_table',80),(150,'2021_07_05_062645_change_length_of_content_column_into_settings_table',81),(151,'2021_07_07_032027_add_parent_id_column_into_categories_table',82),(152,'2021_07_08_173021_create_text_links_table',83),(153,'2021_07_08_173103_create_text_links_history_table',83),(154,'2021_07_11_171847_add_word_length_into_links_table',83),(155,'2021_09_05_160835_create_gutenbergs_table',84),(156,'2021_09_05_173740_add_gu_content_column_into_articles_table',84),(157,'2019_02_08_105647_create_blocks_contents_tables',85),(158,'2022_09_13_190634_add_question_status_into_articles_table',86),(160,'2022_09_15_071014_create_faqs_table',87),(161,'2022_09_15_161624_create_counselings_table',88),(163,'2022_09_15_185641_create_cares_table',89),(165,'2022_09_20_184537_add_some_column_into_users_table',90),(166,'2022_09_21_191829_add_register_column_into_user_table',91),(167,'2021_11_12_153947_remove_blocks_contents_tables',92),(168,'2022_09_27_015503_add_more_column_into_gutenbergs_table',92),(169,'2022_10_10_191311_add_position_column_into_categories_table',93),(170,'2022_10_11_040029_add_position_column_into_keywords_table',94),(171,'2022_10_24_080118_add_type_column_into_categories_table',95),(172,'2022_10_25_070847_add_some_column_into_users_tables',96),(173,'2022_10_29_113956_add_notify_column_into_notifies_table',97),(175,'2022_11_14_074305_add_created_by_column_into_articles',98),(176,'2022_11_21_083418_add_password_reset_column_into_users',99),(177,'2023_02_22_072454_update_some_table',100),(178,'2023_02_22_073113_create_new_tables',101),(179,'2023_02_22_105410_add_is_read_column_into_contacts_table',102),(180,'2023_02_22_230529_add_position_column_into_categories_table',103),(181,'2023_02_22_234006_add_position_column_into_manufacturers_table',104),(182,'2023_02_22_235240_add_is_activated_column_into_contacts_table',105),(183,'2023_04_01_181132_add_code_column_into_product_details_table',106),(184,'2023_04_02_073040_create_product_keywords_table',106),(185,'2023_04_02_082001_add_policy_into_products_table',106),(186,'2023_04_02_090558_add_is_template_column_into_product_options_table',106),(187,'2023_04_02_170248_add_some_column_into_categories_table',106),(188,'2023_04_03_083445_add_some_column_into_products_table',107),(189,'2023_04_09_172636_update_slider_columns_into_sliders_table',108),(190,'2023_04_09_193459_change_column_of_orders_table',109),(191,'2023_04_11_082557_update_payments_columns_table',109),(192,'2023_04_11_110749_add_is_activated_into_payments_table',109),(193,'2023_04_11_154531_change_length_of_id_into_notifies_table',110),(194,'2023_04_13_163437_add_some_column_into_products',111),(195,'2023_04_15_180135_add_slug_column_into_product_details_table',111),(196,'2023_04_19_030827_add_columns_into_contacts',111),(197,'2023_04_23_181838_add_default_price_column_into_products_table',111),(198,'2023_04_23_182444_create_pricing_rules_table',111),(199,'2023_04_24_100045_add_is_pricing_manual_column_into_prouducts',112),(200,'2023_04_24_172838_add_check_all_into_options_table',112),(201,'2023_05_10_090614_create_pricing_rule_details_table',113),(202,'2023_05_10_090811_create_pricing_rule_detail_items_table',113),(203,'2023_06_12_184254_add_rank_column_into_products_table',114),(204,'2023_06_13_014316_add_point_rate_into_users_table',114),(206,'2023_08_26_160958_create_user_groups_table',115),(207,'2023_08_26_170417_add_group_id_column_into_users_table',116),(210,'2023_10_04_072356_insert_construction_type_column_into_products',117),(211,'2023_10_04_072624_create_product_construction_table',117),(212,'2023_11_14_105015_add_is_temp_column_into_products',118),(217,'2023_11_17_181058_add_code_column_into_pricing_rules_table',119),(222,'2023_11_17_182439_create_foreign_key_all_table',120),(223,'2024_06_04_075841_create_subscribes_table',121),(224,'2024_06_05_033630_create_product_related_table',122),(225,'2024_06_05_101113_add_is_top_column_into_categories_table',123),(227,'2024_06_05_170312_update_group_id_column_into_users_table',124),(228,'2024_06_05_181452_add_discount_core_column_into_products_table',125),(229,'2024_06_05_195139_create_product_reviews_table',126),(230,'2024_06_06_151516_add_parent_id_column_into_product_reviews_table',127),(231,'2024_06_11_164004_create_product_best_sellers_table',128),(232,'2024_06_20_211516_create_product_areas_table',129),(233,'2024_06_20_211610_add_some_construction_areas_column_into_products_table',129),(235,'2024_06_23_043006_add_more_column_into_users_table',130),(237,'2024_06_23_173847_add_shipping_date_into_order_details_table',131),(238,'2024_06_23_220939_add_is_pick_up_column_into_articles_table',132),(239,'2024_06_24_175141_add_is_other_address_to_delivery_addresses_table',133),(241,'2024_06_25_131802_create_user_quotations_table',134),(242,'2024_06_26_113206_add_company_column_into_delivery_addresses_table',135),(245,'2024_07_01_164432_create_email_templates_table',136),(246,'2024_07_08_134428_create_what_is_new_table',137),(247,'2024_07_10_004528_add_discount_point_to_orders_table',137),(248,'2024_07_13_013420_create_front_end_components_table',137),(249,'2024_08_05_160207_add_type_column_into_products_table',137),(250,'2024_08_06_014110_add_name_column_into_pricing_rule_details_table',137),(251,'2024_08_07_053050_add_size_column_into_order_details_table',137),(252,'2024_08_28_231027_add_type_unit_columns_into_product_options_table',137),(253,'2024_09_05_101903_add_position2_column_into_product_options',138),(254,'2024_12_12_144123_add_customer_info_columns_into_orders_table',139),(344,'2025_01_04_180208_create_severance_system_tables',140),(345,'2025_06_12_002645_add_2fa_columns_to_users_table',141),(346,'2025_06_12_105816_add_more_2fa_columns_to_users_table',141),(347,'2025_06_12_112045_add_two_factor_temp_token_to_users_table',141);

--
-- Table structure for table `model_has_permissions`
--

CREATE TABLE `model_has_permissions` (
  `permission_id` int unsigned NOT NULL,
  `model_type` varchar(255) CHARACTER SET utf8mb4 COLLATE utf8mb4_unicode_ci NOT NULL,
  `model_id` bigint unsigned NOT NULL,
  PRIMARY KEY (`permission_id`,`model_id`,`model_type`),
  KEY `model_has_permissions_model_id_model_type_index` (`model_id`,`model_type`)
) ENGINE=InnoDB DEFAULT CHARSET=utf8mb4 COLLATE=utf8mb4_unicode_ci;

--
-- Dumping data for table `model_has_permissions`
--


--
-- Table structure for table `model_has_roles`
--

CREATE TABLE `model_has_roles` (
  `role_id` int unsigned NOT NULL,
  `model_type` varchar(255) CHARACTER SET utf8mb4 COLLATE utf8mb4_unicode_ci NOT NULL,
  `model_id` bigint unsigned NOT NULL,
  PRIMARY KEY (`role_id`,`model_id`,`model_type`),
  KEY `model_has_roles_model_id_model_type_index` (`model_id`,`model_type`)
) ENGINE=InnoDB DEFAULT CHARSET=utf8mb4 COLLATE=utf8mb4_unicode_ci;

--
-- Dumping data for table `model_has_roles`
--

INSERT INTO `model_has_roles` VALUES (1,'App\\Laravue\\Models\\User',1),(2,'App\\Laravue\\Models\\User',2),(3,'App\\Laravue\\Models\\User',3),(4,'App\\Laravue\\Models\\User',4),(2,'App\\Laravue\\Models\\User',8),(2,'App\\Laravue\\Models\\User',9),(3,'App\\Laravue\\Models\\User',10),(3,'App\\Laravue\\Models\\User',12),(4,'App\\Laravue\\Models\\User',15),(3,'App\\Laravue\\Models\\User',16),(4,'App\\Laravue\\Models\\User',17),(2,'App\\Laravue\\Models\\User',18),(2,'App\\Laravue\\Models\\User',19),(4,'App\\Laravue\\Models\\User',20),(2,'App\\Laravue\\Models\\User',21),(4,'App\\Laravue\\Models\\User',22),(4,'App\\Laravue\\Models\\User',24),(3,'App\\Laravue\\Models\\User',26),(4,'App\\Laravue\\Models\\User',27),(3,'App\\Laravue\\Models\\User',28),(4,'App\\Laravue\\Models\\User',30),(4,'App\\Laravue\\Models\\User',31),(2,'App\\Laravue\\Models\\User',32),(3,'App\\Laravue\\Models\\User',33),(2,'App\\Laravue\\Models\\User',34),(4,'App\\Laravue\\Models\\User',35),(2,'App\\Laravue\\Models\\User',36),(3,'App\\Laravue\\Models\\User',38),(4,'App\\Laravue\\Models\\User',39),(5,'App\\Laravue\\Models\\User',40),(4,'App\\Laravue\\Models\\User',41),(5,'App\\Laravue\\Models\\User',42),(4,'App\\Laravue\\Models\\User',43),(3,'App\\Laravue\\Models\\User',44),(5,'App\\Laravue\\Models\\User',45),(3,'App\\Laravue\\Models\\User',46),(3,'App\\Laravue\\Models\\User',47),(2,'App\\Laravue\\Models\\User',48),(4,'App\\Laravue\\Models\\User',49),(3,'App\\Laravue\\Models\\User',50),(5,'App\\Laravue\\Models\\User',51),(2,'App\\Laravue\\Models\\User',52),(5,'App\\Laravue\\Models\\User',53),(3,'App\\Laravue\\Models\\User',54),(3,'App\\Laravue\\Models\\User',55),(3,'App\\Laravue\\Models\\User',56),(3,'App\\Laravue\\Models\\User',57),(3,'App\\Laravue\\Models\\User',59),(11,'App\\Laravue\\Models\\User',66),(12,'App\\Laravue\\Models\\User',67),(4,'App\\Laravue\\Models\\User',68),(13,'App\\Laravue\\Models\\User',69),(14,'App\\Laravue\\Models\\User',70),(14,'App\\Laravue\\Models\\User',71),(15,'App\\Laravue\\Models\\User',72),(15,'App\\Laravue\\Models\\User',73),(15,'App\\Laravue\\Models\\User',74),(15,'App\\Laravue\\Models\\User',75),(15,'App\\Laravue\\Models\\User',76),(15,'App\\Laravue\\Models\\User',77),(15,'App\\Laravue\\Models\\User',78),(15,'App\\Laravue\\Models\\User',79),(15,'App\\Laravue\\Models\\User',80),(15,'App\\Laravue\\Models\\User',81),(15,'App\\Laravue\\Models\\User',82),(15,'App\\Laravue\\Models\\User',83),(14,'App\\Laravue\\Models\\User',84),(15,'App\\Laravue\\Models\\User',85),(15,'App\\Laravue\\Models\\User',86),(16,'App\\Laravue\\Models\\User',87),(17,'App\\Laravue\\Models\\User',90),(18,'App\\Laravue\\Models\\User',91),(19,'App\\Laravue\\Models\\User',92),(20,'App\\Laravue\\Models\\User',93),(21,'App\\Laravue\\Models\\User',94),(22,'App\\Laravue\\Models\\User',95),(23,'App\\Laravue\\Models\\User',96),(24,'App\\Laravue\\Models\\User',97),(25,'App\\Laravue\\Models\\User',98),(26,'App\\Laravue\\Models\\User',99),(27,'App\\Laravue\\Models\\User',100),(28,'App\\Laravue\\Models\\User',101),(29,'App\\Laravue\\Models\\User',102),(30,'App\\Laravue\\Models\\User',103),(31,'App\\Laravue\\Models\\User',104),(31,'App\\Laravue\\Models\\User',105),(32,'App\\Laravue\\Models\\User',106),(4,'App\\Laravue\\Models\\User',107),(4,'App\\Laravue\\Models\\User',108),(4,'App\\Laravue\\Models\\User',109),(4,'App\\Laravue\\Models\\User',110),(4,'App\\Laravue\\Models\\User',111),(4,'App\\Laravue\\Models\\User',112),(4,'App\\Laravue\\Models\\User',113),(4,'App\\Laravue\\Models\\User',114),(4,'App\\Laravue\\Models\\User',115),(4,'App\\Laravue\\Models\\User',116),(4,'App\\Laravue\\Models\\User',117),(4,'App\\Laravue\\Models\\User',119),(4,'App\\Laravue\\Models\\User',120),(4,'App\\Laravue\\Models\\User',121),(4,'App\\Laravue\\Models\\User',122),(4,'App\\Laravue\\Models\\User',123),(4,'App\\Laravue\\Models\\User',124),(2,'App\\Laravue\\Models\\User',125),(34,'App\\Laravue\\Models\\User',199),(35,'App\\Laravue\\Models\\User',200),(35,'App\\Laravue\\Models\\User',201);

--
-- Table structure for table `modules`
--

CREATE TABLE `modules` (
  `id` bigint unsigned NOT NULL AUTO_INCREMENT,
  `name` varchar(255) CHARACTER SET utf8mb4 COLLATE utf8mb4_unicode_ci NOT NULL,
  `table_name` varchar(255) CHARACTER SET utf8mb4 COLLATE utf8mb4_unicode_ci DEFAULT NULL,
  `table_field` text CHARACTER SET utf8mb4 COLLATE utf8mb4_unicode_ci,
  `status` tinyint(1) NOT NULL DEFAULT '0',
  `created_at` timestamp NULL DEFAULT NULL,
  `updated_at` timestamp NULL DEFAULT NULL,
  PRIMARY KEY (`id`)
) ENGINE=InnoDB AUTO_INCREMENT=12 DEFAULT CHARSET=utf8mb4 COLLATE=utf8mb4_unicode_ci;

--
-- Dumping data for table `modules`
--

INSERT INTO `modules` VALUES (1,'Setting','settings','group:string::general|tab:string::all|slug:string|name:string|content:string:nullable|example:string:nullable|rule:string:nullable|is_activated:boolean::true|is_deleted:boolean::false',1,'2020-05-17 00:29:00','2020-05-17 00:29:00'),(4,'Menu','menus','name:string|slug:string:nullable|type:string::text|link:string:nullable|order:integer:0|is_activated:boolean::true|is_deleted:boolean::false',1,'2020-07-29 20:41:04','2020-07-29 20:41:04'),(6,'Slider','sliders','name:string|slug:string:nullable|position:string:nullable|size:integer::0|autoplay:boolean::true|autoplaySpeed:string:nullable|speed:string:nullable|slidesToShow:integer::1|slidesToScroll:integer::1|infinite:boolean::true|fade:boolean::true|dots:boolean::false|arrows:boolean::false|pauseOnHover:boolean::false|pauseOnFocus:boolean::false|is_activated:boolean::true|is_deleted:boolean::false',1,'2020-07-30 22:21:59','2020-07-30 22:21:59'),(7,'Article','articles','title:string|slug:string:nullable|description:text:nullable|content:text:nullable|thumbnail:string:nullable|category_id:integer:nullable|user_id:integer:nullable|publish_at:datetime:nullable|is_published:boolean::false|is_activated:boolean::true|is_deleted:boolean::false',1,'2020-08-03 21:00:30','2020-08-03 21:00:30'),(8,'FortuneTeller','fortune_tellers','number:integer::0|name:string|display_name:string:nullable|gender:boolean::true|age:integer::0|phone_number:string:nullable|email:string:nullable|address:string:nullable|avatar:string:nullable|cost:float::0|consultation_minutes:string:nullable|performance:string:nullable|use_scry:string:nullable|consultation_genre:string:nullable|good_consultation:string:nullable|commitment:string:nullable|boom:string:nullable|message:string:nullable|user_id:integer:nullable|is_activated:boolean::true|is_deleted:boolean::false',1,'2020-08-09 21:05:51','2020-08-09 21:05:51'),(9,'FortuneMethod','fortune_methods','name:string|slug:string:nullable|description:text:nullable|is_activated:boolean::true|is_deleted:boolean::false',1,'2020-08-16 21:20:53','2020-08-16 21:20:53'),(10,'Consultation','consultations','name:string|slug:string:nullable|description:text:nullable|is_activated:boolean::true|is_deleted:boolean::false',1,'2020-08-16 21:22:03','2020-08-16 21:22:03'),(11,'Schedule','schedules','work_date:datetime:nullable|description:text:nullable|is_activated:boolean::true|is_deleted:boolean::false',1,'2020-08-16 23:23:52','2020-08-16 23:23:52');

--
-- Table structure for table `notifies`
--

CREATE TABLE `notifies` (
  `id` bigint unsigned NOT NULL AUTO_INCREMENT,
  `content` varchar(255) CHARACTER SET utf8mb4 COLLATE utf8mb4_unicode_ci DEFAULT NULL,
  `module` varchar(255) CHARACTER SET utf8mb4 COLLATE utf8mb4_unicode_ci DEFAULT NULL,
  `item_id` varchar(255) CHARACTER SET utf8mb4 COLLATE utf8mb4_unicode_ci DEFAULT NULL,
  `item_content` text CHARACTER SET utf8mb4 COLLATE utf8mb4_unicode_ci,
  `is_read` smallint NOT NULL DEFAULT '0',
  `is_check` smallint NOT NULL DEFAULT '0',
  `created_at` timestamp NULL DEFAULT NULL,
  `updated_at` timestamp NULL DEFAULT NULL,
  PRIMARY KEY (`id`)
) ENGINE=InnoDB DEFAULT CHARSET=utf8mb4 COLLATE=utf8mb4_unicode_ci;

--
-- Dumping data for table `notifies`
--


--
-- Table structure for table `order_by_mail_forms`
--

CREATE TABLE `order_by_mail_forms` (
  `id` bigint unsigned NOT NULL AUTO_INCREMENT,
  `name` varchar(255) CHARACTER SET utf8mb4 COLLATE utf8mb4_unicode_ci NOT NULL,
  `phone_number` varchar(255) CHARACTER SET utf8mb4 COLLATE utf8mb4_unicode_ci NOT NULL,
  `email` varchar(255) CHARACTER SET utf8mb4 COLLATE utf8mb4_unicode_ci NOT NULL,
  `code` varchar(255) CHARACTER SET utf8mb4 COLLATE utf8mb4_unicode_ci DEFAULT NULL,
  `attach_file` varchar(255) CHARACTER SET utf8mb4 COLLATE utf8mb4_unicode_ci DEFAULT NULL,
  `question` text CHARACTER SET utf8mb4 COLLATE utf8mb4_unicode_ci,
  `status` smallint NOT NULL DEFAULT '0',
  `created_at` timestamp NULL DEFAULT NULL,
  `updated_at` timestamp NULL DEFAULT NULL,
  PRIMARY KEY (`id`)
) ENGINE=InnoDB DEFAULT CHARSET=utf8mb4 COLLATE=utf8mb4_unicode_ci;

--
-- Dumping data for table `order_by_mail_forms`
--


--
-- Table structure for table `order_details`
--

CREATE TABLE `order_details` (
  `id` bigint unsigned NOT NULL AUTO_INCREMENT,
  `order_id` bigint unsigned DEFAULT NULL,
  `product_id` bigint unsigned DEFAULT NULL,
  `product_detail_id` bigint unsigned DEFAULT NULL,
  `product_name` varchar(255) CHARACTER SET utf8mb4 COLLATE utf8mb4_unicode_ci DEFAULT NULL,
  `product_image` varchar(255) CHARACTER SET utf8mb4 COLLATE utf8mb4_unicode_ci DEFAULT NULL,
  `order_method` varchar(255) CHARACTER SET utf8mb4 COLLATE utf8mb4_unicode_ci DEFAULT NULL,
  `discount` double(5,2) DEFAULT NULL,
  `catalog_price` double(15,3) DEFAULT NULL,
  `price` double(15,3) DEFAULT NULL,
  `shipping_cost` double(15,3) DEFAULT NULL,
  `quantity` int NOT NULL,
  `total_price` double(15,3) DEFAULT NULL,
  `tax` double(15,2) DEFAULT NULL,
  `possible_delivery_time` int DEFAULT NULL,
  `shipping_specify_date` date DEFAULT NULL,
  `shipping_specify_time` smallint DEFAULT NULL,
  `construction_areas` text CHARACTER SET utf8mb4 COLLATE utf8mb4_unicode_ci,
  `estimated_delivery_date` date DEFAULT NULL,
  `actual_delivery_date` date DEFAULT NULL,
  `actual_delivery_time` time DEFAULT NULL,
  `delivery_status` smallint NOT NULL DEFAULT '0',
  `option_size` text CHARACTER SET utf8mb4 COLLATE utf8mb4_unicode_ci,
  `note` text CHARACTER SET utf8mb4 COLLATE utf8mb4_unicode_ci,
  `created_at` timestamp NULL DEFAULT NULL,
  `updated_at` timestamp NULL DEFAULT NULL,
  PRIMARY KEY (`id`),
  KEY `order_details_order_id_foreign` (`order_id`),
  KEY `order_details_product_id_foreign` (`product_id`),
  KEY `order_details_product_detail_id_foreign` (`product_detail_id`)
) ENGINE=InnoDB AUTO_INCREMENT=48 DEFAULT CHARSET=utf8mb4 COLLATE=utf8mb4_unicode_ci;

--
-- Dumping data for table `order_details`
--

INSERT INTO `order_details` VALUES (1,1,89,27,'Un-know title 333','7c1b970e2045ea1a4b4a5fce5767e51f.jpg','1',50.00,5555.000,2777.000,8000.000,1,11855.000,NULL,NULL,NULL,NULL,NULL,NULL,NULL,NULL,0,NULL,NULL,'2024-04-03 09:32:39','2024-04-03 09:32:39'),(2,2,89,27,'Un-know title 333','7c1b970e2045ea1a4b4a5fce5767e51f.jpg','1',50.00,5555.000,2777.000,8000.000,1,11855.000,NULL,NULL,NULL,NULL,NULL,NULL,NULL,NULL,0,NULL,NULL,'2024-04-03 09:36:20','2024-04-03 09:36:20'),(3,3,89,27,'Un-know title 333','7c1b970e2045ea1a4b4a5fce5767e51f.jpg','1',50.00,5555.000,2777.000,8000.000,1,11855.000,NULL,NULL,NULL,NULL,NULL,NULL,NULL,NULL,0,NULL,NULL,'2024-04-03 09:45:17','2024-04-03 09:45:17'),(4,4,89,29,'Un-know title 333','7c1b970e2045ea1a4b4a5fce5767e51f.jpg','1',50.00,5555.000,1943.000,8000.000,1,10938.000,NULL,NULL,NULL,NULL,NULL,NULL,NULL,NULL,0,NULL,NULL,'2024-06-05 12:21:36','2024-06-05 12:21:36'),(5,5,89,31,'Un-know title 333','7c1b970e2045ea1a4b4a5fce5767e51f.jpg','1',50.00,6666.000,2333.000,8000.000,1,11367.000,NULL,NULL,NULL,NULL,NULL,NULL,NULL,NULL,0,NULL,NULL,'2024-06-05 12:28:23','2024-06-05 12:28:23'),(6,6,130,47,'Un-know title 45454','6f5842f6983187ba09f55140848c2371.png','1',55.00,10000.000,4500.000,5500.000,2,11000.000,NULL,NULL,NULL,NULL,NULL,NULL,NULL,NULL,0,NULL,NULL,'2024-06-22 02:21:05','2024-06-22 02:21:05'),(7,7,130,47,'Un-know title 45454','6f5842f6983187ba09f55140848c2371.png','1',55.00,10000.000,4500.000,5500.000,3,11000.000,NULL,NULL,NULL,NULL,NULL,NULL,NULL,NULL,0,NULL,NULL,'2024-06-22 02:49:27','2024-06-22 02:49:27'),(8,8,130,47,'Un-know title 45454','6f5842f6983187ba09f55140848c2371.png','1',50.00,10000.000,5000.000,5500.000,2,11550.000,NULL,NULL,NULL,NULL,NULL,NULL,NULL,NULL,0,NULL,NULL,'2024-06-23 10:57:11','2024-06-23 10:57:11'),(9,11,130,47,'Un-know title 45454','6f5842f6983187ba09f55140848c2371.png','1',50.00,10000.000,5000.000,5500.000,3,11550.000,1050.00,20,'2024-07-25',1,'佐賀県 兵庫県 北海道 和歌山県 大分県 大阪府 奈良県 宮城県 宮崎県 富山県 山口県 山形県 山梨県 岐阜県 岡山県 岩手県 島根県 広島県 徳島県 愛知県 新潟県 栃木県 沖縄県 熊本県 石川県 神奈川県 福井県 福岡県 福島県 秋田県 群馬県 茨城県 長崎県 長野県 青森県 静岡県 鳥取県 鹿児島県','2024-07-13',NULL,NULL,0,NULL,NULL,'2024-06-23 11:32:04','2024-06-23 11:32:04'),(10,12,130,47,'Un-know title 45454','6f5842f6983187ba09f55140848c2371.png','1',50.00,10000.000,5000.000,5500.000,2,11550.000,1050.00,20,'2024-07-25',0,'佐賀県 兵庫県 北海道 和歌山県 大分県 大阪府 奈良県 宮城県 宮崎県 富山県 山口県 山形県 山梨県 岐阜県 岡山県 岩手県 島根県 広島県 徳島県 愛知県 新潟県 栃木県 沖縄県 熊本県 石川県 神奈川県 福井県 福岡県 福島県 秋田県 群馬県 茨城県 長崎県 長野県 青森県 静岡県 鳥取県 鹿児島県','2024-07-13',NULL,NULL,0,NULL,NULL,'2024-06-23 12:22:28','2024-06-23 12:22:28'),(11,12,111,50,'Un-know title','4ff1e29f3b85b6e28ec175ef94a1dedd.png','1',22.00,232.000,180.000,5500.000,1,6248.000,568.00,25,'2024-07-31',1,'青森県 新潟県 富山県 石川県 宮城県','2024-07-18',NULL,NULL,0,NULL,NULL,'2024-06-23 12:22:28','2024-06-23 12:22:28'),(12,15,130,47,'Un-know title 45454','6f5842f6983187ba09f55140848c2371.png','1',50.00,10000.000,5000.000,5500.000,1,11550.000,1050.00,20,NULL,NULL,'佐賀県 兵庫県 北海道 和歌山県 大分県 大阪府 奈良県 宮城県 宮崎県 富山県 山口県 山形県 山梨県 岐阜県 岡山県 岩手県 島根県 広島県 徳島県 愛知県 新潟県 栃木県 沖縄県 熊本県 石川県 神奈川県 福井県 福岡県 福島県 秋田県 群馬県 茨城県 長崎県 長野県 青森県 静岡県 鳥取県 鹿児島県','2024-07-14',NULL,NULL,0,NULL,NULL,'2024-06-24 10:30:35','2024-06-24 10:30:35'),(13,16,130,47,'Un-know title 45454','6f5842f6983187ba09f55140848c2371.png','1',50.00,10000.000,5000.000,5500.000,1,11550.000,1050.00,20,NULL,NULL,'佐賀県 兵庫県 北海道 和歌山県 大分県 大阪府 奈良県 宮城県 宮崎県 富山県 山口県 山形県 山梨県 岐阜県 岡山県 岩手県 島根県 広島県 徳島県 愛知県 新潟県 栃木県 沖縄県 熊本県 石川県 神奈川県 福井県 福岡県 福島県 秋田県 群馬県 茨城県 長崎県 長野県 青森県 静岡県 鳥取県 鹿児島県','2024-07-14',NULL,NULL,0,NULL,NULL,'2024-06-24 10:46:05','2024-06-24 10:46:05'),(14,17,130,47,'Un-know title 45454','6f5842f6983187ba09f55140848c2371.png','1',50.00,10000.000,5000.000,5500.000,1,11550.000,1050.00,20,NULL,NULL,'佐賀県 兵庫県 北海道 和歌山県 大分県 大阪府 奈良県 宮城県 宮崎県 富山県 山口県 山形県 山梨県 岐阜県 岡山県 岩手県 島根県 広島県 徳島県 愛知県 新潟県 栃木県 沖縄県 熊本県 石川県 神奈川県 福井県 福岡県 福島県 秋田県 群馬県 茨城県 長崎県 長野県 青森県 静岡県 鳥取県 鹿児島県','2024-07-14',NULL,NULL,0,NULL,NULL,'2024-06-24 10:59:48','2024-06-24 10:59:48'),(15,18,130,51,'Un-know title 45454','6f5842f6983187ba09f55140848c2371.png','1',50.00,10000.000,5000.000,5500.000,3,11550.000,1050.00,20,'2024-07-25',NULL,'佐賀県 兵庫県 北海道 和歌山県 大分県 大阪府 奈良県 宮城県 宮崎県 富山県 山口県 山形県 山梨県 岐阜県 岡山県 岩手県 島根県 広島県 徳島県 愛知県 新潟県 栃木県 沖縄県 熊本県 石川県 神奈川県 福井県 福岡県 福島県 秋田県 群馬県 茨城県 長崎県 長野県 青森県 静岡県 鳥取県 鹿児島県','2024-07-19',NULL,NULL,0,NULL,NULL,'2024-06-28 23:45:24','2024-06-28 23:45:24'),(16,18,111,50,'Un-know title','4ff1e29f3b85b6e28ec175ef94a1dedd.png','1',22.00,232.000,180.000,5500.000,2,6248.000,568.00,25,'2024-07-31',1,'青森県 新潟県 富山県 石川県 宮城県','2024-07-24',NULL,NULL,0,NULL,NULL,'2024-06-28 23:45:24','2024-06-28 23:45:24'),(17,18,89,52,'Un-know title 333','7c1b970e2045ea1a4b4a5fce5767e51f.jpg','1',50.00,5555.000,2777.000,8000.000,2,11855.000,1078.00,20,'2024-07-30',NULL,'','2024-07-19',NULL,NULL,0,NULL,NULL,'2024-06-28 23:45:24','2024-06-28 23:45:24'),(18,19,130,51,'Un-know title 45454','6f5842f6983187ba09f55140848c2371.png','1',50.00,10000.000,5000.000,5500.000,1,11550.000,1050.00,20,'2024-07-31',NULL,'佐賀県 兵庫県 北海道 和歌山県 大分県 大阪府 奈良県 宮城県 宮崎県 富山県 山口県 山形県 山梨県 岐阜県 岡山県 岩手県 島根県 広島県 徳島県 愛知県 新潟県 栃木県 沖縄県 熊本県 石川県 神奈川県 福井県 福岡県 福島県 秋田県 群馬県 茨城県 長崎県 長野県 青森県 静岡県 鳥取県 鹿児島県','2024-07-20',NULL,NULL,0,NULL,NULL,'2024-06-30 11:16:08','2024-06-30 11:16:08'),(19,19,111,50,'Un-know title','4ff1e29f3b85b6e28ec175ef94a1dedd.png','1',22.00,232.000,180.000,5500.000,1,6248.000,568.00,25,'2024-07-31',1,'青森県 新潟県 富山県 石川県 宮城県','2024-07-25',NULL,NULL,0,NULL,NULL,'2024-06-30 11:16:08','2024-06-30 11:16:08'),(20,20,111,50,'Un-know title','4ff1e29f3b85b6e28ec175ef94a1dedd.png','1',22.00,232.000,180.000,5500.000,3,6248.000,568.00,25,'2024-07-30',NULL,'青森県 新潟県 富山県 石川県 宮城県','2024-07-25',NULL,NULL,0,NULL,NULL,'2024-06-30 11:24:44','2024-06-30 11:24:44'),(21,20,130,51,'Un-know title 45454','6f5842f6983187ba09f55140848c2371.png','1',50.00,10000.000,5000.000,5500.000,2,11550.000,1050.00,20,NULL,NULL,'佐賀県 兵庫県 北海道 和歌山県 大分県 大阪府 奈良県 宮城県 宮崎県 富山県 山口県 山形県 山梨県 岐阜県 岡山県 岩手県 島根県 広島県 徳島県 愛知県 新潟県 栃木県 沖縄県 熊本県 石川県 神奈川県 福井県 福岡県 福島県 秋田県 群馬県 茨城県 長崎県 長野県 青森県 静岡県 鳥取県 鹿児島県','2024-07-20',NULL,NULL,0,NULL,NULL,'2024-06-30 11:24:44','2024-06-30 11:24:44'),(22,21,175,54,'Un-know title 222','8cdd30694b4fd1f7f8f090fa5d67c27a.png','1',0.00,500.000,500.000,5500.000,1,6600.000,600.00,20,'2024-11-27',NULL,'茨城県 栃木県 群馬県 埼玉県 千葉県 東京都 神奈川県 京都府 大阪府 奈良県','2024-11-24',NULL,NULL,0,'[{\"id\":769,\"name\":\"Title (1)\",\"image\":\"4b4052d66b87ce0b5e7bf752f5500184.png\",\"label\":\"abc\",\"size\":\"\"},{\"id\":772,\"name\":\"Title (1)23\",\"image\":null,\"label\":\"232\",\"size\":\"\"},{\"id\":775,\"name\":\"Title (1)\",\"image\":null,\"label\":\"3434\",\"size\":\"\"},{\"id\":778,\"name\":\"Title (1)\",\"image\":null,\"label\":\"565\",\"size\":\"\"}]',NULL,'2024-11-03 18:08:03','2024-11-03 18:08:03'),(23,22,175,54,'Un-know title 222','8cdd30694b4fd1f7f8f090fa5d67c27a.png','1',0.00,500.000,500.000,5500.000,1,6600.000,600.00,20,'2024-11-28',NULL,'茨城県 栃木県 群馬県 埼玉県 千葉県 東京都 神奈川県 京都府 大阪府 奈良県','2024-11-24',NULL,NULL,0,'[{\"id\":769,\"name\":\"Title (1)\",\"image\":\"4b4052d66b87ce0b5e7bf752f5500184.png\",\"label\":\"abc\",\"size\":\"\"},{\"id\":772,\"name\":\"Title (1)23\",\"image\":null,\"label\":\"232\",\"size\":\"\"},{\"id\":775,\"name\":\"Title (1)\",\"image\":null,\"label\":\"3434\",\"size\":\"\"},{\"id\":778,\"name\":\"Title (1)\",\"image\":null,\"label\":\"565\",\"size\":\"\"}]',NULL,'2024-11-03 18:12:53','2024-11-03 18:12:53'),(24,23,175,54,'Un-know title 222','8cdd30694b4fd1f7f8f090fa5d67c27a.png','1',0.00,500.000,500.000,5500.000,1,6600.000,600.00,20,'2024-11-28',NULL,'茨城県 栃木県 群馬県 埼玉県 千葉県 東京都 神奈川県 京都府 大阪府 奈良県','2024-11-24',NULL,NULL,0,'[{\"id\":769,\"name\":\"Title (1)\",\"image\":\"4b4052d66b87ce0b5e7bf752f5500184.png\",\"label\":\"abc\",\"size\":\"\"},{\"id\":772,\"name\":\"Title (1)23\",\"image\":null,\"label\":\"232\",\"size\":\"\"},{\"id\":775,\"name\":\"Title (1)\",\"image\":null,\"label\":\"3434\",\"size\":\"\"},{\"id\":778,\"name\":\"Title (1)\",\"image\":null,\"label\":\"565\",\"size\":\"\"}]',NULL,'2024-11-03 18:13:24','2024-11-03 18:13:24'),(25,24,175,54,'Un-know title 222','8cdd30694b4fd1f7f8f090fa5d67c27a.png','1',0.00,500.000,500.000,5500.000,1,6600.000,600.00,20,'2024-11-28',NULL,'茨城県 栃木県 群馬県 埼玉県 千葉県 東京都 神奈川県 京都府 大阪府 奈良県','2024-11-24',NULL,NULL,0,'[{\"id\":769,\"name\":\"Title (1)\",\"image\":\"4b4052d66b87ce0b5e7bf752f5500184.png\",\"label\":\"abc\",\"size\":\"\"},{\"id\":772,\"name\":\"Title (1)23\",\"image\":null,\"label\":\"232\",\"size\":\"\"},{\"id\":775,\"name\":\"Title (1)\",\"image\":null,\"label\":\"3434\",\"size\":\"\"},{\"id\":778,\"name\":\"Title (1)\",\"image\":null,\"label\":\"565\",\"size\":\"\"}]',NULL,'2024-11-03 18:13:47','2024-11-03 18:13:47'),(26,25,175,54,'Un-know title 222','8cdd30694b4fd1f7f8f090fa5d67c27a.png','1',0.00,500.000,500.000,5500.000,1,6600.000,600.00,20,'2024-11-28',NULL,'茨城県 栃木県 群馬県 埼玉県 千葉県 東京都 神奈川県 京都府 大阪府 奈良県','2024-11-24',NULL,NULL,0,'[{\"id\":769,\"name\":\"Title (1)\",\"image\":\"4b4052d66b87ce0b5e7bf752f5500184.png\",\"label\":\"abc\",\"size\":\"\"},{\"id\":772,\"name\":\"Title (1)23\",\"image\":null,\"label\":\"232\",\"size\":\"\"},{\"id\":775,\"name\":\"Title (1)\",\"image\":null,\"label\":\"3434\",\"size\":\"\"},{\"id\":778,\"name\":\"Title (1)\",\"image\":null,\"label\":\"565\",\"size\":\"\"}]',NULL,'2024-11-03 18:15:36','2024-11-03 18:15:36'),(27,26,175,54,'Un-know title 222','8cdd30694b4fd1f7f8f090fa5d67c27a.png','1',0.00,500.000,500.000,5500.000,1,6600.000,600.00,20,'2025-11-26',NULL,'茨城県 栃木県 群馬県 埼玉県 千葉県 東京都 神奈川県 京都府 大阪府 奈良県','2024-11-24',NULL,NULL,0,'[{\"id\":769,\"name\":\"Title (1)\",\"image\":\"4b4052d66b87ce0b5e7bf752f5500184.png\",\"label\":\"abc\",\"size\":\"\"},{\"id\":772,\"name\":\"Title (1)23\",\"image\":null,\"label\":\"232\",\"size\":\"\"},{\"id\":775,\"name\":\"Title (1)\",\"image\":null,\"label\":\"3434\",\"size\":\"\"},{\"id\":778,\"name\":\"Title (1)\",\"image\":null,\"label\":\"565\",\"size\":\"\"}]',NULL,'2024-11-03 18:43:38','2024-11-03 18:43:38'),(28,27,175,54,'Un-know title 222','8cdd30694b4fd1f7f8f090fa5d67c27a.png','1',0.00,500.000,500.000,5500.000,1,6600.000,600.00,20,'2024-11-29',NULL,'茨城県 栃木県 群馬県 埼玉県 千葉県 東京都 神奈川県 京都府 大阪府 奈良県','2024-11-24',NULL,NULL,0,'[{\"id\":769,\"name\":\"Title (1)\",\"image\":\"4b4052d66b87ce0b5e7bf752f5500184.png\",\"label\":\"abc\",\"size\":\"\"},{\"id\":772,\"name\":\"Title (1)23\",\"image\":null,\"label\":\"232\",\"size\":\"\"},{\"id\":775,\"name\":\"Title (1)\",\"image\":null,\"label\":\"3434\",\"size\":\"\"},{\"id\":778,\"name\":\"Title (1)\",\"image\":null,\"label\":\"565\",\"size\":\"\"}]',NULL,'2024-11-03 18:51:07','2024-11-03 18:51:07'),(29,28,175,54,'Un-know title 222','8cdd30694b4fd1f7f8f090fa5d67c27a.png','1',0.00,500.000,500.000,5500.000,1,6600.000,600.00,20,'2024-11-29',NULL,'茨城県 栃木県 群馬県 埼玉県 千葉県 東京都 神奈川県 京都府 大阪府 奈良県','2024-11-24',NULL,NULL,0,'[{\"id\":769,\"name\":\"Title (1)\",\"image\":\"4b4052d66b87ce0b5e7bf752f5500184.png\",\"label\":\"abc\",\"size\":\"\"},{\"id\":772,\"name\":\"Title (1)23\",\"image\":null,\"label\":\"232\",\"size\":\"\"},{\"id\":775,\"name\":\"Title (1)\",\"image\":null,\"label\":\"3434\",\"size\":\"\"},{\"id\":778,\"name\":\"Title (1)\",\"image\":null,\"label\":\"565\",\"size\":\"\"}]',NULL,'2024-11-03 18:51:44','2024-11-03 18:51:44'),(30,29,175,54,'Un-know title 222','8cdd30694b4fd1f7f8f090fa5d67c27a.png','1',0.00,500.000,500.000,5500.000,1,6600.000,600.00,20,'2024-11-29',NULL,'茨城県 栃木県 群馬県 埼玉県 千葉県 東京都 神奈川県 京都府 大阪府 奈良県','2024-11-24',NULL,NULL,0,'[{\"id\":769,\"name\":\"Title (1)\",\"image\":\"4b4052d66b87ce0b5e7bf752f5500184.png\",\"label\":\"abc\",\"size\":\"\"},{\"id\":772,\"name\":\"Title (1)23\",\"image\":null,\"label\":\"232\",\"size\":\"\"},{\"id\":775,\"name\":\"Title (1)\",\"image\":null,\"label\":\"3434\",\"size\":\"\"},{\"id\":778,\"name\":\"Title (1)\",\"image\":null,\"label\":\"565\",\"size\":\"\"}]',NULL,'2024-11-03 18:52:09','2024-11-03 18:52:09'),(31,30,175,54,'Un-know title 222','8cdd30694b4fd1f7f8f090fa5d67c27a.png','1',0.00,500.000,500.000,5500.000,1,6600.000,600.00,20,'2024-11-29',NULL,'茨城県 栃木県 群馬県 埼玉県 千葉県 東京都 神奈川県 京都府 大阪府 奈良県','2024-11-24',NULL,NULL,0,'[{\"id\":769,\"name\":\"Title (1)\",\"image\":\"4b4052d66b87ce0b5e7bf752f5500184.png\",\"label\":\"abc\",\"size\":\"\"},{\"id\":772,\"name\":\"Title (1)23\",\"image\":null,\"label\":\"232\",\"size\":\"\"},{\"id\":775,\"name\":\"Title (1)\",\"image\":null,\"label\":\"3434\",\"size\":\"\"},{\"id\":778,\"name\":\"Title (1)\",\"image\":null,\"label\":\"565\",\"size\":\"\"}]',NULL,'2024-11-03 18:53:06','2024-11-03 18:53:06'),(32,31,175,54,'Un-know title 222','8cdd30694b4fd1f7f8f090fa5d67c27a.png','1',0.00,500.000,500.000,5500.000,2,6600.000,600.00,20,'2024-11-27',1,'茨城県 栃木県 群馬県 埼玉県 千葉県 東京都 神奈川県 京都府 大阪府 奈良県','2024-11-24',NULL,NULL,0,'[{\"id\":769,\"name\":\"Title (1)\",\"image\":\"4b4052d66b87ce0b5e7bf752f5500184.png\",\"label\":\"abc\",\"size\":\"\"},{\"id\":772,\"name\":\"Title (1)23\",\"image\":null,\"label\":\"232\",\"size\":\"\"},{\"id\":775,\"name\":\"Title (1)\",\"image\":null,\"label\":\"3434\",\"size\":\"\"},{\"id\":778,\"name\":\"Title (1)\",\"image\":null,\"label\":\"565\",\"size\":\"\"}]',NULL,'2024-11-04 08:07:46','2024-11-04 08:07:46'),(33,32,111,50,'Un-know title','4ff1e29f3b85b6e28ec175ef94a1dedd.png','1',50.00,232.000,116.000,5500.000,1,6178.000,562.00,25,'2025-11-13',NULL,'青森県 新潟県 富山県 石川県 宮城県','2024-11-29',NULL,NULL,0,'[{\"id\":595,\"name\":\"Title (1)\",\"image\":\"4b4052d66b87ce0b5e7bf752f5500184.png\",\"label\":\"abc\",\"size\":\"\"},{\"id\":598,\"name\":\"Title (1)23\",\"image\":null,\"label\":\"232\",\"size\":\"\"},{\"id\":601,\"name\":\"Title (1)\",\"image\":null,\"label\":\"232454\",\"size\":\"\"}]',NULL,'2024-11-04 08:33:58','2024-11-04 08:33:58'),(34,33,130,51,'Un-know title 45454','6f5842f6983187ba09f55140848c2371.png','1',50.00,10000.000,5000.000,0.000,8,6050.000,1050.00,20,'2024-12-17',NULL,'佐賀県 兵庫県 北海道 和歌山県 大分県 大阪府 奈良県 宮城県 宮崎県 富山県 山口県 山形県 山梨県 岐阜県 岡山県 岩手県 島根県 広島県 徳島県 愛知県 新潟県 栃木県 沖縄県 熊本県 石川県 神奈川県 福井県 福岡県 福島県 秋田県 群馬県 茨城県 長崎県 長野県 青森県 静岡県 鳥取県 鹿児島県','2024-12-02',NULL,NULL,0,'[{\"id\":602,\"name\":\"Title (1)\",\"image\":\"4b4052d66b87ce0b5e7bf752f5500184.png\",\"label\":\"abc\",\"size\":\"\"},{\"id\":605,\"name\":\"Title (1)23\",\"image\":null,\"label\":\"232\",\"size\":\"\"}]',NULL,'2024-11-11 17:39:44','2024-11-11 17:39:44'),(35,33,89,52,'Un-know title 333','7c1b970e2045ea1a4b4a5fce5767e51f.jpg','1',50.00,5555.000,2777.000,0.000,1,3855.000,1078.00,20,'2024-12-03',NULL,'','2024-12-02',NULL,NULL,0,'[{\"id\":461,\"name\":\"Title (1)\",\"image\":null,\"label\":\"232\",\"size\":\"\"},{\"id\":463,\"name\":\"Title (1)\",\"image\":null,\"label\":\"45\",\"size\":\"\"}]',NULL,'2024-11-11 17:39:44','2024-11-11 17:39:44'),(36,34,111,50,'Un-know title','4ff1e29f3b85b6e28ec175ef94a1dedd.png','1',22.00,232.000,180.000,5500.000,1,6248.000,568.00,25,'2025-01-22',NULL,'青森県 新潟県 富山県 石川県 宮城県','2025-01-06',NULL,NULL,0,'[{\"id\":595,\"name\":\"Title (1)\",\"image\":\"4b4052d66b87ce0b5e7bf752f5500184.png\",\"label\":\"abc\",\"size\":\"\"},{\"id\":598,\"name\":\"Title (1)23\",\"image\":null,\"label\":\"232\",\"size\":\"\"},{\"id\":601,\"name\":\"Title (1)\",\"image\":null,\"label\":\"232454\",\"size\":\"\"}]',NULL,'2024-12-12 03:38:52','2024-12-12 03:38:52'),(37,35,111,50,'Un-know title','4ff1e29f3b85b6e28ec175ef94a1dedd.png','1',22.00,232.000,180.000,5500.000,1,6248.000,568.00,25,'2025-01-24',1,'青森県 新潟県 富山県 石川県 宮城県','2025-01-06',NULL,NULL,0,'[{\"id\":595,\"name\":\"Title (1)\",\"image\":\"4b4052d66b87ce0b5e7bf752f5500184.png\",\"label\":\"abc\",\"size\":\"\"},{\"id\":598,\"name\":\"Title (1)23\",\"image\":null,\"label\":\"232\",\"size\":\"\"},{\"id\":601,\"name\":\"Title (1)\",\"image\":null,\"label\":\"232454\",\"size\":\"\"}]',NULL,'2024-12-12 09:21:28','2024-12-12 09:21:28'),(38,36,111,50,'Un-know title','4ff1e29f3b85b6e28ec175ef94a1dedd.png','1',22.00,232.000,180.000,5500.000,1,6248.000,568.00,25,NULL,NULL,'青森県 新潟県 富山県 石川県 宮城県','2025-01-06',NULL,NULL,0,'[{\"id\":595,\"name\":\"Title (1)\",\"image\":\"4b4052d66b87ce0b5e7bf752f5500184.png\",\"label\":\"abc\",\"size\":\"\"},{\"id\":598,\"name\":\"Title (1)23\",\"image\":null,\"label\":\"232\",\"size\":\"\"},{\"id\":601,\"name\":\"Title (1)\",\"image\":null,\"label\":\"232454\",\"size\":\"\"}]',NULL,'2024-12-12 09:22:58','2024-12-12 09:22:58'),(39,37,111,50,'Un-know title','4ff1e29f3b85b6e28ec175ef94a1dedd.png','1',22.00,232.000,180.000,5500.000,1,6248.000,568.00,25,'2025-01-30',1,'青森県 新潟県 富山県 石川県 宮城県','2025-01-06',NULL,NULL,0,'[{\"id\":595,\"name\":\"Title (1)\",\"image\":\"4b4052d66b87ce0b5e7bf752f5500184.png\",\"label\":\"abc\",\"size\":\"\"},{\"id\":598,\"name\":\"Title (1)23\",\"image\":null,\"label\":\"232\",\"size\":\"\"},{\"id\":601,\"name\":\"Title (1)\",\"image\":null,\"label\":\"232454\",\"size\":\"\"}]',NULL,'2024-12-12 09:30:38','2024-12-12 09:30:38'),(40,38,111,50,'Un-know title','4ff1e29f3b85b6e28ec175ef94a1dedd.png','1',22.00,232.000,180.000,5500.000,1,6248.000,568.00,25,'2025-01-22',NULL,'青森県 新潟県 富山県 石川県 宮城県','2025-01-06',NULL,NULL,0,'[{\"id\":595,\"name\":\"Title (1)\",\"image\":\"4b4052d66b87ce0b5e7bf752f5500184.png\",\"label\":\"abc\",\"size\":\"\"},{\"id\":598,\"name\":\"Title (1)23\",\"image\":null,\"label\":\"232\",\"size\":\"\"},{\"id\":601,\"name\":\"Title (1)\",\"image\":null,\"label\":\"232454\",\"size\":\"\"}]',NULL,'2024-12-12 09:36:18','2024-12-12 09:36:18'),(41,39,111,50,'Un-know title','4ff1e29f3b85b6e28ec175ef94a1dedd.png','1',22.00,232.000,180.000,5500.000,1,6248.000,568.00,25,'2025-01-23',1,'青森県 新潟県 富山県 石川県 宮城県','2025-01-06',NULL,NULL,0,'[{\"id\":595,\"name\":\"Title (1)\",\"image\":\"4b4052d66b87ce0b5e7bf752f5500184.png\",\"label\":\"abc\",\"size\":\"\"},{\"id\":598,\"name\":\"Title (1)23\",\"image\":null,\"label\":\"232\",\"size\":\"\"},{\"id\":601,\"name\":\"Title (1)\",\"image\":null,\"label\":\"232454\",\"size\":\"\"}]',NULL,'2024-12-12 09:39:42','2024-12-12 09:39:42'),(42,40,111,50,'Un-know title','4ff1e29f3b85b6e28ec175ef94a1dedd.png','1',22.00,232.000,180.000,5500.000,2,6248.000,568.00,25,'2025-01-22',NULL,'青森県 新潟県 富山県 石川県 宮城県','2025-01-06',NULL,NULL,0,'[{\"id\":595,\"name\":\"Title (1)\",\"image\":\"4b4052d66b87ce0b5e7bf752f5500184.png\",\"label\":\"abc\",\"size\":\"\"},{\"id\":598,\"name\":\"Title (1)23\",\"image\":null,\"label\":\"232\",\"size\":\"\"},{\"id\":601,\"name\":\"Title (1)\",\"image\":null,\"label\":\"232454\",\"size\":\"\"}]',NULL,'2024-12-12 10:03:27','2024-12-12 10:03:27'),(43,41,111,50,'Un-know title','4ff1e29f3b85b6e28ec175ef94a1dedd.png','1',22.00,232.000,180.000,5500.000,1,6248.000,568.00,25,'2025-01-15',1,'青森県 新潟県 富山県 石川県 宮城県','2025-01-06',NULL,NULL,0,'[{\"id\":595,\"name\":\"Title (1)\",\"image\":\"4b4052d66b87ce0b5e7bf752f5500184.png\",\"label\":\"abc\",\"size\":\"\"},{\"id\":598,\"name\":\"Title (1)23\",\"image\":null,\"label\":\"232\",\"size\":\"\"},{\"id\":601,\"name\":\"Title (1)\",\"image\":null,\"label\":\"232454\",\"size\":\"\"}]',NULL,'2024-12-12 10:05:24','2024-12-12 10:05:24'),(44,43,111,50,'Un-know title','4ff1e29f3b85b6e28ec175ef94a1dedd.png','1',22.00,232.000,180.000,5500.000,1,6248.000,568.00,25,NULL,NULL,'青森県 新潟県 富山県 石川県 宮城県','2025-01-06',NULL,NULL,0,'[{\"id\":595,\"name\":\"Title (1)\",\"image\":\"4b4052d66b87ce0b5e7bf752f5500184.png\",\"label\":\"abc\",\"size\":\"\"},{\"id\":598,\"name\":\"Title (1)23\",\"image\":null,\"label\":\"232\",\"size\":\"\"},{\"id\":601,\"name\":\"Title (1)\",\"image\":null,\"label\":\"232454\",\"size\":\"\"}]',NULL,'2024-12-12 10:40:42','2024-12-12 10:40:42'),(45,44,111,50,'Un-know title','4ff1e29f3b85b6e28ec175ef94a1dedd.png','1',22.00,232.000,180.000,5500.000,1,6248.000,568.00,25,'2025-01-23',1,'青森県 新潟県 富山県 石川県 宮城県','2025-01-06',NULL,NULL,0,'[{\"id\":595,\"name\":\"Title (1)\",\"image\":\"4b4052d66b87ce0b5e7bf752f5500184.png\",\"label\":\"abc\",\"size\":\"\"},{\"id\":598,\"name\":\"Title (1)23\",\"image\":null,\"label\":\"232\",\"size\":\"\"},{\"id\":601,\"name\":\"Title (1)\",\"image\":null,\"label\":\"232454\",\"size\":\"\"}]',NULL,'2024-12-12 10:59:31','2024-12-12 10:59:31'),(46,45,111,50,'Un-know title','4ff1e29f3b85b6e28ec175ef94a1dedd.png','1',22.00,232.000,180.000,5500.000,1,6248.000,568.00,25,'2025-01-15',NULL,'青森県 新潟県 富山県 石川県 宮城県','2025-01-06',NULL,NULL,0,'[{\"id\":595,\"name\":\"Title (1)\",\"image\":\"4b4052d66b87ce0b5e7bf752f5500184.png\",\"label\":\"abc\",\"size\":\"\"},{\"id\":598,\"name\":\"Title (1)23\",\"image\":null,\"label\":\"232\",\"size\":\"\"},{\"id\":601,\"name\":\"Title (1)\",\"image\":null,\"label\":\"232454\",\"size\":\"\"}]',NULL,'2024-12-12 11:01:19','2024-12-12 11:01:19'),(47,46,89,52,'Un-know title 333','7c1b970e2045ea1a4b4a5fce5767e51f.jpg','1',50.00,5555.000,2777.000,8000.000,1,11855.000,1078.00,20,'2025-01-22',NULL,'','2025-01-16',NULL,NULL,0,'[{\"id\":461,\"name\":\"Title (1)\",\"image\":null,\"label\":\"232\",\"size\":\"\"},{\"id\":463,\"name\":\"Title (1)\",\"image\":null,\"label\":\"45\",\"size\":\"\"}]',NULL,'2024-12-26 18:06:59','2024-12-26 18:06:59');

--
-- Table structure for table `orders`
--

CREATE TABLE `orders` (
  `id` bigint unsigned NOT NULL AUTO_INCREMENT,
  `code` varchar(255) CHARACTER SET utf8mb4 COLLATE utf8mb4_unicode_ci DEFAULT NULL,
  `type` varchar(255) CHARACTER SET utf8mb4 COLLATE utf8mb4_unicode_ci DEFAULT NULL,
  `user_id` bigint unsigned DEFAULT NULL,
  `first_name` varchar(255) CHARACTER SET utf8mb4 COLLATE utf8mb4_unicode_ci DEFAULT NULL,
  `last_name` varchar(255) CHARACTER SET utf8mb4 COLLATE utf8mb4_unicode_ci DEFAULT NULL,
  `furigana_first_name` varchar(255) CHARACTER SET utf8mb4 COLLATE utf8mb4_unicode_ci DEFAULT NULL,
  `furigana_last_name` varchar(255) CHARACTER SET utf8mb4 COLLATE utf8mb4_unicode_ci DEFAULT NULL,
  `post_code` varchar(255) CHARACTER SET utf8mb4 COLLATE utf8mb4_unicode_ci DEFAULT NULL,
  `address1` varchar(255) CHARACTER SET utf8mb4 COLLATE utf8mb4_unicode_ci DEFAULT NULL,
  `address2` varchar(255) CHARACTER SET utf8mb4 COLLATE utf8mb4_unicode_ci DEFAULT NULL,
  `address3` varchar(255) CHARACTER SET utf8mb4 COLLATE utf8mb4_unicode_ci DEFAULT NULL,
  `phone_number` varchar(255) CHARACTER SET utf8mb4 COLLATE utf8mb4_unicode_ci DEFAULT NULL,
  `email` varchar(255) CHARACTER SET utf8mb4 COLLATE utf8mb4_unicode_ci DEFAULT NULL,
  `total_price` double(15,3) DEFAULT NULL,
  `discount_point` int unsigned NOT NULL DEFAULT '0',
  `discount_point_rate` double(15,2) NOT NULL DEFAULT '0.00',
  `discount_point_amount` double(15,2) NOT NULL DEFAULT '0.00',
  `estimated_delivery_date` datetime DEFAULT NULL,
  `payment_method` smallint NOT NULL DEFAULT '1',
  `note` text CHARACTER SET utf8mb4 COLLATE utf8mb4_unicode_ci,
  `status` smallint NOT NULL DEFAULT '0',
  `payment_status` smallint NOT NULL DEFAULT '0',
  `is_activated` smallint NOT NULL DEFAULT '1',
  `is_deleted` smallint NOT NULL DEFAULT '0',
  `created_at` timestamp NULL DEFAULT NULL,
  `updated_at` timestamp NULL DEFAULT NULL,
  PRIMARY KEY (`id`),
  KEY `orders_user_id_foreign` (`user_id`)
) ENGINE=InnoDB AUTO_INCREMENT=47 DEFAULT CHARSET=utf8mb4 COLLATE=utf8mb4_unicode_ci;

--
-- Dumping data for table `orders`
--

INSERT INTO `orders` VALUES (1,'457273628587','user',1,NULL,NULL,NULL,NULL,NULL,NULL,NULL,NULL,NULL,NULL,11855.000,0,0.00,0.00,NULL,1,'wew',0,0,1,0,'2024-04-03 09:32:39','2024-06-29 20:53:20'),(2,'504291899761','user',1,NULL,NULL,NULL,NULL,NULL,NULL,NULL,NULL,NULL,NULL,11855.000,0,0.00,0.00,NULL,0,'2323',5,1,0,0,'2024-04-03 09:36:20','2024-06-29 20:53:20'),(3,'618966393057','user',1,NULL,NULL,NULL,NULL,NULL,NULL,NULL,NULL,NULL,NULL,11855.000,0,0.00,0.00,NULL,0,'wwe',4,1,0,0,'2024-04-03 09:45:17','2024-06-29 20:53:20'),(4,'569749159981','user',4,NULL,NULL,NULL,NULL,NULL,NULL,NULL,NULL,NULL,NULL,10938.000,0,0.00,0.00,NULL,0,'232',0,1,1,0,'2024-06-05 12:21:36','2024-06-29 20:53:20'),(5,'546649748025','user',4,NULL,NULL,NULL,NULL,NULL,NULL,NULL,NULL,NULL,NULL,11367.000,0,0.00,0.00,NULL,0,'999',0,1,1,0,'2024-06-05 12:28:23','2024-06-29 20:53:20'),(6,'890127615407','user',4,NULL,NULL,NULL,NULL,NULL,NULL,NULL,NULL,NULL,NULL,22000.000,0,0.00,0.00,NULL,0,'wewew',3,1,0,0,'2024-06-22 02:21:05','2024-06-29 20:53:20'),(7,'509147684483','user',4,NULL,NULL,NULL,NULL,NULL,NULL,NULL,NULL,NULL,NULL,33000.000,0,0.00,0.00,NULL,0,NULL,3,1,0,0,'2024-06-22 02:49:27','2024-06-29 20:53:20'),(8,'578184842390','user',1,NULL,NULL,NULL,NULL,NULL,NULL,NULL,NULL,NULL,NULL,23100.000,0,0.00,0.00,NULL,0,'wewew',6,1,1,0,'2024-06-23 10:57:11','2024-06-29 20:53:20'),(11,'555429525005','user',1,NULL,NULL,NULL,NULL,NULL,NULL,NULL,NULL,NULL,NULL,34650.000,0,0.00,0.00,NULL,0,'aea aea',2,1,0,0,'2024-06-23 11:32:04','2024-06-29 20:53:20'),(12,'570325606606','user',1,NULL,NULL,NULL,NULL,NULL,NULL,NULL,NULL,NULL,NULL,29348.000,0,0.00,0.00,NULL,0,'232565 565',6,1,0,0,'2024-06-23 12:22:28','2024-06-29 20:53:20'),(15,'161028282984','user',1,NULL,NULL,NULL,NULL,NULL,NULL,NULL,NULL,NULL,NULL,11550.000,0,0.00,0.00,NULL,0,'2323',4,1,0,0,'2024-06-24 10:30:35','2024-06-29 20:53:20'),(16,'665626534761','user',1,NULL,NULL,NULL,NULL,NULL,NULL,NULL,NULL,NULL,NULL,11550.000,0,0.00,0.00,NULL,0,'23232',5,1,0,0,'2024-06-24 10:46:05','2024-06-29 20:53:20'),(17,'317959629079','user',1,NULL,NULL,NULL,NULL,NULL,NULL,NULL,NULL,NULL,NULL,11550.000,0,0.00,0.00,NULL,0,'23232',1,1,0,0,'2024-06-24 10:59:48','2024-06-29 20:53:20'),(18,'335341289636','user',1,NULL,NULL,NULL,NULL,NULL,NULL,NULL,NULL,NULL,NULL,70856.000,0,0.00,0.00,NULL,0,'Note the order',3,1,0,0,'2024-06-28 23:45:24','2024-06-30 05:14:22'),(19,'969821742664','user',1,NULL,NULL,NULL,NULL,NULL,NULL,NULL,NULL,NULL,NULL,17798.000,0,0.00,0.00,NULL,1,'wewe',1,0,0,0,'2024-06-30 11:16:08','2024-06-30 13:03:51'),(20,'180065099631','user',1,NULL,NULL,NULL,NULL,NULL,NULL,NULL,NULL,NULL,NULL,41844.000,0,0.00,0.00,NULL,0,'購入履歴 購入履歴 購入履歴 購入履歴\n購入履歴\n購入履歴\n購入履歴\n購入履歴\n購入履歴 購入履歴 購入履歴 購入履歴\n購入履歴\n購入履歴\n購入履歴\n購入履歴',4,1,0,0,'2024-06-30 11:24:44','2024-06-30 13:13:20'),(21,'470145351671','user',123,NULL,NULL,NULL,NULL,NULL,NULL,NULL,NULL,NULL,NULL,6600.000,0,0.00,0.00,NULL,1,'wewew',0,0,1,0,'2024-11-03 18:08:03','2024-11-03 18:08:03'),(22,'872022191423','user',123,NULL,NULL,NULL,NULL,NULL,NULL,NULL,NULL,NULL,NULL,6600.000,0,0.00,0.00,NULL,1,'wewew',0,0,1,0,'2024-11-03 18:12:53','2024-11-03 18:12:53'),(23,'749035858800','user',123,NULL,NULL,NULL,NULL,NULL,NULL,NULL,NULL,NULL,NULL,6600.000,0,0.00,0.00,NULL,1,'wewew',0,0,1,0,'2024-11-03 18:13:24','2024-11-03 18:13:24'),(24,'275790143328','user',123,NULL,NULL,NULL,NULL,NULL,NULL,NULL,NULL,NULL,NULL,6600.000,0,0.00,0.00,NULL,1,'wewew',0,0,1,0,'2024-11-03 18:13:47','2024-11-03 18:13:47'),(25,'811757228868','user',123,NULL,NULL,NULL,NULL,NULL,NULL,NULL,NULL,NULL,NULL,6600.000,0,0.00,0.00,NULL,1,'wewew',0,0,1,0,'2024-11-03 18:15:36','2024-11-03 18:15:36'),(26,'988125175921','user',123,NULL,NULL,NULL,NULL,NULL,NULL,NULL,NULL,NULL,NULL,6600.000,0,0.00,0.00,NULL,1,'erere',0,0,1,0,'2024-11-03 18:43:38','2024-11-03 18:43:38'),(27,'943347802832','user',123,NULL,NULL,NULL,NULL,NULL,NULL,NULL,NULL,NULL,NULL,6600.000,0,0.00,0.00,NULL,1,'fdfd',0,0,1,0,'2024-11-03 18:51:07','2024-11-03 18:51:07'),(28,'448620614450','user',123,NULL,NULL,NULL,NULL,NULL,NULL,NULL,NULL,NULL,NULL,6600.000,0,0.00,0.00,NULL,1,'fdfd',0,0,1,1,'2024-11-03 18:51:44','2024-11-04 08:32:39'),(29,'268638084910','user',123,NULL,NULL,NULL,NULL,NULL,NULL,NULL,NULL,NULL,NULL,6600.000,0,0.00,0.00,NULL,1,'fdfd',0,0,1,1,'2024-11-03 18:52:09','2024-11-04 08:32:37'),(30,'323979389625','user',123,NULL,NULL,NULL,NULL,NULL,NULL,NULL,NULL,NULL,NULL,6600.000,0,0.00,0.00,NULL,1,'fdfd',3,0,0,1,'2024-11-03 18:53:06','2024-11-04 08:32:35'),(31,'452633131790','user',1,NULL,NULL,NULL,NULL,NULL,NULL,NULL,NULL,NULL,NULL,13200.000,0,0.00,0.00,NULL,0,'eẻe',0,1,1,1,'2024-11-04 08:07:46','2024-11-04 08:32:33'),(32,'710690162261','user',4,NULL,NULL,NULL,NULL,NULL,NULL,NULL,NULL,NULL,NULL,6178.000,0,0.00,0.00,NULL,1,'wewe',1,1,1,0,'2024-11-04 08:33:58','2024-11-04 09:10:30'),(33,'420384995198','user',1,NULL,NULL,NULL,NULL,NULL,NULL,NULL,NULL,NULL,NULL,52255.000,0,0.00,0.00,NULL,0,'wewe',0,1,1,0,'2024-11-11 17:39:44','2024-11-11 17:39:44'),(34,'511349738969','user',1,NULL,NULL,NULL,NULL,NULL,NULL,NULL,NULL,NULL,NULL,6248.000,0,0.00,0.00,NULL,1,'aeawea',0,0,1,0,'2024-12-12 03:38:52','2024-12-12 03:38:52'),(35,'775382638660','guest',1,'tst','test','teat','teata','1000001','東京都','千代田区','building','02929227','jaijaoi@gmail.com',6248.000,0,0.00,0.00,NULL,1,'aeawea',0,0,1,0,'2024-12-12 09:21:28','2024-12-12 09:21:28'),(36,'523022972594','guest',1,'teat','teat','teat','teat','1000001','東京都','千代田区','building name','0292722623','ajaoijai@gmail.com',6248.000,0,0.00,0.00,NULL,1,'test',0,0,1,0,'2024-12-12 09:22:58','2024-12-12 09:22:58'),(37,'462635455899','guest',1,'teate','teate','teate','teate','1000001','東京都','千代田区','buildingname','029927233','jaoahojio@gmail.com',6248.000,0,0.00,0.00,NULL,1,'testing name',0,0,1,0,'2024-12-12 09:30:38','2024-12-12 09:30:38'),(38,'168197884266','user',1,'System','Admin','System','Admin','1000001','東京都','千代田区','千代田千代田','092824731','admin@admin.dev',6248.000,0,0.00,0.00,NULL,1,'erere',0,0,1,0,'2024-12-12 09:36:18','2024-12-12 09:36:18'),(39,'369889125804','user',1,'tst','teate','teate','teate','1000001','東京都','千代田区','a232323','0920929223','admin@admin.dev',6248.000,0,0.00,0.00,NULL,1,'4343',0,0,1,0,'2024-12-12 09:39:42','2024-12-12 09:39:42'),(40,'930280454601','guest',1,'abc','abc','abc','abc','1000001','東京都','千代田区','abc building','0292927373','ajah@gmail.com',12496.000,0,0.00,0.00,NULL,1,'23232',0,0,1,0,'2024-12-12 10:03:27','2024-12-12 10:03:27'),(41,'698459255397','guest',1,'2323','3434','34','232','1000001','東京都','千代田区','2322322','232322323','a2332@gmail.com',6248.000,0,0.00,0.00,NULL,1,'2323',0,0,1,0,'2024-12-12 10:05:24','2024-12-12 10:05:24'),(42,'351585523649','guest',NULL,'8787','787','787','787','1000001','東京都','千代田区','34343','343445445','akkapo@gmail.com',6248.000,0,0.00,0.00,NULL,1,'4343',0,0,1,0,'2024-12-12 10:39:27','2024-12-12 10:39:27'),(43,'450494965334','guest',NULL,'8787','787','787','787','1000001','東京都','千代田区','34343','343445445','akkapo@gmail.com',6248.000,0,0.00,0.00,NULL,1,'4343',0,0,1,0,'2024-12-12 10:40:42','2024-12-12 10:40:42'),(44,'287017372160','user',1,'System','Admin','System','Admin','1000001','東京都','千代田区','202 A building','092824731','admin@admin.dev',6248.000,0,0.00,0.00,NULL,1,'3434',0,0,1,0,'2024-12-12 10:59:31','2024-12-12 10:59:31'),(45,'639194778166','user',1,'ggh','tyt','dtd','tytyt','1000001','東京都','千代田区','33333','096556565','dtddrdtr@admin.dev',6248.000,0,0.00,0.00,NULL,1,'6yyu',0,0,1,0,'2024-12-12 11:01:19','2024-12-12 11:01:19'),(46,'766728295882','guest',NULL,'23323','2322','232','232','1000001','東京都','千代田区','232','232323232','232322@gmail.com',11855.000,0,0.00,0.00,NULL,1,NULL,0,0,1,0,'2024-12-26 18:06:59','2024-12-26 18:06:59');

--
-- Table structure for table `pages`
--

CREATE TABLE `pages` (
  `id` bigint unsigned NOT NULL AUTO_INCREMENT,
  `title` varchar(255) CHARACTER SET utf8mb4 COLLATE utf8mb4_unicode_ci NOT NULL,
  `slug` varchar(255) CHARACTER SET utf8mb4 COLLATE utf8mb4_unicode_ci NOT NULL,
  `description` text CHARACTER SET utf8mb4 COLLATE utf8mb4_unicode_ci,
  `content` longtext CHARACTER SET utf8mb4 COLLATE utf8mb4_unicode_ci,
  `thumbnail` varchar(255) CHARACTER SET utf8mb4 COLLATE utf8mb4_unicode_ci DEFAULT NULL,
  `user_id` bigint unsigned DEFAULT NULL,
  `is_activated` smallint NOT NULL DEFAULT '1',
  `is_deleted` smallint NOT NULL DEFAULT '0',
  `created_at` timestamp NULL DEFAULT NULL,
  `updated_at` timestamp NULL DEFAULT NULL,
  PRIMARY KEY (`id`),
  KEY `pages_user_id_foreign` (`user_id`)
) ENGINE=InnoDB DEFAULT CHARSET=utf8mb4 COLLATE=utf8mb4_unicode_ci;

--
-- Dumping data for table `pages`
--


--
-- Table structure for table `payments`
--

CREATE TABLE `payments` (
  `id` bigint unsigned NOT NULL AUTO_INCREMENT,
  `order_id` bigint unsigned DEFAULT NULL,
  `type` varchar(255) CHARACTER SET utf8mb4 COLLATE utf8mb4_unicode_ci DEFAULT '0',
  `provider` varchar(255) CHARACTER SET utf8mb4 COLLATE utf8mb4_unicode_ci NOT NULL,
  `payment_method` varchar(255) CHARACTER SET utf8mb4 COLLATE utf8mb4_unicode_ci DEFAULT NULL,
  `customer` varchar(255) CHARACTER SET utf8mb4 COLLATE utf8mb4_unicode_ci DEFAULT NULL,
  `funding` varchar(255) CHARACTER SET utf8mb4 COLLATE utf8mb4_unicode_ci DEFAULT NULL,
  `brand` varchar(255) CHARACTER SET utf8mb4 COLLATE utf8mb4_unicode_ci DEFAULT NULL,
  `network` varchar(255) CHARACTER SET utf8mb4 COLLATE utf8mb4_unicode_ci DEFAULT NULL,
  `country` varchar(255) CHARACTER SET utf8mb4 COLLATE utf8mb4_unicode_ci DEFAULT NULL,
  `last4` varchar(255) CHARACTER SET utf8mb4 COLLATE utf8mb4_unicode_ci DEFAULT NULL,
  `exp_month` varchar(255) CHARACTER SET utf8mb4 COLLATE utf8mb4_unicode_ci DEFAULT NULL,
  `exp_year` varchar(255) CHARACTER SET utf8mb4 COLLATE utf8mb4_unicode_ci DEFAULT NULL,
  `failure_code` varchar(255) CHARACTER SET utf8mb4 COLLATE utf8mb4_unicode_ci DEFAULT NULL,
  `failure_message` varchar(255) CHARACTER SET utf8mb4 COLLATE utf8mb4_unicode_ci DEFAULT NULL,
  `code` varchar(255) CHARACTER SET utf8mb4 COLLATE utf8mb4_unicode_ci NOT NULL,
  `total` double(15,3) DEFAULT NULL,
  `amount_captured` double(15,3) DEFAULT NULL,
  `amount_refunded` double(15,3) DEFAULT NULL,
  `application_fee` double(15,3) DEFAULT NULL,
  `application_fee_amount` double(15,3) DEFAULT NULL,
  `currency` varchar(255) CHARACTER SET utf8mb4 COLLATE utf8mb4_unicode_ci DEFAULT NULL,
  `content` longtext CHARACTER SET utf8mb4 COLLATE utf8mb4_unicode_ci,
  `customer_info` longtext CHARACTER SET utf8mb4 COLLATE utf8mb4_unicode_ci,
  `error_content` longtext CHARACTER SET utf8mb4 COLLATE utf8mb4_unicode_ci,
  `finished_at` datetime DEFAULT NULL,
  `status` smallint NOT NULL DEFAULT '0',
  `is_activated` smallint NOT NULL DEFAULT '1',
  `is_deleted` smallint NOT NULL DEFAULT '0',
  `created_at` timestamp NULL DEFAULT NULL,
  `updated_at` timestamp NULL DEFAULT NULL,
  PRIMARY KEY (`id`),
  KEY `payments_order_id_foreign` (`order_id`)
) ENGINE=InnoDB AUTO_INCREMENT=15 DEFAULT CHARSET=utf8mb4 COLLATE=utf8mb4_unicode_ci;

--
-- Dumping data for table `payments`
--

INSERT INTO `payments` VALUES (1,3,'card','txn_3P1Ww4Gflqg5ErCq0tLH918R','card_1P1Ww3Gflqg5ErCqzralNYdT','cus_PrFQaxcQSn48eN','credit','visa','visa','US','4242','5','2028',NULL,NULL,'ch_3P1Ww4Gflqg5ErCq0NuhEDia',11855.000,11855.000,0.000,NULL,NULL,'jpy','{\"id\":\"ch_3P1Ww4Gflqg5ErCq0NuhEDia\",\"object\":\"charge\",\"amount\":11855,\"amount_captured\":11855,\"amount_refunded\":0,\"application\":null,\"application_fee\":null,\"application_fee_amount\":null,\"balance_transaction\":\"txn_3P1Ww4Gflqg5ErCq0tLH918R\",\"billing_details\":{\"address\":{\"city\":null,\"country\":null,\"line1\":null,\"line2\":null,\"postal_code\":null,\"state\":null},\"email\":null,\"name\":null,\"phone\":null},\"calculated_statement_descriptor\":\"GXO STORE\",\"captured\":true,\"created\":1712162716,\"currency\":\"jpy\",\"customer\":\"cus_PrFQaxcQSn48eN\",\"description\":\"JISHODO\\u3067\\u30aa\\u30fc\\u30c0\\u30fc\\u30a4\\u30f3\\u30dc\\u30a4\\u30b9\\u756a\\u53f7#225628890281374\\u306e\\u652f\\u6255\\u3044\\u3002\",\"destination\":null,\"dispute\":null,\"disputed\":false,\"failure_balance_transaction\":null,\"failure_code\":null,\"failure_message\":null,\"fraud_details\":[],\"invoice\":null,\"livemode\":false,\"metadata\":[],\"on_behalf_of\":null,\"order\":null,\"outcome\":{\"network_status\":\"approved_by_network\",\"reason\":null,\"risk_level\":\"normal\",\"risk_score\":46,\"seller_message\":\"Payment complete.\",\"type\":\"authorized\"},\"paid\":true,\"payment_intent\":null,\"payment_method\":\"card_1P1Ww3Gflqg5ErCqzralNYdT\",\"payment_method_details\":{\"card\":{\"amount_authorized\":11855,\"brand\":\"visa\",\"checks\":{\"address_line1_check\":null,\"address_postal_code_check\":null,\"cvc_check\":\"pass\"},\"country\":\"US\",\"exp_month\":5,\"exp_year\":2028,\"extended_authorization\":{\"status\":\"disabled\"},\"fingerprint\":\"ZGtBIkatZ75QE8dS\",\"funding\":\"credit\",\"incremental_authorization\":{\"status\":\"unavailable\"},\"installments\":null,\"last4\":\"4242\",\"mandate\":null,\"multicapture\":{\"status\":\"unavailable\"},\"network\":\"visa\",\"network_token\":{\"used\":false},\"overcapture\":{\"maximum_amount_capturable\":11855,\"status\":\"unavailable\"},\"three_d_secure\":null,\"wallet\":null},\"type\":\"card\"},\"receipt_email\":null,\"receipt_number\":null,\"receipt_url\":\"https:\\/\\/pay.stripe.com\\/receipts\\/payment\\/CAcaFwoVYWNjdF8xRENlalRHZmxxZzVFckNxKJ2PtrAGMgZpGx4DJEQ6LBZ6TW4tBuGtq3nRFRXKqYFqF50j4TQKaUoLC0XwSwRZSS-lu93vj3WnieEk\",\"refunded\":false,\"refunds\":{\"object\":\"list\",\"data\":[],\"has_more\":false,\"total_count\":0,\"url\":\"\\/v1\\/charges\\/ch_3P1Ww4Gflqg5ErCq0NuhEDia\\/refunds\"},\"review\":null,\"shipping\":{\"address\":{\"city\":\"\\u79cb\\u7530\\u770c\",\"country\":\"JP\",\"line1\":\"\\u3012343 \\u79cb\\u7530\\u770c \\u795e\\u5948\\u5ddd\\u770c 232\",\"line2\":null,\"postal_code\":\"343\",\"state\":\"JP\"},\"carrier\":null,\"name\":\"2323 343\",\"phone\":null,\"tracking_number\":null},\"source\":{\"id\":\"card_1P1Ww3Gflqg5ErCqzralNYdT\",\"object\":\"card\",\"address_city\":null,\"address_country\":null,\"address_line1\":null,\"address_line1_check\":null,\"address_line2\":null,\"address_state\":null,\"address_zip\":null,\"address_zip_check\":null,\"brand\":\"Visa\",\"country\":\"US\",\"customer\":\"cus_PrFQaxcQSn48eN\",\"cvc_check\":\"pass\",\"dynamic_last4\":null,\"exp_month\":5,\"exp_year\":2028,\"fingerprint\":\"ZGtBIkatZ75QE8dS\",\"funding\":\"credit\",\"last4\":\"4242\",\"metadata\":[],\"name\":null,\"tokenization_method\":null,\"wallet\":null},\"source_transfer\":null,\"statement_descriptor\":null,\"statement_descriptor_suffix\":null,\"status\":\"succeeded\",\"transfer_data\":null,\"transfer_group\":null}','{\"id\":\"cus_PrFQaxcQSn48eN\",\"object\":\"customer\",\"account_balance\":0,\"address\":{\"city\":\"\\u79cb\\u7530\\u770c\",\"country\":\"JP\",\"line1\":\"\\u3012343 \\u79cb\\u7530\\u770c \\u795e\\u5948\\u5ddd\\u770c 232\",\"line2\":null,\"postal_code\":\"343\",\"state\":\"JP\"},\"balance\":0,\"created\":1712162715,\"currency\":null,\"default_currency\":null,\"default_source\":\"card_1P1Ww3Gflqg5ErCqzralNYdT\",\"delinquent\":false,\"description\":null,\"discount\":null,\"email\":\"admin@admin.dev\",\"invoice_prefix\":\"A0A5ABB4\",\"invoice_settings\":{\"custom_fields\":null,\"default_payment_method\":null,\"footer\":null,\"rendering_options\":null},\"livemode\":false,\"metadata\":[],\"name\":\"2323 343\",\"next_invoice_sequence\":1,\"phone\":null,\"preferred_locales\":[],\"shipping\":null,\"sources\":{\"object\":\"list\",\"data\":[{\"id\":\"card_1P1Ww3Gflqg5ErCqzralNYdT\",\"object\":\"card\",\"address_city\":null,\"address_country\":null,\"address_line1\":null,\"address_line1_check\":null,\"address_line2\":null,\"address_state\":null,\"address_zip\":null,\"address_zip_check\":null,\"brand\":\"Visa\",\"country\":\"US\",\"customer\":\"cus_PrFQaxcQSn48eN\",\"cvc_check\":\"pass\",\"dynamic_last4\":null,\"exp_month\":5,\"exp_year\":2028,\"fingerprint\":\"ZGtBIkatZ75QE8dS\",\"funding\":\"credit\",\"last4\":\"4242\",\"metadata\":[],\"name\":null,\"tokenization_method\":null,\"wallet\":null}],\"has_more\":false,\"total_count\":1,\"url\":\"\\/v1\\/customers\\/cus_PrFQaxcQSn48eN\\/sources\"},\"subscriptions\":{\"object\":\"list\",\"data\":[],\"has_more\":false,\"total_count\":0,\"url\":\"\\/v1\\/customers\\/cus_PrFQaxcQSn48eN\\/subscriptions\"},\"tax_exempt\":\"none\",\"tax_ids\":{\"object\":\"list\",\"data\":[],\"has_more\":false,\"total_count\":0,\"url\":\"\\/v1\\/customers\\/cus_PrFQaxcQSn48eN\\/tax_ids\"},\"tax_info\":null,\"tax_info_verification\":null,\"test_clock\":null}',NULL,'2024-04-03 16:45:16',1,1,0,'2024-04-03 09:45:17','2024-04-03 09:45:17'),(2,4,'card','txn_3POPOtGflqg5ErCq15K7MMu0','card_1POPOsGflqg5ErCqxxylpFj3','cus_QEtB4QqsjUMjQz','credit','visa','visa','US','4242','2','2027',NULL,NULL,'ch_3POPOtGflqg5ErCq1NVnF64k',10938.000,10938.000,0.000,NULL,NULL,'jpy','{\"id\":\"ch_3POPOtGflqg5ErCq1NVnF64k\",\"object\":\"charge\",\"amount\":10938,\"amount_captured\":10938,\"amount_refunded\":0,\"application\":null,\"application_fee\":null,\"application_fee_amount\":null,\"balance_transaction\":\"txn_3POPOtGflqg5ErCq15K7MMu0\",\"billing_details\":{\"address\":{\"city\":null,\"country\":null,\"line1\":null,\"line2\":null,\"postal_code\":null,\"state\":null},\"email\":null,\"name\":null,\"phone\":null},\"calculated_statement_descriptor\":\"GXO STORE\",\"captured\":true,\"created\":1717615295,\"currency\":\"jpy\",\"customer\":\"cus_QEtB4QqsjUMjQz\",\"description\":\"JISHODO\\u3067\\u30aa\\u30fc\\u30c0\\u30fc\\u30a4\\u30f3\\u30dc\\u30a4\\u30b9\\u756a\\u53f7#382343637211407\\u306e\\u652f\\u6255\\u3044\\u3002\",\"destination\":null,\"dispute\":null,\"disputed\":false,\"failure_balance_transaction\":null,\"failure_code\":null,\"failure_message\":null,\"fraud_details\":[],\"invoice\":null,\"livemode\":false,\"metadata\":[],\"on_behalf_of\":null,\"order\":null,\"outcome\":{\"network_status\":\"approved_by_network\",\"reason\":null,\"risk_level\":\"normal\",\"risk_score\":22,\"seller_message\":\"Payment complete.\",\"type\":\"authorized\"},\"paid\":true,\"payment_intent\":null,\"payment_method\":\"card_1POPOsGflqg5ErCqxxylpFj3\",\"payment_method_details\":{\"card\":{\"amount_authorized\":10938,\"brand\":\"visa\",\"checks\":{\"address_line1_check\":null,\"address_postal_code_check\":null,\"cvc_check\":\"pass\"},\"country\":\"US\",\"exp_month\":2,\"exp_year\":2027,\"extended_authorization\":{\"status\":\"disabled\"},\"fingerprint\":\"ZGtBIkatZ75QE8dS\",\"funding\":\"credit\",\"incremental_authorization\":{\"status\":\"unavailable\"},\"installments\":null,\"last4\":\"4242\",\"mandate\":null,\"multicapture\":{\"status\":\"unavailable\"},\"network\":\"visa\",\"network_token\":{\"used\":false},\"overcapture\":{\"maximum_amount_capturable\":10938,\"status\":\"unavailable\"},\"three_d_secure\":null,\"wallet\":null},\"type\":\"card\"},\"receipt_email\":null,\"receipt_number\":null,\"receipt_url\":\"https:\\/\\/pay.stripe.com\\/receipts\\/payment\\/CAcaFwoVYWNjdF8xRENlalRHZmxxZzVFckNxKMD1grMGMgZ4RqBxzPs6LBbeN9k4ndYPe2JIpdVN8rvfSXZT1n_MX7gkFbNR6Bfoomb1rkDHre4QASxF\",\"refunded\":false,\"refunds\":{\"object\":\"list\",\"data\":[],\"has_more\":false,\"total_count\":0,\"url\":\"\\/v1\\/charges\\/ch_3POPOtGflqg5ErCq1NVnF64k\\/refunds\"},\"review\":null,\"shipping\":{\"address\":{\"city\":\"\\u9752\\u68ee\\u770c\",\"country\":\"JP\",\"line1\":\"\\u301223232343 \\u9752\\u68ee\\u770c \\u5c71\\u5f62\\u770c 454544\",\"line2\":null,\"postal_code\":\"23232343\",\"state\":\"JP\"},\"carrier\":null,\"name\":\"232 34\",\"phone\":null,\"tracking_number\":null},\"source\":{\"id\":\"card_1POPOsGflqg5ErCqxxylpFj3\",\"object\":\"card\",\"address_city\":null,\"address_country\":null,\"address_line1\":null,\"address_line1_check\":null,\"address_line2\":null,\"address_state\":null,\"address_zip\":null,\"address_zip_check\":null,\"brand\":\"Visa\",\"country\":\"US\",\"customer\":\"cus_QEtB4QqsjUMjQz\",\"cvc_check\":\"pass\",\"dynamic_last4\":null,\"exp_month\":2,\"exp_year\":2027,\"fingerprint\":\"ZGtBIkatZ75QE8dS\",\"funding\":\"credit\",\"last4\":\"4242\",\"metadata\":[],\"name\":null,\"tokenization_method\":null,\"wallet\":null},\"source_transfer\":null,\"statement_descriptor\":null,\"statement_descriptor_suffix\":null,\"status\":\"succeeded\",\"transfer_data\":null,\"transfer_group\":null}','{\"id\":\"cus_QEtB4QqsjUMjQz\",\"object\":\"customer\",\"account_balance\":0,\"address\":{\"city\":\"\\u9752\\u68ee\\u770c\",\"country\":\"JP\",\"line1\":\"\\u301223232343 \\u9752\\u68ee\\u770c \\u5c71\\u5f62\\u770c 454544\",\"line2\":null,\"postal_code\":\"23232343\",\"state\":\"JP\"},\"balance\":0,\"created\":1717615295,\"currency\":null,\"default_currency\":null,\"default_source\":\"card_1POPOsGflqg5ErCqxxylpFj3\",\"delinquent\":false,\"description\":null,\"discount\":null,\"email\":\"user@admin.dev\",\"invoice_prefix\":\"F812F70B\",\"invoice_settings\":{\"custom_fields\":null,\"default_payment_method\":null,\"footer\":null,\"rendering_options\":null},\"livemode\":false,\"metadata\":[],\"name\":\"232 34\",\"next_invoice_sequence\":1,\"phone\":null,\"preferred_locales\":[],\"shipping\":null,\"sources\":{\"object\":\"list\",\"data\":[{\"id\":\"card_1POPOsGflqg5ErCqxxylpFj3\",\"object\":\"card\",\"address_city\":null,\"address_country\":null,\"address_line1\":null,\"address_line1_check\":null,\"address_line2\":null,\"address_state\":null,\"address_zip\":null,\"address_zip_check\":null,\"brand\":\"Visa\",\"country\":\"US\",\"customer\":\"cus_QEtB4QqsjUMjQz\",\"cvc_check\":\"pass\",\"dynamic_last4\":null,\"exp_month\":2,\"exp_year\":2027,\"fingerprint\":\"ZGtBIkatZ75QE8dS\",\"funding\":\"credit\",\"last4\":\"4242\",\"metadata\":[],\"name\":null,\"tokenization_method\":null,\"wallet\":null}],\"has_more\":false,\"total_count\":1,\"url\":\"\\/v1\\/customers\\/cus_QEtB4QqsjUMjQz\\/sources\"},\"subscriptions\":{\"object\":\"list\",\"data\":[],\"has_more\":false,\"total_count\":0,\"url\":\"\\/v1\\/customers\\/cus_QEtB4QqsjUMjQz\\/subscriptions\"},\"tax_exempt\":\"none\",\"tax_ids\":{\"object\":\"list\",\"data\":[],\"has_more\":false,\"total_count\":0,\"url\":\"\\/v1\\/customers\\/cus_QEtB4QqsjUMjQz\\/tax_ids\"},\"tax_info\":null,\"tax_info_verification\":null,\"test_clock\":null}',NULL,'2024-06-05 19:21:35',1,1,0,'2024-06-05 12:21:36','2024-06-05 12:21:36'),(3,5,'card','txn_3POPVTGflqg5ErCq1AkRlxGd','card_1POPVRGflqg5ErCqBzDSYbsw','cus_QEtIIFGdwp4TZc','credit','visa','visa','US','4242','4','2028',NULL,NULL,'ch_3POPVTGflqg5ErCq1xNh2tJY',11367.000,11367.000,0.000,NULL,NULL,'jpy','{\"id\":\"ch_3POPVTGflqg5ErCq1xNh2tJY\",\"object\":\"charge\",\"amount\":11367,\"amount_captured\":11367,\"amount_refunded\":0,\"application\":null,\"application_fee\":null,\"application_fee_amount\":null,\"balance_transaction\":\"txn_3POPVTGflqg5ErCq1AkRlxGd\",\"billing_details\":{\"address\":{\"city\":null,\"country\":null,\"line1\":null,\"line2\":null,\"postal_code\":null,\"state\":null},\"email\":null,\"name\":null,\"phone\":null},\"calculated_statement_descriptor\":\"GXO STORE\",\"captured\":true,\"created\":1717615703,\"currency\":\"jpy\",\"customer\":\"cus_QEtIIFGdwp4TZc\",\"description\":\"JISHODO\\u3067\\u30aa\\u30fc\\u30c0\\u30fc\\u30a4\\u30f3\\u30dc\\u30a4\\u30b9\\u756a\\u53f7#798895995983502\\u306e\\u652f\\u6255\\u3044\\u3002\",\"destination\":null,\"dispute\":null,\"disputed\":false,\"failure_balance_transaction\":null,\"failure_code\":null,\"failure_message\":null,\"fraud_details\":[],\"invoice\":null,\"livemode\":false,\"metadata\":[],\"on_behalf_of\":null,\"order\":null,\"outcome\":{\"network_status\":\"approved_by_network\",\"reason\":null,\"risk_level\":\"normal\",\"risk_score\":11,\"seller_message\":\"Payment complete.\",\"type\":\"authorized\"},\"paid\":true,\"payment_intent\":null,\"payment_method\":\"card_1POPVRGflqg5ErCqBzDSYbsw\",\"payment_method_details\":{\"card\":{\"amount_authorized\":11367,\"brand\":\"visa\",\"checks\":{\"address_line1_check\":null,\"address_postal_code_check\":null,\"cvc_check\":\"pass\"},\"country\":\"US\",\"exp_month\":4,\"exp_year\":2028,\"extended_authorization\":{\"status\":\"disabled\"},\"fingerprint\":\"ZGtBIkatZ75QE8dS\",\"funding\":\"credit\",\"incremental_authorization\":{\"status\":\"unavailable\"},\"installments\":null,\"last4\":\"4242\",\"mandate\":null,\"multicapture\":{\"status\":\"unavailable\"},\"network\":\"visa\",\"network_token\":{\"used\":false},\"overcapture\":{\"maximum_amount_capturable\":11367,\"status\":\"unavailable\"},\"three_d_secure\":null,\"wallet\":null},\"type\":\"card\"},\"receipt_email\":null,\"receipt_number\":null,\"receipt_url\":\"https:\\/\\/pay.stripe.com\\/receipts\\/payment\\/CAcaFwoVYWNjdF8xRENlalRHZmxxZzVFckNxKNf4grMGMgagneFY4Ag6LBa7ORbrmNBvYMbylCws6J-ELSC4VD9T7J_At_W07LT7xEGHzjqasMK-8gvF\",\"refunded\":false,\"refunds\":{\"object\":\"list\",\"data\":[],\"has_more\":false,\"total_count\":0,\"url\":\"\\/v1\\/charges\\/ch_3POPVTGflqg5ErCq1xNh2tJY\\/refunds\"},\"review\":null,\"shipping\":{\"address\":{\"city\":\"\\u5317\\u6d77\\u9053\",\"country\":\"JP\",\"line1\":\"\\u301223232343 \\u5317\\u6d77\\u9053 \\u5c71\\u5f62\\u770c 454544\",\"line2\":null,\"postal_code\":\"23232343\",\"state\":\"JP\"},\"carrier\":null,\"name\":\"232 45\",\"phone\":null,\"tracking_number\":null},\"source\":{\"id\":\"card_1POPVRGflqg5ErCqBzDSYbsw\",\"object\":\"card\",\"address_city\":null,\"address_country\":null,\"address_line1\":null,\"address_line1_check\":null,\"address_line2\":null,\"address_state\":null,\"address_zip\":null,\"address_zip_check\":null,\"brand\":\"Visa\",\"country\":\"US\",\"customer\":\"cus_QEtIIFGdwp4TZc\",\"cvc_check\":\"pass\",\"dynamic_last4\":null,\"exp_month\":4,\"exp_year\":2028,\"fingerprint\":\"ZGtBIkatZ75QE8dS\",\"funding\":\"credit\",\"last4\":\"4242\",\"metadata\":[],\"name\":null,\"tokenization_method\":null,\"wallet\":null},\"source_transfer\":null,\"statement_descriptor\":null,\"statement_descriptor_suffix\":null,\"status\":\"succeeded\",\"transfer_data\":null,\"transfer_group\":null}','{\"id\":\"cus_QEtIIFGdwp4TZc\",\"object\":\"customer\",\"account_balance\":0,\"address\":{\"city\":\"\\u5317\\u6d77\\u9053\",\"country\":\"JP\",\"line1\":\"\\u301223232343 \\u5317\\u6d77\\u9053 \\u5c71\\u5f62\\u770c 454544\",\"line2\":null,\"postal_code\":\"23232343\",\"state\":\"JP\"},\"balance\":0,\"created\":1717615702,\"currency\":null,\"default_currency\":null,\"default_source\":\"card_1POPVRGflqg5ErCqBzDSYbsw\",\"delinquent\":false,\"description\":null,\"discount\":null,\"email\":\"user@admin.dev\",\"invoice_prefix\":\"F6AB921A\",\"invoice_settings\":{\"custom_fields\":null,\"default_payment_method\":null,\"footer\":null,\"rendering_options\":null},\"livemode\":false,\"metadata\":[],\"name\":\"232 45\",\"next_invoice_sequence\":1,\"phone\":null,\"preferred_locales\":[],\"shipping\":null,\"sources\":{\"object\":\"list\",\"data\":[{\"id\":\"card_1POPVRGflqg5ErCqBzDSYbsw\",\"object\":\"card\",\"address_city\":null,\"address_country\":null,\"address_line1\":null,\"address_line1_check\":null,\"address_line2\":null,\"address_state\":null,\"address_zip\":null,\"address_zip_check\":null,\"brand\":\"Visa\",\"country\":\"US\",\"customer\":\"cus_QEtIIFGdwp4TZc\",\"cvc_check\":\"pass\",\"dynamic_last4\":null,\"exp_month\":4,\"exp_year\":2028,\"fingerprint\":\"ZGtBIkatZ75QE8dS\",\"funding\":\"credit\",\"last4\":\"4242\",\"metadata\":[],\"name\":null,\"tokenization_method\":null,\"wallet\":null}],\"has_more\":false,\"total_count\":1,\"url\":\"\\/v1\\/customers\\/cus_QEtIIFGdwp4TZc\\/sources\"},\"subscriptions\":{\"object\":\"list\",\"data\":[],\"has_more\":false,\"total_count\":0,\"url\":\"\\/v1\\/customers\\/cus_QEtIIFGdwp4TZc\\/subscriptions\"},\"tax_exempt\":\"none\",\"tax_ids\":{\"object\":\"list\",\"data\":[],\"has_more\":false,\"total_count\":0,\"url\":\"\\/v1\\/customers\\/cus_QEtIIFGdwp4TZc\\/tax_ids\"},\"tax_info\":null,\"tax_info_verification\":null,\"test_clock\":null}',NULL,'2024-06-05 19:28:23',1,1,0,'2024-06-05 12:28:23','2024-06-05 12:28:23'),(4,7,'card','txn_3PUQZWGflqg5ErCq1gsPmxgY','card_1PUQZVGflqg5ErCqusmBARTk','cus_QL6najtKNKBNeT','credit','visa','visa','US','4242','5','2028',NULL,NULL,'ch_3PUQZWGflqg5ErCq1tphXmPZ',33000.000,33000.000,0.000,NULL,NULL,'jpy','{\"id\":\"ch_3PUQZWGflqg5ErCq1tphXmPZ\",\"object\":\"charge\",\"amount\":33000,\"amount_captured\":33000,\"amount_refunded\":0,\"application\":null,\"application_fee\":null,\"application_fee_amount\":null,\"balance_transaction\":\"txn_3PUQZWGflqg5ErCq1gsPmxgY\",\"billing_details\":{\"address\":{\"city\":null,\"country\":null,\"line1\":null,\"line2\":null,\"postal_code\":null,\"state\":null},\"email\":null,\"name\":null,\"phone\":null},\"calculated_statement_descriptor\":\"GXO STORE\",\"captured\":true,\"created\":1719049766,\"currency\":\"jpy\",\"customer\":\"cus_QL6najtKNKBNeT\",\"description\":\"JISHODO\\u3067\\u30aa\\u30fc\\u30c0\\u30fc\\u30a4\\u30f3\\u30dc\\u30a4\\u30b9\\u756a\\u53f7#283427391965972\\u306e\\u652f\\u6255\\u3044\\u3002\",\"destination\":null,\"dispute\":null,\"disputed\":false,\"failure_balance_transaction\":null,\"failure_code\":null,\"failure_message\":null,\"fraud_details\":[],\"invoice\":null,\"livemode\":false,\"metadata\":[],\"on_behalf_of\":null,\"order\":null,\"outcome\":{\"network_status\":\"approved_by_network\",\"reason\":null,\"risk_level\":\"normal\",\"risk_score\":44,\"seller_message\":\"Payment complete.\",\"type\":\"authorized\"},\"paid\":true,\"payment_intent\":null,\"payment_method\":\"card_1PUQZVGflqg5ErCqusmBARTk\",\"payment_method_details\":{\"card\":{\"amount_authorized\":33000,\"brand\":\"visa\",\"checks\":{\"address_line1_check\":null,\"address_postal_code_check\":null,\"cvc_check\":\"pass\"},\"country\":\"US\",\"exp_month\":5,\"exp_year\":2028,\"extended_authorization\":{\"status\":\"disabled\"},\"fingerprint\":\"ZGtBIkatZ75QE8dS\",\"funding\":\"credit\",\"incremental_authorization\":{\"status\":\"unavailable\"},\"installments\":null,\"last4\":\"4242\",\"mandate\":null,\"multicapture\":{\"status\":\"unavailable\"},\"network\":\"visa\",\"network_token\":{\"used\":false},\"overcapture\":{\"maximum_amount_capturable\":33000,\"status\":\"unavailable\"},\"three_d_secure\":null,\"wallet\":null},\"type\":\"card\"},\"receipt_email\":null,\"receipt_number\":null,\"receipt_url\":\"https:\\/\\/pay.stripe.com\\/receipts\\/payment\\/CAcaFwoVYWNjdF8xRENlalRHZmxxZzVFckNxKKe82rMGMgZv8zMKotU6LBYVN6GlGHi3E06Hn_Lo5FHh4n7gxpih0rlOgE2xHATREqeMmmjWILGUlh4n\",\"refunded\":false,\"refunds\":{\"object\":\"list\",\"data\":[],\"has_more\":false,\"total_count\":0,\"url\":\"\\/v1\\/charges\\/ch_3PUQZWGflqg5ErCq1tphXmPZ\\/refunds\"},\"review\":null,\"shipping\":{\"address\":{\"city\":\"\\u5ca9\\u624b\\u770c\",\"country\":\"JP\",\"line1\":\"\\u30121000001 \\u5ca9\\u624b\\u770c \\u5c71\\u5f62\\u770c 2323\",\"line2\":null,\"postal_code\":\"1000001\",\"state\":\"JP\"},\"carrier\":null,\"name\":\"23232 232\",\"phone\":null,\"tracking_number\":null},\"source\":{\"id\":\"card_1PUQZVGflqg5ErCqusmBARTk\",\"object\":\"card\",\"address_city\":null,\"address_country\":null,\"address_line1\":null,\"address_line1_check\":null,\"address_line2\":null,\"address_state\":null,\"address_zip\":null,\"address_zip_check\":null,\"brand\":\"Visa\",\"country\":\"US\",\"customer\":\"cus_QL6najtKNKBNeT\",\"cvc_check\":\"pass\",\"dynamic_last4\":null,\"exp_month\":5,\"exp_year\":2028,\"fingerprint\":\"ZGtBIkatZ75QE8dS\",\"funding\":\"credit\",\"last4\":\"4242\",\"metadata\":[],\"name\":null,\"tokenization_method\":null,\"wallet\":null},\"source_transfer\":null,\"statement_descriptor\":null,\"statement_descriptor_suffix\":null,\"status\":\"succeeded\",\"transfer_data\":null,\"transfer_group\":null}','{\"id\":\"cus_QL6najtKNKBNeT\",\"object\":\"customer\",\"account_balance\":0,\"address\":{\"city\":\"\\u5ca9\\u624b\\u770c\",\"country\":\"JP\",\"line1\":\"\\u30121000001 \\u5ca9\\u624b\\u770c \\u5c71\\u5f62\\u770c 2323\",\"line2\":null,\"postal_code\":\"1000001\",\"state\":\"JP\"},\"balance\":0,\"created\":1719049765,\"currency\":null,\"default_currency\":null,\"default_source\":\"card_1PUQZVGflqg5ErCqusmBARTk\",\"delinquent\":false,\"description\":null,\"discount\":null,\"email\":\"user@admin.dev\",\"invoice_prefix\":\"F947AD1D\",\"invoice_settings\":{\"custom_fields\":null,\"default_payment_method\":null,\"footer\":null,\"rendering_options\":null},\"livemode\":false,\"metadata\":[],\"name\":\"23232 232\",\"next_invoice_sequence\":1,\"phone\":null,\"preferred_locales\":[],\"shipping\":null,\"sources\":{\"object\":\"list\",\"data\":[{\"id\":\"card_1PUQZVGflqg5ErCqusmBARTk\",\"object\":\"card\",\"address_city\":null,\"address_country\":null,\"address_line1\":null,\"address_line1_check\":null,\"address_line2\":null,\"address_state\":null,\"address_zip\":null,\"address_zip_check\":null,\"brand\":\"Visa\",\"country\":\"US\",\"customer\":\"cus_QL6najtKNKBNeT\",\"cvc_check\":\"pass\",\"dynamic_last4\":null,\"exp_month\":5,\"exp_year\":2028,\"fingerprint\":\"ZGtBIkatZ75QE8dS\",\"funding\":\"credit\",\"last4\":\"4242\",\"metadata\":[],\"name\":null,\"tokenization_method\":null,\"wallet\":null}],\"has_more\":false,\"total_count\":1,\"url\":\"\\/v1\\/customers\\/cus_QL6najtKNKBNeT\\/sources\"},\"subscriptions\":{\"object\":\"list\",\"data\":[],\"has_more\":false,\"total_count\":0,\"url\":\"\\/v1\\/customers\\/cus_QL6najtKNKBNeT\\/subscriptions\"},\"tax_exempt\":\"none\",\"tax_ids\":{\"object\":\"list\",\"data\":[],\"has_more\":false,\"total_count\":0,\"url\":\"\\/v1\\/customers\\/cus_QL6najtKNKBNeT\\/tax_ids\"},\"tax_info\":null,\"tax_info_verification\":null,\"test_clock\":null}',NULL,'2024-06-22 09:49:26',1,1,0,'2024-06-22 02:49:27','2024-06-22 02:49:27'),(5,8,'card','txn_3PUuf4Gflqg5ErCq1S9ZqvBH','card_1PUuf3Gflqg5ErCqIx8K0LKD','cus_QLbs762JVscDQT','credit','visa','visa','US','4242','7','2027',NULL,NULL,'ch_3PUuf4Gflqg5ErCq1RhNYNoY',23100.000,23100.000,0.000,NULL,NULL,'jpy','{\"id\":\"ch_3PUuf4Gflqg5ErCq1RhNYNoY\",\"object\":\"charge\",\"amount\":23100,\"amount_captured\":23100,\"amount_refunded\":0,\"application\":null,\"application_fee\":null,\"application_fee_amount\":null,\"balance_transaction\":\"txn_3PUuf4Gflqg5ErCq1S9ZqvBH\",\"billing_details\":{\"address\":{\"city\":null,\"country\":null,\"line1\":null,\"line2\":null,\"postal_code\":null,\"state\":null},\"email\":null,\"name\":null,\"phone\":null},\"calculated_statement_descriptor\":\"GXO STORE\",\"captured\":true,\"created\":1719165430,\"currency\":\"jpy\",\"customer\":\"cus_QLbs762JVscDQT\",\"description\":\"JISHODO\\u3067\\u30aa\\u30fc\\u30c0\\u30fc\\u30a4\\u30f3\\u30dc\\u30a4\\u30b9\\u756a\\u53f7#978869160992778\\u306e\\u652f\\u6255\\u3044\\u3002\",\"destination\":null,\"dispute\":null,\"disputed\":false,\"failure_balance_transaction\":null,\"failure_code\":null,\"failure_message\":null,\"fraud_details\":[],\"invoice\":null,\"livemode\":false,\"metadata\":[],\"on_behalf_of\":null,\"order\":null,\"outcome\":{\"network_status\":\"approved_by_network\",\"reason\":null,\"risk_level\":\"normal\",\"risk_score\":15,\"seller_message\":\"Payment complete.\",\"type\":\"authorized\"},\"paid\":true,\"payment_intent\":null,\"payment_method\":\"card_1PUuf3Gflqg5ErCqIx8K0LKD\",\"payment_method_details\":{\"card\":{\"amount_authorized\":23100,\"brand\":\"visa\",\"checks\":{\"address_line1_check\":null,\"address_postal_code_check\":null,\"cvc_check\":\"pass\"},\"country\":\"US\",\"exp_month\":7,\"exp_year\":2027,\"extended_authorization\":{\"status\":\"disabled\"},\"fingerprint\":\"ZGtBIkatZ75QE8dS\",\"funding\":\"credit\",\"incremental_authorization\":{\"status\":\"unavailable\"},\"installments\":null,\"last4\":\"4242\",\"mandate\":null,\"multicapture\":{\"status\":\"unavailable\"},\"network\":\"visa\",\"network_token\":{\"used\":false},\"overcapture\":{\"maximum_amount_capturable\":23100,\"status\":\"unavailable\"},\"three_d_secure\":null,\"wallet\":null},\"type\":\"card\"},\"receipt_email\":null,\"receipt_number\":null,\"receipt_url\":\"https:\\/\\/pay.stripe.com\\/receipts\\/payment\\/CAcaFwoVYWNjdF8xRENlalRHZmxxZzVFckNxKPfD4bMGMgZOVljrwWY6LBbsl_Id2E-glncP2EiBaF8gPEs2JP0vyKrbPyvf-Ij6KBhrCMKX6Ll5DReh\",\"refunded\":false,\"refunds\":{\"object\":\"list\",\"data\":[],\"has_more\":false,\"total_count\":0,\"url\":\"\\/v1\\/charges\\/ch_3PUuf4Gflqg5ErCq1RhNYNoY\\/refunds\"},\"review\":null,\"shipping\":{\"address\":{\"city\":\"\\u79cb\\u7530\\u770c\",\"country\":\"JP\",\"line1\":\"\\u301234 \\u79cb\\u7530\\u770c \\u795e\\u5948\\u5ddd\\u770c 3434\",\"line2\":null,\"postal_code\":\"34\",\"state\":\"JP\"},\"carrier\":null,\"name\":\"2323 34\",\"phone\":null,\"tracking_number\":null},\"source\":{\"id\":\"card_1PUuf3Gflqg5ErCqIx8K0LKD\",\"object\":\"card\",\"address_city\":null,\"address_country\":null,\"address_line1\":null,\"address_line1_check\":null,\"address_line2\":null,\"address_state\":null,\"address_zip\":null,\"address_zip_check\":null,\"brand\":\"Visa\",\"country\":\"US\",\"customer\":\"cus_QLbs762JVscDQT\",\"cvc_check\":\"pass\",\"dynamic_last4\":null,\"exp_month\":7,\"exp_year\":2027,\"fingerprint\":\"ZGtBIkatZ75QE8dS\",\"funding\":\"credit\",\"last4\":\"4242\",\"metadata\":[],\"name\":null,\"tokenization_method\":null,\"wallet\":null},\"source_transfer\":null,\"statement_descriptor\":null,\"statement_descriptor_suffix\":null,\"status\":\"succeeded\",\"transfer_data\":null,\"transfer_group\":null}','{\"id\":\"cus_QLbs762JVscDQT\",\"object\":\"customer\",\"account_balance\":0,\"address\":{\"city\":\"\\u79cb\\u7530\\u770c\",\"country\":\"JP\",\"line1\":\"\\u301234 \\u79cb\\u7530\\u770c \\u795e\\u5948\\u5ddd\\u770c 3434\",\"line2\":null,\"postal_code\":\"34\",\"state\":\"JP\"},\"balance\":0,\"created\":1719165430,\"currency\":null,\"default_currency\":null,\"default_source\":\"card_1PUuf3Gflqg5ErCqIx8K0LKD\",\"delinquent\":false,\"description\":null,\"discount\":null,\"email\":\"admin@admin.dev\",\"invoice_prefix\":\"B3237BD0\",\"invoice_settings\":{\"custom_fields\":null,\"default_payment_method\":null,\"footer\":null,\"rendering_options\":null},\"livemode\":false,\"metadata\":[],\"name\":\"2323 34\",\"next_invoice_sequence\":1,\"phone\":null,\"preferred_locales\":[],\"shipping\":null,\"sources\":{\"object\":\"list\",\"data\":[{\"id\":\"card_1PUuf3Gflqg5ErCqIx8K0LKD\",\"object\":\"card\",\"address_city\":null,\"address_country\":null,\"address_line1\":null,\"address_line1_check\":null,\"address_line2\":null,\"address_state\":null,\"address_zip\":null,\"address_zip_check\":null,\"brand\":\"Visa\",\"country\":\"US\",\"customer\":\"cus_QLbs762JVscDQT\",\"cvc_check\":\"pass\",\"dynamic_last4\":null,\"exp_month\":7,\"exp_year\":2027,\"fingerprint\":\"ZGtBIkatZ75QE8dS\",\"funding\":\"credit\",\"last4\":\"4242\",\"metadata\":[],\"name\":null,\"tokenization_method\":null,\"wallet\":null}],\"has_more\":false,\"total_count\":1,\"url\":\"\\/v1\\/customers\\/cus_QLbs762JVscDQT\\/sources\"},\"subscriptions\":{\"object\":\"list\",\"data\":[],\"has_more\":false,\"total_count\":0,\"url\":\"\\/v1\\/customers\\/cus_QLbs762JVscDQT\\/subscriptions\"},\"tax_exempt\":\"none\",\"tax_ids\":{\"object\":\"list\",\"data\":[],\"has_more\":false,\"total_count\":0,\"url\":\"\\/v1\\/customers\\/cus_QLbs762JVscDQT\\/tax_ids\"},\"tax_info\":null,\"tax_info_verification\":null,\"test_clock\":null}',NULL,'2024-06-23 17:57:10',1,1,0,'2024-06-23 10:57:11','2024-06-23 10:57:11'),(6,11,'card','txn_3PUvCpGflqg5ErCq0z50QRbz','card_1PUvCnGflqg5ErCqFwvjp2Al','cus_QLcRGEyqFNjvuo','credit','visa','visa','US','4242','7','2028',NULL,NULL,'ch_3PUvCpGflqg5ErCq0y9b0X81',34650.000,34650.000,0.000,NULL,NULL,'jpy','{\"id\":\"ch_3PUvCpGflqg5ErCq0y9b0X81\",\"object\":\"charge\",\"amount\":34650,\"amount_captured\":34650,\"amount_refunded\":0,\"application\":null,\"application_fee\":null,\"application_fee_amount\":null,\"balance_transaction\":\"txn_3PUvCpGflqg5ErCq0z50QRbz\",\"billing_details\":{\"address\":{\"city\":null,\"country\":null,\"line1\":null,\"line2\":null,\"postal_code\":null,\"state\":null},\"email\":null,\"name\":null,\"phone\":null},\"calculated_statement_descriptor\":\"GXO STORE\",\"captured\":true,\"created\":1719167523,\"currency\":\"jpy\",\"customer\":\"cus_QLcRGEyqFNjvuo\",\"description\":\"JISHODO\\u3067\\u30aa\\u30fc\\u30c0\\u30fc\\u30a4\\u30f3\\u30dc\\u30a4\\u30b9\\u756a\\u53f7#284043579188310\\u306e\\u652f\\u6255\\u3044\\u3002\",\"destination\":null,\"dispute\":null,\"disputed\":false,\"failure_balance_transaction\":null,\"failure_code\":null,\"failure_message\":null,\"fraud_details\":[],\"invoice\":null,\"livemode\":false,\"metadata\":[],\"on_behalf_of\":null,\"order\":null,\"outcome\":{\"network_status\":\"approved_by_network\",\"reason\":null,\"risk_level\":\"normal\",\"risk_score\":47,\"seller_message\":\"Payment complete.\",\"type\":\"authorized\"},\"paid\":true,\"payment_intent\":null,\"payment_method\":\"card_1PUvCnGflqg5ErCqFwvjp2Al\",\"payment_method_details\":{\"card\":{\"amount_authorized\":34650,\"brand\":\"visa\",\"checks\":{\"address_line1_check\":null,\"address_postal_code_check\":null,\"cvc_check\":\"pass\"},\"country\":\"US\",\"exp_month\":7,\"exp_year\":2028,\"extended_authorization\":{\"status\":\"disabled\"},\"fingerprint\":\"ZGtBIkatZ75QE8dS\",\"funding\":\"credit\",\"incremental_authorization\":{\"status\":\"unavailable\"},\"installments\":null,\"last4\":\"4242\",\"mandate\":null,\"multicapture\":{\"status\":\"unavailable\"},\"network\":\"visa\",\"network_token\":{\"used\":false},\"overcapture\":{\"maximum_amount_capturable\":34650,\"status\":\"unavailable\"},\"three_d_secure\":null,\"wallet\":null},\"type\":\"card\"},\"receipt_email\":null,\"receipt_number\":null,\"receipt_url\":\"https:\\/\\/pay.stripe.com\\/receipts\\/payment\\/CAcaFwoVYWNjdF8xRENlalRHZmxxZzVFckNxKKPU4bMGMgZhmW1eTgE6LBaBwT9c9YD25_ym3jwuBRtw408Lbop3dt2XVDkfNHW_kx0Ts-rpRglbVWKw\",\"refunded\":false,\"refunds\":{\"object\":\"list\",\"data\":[],\"has_more\":false,\"total_count\":0,\"url\":\"\\/v1\\/charges\\/ch_3PUvCpGflqg5ErCq0y9b0X81\\/refunds\"},\"review\":null,\"shipping\":{\"address\":{\"city\":\"\\u5317\\u6d77\\u9053\",\"country\":\"JP\",\"line1\":\"\\u301223232 \\u5317\\u6d77\\u9053 \\u795e\\u5948\\u5ddd\\u770c 23232\",\"line2\":null,\"postal_code\":\"23232\",\"state\":\"JP\"},\"carrier\":null,\"name\":\"232 23\",\"phone\":null,\"tracking_number\":null},\"source\":{\"id\":\"card_1PUvCnGflqg5ErCqFwvjp2Al\",\"object\":\"card\",\"address_city\":null,\"address_country\":null,\"address_line1\":null,\"address_line1_check\":null,\"address_line2\":null,\"address_state\":null,\"address_zip\":null,\"address_zip_check\":null,\"brand\":\"Visa\",\"country\":\"US\",\"customer\":\"cus_QLcRGEyqFNjvuo\",\"cvc_check\":\"pass\",\"dynamic_last4\":null,\"exp_month\":7,\"exp_year\":2028,\"fingerprint\":\"ZGtBIkatZ75QE8dS\",\"funding\":\"credit\",\"last4\":\"4242\",\"metadata\":[],\"name\":null,\"tokenization_method\":null,\"wallet\":null},\"source_transfer\":null,\"statement_descriptor\":null,\"statement_descriptor_suffix\":null,\"status\":\"succeeded\",\"transfer_data\":null,\"transfer_group\":null}','{\"id\":\"cus_QLcRGEyqFNjvuo\",\"object\":\"customer\",\"account_balance\":0,\"address\":{\"city\":\"\\u5317\\u6d77\\u9053\",\"country\":\"JP\",\"line1\":\"\\u301223232 \\u5317\\u6d77\\u9053 \\u795e\\u5948\\u5ddd\\u770c 23232\",\"line2\":null,\"postal_code\":\"23232\",\"state\":\"JP\"},\"balance\":0,\"created\":1719167522,\"currency\":null,\"default_currency\":null,\"default_source\":\"card_1PUvCnGflqg5ErCqFwvjp2Al\",\"delinquent\":false,\"description\":null,\"discount\":null,\"email\":\"admin@admin.dev\",\"invoice_prefix\":\"E3B9B8AE\",\"invoice_settings\":{\"custom_fields\":null,\"default_payment_method\":null,\"footer\":null,\"rendering_options\":null},\"livemode\":false,\"metadata\":[],\"name\":\"232 23\",\"next_invoice_sequence\":1,\"phone\":null,\"preferred_locales\":[],\"shipping\":null,\"sources\":{\"object\":\"list\",\"data\":[{\"id\":\"card_1PUvCnGflqg5ErCqFwvjp2Al\",\"object\":\"card\",\"address_city\":null,\"address_country\":null,\"address_line1\":null,\"address_line1_check\":null,\"address_line2\":null,\"address_state\":null,\"address_zip\":null,\"address_zip_check\":null,\"brand\":\"Visa\",\"country\":\"US\",\"customer\":\"cus_QLcRGEyqFNjvuo\",\"cvc_check\":\"pass\",\"dynamic_last4\":null,\"exp_month\":7,\"exp_year\":2028,\"fingerprint\":\"ZGtBIkatZ75QE8dS\",\"funding\":\"credit\",\"last4\":\"4242\",\"metadata\":[],\"name\":null,\"tokenization_method\":null,\"wallet\":null}],\"has_more\":false,\"total_count\":1,\"url\":\"\\/v1\\/customers\\/cus_QLcRGEyqFNjvuo\\/sources\"},\"subscriptions\":{\"object\":\"list\",\"data\":[],\"has_more\":false,\"total_count\":0,\"url\":\"\\/v1\\/customers\\/cus_QLcRGEyqFNjvuo\\/subscriptions\"},\"tax_exempt\":\"none\",\"tax_ids\":{\"object\":\"list\",\"data\":[],\"has_more\":false,\"total_count\":0,\"url\":\"\\/v1\\/customers\\/cus_QLcRGEyqFNjvuo\\/tax_ids\"},\"tax_info\":null,\"tax_info_verification\":null,\"test_clock\":null}',NULL,'2024-06-23 18:32:03',1,1,0,'2024-06-23 11:32:04','2024-06-23 11:32:04'),(7,12,'card','txn_3PUvzbGflqg5ErCq0Ql5ufoB','card_1PUvzaGflqg5ErCqY096qatL','cus_QLdG4pdrRw8Kwr','credit','visa','visa','US','4242','7','2028',NULL,NULL,'ch_3PUvzbGflqg5ErCq0QAzzRjJ',29348.000,29348.000,0.000,NULL,NULL,'jpy','{\"id\":\"ch_3PUvzbGflqg5ErCq0QAzzRjJ\",\"object\":\"charge\",\"amount\":29348,\"amount_captured\":29348,\"amount_refunded\":0,\"application\":null,\"application_fee\":null,\"application_fee_amount\":null,\"balance_transaction\":\"txn_3PUvzbGflqg5ErCq0Ql5ufoB\",\"billing_details\":{\"address\":{\"city\":null,\"country\":null,\"line1\":null,\"line2\":null,\"postal_code\":null,\"state\":null},\"email\":null,\"name\":null,\"phone\":null},\"calculated_statement_descriptor\":\"GXO STORE\",\"captured\":true,\"created\":1719170547,\"currency\":\"jpy\",\"customer\":\"cus_QLdG4pdrRw8Kwr\",\"description\":\"JISHODO\\u3067\\u30aa\\u30fc\\u30c0\\u30fc\\u30a4\\u30f3\\u30dc\\u30a4\\u30b9\\u756a\\u53f7#808349884377355\\u306e\\u652f\\u6255\\u3044\\u3002\",\"destination\":null,\"dispute\":null,\"disputed\":false,\"failure_balance_transaction\":null,\"failure_code\":null,\"failure_message\":null,\"fraud_details\":[],\"invoice\":null,\"livemode\":false,\"metadata\":[],\"on_behalf_of\":null,\"order\":null,\"outcome\":{\"network_status\":\"approved_by_network\",\"reason\":null,\"risk_level\":\"normal\",\"risk_score\":50,\"seller_message\":\"Payment complete.\",\"type\":\"authorized\"},\"paid\":true,\"payment_intent\":null,\"payment_method\":\"card_1PUvzaGflqg5ErCqY096qatL\",\"payment_method_details\":{\"card\":{\"amount_authorized\":29348,\"brand\":\"visa\",\"checks\":{\"address_line1_check\":null,\"address_postal_code_check\":null,\"cvc_check\":\"pass\"},\"country\":\"US\",\"exp_month\":7,\"exp_year\":2028,\"extended_authorization\":{\"status\":\"disabled\"},\"fingerprint\":\"ZGtBIkatZ75QE8dS\",\"funding\":\"credit\",\"incremental_authorization\":{\"status\":\"unavailable\"},\"installments\":null,\"last4\":\"4242\",\"mandate\":null,\"multicapture\":{\"status\":\"unavailable\"},\"network\":\"visa\",\"network_token\":{\"used\":false},\"overcapture\":{\"maximum_amount_capturable\":29348,\"status\":\"unavailable\"},\"three_d_secure\":null,\"wallet\":null},\"type\":\"card\"},\"receipt_email\":null,\"receipt_number\":null,\"receipt_url\":\"https:\\/\\/pay.stripe.com\\/receipts\\/payment\\/CAcaFwoVYWNjdF8xRENlalRHZmxxZzVFckNxKPTr4bMGMgZVDGMI6pg6LBbjSYvQuFZvo0ouFUPTBbscAkWMm3YuXdbKZoZHbCvBftSY0Qhrpt7X0mXa\",\"refunded\":false,\"refunds\":{\"object\":\"list\",\"data\":[],\"has_more\":false,\"total_count\":0,\"url\":\"\\/v1\\/charges\\/ch_3PUvzbGflqg5ErCq0QAzzRjJ\\/refunds\"},\"review\":null,\"shipping\":{\"address\":{\"city\":\"\\u5ca9\\u624b\\u770c\",\"country\":\"JP\",\"line1\":\"\\u301256565 \\u5ca9\\u624b\\u770c \\u795e\\u5948\\u5ddd\\u770c 565\",\"line2\":null,\"postal_code\":\"56565\",\"state\":\"JP\"},\"carrier\":null,\"name\":\"3434 45\",\"phone\":null,\"tracking_number\":null},\"source\":{\"id\":\"card_1PUvzaGflqg5ErCqY096qatL\",\"object\":\"card\",\"address_city\":null,\"address_country\":null,\"address_line1\":null,\"address_line1_check\":null,\"address_line2\":null,\"address_state\":null,\"address_zip\":null,\"address_zip_check\":null,\"brand\":\"Visa\",\"country\":\"US\",\"customer\":\"cus_QLdG4pdrRw8Kwr\",\"cvc_check\":\"pass\",\"dynamic_last4\":null,\"exp_month\":7,\"exp_year\":2028,\"fingerprint\":\"ZGtBIkatZ75QE8dS\",\"funding\":\"credit\",\"last4\":\"4242\",\"metadata\":[],\"name\":null,\"tokenization_method\":null,\"wallet\":null},\"source_transfer\":null,\"statement_descriptor\":null,\"statement_descriptor_suffix\":null,\"status\":\"succeeded\",\"transfer_data\":null,\"transfer_group\":null}','{\"id\":\"cus_QLdG4pdrRw8Kwr\",\"object\":\"customer\",\"account_balance\":0,\"address\":{\"city\":\"\\u5ca9\\u624b\\u770c\",\"country\":\"JP\",\"line1\":\"\\u301256565 \\u5ca9\\u624b\\u770c \\u795e\\u5948\\u5ddd\\u770c 565\",\"line2\":null,\"postal_code\":\"56565\",\"state\":\"JP\"},\"balance\":0,\"created\":1719170546,\"currency\":null,\"default_currency\":null,\"default_source\":\"card_1PUvzaGflqg5ErCqY096qatL\",\"delinquent\":false,\"description\":null,\"discount\":null,\"email\":\"admin@admin.dev\",\"invoice_prefix\":\"04E18615\",\"invoice_settings\":{\"custom_fields\":null,\"default_payment_method\":null,\"footer\":null,\"rendering_options\":null},\"livemode\":false,\"metadata\":[],\"name\":\"3434 45\",\"next_invoice_sequence\":1,\"phone\":null,\"preferred_locales\":[],\"shipping\":null,\"sources\":{\"object\":\"list\",\"data\":[{\"id\":\"card_1PUvzaGflqg5ErCqY096qatL\",\"object\":\"card\",\"address_city\":null,\"address_country\":null,\"address_line1\":null,\"address_line1_check\":null,\"address_line2\":null,\"address_state\":null,\"address_zip\":null,\"address_zip_check\":null,\"brand\":\"Visa\",\"country\":\"US\",\"customer\":\"cus_QLdG4pdrRw8Kwr\",\"cvc_check\":\"pass\",\"dynamic_last4\":null,\"exp_month\":7,\"exp_year\":2028,\"fingerprint\":\"ZGtBIkatZ75QE8dS\",\"funding\":\"credit\",\"last4\":\"4242\",\"metadata\":[],\"name\":null,\"tokenization_method\":null,\"wallet\":null}],\"has_more\":false,\"total_count\":1,\"url\":\"\\/v1\\/customers\\/cus_QLdG4pdrRw8Kwr\\/sources\"},\"subscriptions\":{\"object\":\"list\",\"data\":[],\"has_more\":false,\"total_count\":0,\"url\":\"\\/v1\\/customers\\/cus_QLdG4pdrRw8Kwr\\/subscriptions\"},\"tax_exempt\":\"none\",\"tax_ids\":{\"object\":\"list\",\"data\":[],\"has_more\":false,\"total_count\":0,\"url\":\"\\/v1\\/customers\\/cus_QLdG4pdrRw8Kwr\\/tax_ids\"},\"tax_info\":null,\"tax_info_verification\":null,\"test_clock\":null}',NULL,'2024-06-23 19:22:27',1,1,0,'2024-06-23 12:22:28','2024-06-23 12:22:28'),(8,15,'card','txn_3PVGisGflqg5ErCq0rjMDh0A','card_1PVGirGflqg5ErCqpgXXWiDy','cus_QLyg9dxz6MOnMS','credit','visa','visa','US','4242','7','2028',NULL,NULL,'ch_3PVGisGflqg5ErCq0mmH33AM',11550.000,11550.000,0.000,NULL,NULL,'jpy','{\"id\":\"ch_3PVGisGflqg5ErCq0mmH33AM\",\"object\":\"charge\",\"amount\":11550,\"amount_captured\":11550,\"amount_refunded\":0,\"application\":null,\"application_fee\":null,\"application_fee_amount\":null,\"balance_transaction\":\"txn_3PVGisGflqg5ErCq0rjMDh0A\",\"billing_details\":{\"address\":{\"city\":null,\"country\":null,\"line1\":null,\"line2\":null,\"postal_code\":null,\"state\":null},\"email\":null,\"name\":null,\"phone\":null},\"calculated_statement_descriptor\":\"GXO STORE\",\"captured\":true,\"created\":1719250234,\"currency\":\"jpy\",\"customer\":\"cus_QLyg9dxz6MOnMS\",\"description\":\"JISHODO\\u3067\\u30aa\\u30fc\\u30c0\\u30fc\\u30a4\\u30f3\\u30dc\\u30a4\\u30b9\\u756a\\u53f7#941561564345043\\u306e\\u652f\\u6255\\u3044\\u3002\",\"destination\":null,\"dispute\":null,\"disputed\":false,\"failure_balance_transaction\":null,\"failure_code\":null,\"failure_message\":null,\"fraud_details\":[],\"invoice\":null,\"livemode\":false,\"metadata\":[],\"on_behalf_of\":null,\"order\":null,\"outcome\":{\"network_status\":\"approved_by_network\",\"reason\":null,\"risk_level\":\"normal\",\"risk_score\":60,\"seller_message\":\"Payment complete.\",\"type\":\"authorized\"},\"paid\":true,\"payment_intent\":null,\"payment_method\":\"card_1PVGirGflqg5ErCqpgXXWiDy\",\"payment_method_details\":{\"card\":{\"amount_authorized\":11550,\"brand\":\"visa\",\"checks\":{\"address_line1_check\":null,\"address_postal_code_check\":null,\"cvc_check\":\"pass\"},\"country\":\"US\",\"exp_month\":7,\"exp_year\":2028,\"extended_authorization\":{\"status\":\"disabled\"},\"fingerprint\":\"ZGtBIkatZ75QE8dS\",\"funding\":\"credit\",\"incremental_authorization\":{\"status\":\"unavailable\"},\"installments\":null,\"last4\":\"4242\",\"mandate\":null,\"multicapture\":{\"status\":\"unavailable\"},\"network\":\"visa\",\"network_token\":{\"used\":false},\"overcapture\":{\"maximum_amount_capturable\":11550,\"status\":\"unavailable\"},\"three_d_secure\":null,\"wallet\":null},\"type\":\"card\"},\"receipt_email\":null,\"receipt_number\":null,\"receipt_url\":\"https:\\/\\/pay.stripe.com\\/receipts\\/payment\\/CAcaFwoVYWNjdF8xRENlalRHZmxxZzVFckNxKLva5rMGMgZLjkopbpg6LBYqT5D7dNvlw1ZVGgaw-nc5uqxoeUR8PL1Yxit_sycIJZGN44SCbSZCaYEB\",\"refunded\":false,\"refunds\":{\"object\":\"list\",\"data\":[],\"has_more\":false,\"total_count\":0,\"url\":\"\\/v1\\/charges\\/ch_3PVGisGflqg5ErCq0mmH33AM\\/refunds\"},\"review\":null,\"shipping\":{\"address\":{\"city\":\"\\u6771\\u4eac\\u90fd\",\"country\":\"JP\",\"line1\":\"\\u30121000001 \\u6771\\u4eac\\u90fd\\u5343\\u4ee3\\u7530\\u533a\\u5343\\u4ee3\\u7530\",\"line2\":null,\"postal_code\":\"1000001\",\"state\":\"JP\"},\"carrier\":null,\"name\":\"3434 454\",\"phone\":null,\"tracking_number\":null},\"source\":{\"id\":\"card_1PVGirGflqg5ErCqpgXXWiDy\",\"object\":\"card\",\"address_city\":null,\"address_country\":null,\"address_line1\":null,\"address_line1_check\":null,\"address_line2\":null,\"address_state\":null,\"address_zip\":null,\"address_zip_check\":null,\"brand\":\"Visa\",\"country\":\"US\",\"customer\":\"cus_QLyg9dxz6MOnMS\",\"cvc_check\":\"pass\",\"dynamic_last4\":null,\"exp_month\":7,\"exp_year\":2028,\"fingerprint\":\"ZGtBIkatZ75QE8dS\",\"funding\":\"credit\",\"last4\":\"4242\",\"metadata\":[],\"name\":null,\"tokenization_method\":null,\"wallet\":null},\"source_transfer\":null,\"statement_descriptor\":null,\"statement_descriptor_suffix\":null,\"status\":\"succeeded\",\"transfer_data\":null,\"transfer_group\":null}','{\"id\":\"cus_QLyg9dxz6MOnMS\",\"object\":\"customer\",\"account_balance\":0,\"address\":{\"city\":\"\\u6771\\u4eac\\u90fd\",\"country\":\"JP\",\"line1\":\"\\u30121000001 \\u6771\\u4eac\\u90fd\\u5343\\u4ee3\\u7530\\u533a\\u5343\\u4ee3\\u7530\",\"line2\":null,\"postal_code\":\"1000001\",\"state\":\"JP\"},\"balance\":0,\"created\":1719250234,\"currency\":null,\"default_currency\":null,\"default_source\":\"card_1PVGirGflqg5ErCqpgXXWiDy\",\"delinquent\":false,\"description\":null,\"discount\":null,\"email\":\"admin@admin.dev\",\"invoice_prefix\":\"D4257DCD\",\"invoice_settings\":{\"custom_fields\":null,\"default_payment_method\":null,\"footer\":null,\"rendering_options\":null},\"livemode\":false,\"metadata\":[],\"name\":\"3434 454\",\"next_invoice_sequence\":1,\"phone\":null,\"preferred_locales\":[],\"shipping\":null,\"sources\":{\"object\":\"list\",\"data\":[{\"id\":\"card_1PVGirGflqg5ErCqpgXXWiDy\",\"object\":\"card\",\"address_city\":null,\"address_country\":null,\"address_line1\":null,\"address_line1_check\":null,\"address_line2\":null,\"address_state\":null,\"address_zip\":null,\"address_zip_check\":null,\"brand\":\"Visa\",\"country\":\"US\",\"customer\":\"cus_QLyg9dxz6MOnMS\",\"cvc_check\":\"pass\",\"dynamic_last4\":null,\"exp_month\":7,\"exp_year\":2028,\"fingerprint\":\"ZGtBIkatZ75QE8dS\",\"funding\":\"credit\",\"last4\":\"4242\",\"metadata\":[],\"name\":null,\"tokenization_method\":null,\"wallet\":null}],\"has_more\":false,\"total_count\":1,\"url\":\"\\/v1\\/customers\\/cus_QLyg9dxz6MOnMS\\/sources\"},\"subscriptions\":{\"object\":\"list\",\"data\":[],\"has_more\":false,\"total_count\":0,\"url\":\"\\/v1\\/customers\\/cus_QLyg9dxz6MOnMS\\/subscriptions\"},\"tax_exempt\":\"none\",\"tax_ids\":{\"object\":\"list\",\"data\":[],\"has_more\":false,\"total_count\":0,\"url\":\"\\/v1\\/customers\\/cus_QLyg9dxz6MOnMS\\/tax_ids\"},\"tax_info\":null,\"tax_info_verification\":null,\"test_clock\":null}',NULL,'2024-06-24 17:30:34',1,1,0,'2024-06-24 10:30:35','2024-06-24 10:30:35'),(9,16,'card','txn_3PVGxsGflqg5ErCq1QYMJ31h','card_1PVGxqGflqg5ErCqCeHruO15','cus_QLyvGClP0NUkg2','credit','visa','visa','US','4242','7','2028',NULL,NULL,'ch_3PVGxsGflqg5ErCq1xgaf2Fq',11550.000,11550.000,0.000,NULL,NULL,'jpy','{\"id\":\"ch_3PVGxsGflqg5ErCq1xgaf2Fq\",\"object\":\"charge\",\"amount\":11550,\"amount_captured\":11550,\"amount_refunded\":0,\"application\":null,\"application_fee\":null,\"application_fee_amount\":null,\"balance_transaction\":\"txn_3PVGxsGflqg5ErCq1QYMJ31h\",\"billing_details\":{\"address\":{\"city\":null,\"country\":null,\"line1\":null,\"line2\":null,\"postal_code\":null,\"state\":null},\"email\":null,\"name\":null,\"phone\":null},\"calculated_statement_descriptor\":\"GXO STORE\",\"captured\":true,\"created\":1719251164,\"currency\":\"jpy\",\"customer\":\"cus_QLyvGClP0NUkg2\",\"description\":\"JISHODO\\u3067\\u30aa\\u30fc\\u30c0\\u30fc\\u30a4\\u30f3\\u30dc\\u30a4\\u30b9\\u756a\\u53f7#915243750630836\\u306e\\u652f\\u6255\\u3044\\u3002\",\"destination\":null,\"dispute\":null,\"disputed\":false,\"failure_balance_transaction\":null,\"failure_code\":null,\"failure_message\":null,\"fraud_details\":[],\"invoice\":null,\"livemode\":false,\"metadata\":[],\"on_behalf_of\":null,\"order\":null,\"outcome\":{\"network_status\":\"approved_by_network\",\"reason\":null,\"risk_level\":\"normal\",\"risk_score\":45,\"seller_message\":\"Payment complete.\",\"type\":\"authorized\"},\"paid\":true,\"payment_intent\":null,\"payment_method\":\"card_1PVGxqGflqg5ErCqCeHruO15\",\"payment_method_details\":{\"card\":{\"amount_authorized\":11550,\"brand\":\"visa\",\"checks\":{\"address_line1_check\":null,\"address_postal_code_check\":null,\"cvc_check\":\"pass\"},\"country\":\"US\",\"exp_month\":7,\"exp_year\":2028,\"extended_authorization\":{\"status\":\"disabled\"},\"fingerprint\":\"ZGtBIkatZ75QE8dS\",\"funding\":\"credit\",\"incremental_authorization\":{\"status\":\"unavailable\"},\"installments\":null,\"last4\":\"4242\",\"mandate\":null,\"multicapture\":{\"status\":\"unavailable\"},\"network\":\"visa\",\"network_token\":{\"used\":false},\"overcapture\":{\"maximum_amount_capturable\":11550,\"status\":\"unavailable\"},\"three_d_secure\":null,\"wallet\":null},\"type\":\"card\"},\"receipt_email\":null,\"receipt_number\":null,\"receipt_url\":\"https:\\/\\/pay.stripe.com\\/receipts\\/payment\\/CAcaFwoVYWNjdF8xRENlalRHZmxxZzVFckNxKNzh5rMGMgbTCLpAV_U6LBZKqQRj24NtTt0A9bCLqMMaJ4geVEFzDi8X0lM4VqRGUlu-QtT8eR-4YSi6\",\"refunded\":false,\"refunds\":{\"object\":\"list\",\"data\":[],\"has_more\":false,\"total_count\":0,\"url\":\"\\/v1\\/charges\\/ch_3PVGxsGflqg5ErCq1xgaf2Fq\\/refunds\"},\"review\":null,\"shipping\":{\"address\":{\"city\":\"\\u6771\\u4eac\\u90fd\",\"country\":\"JP\",\"line1\":\"\\u30121000001 \\u6771\\u4eac\\u90fd\\u5343\\u4ee3\\u7530\\u533a\\u5343\\u4ee3\\u7530\",\"line2\":null,\"postal_code\":\"1000001\",\"state\":\"JP\"},\"carrier\":null,\"name\":\"2323 232\",\"phone\":null,\"tracking_number\":null},\"source\":{\"id\":\"card_1PVGxqGflqg5ErCqCeHruO15\",\"object\":\"card\",\"address_city\":null,\"address_country\":null,\"address_line1\":null,\"address_line1_check\":null,\"address_line2\":null,\"address_state\":null,\"address_zip\":null,\"address_zip_check\":null,\"brand\":\"Visa\",\"country\":\"US\",\"customer\":\"cus_QLyvGClP0NUkg2\",\"cvc_check\":\"pass\",\"dynamic_last4\":null,\"exp_month\":7,\"exp_year\":2028,\"fingerprint\":\"ZGtBIkatZ75QE8dS\",\"funding\":\"credit\",\"last4\":\"4242\",\"metadata\":[],\"name\":null,\"tokenization_method\":null,\"wallet\":null},\"source_transfer\":null,\"statement_descriptor\":null,\"statement_descriptor_suffix\":null,\"status\":\"succeeded\",\"transfer_data\":null,\"transfer_group\":null}','{\"id\":\"cus_QLyvGClP0NUkg2\",\"object\":\"customer\",\"account_balance\":0,\"address\":{\"city\":\"\\u6771\\u4eac\\u90fd\",\"country\":\"JP\",\"line1\":\"\\u30121000001 \\u6771\\u4eac\\u90fd\\u5343\\u4ee3\\u7530\\u533a\\u5343\\u4ee3\\u7530\",\"line2\":null,\"postal_code\":\"1000001\",\"state\":\"JP\"},\"balance\":0,\"created\":1719251163,\"currency\":null,\"default_currency\":null,\"default_source\":\"card_1PVGxqGflqg5ErCqCeHruO15\",\"delinquent\":false,\"description\":null,\"discount\":null,\"email\":\"admin@admin.dev\",\"invoice_prefix\":\"3E21DA33\",\"invoice_settings\":{\"custom_fields\":null,\"default_payment_method\":null,\"footer\":null,\"rendering_options\":null},\"livemode\":false,\"metadata\":[],\"name\":\"2323 232\",\"next_invoice_sequence\":1,\"phone\":null,\"preferred_locales\":[],\"shipping\":null,\"sources\":{\"object\":\"list\",\"data\":[{\"id\":\"card_1PVGxqGflqg5ErCqCeHruO15\",\"object\":\"card\",\"address_city\":null,\"address_country\":null,\"address_line1\":null,\"address_line1_check\":null,\"address_line2\":null,\"address_state\":null,\"address_zip\":null,\"address_zip_check\":null,\"brand\":\"Visa\",\"country\":\"US\",\"customer\":\"cus_QLyvGClP0NUkg2\",\"cvc_check\":\"pass\",\"dynamic_last4\":null,\"exp_month\":7,\"exp_year\":2028,\"fingerprint\":\"ZGtBIkatZ75QE8dS\",\"funding\":\"credit\",\"last4\":\"4242\",\"metadata\":[],\"name\":null,\"tokenization_method\":null,\"wallet\":null}],\"has_more\":false,\"total_count\":1,\"url\":\"\\/v1\\/customers\\/cus_QLyvGClP0NUkg2\\/sources\"},\"subscriptions\":{\"object\":\"list\",\"data\":[],\"has_more\":false,\"total_count\":0,\"url\":\"\\/v1\\/customers\\/cus_QLyvGClP0NUkg2\\/subscriptions\"},\"tax_exempt\":\"none\",\"tax_ids\":{\"object\":\"list\",\"data\":[],\"has_more\":false,\"total_count\":0,\"url\":\"\\/v1\\/customers\\/cus_QLyvGClP0NUkg2\\/tax_ids\"},\"tax_info\":null,\"tax_info_verification\":null,\"test_clock\":null}',NULL,'2024-06-24 17:46:04',1,1,0,'2024-06-24 10:46:05','2024-06-24 10:46:05'),(10,17,'card','txn_3PVHB9Gflqg5ErCq1gSflcSy','card_1PVHB8Gflqg5ErCqyqCQhc5f','cus_QLz9I4Y8SieG0M','credit','visa','visa','US','4242','12','2028',NULL,NULL,'ch_3PVHB9Gflqg5ErCq1LfdbeW9',11550.000,11550.000,0.000,NULL,NULL,'jpy','{\"id\":\"ch_3PVHB9Gflqg5ErCq1LfdbeW9\",\"object\":\"charge\",\"amount\":11550,\"amount_captured\":11550,\"amount_refunded\":0,\"application\":null,\"application_fee\":null,\"application_fee_amount\":null,\"balance_transaction\":\"txn_3PVHB9Gflqg5ErCq1gSflcSy\",\"billing_details\":{\"address\":{\"city\":null,\"country\":null,\"line1\":null,\"line2\":null,\"postal_code\":null,\"state\":null},\"email\":null,\"name\":null,\"phone\":null},\"calculated_statement_descriptor\":\"GXO STORE\",\"captured\":true,\"created\":1719251987,\"currency\":\"jpy\",\"customer\":\"cus_QLz9I4Y8SieG0M\",\"description\":\"JISHODO\\u3067\\u30aa\\u30fc\\u30c0\\u30fc\\u30a4\\u30f3\\u30dc\\u30a4\\u30b9\\u756a\\u53f7#382431270055489\\u306e\\u652f\\u6255\\u3044\\u3002\",\"destination\":null,\"dispute\":null,\"disputed\":false,\"failure_balance_transaction\":null,\"failure_code\":null,\"failure_message\":null,\"fraud_details\":[],\"invoice\":null,\"livemode\":false,\"metadata\":[],\"on_behalf_of\":null,\"order\":null,\"outcome\":{\"network_status\":\"approved_by_network\",\"reason\":null,\"risk_level\":\"normal\",\"risk_score\":2,\"seller_message\":\"Payment complete.\",\"type\":\"authorized\"},\"paid\":true,\"payment_intent\":null,\"payment_method\":\"card_1PVHB8Gflqg5ErCqyqCQhc5f\",\"payment_method_details\":{\"card\":{\"amount_authorized\":11550,\"brand\":\"visa\",\"checks\":{\"address_line1_check\":null,\"address_postal_code_check\":null,\"cvc_check\":\"pass\"},\"country\":\"US\",\"exp_month\":12,\"exp_year\":2028,\"extended_authorization\":{\"status\":\"disabled\"},\"fingerprint\":\"ZGtBIkatZ75QE8dS\",\"funding\":\"credit\",\"incremental_authorization\":{\"status\":\"unavailable\"},\"installments\":null,\"last4\":\"4242\",\"mandate\":null,\"multicapture\":{\"status\":\"unavailable\"},\"network\":\"visa\",\"network_token\":{\"used\":false},\"overcapture\":{\"maximum_amount_capturable\":11550,\"status\":\"unavailable\"},\"three_d_secure\":null,\"wallet\":null},\"type\":\"card\"},\"receipt_email\":null,\"receipt_number\":null,\"receipt_url\":\"https:\\/\\/pay.stripe.com\\/receipts\\/payment\\/CAcaFwoVYWNjdF8xRENlalRHZmxxZzVFckNxKJTo5rMGMgYmysyyYa46LBYwxqxs0cXYzxEy8hcndorP6jCd7oJc5uT8vFVhcThx95kkag5cAJH0bimN\",\"refunded\":false,\"refunds\":{\"object\":\"list\",\"data\":[],\"has_more\":false,\"total_count\":0,\"url\":\"\\/v1\\/charges\\/ch_3PVHB9Gflqg5ErCq1LfdbeW9\\/refunds\"},\"review\":null,\"shipping\":{\"address\":{\"city\":\"\\u6771\\u4eac\\u90fd\",\"country\":\"JP\",\"line1\":\"\\u30121000001 \\u6771\\u4eac\\u90fd\\u5343\\u4ee3\\u7530\\u533a\\u5343\\u4ee3\\u7530\",\"line2\":null,\"postal_code\":\"1000001\",\"state\":\"JP\"},\"carrier\":null,\"name\":\"343 343\",\"phone\":null,\"tracking_number\":null},\"source\":{\"id\":\"card_1PVHB8Gflqg5ErCqyqCQhc5f\",\"object\":\"card\",\"address_city\":null,\"address_country\":null,\"address_line1\":null,\"address_line1_check\":null,\"address_line2\":null,\"address_state\":null,\"address_zip\":null,\"address_zip_check\":null,\"brand\":\"Visa\",\"country\":\"US\",\"customer\":\"cus_QLz9I4Y8SieG0M\",\"cvc_check\":\"pass\",\"dynamic_last4\":null,\"exp_month\":12,\"exp_year\":2028,\"fingerprint\":\"ZGtBIkatZ75QE8dS\",\"funding\":\"credit\",\"last4\":\"4242\",\"metadata\":[],\"name\":null,\"tokenization_method\":null,\"wallet\":null},\"source_transfer\":null,\"statement_descriptor\":null,\"statement_descriptor_suffix\":null,\"status\":\"succeeded\",\"transfer_data\":null,\"transfer_group\":null}','{\"id\":\"cus_QLz9I4Y8SieG0M\",\"object\":\"customer\",\"account_balance\":0,\"address\":{\"city\":\"\\u6771\\u4eac\\u90fd\",\"country\":\"JP\",\"line1\":\"\\u30121000001 \\u6771\\u4eac\\u90fd\\u5343\\u4ee3\\u7530\\u533a\\u5343\\u4ee3\\u7530\",\"line2\":null,\"postal_code\":\"1000001\",\"state\":\"JP\"},\"balance\":0,\"created\":1719251986,\"currency\":null,\"default_currency\":null,\"default_source\":\"card_1PVHB8Gflqg5ErCqyqCQhc5f\",\"delinquent\":false,\"description\":null,\"discount\":null,\"email\":\"admin@admin.dev\",\"invoice_prefix\":\"E35DB68A\",\"invoice_settings\":{\"custom_fields\":null,\"default_payment_method\":null,\"footer\":null,\"rendering_options\":null},\"livemode\":false,\"metadata\":[],\"name\":\"343 343\",\"next_invoice_sequence\":1,\"phone\":null,\"preferred_locales\":[],\"shipping\":null,\"sources\":{\"object\":\"list\",\"data\":[{\"id\":\"card_1PVHB8Gflqg5ErCqyqCQhc5f\",\"object\":\"card\",\"address_city\":null,\"address_country\":null,\"address_line1\":null,\"address_line1_check\":null,\"address_line2\":null,\"address_state\":null,\"address_zip\":null,\"address_zip_check\":null,\"brand\":\"Visa\",\"country\":\"US\",\"customer\":\"cus_QLz9I4Y8SieG0M\",\"cvc_check\":\"pass\",\"dynamic_last4\":null,\"exp_month\":12,\"exp_year\":2028,\"fingerprint\":\"ZGtBIkatZ75QE8dS\",\"funding\":\"credit\",\"last4\":\"4242\",\"metadata\":[],\"name\":null,\"tokenization_method\":null,\"wallet\":null}],\"has_more\":false,\"total_count\":1,\"url\":\"\\/v1\\/customers\\/cus_QLz9I4Y8SieG0M\\/sources\"},\"subscriptions\":{\"object\":\"list\",\"data\":[],\"has_more\":false,\"total_count\":0,\"url\":\"\\/v1\\/customers\\/cus_QLz9I4Y8SieG0M\\/subscriptions\"},\"tax_exempt\":\"none\",\"tax_ids\":{\"object\":\"list\",\"data\":[],\"has_more\":false,\"total_count\":0,\"url\":\"\\/v1\\/customers\\/cus_QLz9I4Y8SieG0M\\/tax_ids\"},\"tax_info\":null,\"tax_info_verification\":null,\"test_clock\":null}',NULL,'2024-06-24 17:59:47',1,1,0,'2024-06-24 10:59:48','2024-06-24 10:59:48'),(11,18,'card','txn_3PWv2FGflqg5ErCq1I7CC7wp','card_1PWv2DGflqg5ErCqSduSoFQQ','cus_QNgP024kwApa9h','credit','visa','visa','US','4242','7','2028',NULL,NULL,'ch_3PWv2FGflqg5ErCq1UBO46m0',70856.000,70856.000,0.000,NULL,NULL,'jpy','{\"id\":\"ch_3PWv2FGflqg5ErCq1UBO46m0\",\"object\":\"charge\",\"amount\":70856,\"amount_captured\":70856,\"amount_refunded\":0,\"application\":null,\"application_fee\":null,\"application_fee_amount\":null,\"balance_transaction\":\"txn_3PWv2FGflqg5ErCq1I7CC7wp\",\"billing_details\":{\"address\":{\"city\":null,\"country\":null,\"line1\":null,\"line2\":null,\"postal_code\":null,\"state\":null},\"email\":null,\"name\":null,\"phone\":null},\"calculated_statement_descriptor\":\"GXO STORE\",\"captured\":true,\"created\":1719643523,\"currency\":\"jpy\",\"customer\":\"cus_QNgP024kwApa9h\",\"description\":\"JISHODO\\u3067\\u30aa\\u30fc\\u30c0\\u30fc\\u30a4\\u30f3\\u30dc\\u30a4\\u30b9\\u756a\\u53f7#400931613847824\\u306e\\u652f\\u6255\\u3044\\u3002\",\"destination\":null,\"dispute\":null,\"disputed\":false,\"failure_balance_transaction\":null,\"failure_code\":null,\"failure_message\":null,\"fraud_details\":[],\"invoice\":null,\"livemode\":false,\"metadata\":[],\"on_behalf_of\":null,\"order\":null,\"outcome\":{\"network_status\":\"approved_by_network\",\"reason\":null,\"risk_level\":\"normal\",\"risk_score\":5,\"seller_message\":\"Payment complete.\",\"type\":\"authorized\"},\"paid\":true,\"payment_intent\":null,\"payment_method\":\"card_1PWv2DGflqg5ErCqSduSoFQQ\",\"payment_method_details\":{\"card\":{\"amount_authorized\":70856,\"brand\":\"visa\",\"checks\":{\"address_line1_check\":null,\"address_postal_code_check\":null,\"cvc_check\":\"pass\"},\"country\":\"US\",\"exp_month\":7,\"exp_year\":2028,\"extended_authorization\":{\"status\":\"disabled\"},\"fingerprint\":\"ZGtBIkatZ75QE8dS\",\"funding\":\"credit\",\"incremental_authorization\":{\"status\":\"unavailable\"},\"installments\":null,\"last4\":\"4242\",\"mandate\":null,\"multicapture\":{\"status\":\"unavailable\"},\"network\":\"visa\",\"network_token\":{\"used\":false},\"overcapture\":{\"maximum_amount_capturable\":70856,\"status\":\"unavailable\"},\"three_d_secure\":null,\"wallet\":null},\"type\":\"card\"},\"receipt_email\":null,\"receipt_number\":null,\"receipt_url\":\"https:\\/\\/pay.stripe.com\\/receipts\\/payment\\/CAcaFwoVYWNjdF8xRENlalRHZmxxZzVFckNxKIPb_rMGMgYTJeHTTDE6LBYUZ7DjYwmHVDeuQzy1wjLMKIqyDRQHxtu2WEfRTIjWwxdmmR2hQazZjwha\",\"refunded\":false,\"refunds\":{\"object\":\"list\",\"data\":[],\"has_more\":false,\"total_count\":0,\"url\":\"\\/v1\\/charges\\/ch_3PWv2FGflqg5ErCq1UBO46m0\\/refunds\"},\"review\":null,\"shipping\":{\"address\":{\"city\":\"\\u6771\\u4eac\\u90fd\",\"country\":\"JP\",\"line1\":\"\\u30121000001 \\u6771\\u4eac\\u90fd\\u5343\\u4ee3\\u7530\\u533a\\u5343\\u4ee3\\u7530\",\"line2\":null,\"postal_code\":\"1000001\",\"state\":\"JP\"},\"carrier\":null,\"name\":\"System Admin\",\"phone\":null,\"tracking_number\":null},\"source\":{\"id\":\"card_1PWv2DGflqg5ErCqSduSoFQQ\",\"object\":\"card\",\"address_city\":null,\"address_country\":null,\"address_line1\":null,\"address_line1_check\":null,\"address_line2\":null,\"address_state\":null,\"address_zip\":null,\"address_zip_check\":null,\"brand\":\"Visa\",\"country\":\"US\",\"customer\":\"cus_QNgP024kwApa9h\",\"cvc_check\":\"pass\",\"dynamic_last4\":null,\"exp_month\":7,\"exp_year\":2028,\"fingerprint\":\"ZGtBIkatZ75QE8dS\",\"funding\":\"credit\",\"last4\":\"4242\",\"metadata\":[],\"name\":null,\"tokenization_method\":null,\"wallet\":null},\"source_transfer\":null,\"statement_descriptor\":null,\"statement_descriptor_suffix\":null,\"status\":\"succeeded\",\"transfer_data\":null,\"transfer_group\":null}','{\"id\":\"cus_QNgP024kwApa9h\",\"object\":\"customer\",\"account_balance\":0,\"address\":{\"city\":\"\\u6771\\u4eac\\u90fd\",\"country\":\"JP\",\"line1\":\"\\u30121000001 \\u6771\\u4eac\\u90fd\\u5343\\u4ee3\\u7530\\u533a\\u5343\\u4ee3\\u7530\",\"line2\":null,\"postal_code\":\"1000001\",\"state\":\"JP\"},\"balance\":0,\"created\":1719643522,\"currency\":null,\"default_currency\":null,\"default_source\":\"card_1PWv2DGflqg5ErCqSduSoFQQ\",\"delinquent\":false,\"description\":null,\"discount\":null,\"email\":\"admin@admin.dev\",\"invoice_prefix\":\"ABA7BB13\",\"invoice_settings\":{\"custom_fields\":null,\"default_payment_method\":null,\"footer\":null,\"rendering_options\":null},\"livemode\":false,\"metadata\":[],\"name\":\"System Admin\",\"next_invoice_sequence\":1,\"phone\":null,\"preferred_locales\":[],\"shipping\":null,\"sources\":{\"object\":\"list\",\"data\":[{\"id\":\"card_1PWv2DGflqg5ErCqSduSoFQQ\",\"object\":\"card\",\"address_city\":null,\"address_country\":null,\"address_line1\":null,\"address_line1_check\":null,\"address_line2\":null,\"address_state\":null,\"address_zip\":null,\"address_zip_check\":null,\"brand\":\"Visa\",\"country\":\"US\",\"customer\":\"cus_QNgP024kwApa9h\",\"cvc_check\":\"pass\",\"dynamic_last4\":null,\"exp_month\":7,\"exp_year\":2028,\"fingerprint\":\"ZGtBIkatZ75QE8dS\",\"funding\":\"credit\",\"last4\":\"4242\",\"metadata\":[],\"name\":null,\"tokenization_method\":null,\"wallet\":null}],\"has_more\":false,\"total_count\":1,\"url\":\"\\/v1\\/customers\\/cus_QNgP024kwApa9h\\/sources\"},\"subscriptions\":{\"object\":\"list\",\"data\":[],\"has_more\":false,\"total_count\":0,\"url\":\"\\/v1\\/customers\\/cus_QNgP024kwApa9h\\/subscriptions\"},\"tax_exempt\":\"none\",\"tax_ids\":{\"object\":\"list\",\"data\":[],\"has_more\":false,\"total_count\":0,\"url\":\"\\/v1\\/customers\\/cus_QNgP024kwApa9h\\/tax_ids\"},\"tax_info\":null,\"tax_info_verification\":null,\"test_clock\":null}',NULL,'2024-06-29 06:45:23',1,1,0,'2024-06-28 23:45:24','2024-06-28 23:45:24'),(12,20,'card','txn_3PXSQZGflqg5ErCq1FUWACdy','card_1PXSQYGflqg5ErCqQ5EYVXor','cus_QOEuBTIjnwAynf','credit','visa','visa','US','4242','7','2028',NULL,NULL,'ch_3PXSQZGflqg5ErCq1TQYbAls',41844.000,41844.000,0.000,NULL,NULL,'jpy','{\"id\":\"ch_3PXSQZGflqg5ErCq1TQYbAls\",\"object\":\"charge\",\"amount\":41844,\"amount_captured\":41844,\"amount_refunded\":0,\"application\":null,\"application_fee\":null,\"application_fee_amount\":null,\"balance_transaction\":\"txn_3PXSQZGflqg5ErCq1FUWACdy\",\"billing_details\":{\"address\":{\"city\":null,\"country\":null,\"line1\":null,\"line2\":null,\"postal_code\":null,\"state\":null},\"email\":null,\"name\":null,\"phone\":null},\"calculated_statement_descriptor\":\"GXO STORE\",\"captured\":true,\"created\":1719771883,\"currency\":\"jpy\",\"customer\":\"cus_QOEuBTIjnwAynf\",\"description\":\"JISHODO\\u3067\\u30aa\\u30fc\\u30c0\\u30fc\\u30a4\\u30f3\\u30dc\\u30a4\\u30b9\\u756a\\u53f7#180065099631\\u306e\\u652f\\u6255\\u3044\\u3002\",\"destination\":null,\"dispute\":null,\"disputed\":false,\"failure_balance_transaction\":null,\"failure_code\":null,\"failure_message\":null,\"fraud_details\":[],\"invoice\":null,\"livemode\":false,\"metadata\":[],\"on_behalf_of\":null,\"order\":null,\"outcome\":{\"network_status\":\"approved_by_network\",\"reason\":null,\"risk_level\":\"normal\",\"risk_score\":64,\"seller_message\":\"Payment complete.\",\"type\":\"authorized\"},\"paid\":true,\"payment_intent\":null,\"payment_method\":\"card_1PXSQYGflqg5ErCqQ5EYVXor\",\"payment_method_details\":{\"card\":{\"amount_authorized\":41844,\"brand\":\"visa\",\"checks\":{\"address_line1_check\":null,\"address_postal_code_check\":null,\"cvc_check\":\"pass\"},\"country\":\"US\",\"exp_month\":7,\"exp_year\":2028,\"extended_authorization\":{\"status\":\"disabled\"},\"fingerprint\":\"ZGtBIkatZ75QE8dS\",\"funding\":\"credit\",\"incremental_authorization\":{\"status\":\"unavailable\"},\"installments\":null,\"last4\":\"4242\",\"mandate\":null,\"multicapture\":{\"status\":\"unavailable\"},\"network\":\"visa\",\"network_token\":{\"used\":false},\"overcapture\":{\"maximum_amount_capturable\":41844,\"status\":\"unavailable\"},\"three_d_secure\":null,\"wallet\":null},\"type\":\"card\"},\"receipt_email\":null,\"receipt_number\":null,\"receipt_url\":\"https:\\/\\/pay.stripe.com\\/receipts\\/payment\\/CAcaFwoVYWNjdF8xRENlalRHZmxxZzVFckNxKOzFhrQGMgb_I3LJr3c6LBZr759xM0kiWqw3Mwy4OQVoATjzo_sEsJFNIx3PHcJ79awaPp56JpL3W7sL\",\"refunded\":false,\"refunds\":{\"object\":\"list\",\"data\":[],\"has_more\":false,\"total_count\":0,\"url\":\"\\/v1\\/charges\\/ch_3PXSQZGflqg5ErCq1TQYbAls\\/refunds\"},\"review\":null,\"shipping\":{\"address\":{\"city\":\"\\u6771\\u4eac\\u90fd\",\"country\":\"JP\",\"line1\":\"\\u30121000001 \\u6771\\u4eac\\u90fd\\u5343\\u4ee3\\u7530\\u533a\\u5343\\u4ee3\\u7530\",\"line2\":null,\"postal_code\":\"1000001\",\"state\":\"JP\"},\"carrier\":null,\"name\":\"System Admin\",\"phone\":null,\"tracking_number\":null},\"source\":{\"id\":\"card_1PXSQYGflqg5ErCqQ5EYVXor\",\"object\":\"card\",\"address_city\":null,\"address_country\":null,\"address_line1\":null,\"address_line1_check\":null,\"address_line2\":null,\"address_state\":null,\"address_zip\":null,\"address_zip_check\":null,\"brand\":\"Visa\",\"country\":\"US\",\"customer\":\"cus_QOEuBTIjnwAynf\",\"cvc_check\":\"pass\",\"dynamic_last4\":null,\"exp_month\":7,\"exp_year\":2028,\"fingerprint\":\"ZGtBIkatZ75QE8dS\",\"funding\":\"credit\",\"last4\":\"4242\",\"metadata\":[],\"name\":null,\"tokenization_method\":null,\"wallet\":null},\"source_transfer\":null,\"statement_descriptor\":null,\"statement_descriptor_suffix\":null,\"status\":\"succeeded\",\"transfer_data\":null,\"transfer_group\":null}','{\"id\":\"cus_QOEuBTIjnwAynf\",\"object\":\"customer\",\"account_balance\":0,\"address\":{\"city\":\"\\u6771\\u4eac\\u90fd\",\"country\":\"JP\",\"line1\":\"\\u30121000001 \\u6771\\u4eac\\u90fd\\u5343\\u4ee3\\u7530\\u533a\\u5343\\u4ee3\\u7530\",\"line2\":null,\"postal_code\":\"1000001\",\"state\":\"JP\"},\"balance\":0,\"created\":1719771882,\"currency\":null,\"default_currency\":null,\"default_source\":\"card_1PXSQYGflqg5ErCqQ5EYVXor\",\"delinquent\":false,\"description\":null,\"discount\":null,\"email\":\"admin@admin.dev\",\"invoice_prefix\":\"85DAF37A\",\"invoice_settings\":{\"custom_fields\":null,\"default_payment_method\":null,\"footer\":null,\"rendering_options\":null},\"livemode\":false,\"metadata\":[],\"name\":\"System Admin\",\"next_invoice_sequence\":1,\"phone\":null,\"preferred_locales\":[],\"shipping\":null,\"sources\":{\"object\":\"list\",\"data\":[{\"id\":\"card_1PXSQYGflqg5ErCqQ5EYVXor\",\"object\":\"card\",\"address_city\":null,\"address_country\":null,\"address_line1\":null,\"address_line1_check\":null,\"address_line2\":null,\"address_state\":null,\"address_zip\":null,\"address_zip_check\":null,\"brand\":\"Visa\",\"country\":\"US\",\"customer\":\"cus_QOEuBTIjnwAynf\",\"cvc_check\":\"pass\",\"dynamic_last4\":null,\"exp_month\":7,\"exp_year\":2028,\"fingerprint\":\"ZGtBIkatZ75QE8dS\",\"funding\":\"credit\",\"last4\":\"4242\",\"metadata\":[],\"name\":null,\"tokenization_method\":null,\"wallet\":null}],\"has_more\":false,\"total_count\":1,\"url\":\"\\/v1\\/customers\\/cus_QOEuBTIjnwAynf\\/sources\"},\"subscriptions\":{\"object\":\"list\",\"data\":[],\"has_more\":false,\"total_count\":0,\"url\":\"\\/v1\\/customers\\/cus_QOEuBTIjnwAynf\\/subscriptions\"},\"tax_exempt\":\"none\",\"tax_ids\":{\"object\":\"list\",\"data\":[],\"has_more\":false,\"total_count\":0,\"url\":\"\\/v1\\/customers\\/cus_QOEuBTIjnwAynf\\/tax_ids\"},\"tax_info\":null,\"tax_info_verification\":null,\"test_clock\":null}',NULL,'2024-06-30 18:24:43',1,1,0,'2024-06-30 11:24:44','2024-06-30 11:24:44'),(13,31,'card','txn_3QHLK9Gflqg5ErCq0EeWgzTK','card_1QHLK8Gflqg5ErCq5EeUC2pR','cus_R9edrB71kSinKJ','credit','visa','visa','US','4242','7','2028',NULL,NULL,'ch_3QHLK9Gflqg5ErCq0HJ5LSac',13200.000,13200.000,0.000,NULL,NULL,'jpy','{\"id\":\"ch_3QHLK9Gflqg5ErCq0HJ5LSac\",\"object\":\"charge\",\"amount\":13200,\"amount_captured\":13200,\"amount_refunded\":0,\"application\":null,\"application_fee\":null,\"application_fee_amount\":null,\"balance_transaction\":\"txn_3QHLK9Gflqg5ErCq0EeWgzTK\",\"billing_details\":{\"address\":{\"city\":null,\"country\":null,\"line1\":null,\"line2\":null,\"postal_code\":null,\"state\":null},\"email\":null,\"name\":null,\"phone\":null},\"calculated_statement_descriptor\":\"GXO STORE\",\"captured\":true,\"created\":1730707665,\"currency\":\"jpy\",\"customer\":\"cus_R9edrB71kSinKJ\",\"description\":\"JISHODO\\u3067\\u30aa\\u30fc\\u30c0\\u30fc\\u30a4\\u30f3\\u30dc\\u30a4\\u30b9\\u756a\\u53f7#452633131790\\u306e\\u652f\\u6255\\u3044\\u3002\",\"destination\":null,\"dispute\":null,\"disputed\":false,\"failure_balance_transaction\":null,\"failure_code\":null,\"failure_message\":null,\"fraud_details\":[],\"invoice\":null,\"livemode\":false,\"metadata\":[],\"on_behalf_of\":null,\"order\":null,\"outcome\":{\"network_status\":\"approved_by_network\",\"reason\":null,\"risk_level\":\"normal\",\"risk_score\":57,\"seller_message\":\"Payment complete.\",\"type\":\"authorized\"},\"paid\":true,\"payment_intent\":null,\"payment_method\":\"card_1QHLK8Gflqg5ErCq5EeUC2pR\",\"payment_method_details\":{\"card\":{\"amount_authorized\":13200,\"authorization_code\":null,\"brand\":\"visa\",\"checks\":{\"address_line1_check\":null,\"address_postal_code_check\":null,\"cvc_check\":\"pass\"},\"country\":\"US\",\"exp_month\":7,\"exp_year\":2028,\"extended_authorization\":{\"status\":\"disabled\"},\"fingerprint\":\"ZGtBIkatZ75QE8dS\",\"funding\":\"credit\",\"incremental_authorization\":{\"status\":\"unavailable\"},\"installments\":null,\"last4\":\"4242\",\"mandate\":null,\"multicapture\":{\"status\":\"unavailable\"},\"network\":\"visa\",\"network_token\":{\"used\":false},\"overcapture\":{\"maximum_amount_capturable\":13200,\"status\":\"unavailable\"},\"three_d_secure\":null,\"wallet\":null},\"type\":\"card\"},\"receipt_email\":null,\"receipt_number\":null,\"receipt_url\":\"https:\\/\\/pay.stripe.com\\/receipts\\/payment\\/CAcaFwoVYWNjdF8xRENlalRHZmxxZzVFckNxKNKBorkGMgZIUlxsqyk6LBYhf0OXOdhVYV_z_WhPFcjMkIRZzgGcEygY44-Hesy5aJ6cuTW0jO1ZgeZm\",\"refunded\":false,\"refunds\":{\"object\":\"list\",\"data\":[],\"has_more\":false,\"total_count\":0,\"url\":\"\\/v1\\/charges\\/ch_3QHLK9Gflqg5ErCq0HJ5LSac\\/refunds\"},\"review\":null,\"shipping\":{\"address\":{\"city\":\"\\u6771\\u4eac\\u90fd\",\"country\":\"JP\",\"line1\":\"\\u30121000001 \\u6771\\u4eac\\u90fd\\u5343\\u4ee3\\u7530\\u533a\\u5343\\u4ee3\\u7530\",\"line2\":null,\"postal_code\":\"1000001\",\"state\":\"JP\"},\"carrier\":null,\"name\":\"System Admin\",\"phone\":null,\"tracking_number\":null},\"source\":{\"id\":\"card_1QHLK8Gflqg5ErCq5EeUC2pR\",\"object\":\"card\",\"address_city\":null,\"address_country\":null,\"address_line1\":null,\"address_line1_check\":null,\"address_line2\":null,\"address_state\":null,\"address_zip\":null,\"address_zip_check\":null,\"brand\":\"Visa\",\"country\":\"US\",\"customer\":\"cus_R9edrB71kSinKJ\",\"cvc_check\":\"pass\",\"dynamic_last4\":null,\"exp_month\":7,\"exp_year\":2028,\"fingerprint\":\"ZGtBIkatZ75QE8dS\",\"funding\":\"credit\",\"last4\":\"4242\",\"metadata\":[],\"name\":null,\"tokenization_method\":null,\"wallet\":null},\"source_transfer\":null,\"statement_descriptor\":null,\"statement_descriptor_suffix\":null,\"status\":\"succeeded\",\"transfer_data\":null,\"transfer_group\":null}','{\"id\":\"cus_R9edrB71kSinKJ\",\"object\":\"customer\",\"account_balance\":0,\"address\":{\"city\":\"\\u6771\\u4eac\\u90fd\",\"country\":\"JP\",\"line1\":\"\\u30121000001 \\u6771\\u4eac\\u90fd\\u5343\\u4ee3\\u7530\\u533a\\u5343\\u4ee3\\u7530\",\"line2\":null,\"postal_code\":\"1000001\",\"state\":\"JP\"},\"balance\":0,\"created\":1730707665,\"currency\":null,\"default_currency\":null,\"default_source\":\"card_1QHLK8Gflqg5ErCq5EeUC2pR\",\"delinquent\":false,\"description\":null,\"discount\":null,\"email\":\"duyliemapt@gmail.com\",\"invoice_prefix\":\"DF609171\",\"invoice_settings\":{\"custom_fields\":null,\"default_payment_method\":null,\"footer\":null,\"rendering_options\":null},\"livemode\":false,\"metadata\":[],\"name\":\"System Admin\",\"next_invoice_sequence\":1,\"phone\":null,\"preferred_locales\":[],\"shipping\":null,\"sources\":{\"object\":\"list\",\"data\":[{\"id\":\"card_1QHLK8Gflqg5ErCq5EeUC2pR\",\"object\":\"card\",\"address_city\":null,\"address_country\":null,\"address_line1\":null,\"address_line1_check\":null,\"address_line2\":null,\"address_state\":null,\"address_zip\":null,\"address_zip_check\":null,\"brand\":\"Visa\",\"country\":\"US\",\"customer\":\"cus_R9edrB71kSinKJ\",\"cvc_check\":\"pass\",\"dynamic_last4\":null,\"exp_month\":7,\"exp_year\":2028,\"fingerprint\":\"ZGtBIkatZ75QE8dS\",\"funding\":\"credit\",\"last4\":\"4242\",\"metadata\":[],\"name\":null,\"tokenization_method\":null,\"wallet\":null}],\"has_more\":false,\"total_count\":1,\"url\":\"\\/v1\\/customers\\/cus_R9edrB71kSinKJ\\/sources\"},\"subscriptions\":{\"object\":\"list\",\"data\":[],\"has_more\":false,\"total_count\":0,\"url\":\"\\/v1\\/customers\\/cus_R9edrB71kSinKJ\\/subscriptions\"},\"tax_exempt\":\"none\",\"tax_ids\":{\"object\":\"list\",\"data\":[],\"has_more\":false,\"total_count\":0,\"url\":\"\\/v1\\/customers\\/cus_R9edrB71kSinKJ\\/tax_ids\"},\"tax_info\":null,\"tax_info_verification\":null,\"test_clock\":null}',NULL,'2024-11-04 15:07:45',1,1,0,'2024-11-04 08:07:46','2024-11-04 08:07:46'),(14,33,'card','txn_3QK1aVGflqg5ErCq0uEXeB00','card_1QK1aUGflqg5ErCqEOV9YWkH','cus_RCQRIQuHxkyi1V','credit','visa','visa','US','4242','7','2028',NULL,NULL,'ch_3QK1aVGflqg5ErCq0BCfvN4b',52255.000,52255.000,0.000,NULL,NULL,'jpy','{\"id\":\"ch_3QK1aVGflqg5ErCq0BCfvN4b\",\"object\":\"charge\",\"amount\":52255,\"amount_captured\":52255,\"amount_refunded\":0,\"application\":null,\"application_fee\":null,\"application_fee_amount\":null,\"balance_transaction\":\"txn_3QK1aVGflqg5ErCq0uEXeB00\",\"billing_details\":{\"address\":{\"city\":null,\"country\":null,\"line1\":null,\"line2\":null,\"postal_code\":null,\"state\":null},\"email\":null,\"name\":null,\"phone\":null},\"calculated_statement_descriptor\":\"GXO STORE\",\"captured\":true,\"created\":1731346783,\"currency\":\"jpy\",\"customer\":\"cus_RCQRIQuHxkyi1V\",\"description\":\"JISHODO\\u3067\\u30aa\\u30fc\\u30c0\\u30fc\\u30a4\\u30f3\\u30dc\\u30a4\\u30b9\\u756a\\u53f7#420384995198\\u306e\\u652f\\u6255\\u3044\\u3002\",\"destination\":null,\"dispute\":null,\"disputed\":false,\"failure_balance_transaction\":null,\"failure_code\":null,\"failure_message\":null,\"fraud_details\":[],\"invoice\":null,\"livemode\":false,\"metadata\":[],\"on_behalf_of\":null,\"order\":null,\"outcome\":{\"network_status\":\"approved_by_network\",\"reason\":null,\"risk_level\":\"normal\",\"risk_score\":4,\"seller_message\":\"Payment complete.\",\"type\":\"authorized\"},\"paid\":true,\"payment_intent\":null,\"payment_method\":\"card_1QK1aUGflqg5ErCqEOV9YWkH\",\"payment_method_details\":{\"card\":{\"amount_authorized\":52255,\"authorization_code\":null,\"brand\":\"visa\",\"checks\":{\"address_line1_check\":null,\"address_postal_code_check\":null,\"cvc_check\":\"pass\"},\"country\":\"US\",\"exp_month\":7,\"exp_year\":2028,\"extended_authorization\":{\"status\":\"disabled\"},\"fingerprint\":\"ZGtBIkatZ75QE8dS\",\"funding\":\"credit\",\"incremental_authorization\":{\"status\":\"unavailable\"},\"installments\":null,\"last4\":\"4242\",\"mandate\":null,\"multicapture\":{\"status\":\"unavailable\"},\"network\":\"visa\",\"network_token\":{\"used\":false},\"overcapture\":{\"maximum_amount_capturable\":52255,\"status\":\"unavailable\"},\"three_d_secure\":null,\"wallet\":null},\"type\":\"card\"},\"receipt_email\":null,\"receipt_number\":null,\"receipt_url\":\"https:\\/\\/pay.stripe.com\\/receipts\\/payment\\/CAcaFwoVYWNjdF8xRENlalRHZmxxZzVFckNxKOCCybkGMgamaGR9Ij46LBZVxGUsN5QeYSiz8CmAN1wcPL0VGdg2ZsX4f_WUPkcgnCsJ3ZrJ9ugo7xl0\",\"refunded\":false,\"refunds\":{\"object\":\"list\",\"data\":[],\"has_more\":false,\"total_count\":0,\"url\":\"\\/v1\\/charges\\/ch_3QK1aVGflqg5ErCq0BCfvN4b\\/refunds\"},\"review\":null,\"shipping\":{\"address\":{\"city\":\"\\u6771\\u4eac\\u90fd\",\"country\":\"JP\",\"line1\":\"\\u30121000001 \\u6771\\u4eac\\u90fd\\u5343\\u4ee3\\u7530\\u533a\\u5343\\u4ee3\\u7530\",\"line2\":null,\"postal_code\":\"1000001\",\"state\":\"JP\"},\"carrier\":null,\"name\":\"System Admin\",\"phone\":null,\"tracking_number\":null},\"source\":{\"id\":\"card_1QK1aUGflqg5ErCqEOV9YWkH\",\"object\":\"card\",\"address_city\":null,\"address_country\":null,\"address_line1\":null,\"address_line1_check\":null,\"address_line2\":null,\"address_state\":null,\"address_zip\":null,\"address_zip_check\":null,\"brand\":\"Visa\",\"country\":\"US\",\"customer\":\"cus_RCQRIQuHxkyi1V\",\"cvc_check\":\"pass\",\"dynamic_last4\":null,\"exp_month\":7,\"exp_year\":2028,\"fingerprint\":\"ZGtBIkatZ75QE8dS\",\"funding\":\"credit\",\"last4\":\"4242\",\"metadata\":[],\"name\":null,\"tokenization_method\":null,\"wallet\":null},\"source_transfer\":null,\"statement_descriptor\":null,\"statement_descriptor_suffix\":null,\"status\":\"succeeded\",\"transfer_data\":null,\"transfer_group\":null}','{\"id\":\"cus_RCQRIQuHxkyi1V\",\"object\":\"customer\",\"account_balance\":0,\"address\":{\"city\":\"\\u6771\\u4eac\\u90fd\",\"country\":\"JP\",\"line1\":\"\\u30121000001 \\u6771\\u4eac\\u90fd\\u5343\\u4ee3\\u7530\\u533a\\u5343\\u4ee3\\u7530\",\"line2\":null,\"postal_code\":\"1000001\",\"state\":\"JP\"},\"balance\":0,\"created\":1731346782,\"currency\":null,\"default_currency\":null,\"default_source\":\"card_1QK1aUGflqg5ErCqEOV9YWkH\",\"delinquent\":false,\"description\":null,\"discount\":null,\"email\":\"duyliemapt@gmail.com\",\"invoice_prefix\":\"E231F60F\",\"invoice_settings\":{\"custom_fields\":null,\"default_payment_method\":null,\"footer\":null,\"rendering_options\":null},\"livemode\":false,\"metadata\":[],\"name\":\"System Admin\",\"next_invoice_sequence\":1,\"phone\":null,\"preferred_locales\":[],\"shipping\":null,\"sources\":{\"object\":\"list\",\"data\":[{\"id\":\"card_1QK1aUGflqg5ErCqEOV9YWkH\",\"object\":\"card\",\"address_city\":null,\"address_country\":null,\"address_line1\":null,\"address_line1_check\":null,\"address_line2\":null,\"address_state\":null,\"address_zip\":null,\"address_zip_check\":null,\"brand\":\"Visa\",\"country\":\"US\",\"customer\":\"cus_RCQRIQuHxkyi1V\",\"cvc_check\":\"pass\",\"dynamic_last4\":null,\"exp_month\":7,\"exp_year\":2028,\"fingerprint\":\"ZGtBIkatZ75QE8dS\",\"funding\":\"credit\",\"last4\":\"4242\",\"metadata\":[],\"name\":null,\"tokenization_method\":null,\"wallet\":null}],\"has_more\":false,\"total_count\":1,\"url\":\"\\/v1\\/customers\\/cus_RCQRIQuHxkyi1V\\/sources\"},\"subscriptions\":{\"object\":\"list\",\"data\":[],\"has_more\":false,\"total_count\":0,\"url\":\"\\/v1\\/customers\\/cus_RCQRIQuHxkyi1V\\/subscriptions\"},\"tax_exempt\":\"none\",\"tax_ids\":{\"object\":\"list\",\"data\":[],\"has_more\":false,\"total_count\":0,\"url\":\"\\/v1\\/customers\\/cus_RCQRIQuHxkyi1V\\/tax_ids\"},\"tax_info\":null,\"tax_info_verification\":null,\"test_clock\":null}',NULL,'2024-11-12 00:39:43',1,1,0,'2024-11-11 17:39:44','2024-11-11 17:39:44');

--
