--
-- Host: localhost    Database: moro_temp
-- ------------------------------------------------------


--
-- Table structure for table `accessories`
--

CREATE TABLE `accessories` (
  `id` bigint unsigned NOT NULL AUTO_INCREMENT,
  `accessory_category_id` bigint unsigned NOT NULL,
  `code` varchar(255) CHARACTER SET utf8mb4 COLLATE utf8mb4_unicode_ci DEFAULT NULL,
  `name` varchar(255) CHARACTER SET utf8mb4 COLLATE utf8mb4_unicode_ci NOT NULL,
  `description` text CHARACTER SET utf8mb4 COLLATE utf8mb4_unicode_ci,
  `image` varchar(255) CHARACTER SET utf8mb4 COLLATE utf8mb4_unicode_ci DEFAULT NULL,
  `position` int NOT NULL DEFAULT '0',
  `is_activated` tinyint(1) NOT NULL DEFAULT '1',
  `is_deleted` tinyint(1) NOT NULL DEFAULT '0',
  `created_at` timestamp NULL DEFAULT NULL,
  `updated_at` timestamp NULL DEFAULT NULL,
  PRIMARY KEY (`id`),
  UNIQUE KEY `accessories_code_unique` (`code`),
  KEY `accessories_accessory_category_id_code_name_index` (`accessory_category_id`,`code`,`name`),
  CONSTRAINT `accessories_accessory_category_id_foreign` FOREIGN KEY (`accessory_category_id`) REFERENCES `accessory_categories` (`id`) ON DELETE CASCADE
) ENGINE=InnoDB AUTO_INCREMENT=111 DEFAULT CHARSET=utf8mb4 COLLATE=utf8mb4_unicode_ci;

--
-- Dumping data for table `accessories`
--

INSERT INTO `accessories` VALUES (1,1,'232','343','343',NULL,0,1,0,'2025-06-17 04:53:20','2025-06-17 04:53:20'),(2,2,'2324444','343','343',NULL,0,1,0,'2025-06-17 05:00:01','2025-06-17 05:00:01'),(3,1,'2323433','wewe','wew','eb684b3c304d62459fbe278b84abd980.jpg',0,1,0,'2025-06-17 05:04:49','2025-06-17 05:04:49'),(4,3,'A001','Ao',NULL,'9dd0836bc4cf21ed4dd213346d87aca5.png',0,1,0,'2025-06-17 09:26:05','2025-06-17 09:26:05'),(5,3,'B001','Mu',NULL,'b6afb65e2d837e6823536a240a863f70.jpeg',0,1,0,'2025-06-17 09:26:26','2025-06-17 09:26:26'),(6,1,'R46208','Crystal Earrings #1','Test accessory for 23232','b6afb65e2d837e6823536a240a863f70.jpeg',1,1,0,'2025-06-17 09:37:52','2025-06-17 09:37:52'),(7,1,'P36128','Silk Haneri #2','Test accessory for 23232','b6afb65e2d837e6823536a240a863f70.jpeg',2,1,0,'2025-06-17 09:37:52','2025-06-17 09:37:52'),(8,1,'L22802','Classic Obi Belt #3','Test accessory for 23232','b6afb65e2d837e6823536a240a863f70.jpeg',3,1,0,'2025-06-17 09:37:52','2025-06-17 09:37:52'),(9,1,'D08405','Pearl Necklace #4','Test accessory for 23232','b6afb65e2d837e6823536a240a863f70.jpeg',4,1,0,'2025-06-17 09:37:52','2025-06-17 09:37:52'),(10,1,'M71973','Pearl Necklace #5','Test accessory for 23232','b6afb65e2d837e6823536a240a863f70.jpeg',5,1,0,'2025-06-17 09:37:52','2025-06-17 09:37:52'),(11,1,'Q16587','Classic Obi Belt #6','Test accessory for 23232','b6afb65e2d837e6823536a240a863f70.jpeg',6,1,0,'2025-06-17 09:37:52','2025-06-17 09:37:52'),(12,1,'I32140','Wooden Zori #7','Test accessory for 23232','b6afb65e2d837e6823536a240a863f70.jpeg',7,1,0,'2025-06-17 09:37:52','2025-06-17 09:37:52'),(13,2,'B87977','Ceremonial Hakama #1','Test accessory for 3434','b6afb65e2d837e6823536a240a863f70.jpeg',1,1,0,'2025-06-17 09:37:52','2025-06-17 09:37:52'),(14,2,'J67966','Vintage Haori #2','Test accessory for 3434','b6afb65e2d837e6823536a240a863f70.jpeg',2,1,0,'2025-06-17 09:37:52','2025-06-17 09:37:52'),(15,2,'T32773','Cotton Nagajuban #3','Test accessory for 3434','b6afb65e2d837e6823536a240a863f70.jpeg',3,1,0,'2025-06-17 09:37:52','2025-06-17 09:37:52'),(16,2,'A80699','Decorative Obijime #4','Test accessory for 3434','b6afb65e2d837e6823536a240a863f70.jpeg',4,1,0,'2025-06-17 09:37:52','2025-06-17 09:37:52'),(17,3,'D64809','Floral Kanzashi #1','Test accessory for Cate 1','b6afb65e2d837e6823536a240a863f70.jpeg',1,1,0,'2025-06-17 09:37:52','2025-06-17 09:37:52'),(18,3,'X54898','Silver Hair Pin #2','Test accessory for Cate 1','b6afb65e2d837e6823536a240a863f70.jpeg',2,1,0,'2025-06-17 09:37:52','2025-06-17 09:37:52'),(19,3,'K58384','Vintage Haori #3','Test accessory for Cate 1','b6afb65e2d837e6823536a240a863f70.jpeg',3,1,0,'2025-06-17 09:37:52','2025-06-17 09:37:52'),(20,3,'A31152','Modern Obiage #4','Test accessory for Cate 1','b6afb65e2d837e6823536a240a863f70.jpeg',4,1,0,'2025-06-17 09:37:52','2025-06-17 09:37:52'),(21,4,'Y73667','Silk Haneri #1','Test accessory for Cate 2','b6afb65e2d837e6823536a240a863f70.jpeg',1,1,0,'2025-06-17 09:37:52','2025-06-17 09:37:52'),(22,4,'I00658','Silk Fukuro Obi #2','Test accessory for Cate 2','b6afb65e2d837e6823536a240a863f70.jpeg',2,1,0,'2025-06-17 09:37:52','2025-06-17 09:37:52'),(23,4,'F51453','Silk Fukuro Obi #3','Test accessory for Cate 2','b6afb65e2d837e6823536a240a863f70.jpeg',3,1,0,'2025-06-17 09:37:52','2025-06-17 09:37:52'),(24,4,'Y30347','Traditional Sandals #4','Test accessory for Cate 2','b6afb65e2d837e6823536a240a863f70.jpeg',4,1,0,'2025-06-17 09:37:52','2025-06-17 09:37:52'),(25,4,'M72152','Silk Haneri #5','Test accessory for Cate 2','b6afb65e2d837e6823536a240a863f70.jpeg',5,1,0,'2025-06-17 09:37:52','2025-06-17 09:37:52'),(26,5,'S32274','Embroidered Purse #1','Test accessory for Cate 3','b6afb65e2d837e6823536a240a863f70.jpeg',1,1,0,'2025-06-17 09:37:52','2025-06-17 09:37:52'),(27,5,'O56176','Ceremonial Hakama #2','Test accessory for Cate 3','b6afb65e2d837e6823536a240a863f70.jpeg',2,1,0,'2025-06-17 09:37:52','2025-06-17 09:37:52'),(28,5,'V39498','Cotton Nagajuban #3','Test accessory for Cate 3','b6afb65e2d837e6823536a240a863f70.jpeg',3,1,0,'2025-06-17 09:37:52','2025-06-17 09:37:52'),(29,5,'H96173','Summer Yukata Belt #4','Test accessory for Cate 3','b6afb65e2d837e6823536a240a863f70.jpeg',4,1,0,'2025-06-17 09:37:52','2025-06-17 09:37:52'),(30,5,'U51288','Jade Bracelet #5','Test accessory for Cate 3','b6afb65e2d837e6823536a240a863f70.jpeg',5,1,0,'2025-06-17 09:37:52','2025-06-17 09:37:52'),(31,5,'S37132','Traditional Geta #6','Test accessory for Cate 3','b6afb65e2d837e6823536a240a863f70.jpeg',6,1,0,'2025-06-17 09:37:52','2025-06-17 09:37:52'),(32,5,'J78004','Bamboo Fan #7','Test accessory for Cate 3','b6afb65e2d837e6823536a240a863f70.jpeg',7,1,0,'2025-06-17 09:37:52','2025-06-17 09:37:52'),(33,5,'J55665','Summer Yukata Belt #8','Test accessory for Cate 3','b6afb65e2d837e6823536a240a863f70.jpeg',8,1,0,'2025-06-17 09:37:52','2025-06-17 09:37:52'),(34,6,'K79385','Traditional Geta #1','Test accessory for Cate 4','b6afb65e2d837e6823536a240a863f70.jpeg',1,1,0,'2025-06-17 09:37:52','2025-06-17 09:37:52'),(35,6,'O74063','Decorative Obijime #2','Test accessory for Cate 4','b6afb65e2d837e6823536a240a863f70.jpeg',2,1,0,'2025-06-17 09:37:52','2025-06-17 09:37:52'),(36,6,'H54867','Jade Bracelet #3','Test accessory for Cate 4','b6afb65e2d837e6823536a240a863f70.jpeg',3,1,0,'2025-06-17 09:37:52','2025-06-17 09:37:52'),(37,6,'R13294','Modern Obiage #4','Test accessory for Cate 4','b6afb65e2d837e6823536a240a863f70.jpeg',4,1,0,'2025-06-17 09:37:52','2025-06-17 09:37:52'),(38,7,'X18382','Wooden Zori #1','Test accessory for Cate 5','b6afb65e2d837e6823536a240a863f70.jpeg',1,1,0,'2025-06-17 09:37:52','2025-06-17 09:37:52'),(39,7,'D64467','Elegant Tabi Socks #2','Test accessory for Cate 5','b6afb65e2d837e6823536a240a863f70.jpeg',2,1,0,'2025-06-17 09:37:52','2025-06-17 09:37:52'),(40,7,'N55277','Ceremonial Hakama #3','Test accessory for Cate 5','b6afb65e2d837e6823536a240a863f70.jpeg',3,1,0,'2025-06-17 09:37:52','2025-06-17 09:37:52'),(41,7,'X30969','Winter Shawl #4','Test accessory for Cate 5','b6afb65e2d837e6823536a240a863f70.jpeg',4,1,0,'2025-06-17 09:37:52','2025-06-17 09:37:52'),(42,7,'I76836','Jade Bracelet #5','Test accessory for Cate 5','b6afb65e2d837e6823536a240a863f70.jpeg',5,1,0,'2025-06-17 09:37:52','2025-06-17 09:37:52'),(43,1,'I02293','Aeaja',NULL,'dd2d30cb61abe885ca171bfb90337270.png',0,1,0,'2025-06-17 09:39:25','2025-06-17 09:39:25'),(44,8,'G30021','西陣織袋帯','京都西陣の伝統的な袋帯。正装用として最適です。','2c76c0fd-4b39-4991-8a99-94ecf64cd6c5.jpg',1,1,0,'2025-06-17 09:49:04','2025-06-17 09:49:04'),(45,8,'A09923','名古屋帯 花柄','普段着用の名古屋帯。美しい花柄が特徴です。','2c76c0fd-4b39-4991-8a99-94ecf64cd6c5.jpg',2,1,0,'2025-06-17 09:49:04','2025-06-17 09:49:04'),(46,8,'F28100','博多織半幅帯','福岡の伝統工芸博多織の半幅帯。浴衣にぴったりです。','2c76c0fd-4b39-4991-8a99-94ecf64cd6c5.jpg',3,1,0,'2025-06-17 09:49:04','2025-06-17 09:49:04'),(47,8,'N04164','紬帯','カジュアルな紬素材の帯。普段着の着物に合わせます。','2c76c0fd-4b39-4991-8a99-94ecf64cd6c5.jpg',4,1,0,'2025-06-17 09:49:04','2025-06-17 09:49:04'),(48,8,'L57585','振袖用袋帯','振袖専用の華やかな袋帯。成人式や結婚式に。','2c76c0fd-4b39-4991-8a99-94ecf64cd6c5.jpg',5,1,0,'2025-06-17 09:49:04','2025-06-17 09:49:04'),(49,8,'Y97236','夏帯 絽','夏用の涼しい絽素材の帯。夏着物に最適です。','2c76c0fd-4b39-4991-8a99-94ecf64cd6c5.jpg',6,1,0,'2025-06-17 09:49:04','2025-06-17 09:49:04'),(50,8,'G58262','丸帯','最も格式高い帯。花嫁衣装や舞踊用に使用されます。','2c76c0fd-4b39-4991-8a99-94ecf64cd6c5.jpg',7,1,0,'2025-06-17 09:49:04','2025-06-17 09:49:04'),(51,9,'R97424','正絹平組帯締め','正絹の平組み帯締め。フォーマルな場面に適しています。','2c76c0fd-4b39-4991-8a99-94ecf64cd6c5.jpg',1,1,0,'2025-06-17 09:49:04','2025-06-17 09:49:04'),(52,9,'B57313','丸組帯締め','丸い組み方の帯締め。カジュアルな着物に合わせます。','2c76c0fd-4b39-4991-8a99-94ecf64cd6c5.jpg',2,1,0,'2025-06-17 09:49:04','2025-06-17 09:49:04'),(53,9,'B10134','金糸入り帯締め','金糸が織り込まれた豪華な帯締め。特別な日に。','2c76c0fd-4b39-4991-8a99-94ecf64cd6c5.jpg',3,1,0,'2025-06-17 09:49:04','2025-06-17 09:49:04'),(54,9,'L30127','季節柄帯締め','季節の模様が入った帯締め。四季を楽しめます。','2c76c0fd-4b39-4991-8a99-94ecf64cd6c5.jpg',4,1,0,'2025-06-17 09:49:04','2025-06-17 09:49:04'),(55,9,'F31129','振袖用帯締め','振袖専用の太めの帯締め。華やかな装いに。','2c76c0fd-4b39-4991-8a99-94ecf64cd6c5.jpg',5,1,0,'2025-06-17 09:49:04','2025-06-17 09:49:04'),(56,9,'I81565','夏用レース帯締め','夏向けのレース素材帯締め。涼しげな印象です。','2c76c0fd-4b39-4991-8a99-94ecf64cd6c5.jpg',6,1,0,'2025-06-17 09:49:04','2025-06-17 09:49:04'),(57,10,'B47960','正絹絞り帯揚げ','伝統的な絞り染めの帯揚げ。上品な仕上がりです。','2c76c0fd-4b39-4991-8a99-94ecf64cd6c5.jpg',1,1,0,'2025-06-17 09:49:05','2025-06-17 09:49:05'),(58,10,'J51797','無地帯揚げ','シンプルな無地の帯揚げ。どんな着物にも合わせやすい。','2c76c0fd-4b39-4991-8a99-94ecf64cd6c5.jpg',2,1,0,'2025-06-17 09:49:05','2025-06-17 09:49:05'),(59,10,'P40383','ぼかし染め帯揚げ','グラデーション染めの美しい帯揚げ。優雅な印象。','2c76c0fd-4b39-4991-8a99-94ecf64cd6c5.jpg',3,1,0,'2025-06-17 09:49:05','2025-06-17 09:49:05'),(60,10,'K96250','金箔入り帯揚げ','金箔が散らされた豪華な帯揚げ。特別な装いに。','2c76c0fd-4b39-4991-8a99-94ecf64cd6c5.jpg',4,1,0,'2025-06-17 09:49:05','2025-06-17 09:49:05'),(61,10,'Z65875','季節柄帯揚げ','季節の花や模様が入った帯揚げ。季節感を演出。','2c76c0fd-4b39-4991-8a99-94ecf64cd6c5.jpg',5,1,0,'2025-06-17 09:49:05','2025-06-17 09:49:05'),(62,10,'P48006','振袖用帯揚げ','振袖に合う華やかな色柄の帯揚げ。若々しい印象。','2c76c0fd-4b39-4991-8a99-94ecf64cd6c5.jpg',6,1,0,'2025-06-17 09:49:05','2025-06-17 09:49:05'),(63,11,'U35822','桐下駄','軽くて履きやすい桐材の下駄。浴衣に最適です。','2c76c0fd-4b39-4991-8a99-94ecf64cd6c5.jpg',1,1,0,'2025-06-17 09:49:05','2025-06-17 09:49:05'),(64,11,'T99812','エナメル草履','光沢のあるエナメル素材の草履。フォーマルシーンに。','2c76c0fd-4b39-4991-8a99-94ecf64cd6c5.jpg',2,1,0,'2025-06-17 09:49:05','2025-06-17 09:49:05'),(65,11,'C99558','畳表草履','畳表を使用した涼しげな草履。夏の着物に。','2c76c0fd-4b39-4991-8a99-94ecf64cd6c5.jpg',3,1,0,'2025-06-17 09:49:05','2025-06-17 09:49:05'),(66,11,'E33387','佐賀錦草履','佐賀の伝統工芸佐賀錦の草履。格式高い装いに。','2c76c0fd-4b39-4991-8a99-94ecf64cd6c5.jpg',4,1,0,'2025-06-17 09:49:05','2025-06-17 09:49:05'),(67,11,'W37980','舞踊用草履','日本舞踊専用の草履。足袋との相性が良い。','2c76c0fd-4b39-4991-8a99-94ecf64cd6c5.jpg',5,1,0,'2025-06-17 09:49:05','2025-06-17 09:49:05'),(68,11,'W90000','振袖用草履','振袖に合わせる華やかな草履。高いヒールが特徴。','2c76c0fd-4b39-4991-8a99-94ecf64cd6c5.jpg',6,1,0,'2025-06-17 09:49:05','2025-06-17 09:49:05'),(69,11,'E48883','カレンブロッソ草履','モダンなデザインの現代的草履。普段着に人気。','2c76c0fd-4b39-4991-8a99-94ecf64cd6c5.jpg',7,1,0,'2025-06-17 09:49:05','2025-06-17 09:49:05'),(70,12,'P42342','白足袋','基本の白い足袋。フォーマルからカジュアルまで対応。','2c76c0fd-4b39-4991-8a99-94ecf64cd6c5.jpg',1,1,0,'2025-06-17 09:49:05','2025-06-17 09:49:05'),(71,12,'T90274','色足袋','色付きの足袋。おしゃれな着こなしに人気。','2c76c0fd-4b39-4991-8a99-94ecf64cd6c5.jpg',2,1,0,'2025-06-17 09:49:05','2025-06-17 09:49:05'),(72,12,'W03843','レース足袋','レース素材の足袋。夏の装いに涼しげな印象。','2c76c0fd-4b39-4991-8a99-94ecf64cd6c5.jpg',3,1,0,'2025-06-17 09:49:05','2025-06-17 09:49:05'),(73,12,'U89302','刺繍足袋','美しい刺繍が施された足袋。特別な日の装いに。','2c76c0fd-4b39-4991-8a99-94ecf64cd6c5.jpg',4,1,0,'2025-06-17 09:49:05','2025-06-17 09:49:05'),(74,12,'B13358','こはぜ足袋','金属のこはぜで留める伝統的な足袋。着付けに便利。','2c76c0fd-4b39-4991-8a99-94ecf64cd6c5.jpg',5,1,0,'2025-06-17 09:49:05','2025-06-17 09:49:05'),(75,12,'W45799','ストレッチ足袋','伸縮性のある現代的な足袋。履きやすさが人気。','2c76c0fd-4b39-4991-8a99-94ecf64cd6c5.jpg',6,1,0,'2025-06-17 09:49:05','2025-06-17 09:49:05'),(76,13,'L72573','つまみ細工かんざし','江戸つまみ細工の美しいかんざし。花や蝶の模様が人気。','2c76c0fd-4b39-4991-8a99-94ecf64cd6c5.jpg',1,1,0,'2025-06-17 09:49:05','2025-06-17 09:49:05'),(77,13,'A73599','櫛かんざし','櫛とかんざしが一体になった実用的な髪飾り。','2c76c0fd-4b39-4991-8a99-94ecf64cd6c5.jpg',2,1,0,'2025-06-17 09:49:05','2025-06-17 09:49:05'),(78,13,'P78723','簪 金属製','金属製の上品なかんざし。フォーマルな場面に適している。','2c76c0fd-4b39-4991-8a99-94ecf64cd6c5.jpg',3,1,0,'2025-06-17 09:49:05','2025-06-17 09:49:05'),(79,13,'T85404','季節の花かんざし','季節の花をモチーフにしたかんざし。四季を楽しめます。','2c76c0fd-4b39-4991-8a99-94ecf64cd6c5.jpg',4,1,0,'2025-06-17 09:49:05','2025-06-17 09:49:05'),(80,13,'P86990','珊瑚かんざし','珊瑚を使用した高級なかんざし。魔除けの意味もあります。','2c76c0fd-4b39-4991-8a99-94ecf64cd6c5.jpg',5,1,0,'2025-06-17 09:49:05','2025-06-17 09:49:05'),(81,13,'U62400','振袖用かんざし','振袖に合う華やかで大きなかんざし。成人式に人気。','2c76c0fd-4b39-4991-8a99-94ecf64cd6c5.jpg',6,1,0,'2025-06-17 09:49:05','2025-06-17 09:49:05'),(82,13,'B85574','パールかんざし','パールをあしらった上品なかんざし。結婚式などに。','2c76c0fd-4b39-4991-8a99-94ecf64cd6c5.jpg',7,1,0,'2025-06-17 09:49:05','2025-06-17 09:49:05'),(83,14,'V72430','白い半衿','基本の白い半衿。どんな着物にも合わせやすい定番。','2c76c0fd-4b39-4991-8a99-94ecf64cd6c5.jpg',1,1,0,'2025-06-17 09:49:05','2025-06-17 09:49:05'),(84,14,'R59382','刺繍半衿','美しい刺繍が施された半衿。華やかな装いに。','2c76c0fd-4b39-4991-8a99-94ecf64cd6c5.jpg',2,1,0,'2025-06-17 09:49:05','2025-06-17 09:49:05'),(85,14,'L46517','レース半衿','レース素材の半衿。モダンで上品な印象を与えます。','2c76c0fd-4b39-4991-8a99-94ecf64cd6c5.jpg',3,1,0,'2025-06-17 09:49:05','2025-06-17 09:49:05'),(86,14,'B40850','色半衿','色付きの半衿。おしゃれな着こなしのアクセントに。','2c76c0fd-4b39-4991-8a99-94ecf64cd6c5.jpg',4,1,0,'2025-06-17 09:49:05','2025-06-17 09:49:05'),(87,14,'S41207','金箔半衿','金箔が施された豪華な半衿。特別な場面に最適。','2c76c0fd-4b39-4991-8a99-94ecf64cd6c5.jpg',5,1,0,'2025-06-17 09:49:05','2025-06-17 09:49:05'),(88,14,'J66524','絞り半衿','絞り染めの半衿。伝統的な技法が美しい。','2c76c0fd-4b39-4991-8a99-94ecf64cd6c5.jpg',6,1,0,'2025-06-17 09:49:05','2025-06-17 09:49:05'),(89,14,'S45232','夏用半衿','夏向けの涼しい素材の半衿。暑い季節に快適。','2c76c0fd-4b39-4991-8a99-94ecf64cd6c5.jpg',7,1,0,'2025-06-17 09:49:05','2025-06-17 09:49:05'),(90,15,'B45337','黒羽織','フォーマルな黒い羽織。正装時に必須のアイテム。','2c76c0fd-4b39-4991-8a99-94ecf64cd6c5.jpg',1,1,0,'2025-06-17 09:49:05','2025-06-17 09:49:05'),(91,15,'I19797','色羽織','色付きの羽織。カジュアルな着物に合わせて。','2c76c0fd-4b39-4991-8a99-94ecf64cd6c5.jpg',2,1,0,'2025-06-17 09:49:05','2025-06-17 09:49:05'),(92,15,'O68986','道中着','外出時に着用する長めのコート。防寒に最適。','2c76c0fd-4b39-4991-8a99-94ecf64cd6c5.jpg',3,1,0,'2025-06-17 09:49:05','2025-06-17 09:49:05'),(93,15,'R31105','道行コート','四角い衿が特徴的な着物コート。上品な印象。','2c76c0fd-4b39-4991-8a99-94ecf64cd6c5.jpg',4,1,0,'2025-06-17 09:49:05','2025-06-17 09:49:05'),(94,15,'H31883','雨コート','雨の日専用の着物コート。着物を濡らさず保護。','2c76c0fd-4b39-4991-8a99-94ecf64cd6c5.jpg',5,1,0,'2025-06-17 09:49:05','2025-06-17 09:49:05'),(95,15,'O75575','夏羽織','夏用の薄手の羽織。冷房対策や日焼け防止に。','2c76c0fd-4b39-4991-8a99-94ecf64cd6c5.jpg',6,1,0,'2025-06-17 09:49:05','2025-06-17 09:49:05'),(96,15,'D42171','振袖用ショール','振袖に合わせるファーショール。成人式の定番。','2c76c0fd-4b39-4991-8a99-94ecf64cd6c5.jpg',7,1,0,'2025-06-17 09:49:05','2025-06-17 09:49:05'),(97,16,'Q16215','金襴バッグ','金糸を使った豪華な金襴のバッグ。フォーマルに最適。','2c76c0fd-4b39-4991-8a99-94ecf64cd6c5.jpg',1,1,0,'2025-06-17 09:49:05','2025-06-17 09:49:05'),(98,16,'T38389','西陣織バッグ','京都西陣織のバッグ。伝統工芸の美しさが光ります。','2c76c0fd-4b39-4991-8a99-94ecf64cd6c5.jpg',2,1,0,'2025-06-17 09:49:05','2025-06-17 09:49:05'),(99,16,'W47029','巾着袋','紐で口を絞る伝統的な巾着袋。カジュアルな装いに。','2c76c0fd-4b39-4991-8a99-94ecf64cd6c5.jpg',3,1,0,'2025-06-17 09:49:05','2025-06-17 09:49:05'),(100,16,'U50911','がま口バッグ','口金が特徴的ながま口バッグ。レトロな魅力があります。','2c76c0fd-4b39-4991-8a99-94ecf64cd6c5.jpg',4,1,0,'2025-06-17 09:49:05','2025-06-17 09:49:05'),(101,16,'V56765','竹カゴバッグ','竹で編んだ涼しげなカゴバッグ。夏の着物に人気。','2c76c0fd-4b39-4991-8a99-94ecf64cd6c5.jpg',5,1,0,'2025-06-17 09:49:05','2025-06-17 09:49:05'),(102,16,'P62400','振袖用バッグ','振袖に合わせる華やかなバッグ。成人式に必須。','2c76c0fd-4b39-4991-8a99-94ecf64cd6c5.jpg',6,1,0,'2025-06-17 09:49:05','2025-06-17 09:49:05'),(103,16,'Z06090','印伝バッグ','甲州印伝の鹿革バッグ。独特の風合いが魅力。','2c76c0fd-4b39-4991-8a99-94ecf64cd6c5.jpg',7,1,0,'2025-06-17 09:49:05','2025-06-17 09:49:05'),(104,17,'D47878','京扇子','京都の伝統工芸京扇子。上品で優雅な装いに。','2c76c0fd-4b39-4991-8a99-94ecf64cd6c5.jpg',1,1,0,'2025-06-17 09:49:05','2025-06-17 09:49:05'),(105,17,'X30378','舞扇','日本舞踊で使用する舞扇。華やかな装飾が特徴。','2c76c0fd-4b39-4991-8a99-94ecf64cd6c5.jpg',2,1,0,'2025-06-17 09:49:05','2025-06-17 09:49:05'),(106,17,'M59321','夏扇子','夏専用の涼しげな扇子。暑い季節の必需品。','2c76c0fd-4b39-4991-8a99-94ecf64cd6c5.jpg',3,1,0,'2025-06-17 09:49:05','2025-06-17 09:49:05'),(107,17,'H92722','絵付け扇子','美しい絵が描かれた扇子。芸術性の高いアイテム。','2c76c0fd-4b39-4991-8a99-94ecf64cd6c5.jpg',4,1,0,'2025-06-17 09:49:05','2025-06-17 09:49:05'),(108,17,'R27299','白檀扇子','白檀の香りがする高級扇子。香りも楽しめます。','2c76c0fd-4b39-4991-8a99-94ecf64cd6c5.jpg',5,1,0,'2025-06-17 09:49:05','2025-06-17 09:49:05'),(109,17,'S81914','祭りうちわ','祭りや夏祭りで使う伝統的なうちわ。浴衣に最適。','2c76c0fd-4b39-4991-8a99-94ecf64cd6c5.jpg',6,1,0,'2025-06-17 09:49:05','2025-06-17 09:49:05'),(110,17,'O82910','婚礼扇子','結婚式で使用する特別な扇子。縁起の良い柄が特徴。','2c76c0fd-4b39-4991-8a99-94ecf64cd6c5.jpg',7,1,0,'2025-06-17 09:49:05','2025-06-17 09:49:05');

--
-- Table structure for table `accessory_categories`
--

CREATE TABLE `accessory_categories` (
  `id` bigint unsigned NOT NULL AUTO_INCREMENT,
  `name` varchar(255) CHARACTER SET utf8mb4 COLLATE utf8mb4_unicode_ci NOT NULL,
  `description` text CHARACTER SET utf8mb4 COLLATE utf8mb4_unicode_ci,
  `image` varchar(255) CHARACTER SET utf8mb4 COLLATE utf8mb4_unicode_ci DEFAULT NULL,
  `position` int NOT NULL DEFAULT '0',
  `is_activated` tinyint(1) NOT NULL DEFAULT '1',
  `is_deleted` tinyint(1) NOT NULL DEFAULT '0',
  `created_at` timestamp NULL DEFAULT NULL,
  `updated_at` timestamp NULL DEFAULT NULL,
  PRIMARY KEY (`id`),
  KEY `accessory_categories_name_index` (`name`)
) ENGINE=InnoDB AUTO_INCREMENT=18 DEFAULT CHARSET=utf8mb4 COLLATE=utf8mb4_unicode_ci;

--
-- Dumping data for table `accessory_categories`
--

INSERT INTO `accessory_categories` VALUES (1,'23232','34343',NULL,0,1,0,'2025-06-17 04:51:39','2025-06-17 04:51:39'),(2,'3434',NULL,NULL,0,1,0,'2025-06-17 04:51:44','2025-06-17 04:51:44'),(3,'Cate 1',NULL,NULL,0,1,0,'2025-06-17 09:25:20','2025-06-17 09:25:20'),(4,'Cate 2',NULL,NULL,0,1,0,'2025-06-17 09:25:25','2025-06-17 09:25:25'),(5,'Cate 3',NULL,NULL,0,1,0,'2025-06-17 09:25:31','2025-06-17 09:25:31'),(6,'Cate 4',NULL,NULL,0,1,0,'2025-06-17 09:25:36','2025-06-17 09:25:36'),(7,'Cate 5',NULL,NULL,0,1,0,'2025-06-17 09:25:42','2025-06-17 09:25:42'),(8,'帯 (Obi)','着物の帯。袋帯、名古屋帯、半幅帯など様々な種類があります。','2c76c0fd-4b39-4991-8a99-94ecf64cd6c5.jpg',1,1,0,'2025-06-17 09:49:04','2025-06-17 09:49:04'),(9,'帯締め (Obijime)','帯の上から締める組紐。帯の形を整える役割があります。','2c76c0fd-4b39-4991-8a99-94ecf64cd6c5.jpg',1,1,0,'2025-06-17 09:49:04','2025-06-17 09:49:04'),(10,'帯揚げ (Obiage)','帯枕を隠すために使用する絹の布。着物の装いを美しく見せます。','2c76c0fd-4b39-4991-8a99-94ecf64cd6c5.jpg',1,1,0,'2025-06-17 09:49:04','2025-06-17 09:49:04'),(11,'下駄・草履 (Geta/Zori)','着物に合わせる伝統的な履物。下駄はカジュアル、草履はフォーマル用。','2c76c0fd-4b39-4991-8a99-94ecf64cd6c5.jpg',1,1,0,'2025-06-17 09:49:05','2025-06-17 09:49:05'),(12,'足袋 (Tabi)','着物を着る際に履く伝統的な靴下。親指が分かれているのが特徴。','2c76c0fd-4b39-4991-8a99-94ecf64cd6c5.jpg',1,1,0,'2025-06-17 09:49:05','2025-06-17 09:49:05'),(13,'髪飾り (Kanzashi)','着物姿の髪を美しく飾る伝統的なアクセサリー。季節や場面に応じて選びます。','2c76c0fd-4b39-4991-8a99-94ecf64cd6c5.jpg',1,1,0,'2025-06-17 09:49:05','2025-06-17 09:49:05'),(14,'半衿 (Han-eri)','長襦袢の衿に縫い付ける布。着物の印象を大きく左右する重要なアイテム。','2c76c0fd-4b39-4991-8a99-94ecf64cd6c5.jpg',1,1,0,'2025-06-17 09:49:05','2025-06-17 09:49:05'),(15,'羽織・コート (Haori/Coat)','着物の上に羽織る外衣。防寒やフォーマル感を演出します。','2c76c0fd-4b39-4991-8a99-94ecf64cd6c5.jpg',1,1,0,'2025-06-17 09:49:05','2025-06-17 09:49:05'),(16,'バッグ・巾着 (Bag/Kinchaku)','着物に合わせる伝統的な袋物。実用性と美しさを兼ね備えています。','2c76c0fd-4b39-4991-8a99-94ecf64cd6c5.jpg',1,1,0,'2025-06-17 09:49:05','2025-06-17 09:49:05'),(17,'扇子・うちわ (Sensu/Uchiwa)','着物姿に優雅さを添える扇子や涼を取るうちわ。実用性と装飾性を兼ね備えます。','2c76c0fd-4b39-4991-8a99-94ecf64cd6c5.jpg',1,1,0,'2025-06-17 09:49:05','2025-06-17 09:49:05');

--
-- Table structure for table `areas`
--

CREATE TABLE `areas` (
  `id` bigint unsigned NOT NULL AUTO_INCREMENT,
  `name` varchar(255) CHARACTER SET utf8mb4 COLLATE utf8mb4_unicode_ci NOT NULL,
  `slug` varchar(255) CHARACTER SET utf8mb4 COLLATE utf8mb4_unicode_ci DEFAULT NULL,
  `parent_id` bigint unsigned NOT NULL DEFAULT '0',
  `description` tinytext CHARACTER SET utf8mb4 COLLATE utf8mb4_unicode_ci,
  `position` int unsigned NOT NULL DEFAULT '0',
  `is_activated` smallint unsigned NOT NULL DEFAULT '1',
  `is_deleted` smallint unsigned NOT NULL DEFAULT '0',
  `created_at` timestamp NULL DEFAULT NULL,
  `updated_at` timestamp NULL DEFAULT NULL,
  PRIMARY KEY (`id`)
) ENGINE=InnoDB AUTO_INCREMENT=1799 DEFAULT CHARSET=utf8mb4 COLLATE=utf8mb4_unicode_ci;

--
-- Dumping data for table `areas`
--

INSERT INTO `areas` VALUES (1,'宗谷','souya',0,NULL,0,1,0,'2024-12-04 06:14:46','2024-12-04 06:14:46'),(2,'稚内','wakkanai',1,NULL,1,1,0,'2024-12-04 06:14:46','2024-12-04 06:14:46'),(3,'沓形','kutsugata',1,NULL,2,1,0,'2024-12-04 06:14:46','2024-12-04 06:14:46'),(4,'浜頓別','hamatonbetsu',1,NULL,3,1,0,'2024-12-04 06:14:46','2024-12-04 06:14:46'),(5,'北見枝幸','kitami-esashi',1,NULL,4,1,0,'2024-12-04 06:14:46','2024-12-04 06:14:46'),(6,'歌登','utanobori',1,NULL,5,1,0,'2024-12-04 06:14:46','2024-12-04 06:14:46'),(7,'中頓別','nakatonbetsu',1,NULL,6,1,0,'2024-12-04 06:14:46','2024-12-04 06:14:46'),(8,'豊富','houfu',1,NULL,7,1,0,'2024-12-04 06:14:46','2024-12-04 06:14:46'),(9,'沼川','numakawa',1,NULL,8,1,0,'2024-12-04 06:14:46','2024-12-04 06:14:46'),(10,'船泊','funadomari',1,NULL,9,1,0,'2024-12-04 06:14:46','2024-12-04 06:14:46'),(11,'宗谷岬','souyamisaki',1,NULL,10,1,0,'2024-12-04 06:14:46','2024-12-04 06:14:46'),(12,'浜鬼志別','hama-onishibetsu',1,NULL,11,1,0,'2024-12-04 06:14:46','2024-12-04 06:14:46'),(13,'本泊','hon-haku',1,NULL,12,1,0,'2024-12-04 06:14:46','2024-12-04 06:14:46'),(14,'声問','koetoi',1,NULL,13,1,0,'2024-12-04 06:14:46','2024-12-04 06:14:46'),(15,'礼文','rebun',1,NULL,14,1,0,'2024-12-04 06:14:46','2024-12-04 06:14:46'),(16,'幌泊','horo-haku',1,NULL,15,1,0,'2024-12-04 06:14:46','2024-12-04 06:14:46'),(17,'宗谷地方全地点','souya-chihou-zenchi-ten',1,NULL,16,1,0,'2024-12-04 06:14:46','2024-12-04 06:14:46'),(18,'幌延','horonobe',1,NULL,17,1,0,'2024-12-04 06:14:46','2024-12-04 06:14:46'),(19,'礼文上泊埼','rebun-ue-haku-saki',1,NULL,18,1,0,'2024-12-04 06:14:46','2024-12-04 06:14:46'),(20,'上川','kamikawa',0,NULL,19,1,0,'2024-12-04 06:14:46','2024-12-04 06:14:46'),(21,'美深','bifuka',20,NULL,20,1,0,'2024-12-04 06:14:46','2024-12-04 06:14:46'),(22,'ピヤシリ山','hi-hi-yashiri-yama',20,NULL,21,1,0,'2024-12-04 06:14:46','2024-12-04 06:14:46'),(23,'名寄','nayoro',20,NULL,22,1,0,'2024-12-04 06:14:46','2024-12-04 06:14:46'),(24,'西風連','nishikaze-ren',20,NULL,23,1,0,'2024-12-04 06:14:46','2024-12-04 06:14:46'),(25,'下川','shimokawa',20,NULL,24,1,0,'2024-12-04 06:14:46','2024-12-04 06:14:46'),(26,'士別','shibetsu',20,NULL,25,1,0,'2024-12-04 06:14:46','2024-12-04 06:14:46'),(27,'犬牛別峠','kengyuu-betsu-touge',20,NULL,26,1,0,'2024-12-04 06:14:46','2024-12-04 06:14:46'),(28,'雄鷹峰','osu-taka-mine',20,NULL,27,1,0,'2024-12-04 06:14:46','2024-12-04 06:14:46'),(29,'蓬莱山','hourai-yama',20,NULL,28,1,0,'2024-12-04 06:14:46','2024-12-04 06:14:46'),(30,'上川','kamikawa',20,NULL,29,1,0,'2024-12-04 06:14:46','2024-12-04 06:14:46'),(31,'旭川','asahikawa',20,NULL,30,1,0,'2024-12-04 06:14:46','2024-12-04 06:14:46'),(32,'瑞穂','mizuho',20,NULL,31,1,0,'2024-12-04 06:14:46','2024-12-04 06:14:46'),(33,'終沢','owari-sawa',20,NULL,32,1,0,'2024-12-04 06:14:46','2024-12-04 06:14:46'),(34,'旭岳','asahidake',20,NULL,33,1,0,'2024-12-04 06:14:46','2024-12-04 06:14:46'),(35,'白金','shirogane',20,NULL,34,1,0,'2024-12-04 06:14:46','2024-12-04 06:14:46'),(36,'富良野','furano',20,NULL,35,1,0,'2024-12-04 06:14:46','2024-12-04 06:14:46'),(37,'前富良野岳','mae-furano-gaku',20,NULL,36,1,0,'2024-12-04 06:14:46','2024-12-04 06:14:46'),(38,'前時雨山','zenji-uzan',20,NULL,37,1,0,'2024-12-04 06:14:46','2024-12-04 06:14:46'),(39,'朝日','asahi',20,NULL,38,1,0,'2024-12-04 06:14:46','2024-12-04 06:14:46'),(40,'比布','pippu',20,NULL,39,1,0,'2024-12-04 06:14:46','2024-12-04 06:14:46'),(41,'層雲峡','souunkyou',20,NULL,40,1,0,'2024-12-04 06:14:46','2024-12-04 06:14:46'),(42,'美瑛','biei',20,NULL,41,1,0,'2024-12-04 06:14:46','2024-12-04 06:14:46'),(43,'和寒','wassamu',20,NULL,42,1,0,'2024-12-04 06:14:46','2024-12-04 06:14:46'),(44,'東川','higashikawa',20,NULL,43,1,0,'2024-12-04 06:14:46','2024-12-04 06:14:46'),(45,'志比内','shihi-nai',20,NULL,44,1,0,'2024-12-04 06:14:46','2024-12-04 06:14:46'),(46,'幾寅','ikutora',20,NULL,45,1,0,'2024-12-04 06:14:46','2024-12-04 06:14:46'),(47,'占冠','shimukappu',20,NULL,46,1,0,'2024-12-04 06:14:46','2024-12-04 06:14:46'),(48,'上富良野','kamifurano',20,NULL,47,1,0,'2024-12-04 06:14:46','2024-12-04 06:14:46'),(49,'江丹別','kou-tan-betsu',20,NULL,48,1,0,'2024-12-04 06:14:47','2024-12-04 06:14:47'),(50,'音威子府','otoineppu',20,NULL,49,1,0,'2024-12-04 06:14:47','2024-12-04 06:14:47'),(51,'中川','nakagawa',20,NULL,50,1,0,'2024-12-04 06:14:47','2024-12-04 06:14:47'),(52,'麓郷','rokugou',20,NULL,51,1,0,'2024-12-04 06:14:47','2024-12-04 06:14:47'),(53,'東神楽','higashikagura',20,NULL,52,1,0,'2024-12-04 06:14:47','2024-12-04 06:14:47'),(54,'小車','oguruma',20,NULL,53,1,0,'2024-12-04 06:14:47','2024-12-04 06:14:47'),(55,'剣淵','kenbuchi',20,NULL,54,1,0,'2024-12-04 06:14:47','2024-12-04 06:14:47'),(56,'金山','kanayama',20,NULL,55,1,0,'2024-12-04 06:14:47','2024-12-04 06:14:47'),(57,'上川地方全地点','kamikawa-chihou-zenchi-ten',20,NULL,56,1,0,'2024-12-04 06:14:47','2024-12-04 06:14:47'),(58,'幌加内','horokanai',20,NULL,57,1,0,'2024-12-04 06:14:47','2024-12-04 06:14:47'),(59,'朱鞠内','shu-mari-nai',20,NULL,58,1,0,'2024-12-04 06:14:47','2024-12-04 06:14:47'),(60,'留萌','rumoi',0,NULL,59,1,0,'2024-12-04 06:14:47','2024-12-04 06:14:47'),(61,'天塩','teshio',60,NULL,60,1,0,'2024-12-04 06:14:47','2024-12-04 06:14:47'),(62,'遠別','enbetsu',60,NULL,61,1,0,'2024-12-04 06:14:47','2024-12-04 06:14:47'),(63,'羽幌','hahoro',60,NULL,62,1,0,'2024-12-04 06:14:47','2024-12-04 06:14:47'),(64,'留萌','rumoi',60,NULL,63,1,0,'2024-12-04 06:14:47','2024-12-04 06:14:47'),(65,'増毛','mashike',60,NULL,64,1,0,'2024-12-04 06:14:47','2024-12-04 06:14:47'),(66,'古丹別','kotan-betsu',60,NULL,65,1,0,'2024-12-04 06:14:47','2024-12-04 06:14:47'),(67,'焼尻','yakishiri',60,NULL,66,1,0,'2024-12-04 06:14:47','2024-12-04 06:14:47'),(68,'初山別','shosanbetsu',60,NULL,67,1,0,'2024-12-04 06:14:47','2024-12-04 06:14:47'),(69,'達布','tooru-nuno',60,NULL,68,1,0,'2024-12-04 06:14:47','2024-12-04 06:14:47'),(70,'幌糠','horo-nuka',60,NULL,69,1,0,'2024-12-04 06:14:47','2024-12-04 06:14:47'),(71,'留萌地方全地点','rumoi-chihou-zenchi-ten',60,NULL,70,1,0,'2024-12-04 06:14:47','2024-12-04 06:14:47'),(72,'石狩','ishikari',0,NULL,71,1,0,'2024-12-04 06:14:47','2024-12-04 06:14:47'),(73,'阿曽岩','aso-iwa',72,NULL,72,1,0,'2024-12-04 06:14:47','2024-12-04 06:14:47'),(74,'新篠津','shinshinotsu',72,NULL,73,1,0,'2024-12-04 06:14:47','2024-12-04 06:14:47'),(75,'山口','yamaguchi',72,NULL,74,1,0,'2024-12-04 06:14:47','2024-12-04 06:14:47'),(76,'手稲山','teine-yama',72,NULL,75,1,0,'2024-12-04 06:14:47','2024-12-04 06:14:47'),(77,'札幌','sapporo',72,NULL,76,1,0,'2024-12-04 06:14:47','2024-12-04 06:14:47'),(78,'小金湯','koganeyu',72,NULL,77,1,0,'2024-12-04 06:14:47','2024-12-04 06:14:47'),(79,'恵庭島松','eniwa-shima-matsu',72,NULL,78,1,0,'2024-12-04 06:14:47','2024-12-04 06:14:47'),(80,'島松山','shima-matsuyama',72,NULL,79,1,0,'2024-12-04 06:14:47','2024-12-04 06:14:47'),(81,'支笏湖畔','shikotsuko-aze',72,NULL,80,1,0,'2024-12-04 06:14:47','2024-12-04 06:14:47'),(82,'西野幌','nishino-horo',72,NULL,81,1,0,'2024-12-04 06:14:47','2024-12-04 06:14:47'),(83,'石狩','ishikari',72,NULL,82,1,0,'2024-12-04 06:14:47','2024-12-04 06:14:47'),(84,'浜益','hamamasu',72,NULL,83,1,0,'2024-12-04 06:14:47','2024-12-04 06:14:47'),(85,'厚田','atsuta',72,NULL,84,1,0,'2024-12-04 06:14:47','2024-12-04 06:14:47'),(86,'千歳','chitose',72,NULL,85,1,0,'2024-12-04 06:14:47','2024-12-04 06:14:47'),(87,'江別','ebetsu',72,NULL,86,1,0,'2024-12-04 06:14:47','2024-12-04 06:14:47'),(88,'石狩地方全地点','ishikari-chihou-zenchi-ten',72,NULL,87,1,0,'2024-12-04 06:14:47','2024-12-04 06:14:47'),(89,'空知','sorachi',0,NULL,88,1,0,'2024-12-04 06:14:47','2024-12-04 06:14:47'),(90,'石狩沼田','ishikarinumata',89,NULL,89,1,0,'2024-12-04 06:14:47','2024-12-04 06:14:47'),(91,'深川','fukagawa',89,NULL,90,1,0,'2024-12-04 06:14:47','2024-12-04 06:14:47'),(92,'常盤山','tokiwa-yama',89,NULL,91,1,0,'2024-12-04 06:14:47','2024-12-04 06:14:47'),(93,'滝川','takikawa',89,NULL,92,1,0,'2024-12-04 06:14:47','2024-12-04 06:14:47'),(94,'神威岳','kamoi-gaku',89,NULL,93,1,0,'2024-12-04 06:14:47','2024-12-04 06:14:47'),(95,'芦別','ashi-betsu',89,NULL,94,1,0,'2024-12-04 06:14:47','2024-12-04 06:14:47'),(96,'美唄','bibai',89,NULL,95,1,0,'2024-12-04 06:14:47','2024-12-04 06:14:47'),(97,'岩見沢','iwamizawa',89,NULL,96,1,0,'2024-12-04 06:14:47','2024-12-04 06:14:47'),(98,'下桂沢','shita-katsurazawa',89,NULL,97,1,0,'2024-12-04 06:14:47','2024-12-04 06:14:47'),(99,'長沼','naganuma',89,NULL,98,1,0,'2024-12-04 06:14:47','2024-12-04 06:14:47'),(100,'丁未山','hinotohitsuji-yama',89,NULL,99,1,0,'2024-12-04 06:14:47','2024-12-04 06:14:47'),(101,'夕張','yuubari',89,NULL,100,1,0,'2024-12-04 06:14:47','2024-12-04 06:14:47'),(102,'登川山','noborikawa-yama',89,NULL,101,1,0,'2024-12-04 06:14:47','2024-12-04 06:14:47'),(103,'月形','tsukigata',89,NULL,102,1,0,'2024-12-04 06:14:47','2024-12-04 06:14:47'),(104,'栗沢','kurisawa',89,NULL,103,1,0,'2024-12-04 06:14:47','2024-12-04 06:14:47'),(105,'晩生内','bansei-nai',89,NULL,104,1,0,'2024-12-04 06:14:47','2024-12-04 06:14:47'),(106,'桜山','sakurayama',89,NULL,105,1,0,'2024-12-04 06:14:47','2024-12-04 06:14:47'),(107,'空知吉野','sorachi-yoshino',89,NULL,106,1,0,'2024-12-04 06:14:47','2024-12-04 06:14:47'),(108,'浦臼','urausu',89,NULL,107,1,0,'2024-12-04 06:14:47','2024-12-04 06:14:47'),(109,'鹿島','kashima',89,NULL,108,1,0,'2024-12-04 06:14:47','2024-12-04 06:14:47'),(110,'沼の沢','numa-no-sawa',89,NULL,109,1,0,'2024-12-04 06:14:47','2024-12-04 06:14:47'),(111,'新城','shinjou',89,NULL,110,1,0,'2024-12-04 06:14:47','2024-12-04 06:14:47'),(112,'赤平','akabira',89,NULL,111,1,0,'2024-12-04 06:14:47','2024-12-04 06:14:47'),(113,'雨竜','uryuu',89,NULL,112,1,0,'2024-12-04 06:14:47','2024-12-04 06:14:47'),(114,'空知地方全地点','sorachi-chihou-zenchi-ten',89,NULL,113,1,0,'2024-12-04 06:14:47','2024-12-04 06:14:47'),(115,'秩父別','chippubetsu',89,NULL,114,1,0,'2024-12-04 06:14:47','2024-12-04 06:14:47'),(116,'後志','shiribeshi',0,NULL,115,1,0,'2024-12-04 06:14:47','2024-12-04 06:14:47'),(117,'美国','yoshikuni',116,NULL,116,1,0,'2024-12-04 06:14:47','2024-12-04 06:14:47'),(118,'余市','yoichi',116,NULL,117,1,0,'2024-12-04 06:14:47','2024-12-04 06:14:47'),(119,'小樽','otaru',116,NULL,118,1,0,'2024-12-04 06:14:47','2024-12-04 06:14:47'),(120,'共和','kyouwa',116,NULL,119,1,0,'2024-12-04 06:14:47','2024-12-04 06:14:47'),(121,'蘭越','rankoshi',116,NULL,120,1,0,'2024-12-04 06:14:47','2024-12-04 06:14:47'),(122,'倶知安','kutchan',116,NULL,121,1,0,'2024-12-04 06:14:47','2024-12-04 06:14:47'),(123,'脇方台地','waki-hou-daichi',116,NULL,122,1,0,'2024-12-04 06:14:47','2024-12-04 06:14:47'),(124,'寿都','suttsu',116,NULL,123,1,0,'2024-12-04 06:14:47','2024-12-04 06:14:47'),(125,'桂台','katsuradai',116,NULL,124,1,0,'2024-12-04 06:14:47','2024-12-04 06:14:47'),(126,'喜茂別','kimobetsu',116,NULL,125,1,0,'2024-12-04 06:14:47','2024-12-04 06:14:47'),(127,'黒松内','kuromatsunai',116,NULL,126,1,0,'2024-12-04 06:14:47','2024-12-04 06:14:47'),(128,'真狩','makkari',116,NULL,127,1,0,'2024-12-04 06:14:47','2024-12-04 06:14:47'),(129,'赤井川','akaigawa',116,NULL,128,1,0,'2024-12-04 06:14:47','2024-12-04 06:14:47'),(130,'神恵内','kamoenai',116,NULL,129,1,0,'2024-12-04 06:14:47','2024-12-04 06:14:47'),(131,'後志地方全地点','shiribeshi-chihou-zenchi-ten',116,NULL,130,1,0,'2024-12-04 06:14:47','2024-12-04 06:14:47'),(132,'ニセコ','niseko',116,NULL,131,1,0,'2024-12-04 06:14:47','2024-12-04 06:14:47'),(133,'網走·北見·紋別','abashiri-kitami-monbetsu',0,NULL,132,1,0,'2024-12-04 06:14:47','2024-12-04 06:14:47'),(134,'雄武','oumu',133,NULL,133,1,0,'2024-12-04 06:14:47','2024-12-04 06:14:47'),(135,'興部','okoppe',133,NULL,134,1,0,'2024-12-04 06:14:47','2024-12-04 06:14:47'),(136,'紋別','monbetsu',133,NULL,135,1,0,'2024-12-04 06:14:47','2024-12-04 06:14:47'),(137,'湧別','yuubetsu',133,NULL,136,1,0,'2024-12-04 06:14:47','2024-12-04 06:14:47'),(138,'滝上','takigami',133,NULL,137,1,0,'2024-12-04 06:14:47','2024-12-04 06:14:47'),(139,'上藻別','ue-mo-betsu',133,NULL,138,1,0,'2024-12-04 06:14:47','2024-12-04 06:14:47'),(140,'常呂','tokoro',133,NULL,139,1,0,'2024-12-04 06:14:47','2024-12-04 06:14:47'),(141,'遠軽','enkaru',133,NULL,140,1,0,'2024-12-04 06:14:47','2024-12-04 06:14:47'),(142,'佐呂間','saroma',133,NULL,141,1,0,'2024-12-04 06:14:47','2024-12-04 06:14:47'),(143,'網走','abashiri',133,NULL,142,1,0,'2024-12-04 06:14:47','2024-12-04 06:14:47'),(144,'生田原','ikutahara',133,NULL,143,1,0,'2024-12-04 06:14:47','2024-12-04 06:14:47'),(145,'仁頃山','hitoshi-goro-yama',133,NULL,144,1,0,'2024-12-04 06:14:47','2024-12-04 06:14:47'),(146,'北見','kitami',133,NULL,145,1,0,'2024-12-04 06:14:47','2024-12-04 06:14:47'),(147,'小清水','koshimizu',133,NULL,146,1,0,'2024-12-04 06:14:47','2024-12-04 06:14:47'),(148,'斜里','shari',133,NULL,147,1,0,'2024-12-04 06:14:47','2024-12-04 06:14:47'),(149,'留辺蘂','ryuu-hen-zui',133,NULL,148,1,0,'2024-12-04 06:14:47','2024-12-04 06:14:47'),(150,'留辺蘂山','ryuu-hen-zui-yama',133,NULL,149,1,0,'2024-12-04 06:14:47','2024-12-04 06:14:47'),(151,'美幌','bihoro',133,NULL,150,1,0,'2024-12-04 06:14:47','2024-12-04 06:14:47'),(152,'藻琴山','mokoto-yama',133,NULL,151,1,0,'2024-12-04 06:14:47','2024-12-04 06:14:47'),(153,'チミケップ山','chimikeffu-chimikeffu-yama',133,NULL,152,1,0,'2024-12-04 06:14:47','2024-12-04 06:14:47'),(154,'津別','tsubetsu',133,NULL,153,1,0,'2024-12-04 06:14:47','2024-12-04 06:14:47'),(155,'北見中山','kitami-nakayama',133,NULL,154,1,0,'2024-12-04 06:14:47','2024-12-04 06:14:47'),(156,'宇登呂','utoro',133,NULL,155,1,0,'2024-12-04 06:14:47','2024-12-04 06:14:47'),(157,'西興部','nishiokoppe',133,NULL,156,1,0,'2024-12-04 06:14:47','2024-12-04 06:14:47'),(158,'白滝','shirataki',133,NULL,157,1,0,'2024-12-04 06:14:47','2024-12-04 06:14:47'),(159,'境野','sakaino',133,NULL,158,1,0,'2024-12-04 06:14:47','2024-12-04 06:14:47'),(160,'東藻琴','higashimokoto',133,NULL,159,1,0,'2024-12-04 06:14:47','2024-12-04 06:14:47'),(161,'丸瀬布','maruseppu',133,NULL,160,1,0,'2024-12-04 06:14:47','2024-12-04 06:14:47'),(162,'女満別','memanbetsu',133,NULL,161,1,0,'2024-12-04 06:14:47','2024-12-04 06:14:47'),(163,'紋別小向','monbetsu-komukai',133,NULL,162,1,0,'2024-12-04 06:14:47','2024-12-04 06:14:47'),(164,'津別二又','tsubetsu-futamata',133,NULL,163,1,0,'2024-12-04 06:14:47','2024-12-04 06:14:47'),(165,'置戸常元','oketo-tsunemoto',133,NULL,164,1,0,'2024-12-04 06:14:47','2024-12-04 06:14:47'),(166,'網走·北見·紋別地方全地点','abashiri-kitami-monbetsu-chihou-zenchi-ten',133,NULL,165,1,0,'2024-12-04 06:14:47','2024-12-04 06:14:47'),(167,'山園','yama-sono',133,NULL,166,1,0,'2024-12-04 06:14:47','2024-12-04 06:14:47'),(168,'根室','nemuro',0,NULL,167,1,0,'2024-12-04 06:14:47','2024-12-04 06:14:47'),(169,'羅臼','rausu',168,NULL,168,1,0,'2024-12-04 06:14:47','2024-12-04 06:14:47'),(170,'標津','shibetsu',168,NULL,169,1,0,'2024-12-04 06:14:47','2024-12-04 06:14:47'),(171,'中標津','nakashibetsu',168,NULL,170,1,0,'2024-12-04 06:14:47','2024-12-04 06:14:47'),(172,'計根別','kei-ne-betsu',168,NULL,171,1,0,'2024-12-04 06:14:47','2024-12-04 06:14:47'),(173,'別海','bekkai',168,NULL,172,1,0,'2024-12-04 06:14:47','2024-12-04 06:14:47'),(174,'根室','nemuro',168,NULL,173,1,0,'2024-12-04 06:14:47','2024-12-04 06:14:47'),(175,'納沙布','nosappu',168,NULL,174,1,0,'2024-12-04 06:14:47','2024-12-04 06:14:47'),(176,'厚床','atsushi-toko',168,NULL,175,1,0,'2024-12-04 06:14:47','2024-12-04 06:14:47'),(177,'糸櫛別','ito-kushi-betsu',168,NULL,176,1,0,'2024-12-04 06:14:47','2024-12-04 06:14:47'),(178,'根室中標津','nemuro-nakashibetsu',168,NULL,177,1,0,'2024-12-04 06:14:47','2024-12-04 06:14:47'),(179,'上標津','ue-shibetsu',168,NULL,178,1,0,'2024-12-04 06:14:47','2024-12-04 06:14:47'),(180,'根室地方全地点','nemuro-chihou-zenchi-ten',168,NULL,179,1,0,'2024-12-04 06:14:47','2024-12-04 06:14:47'),(181,'釧路','kushiro',0,NULL,180,1,0,'2024-12-04 06:14:47','2024-12-04 06:14:47'),(182,'川湯','kawayu',181,NULL,181,1,0,'2024-12-04 06:14:47','2024-12-04 06:14:47'),(183,'阿寒湖畔','akan-kohan',181,NULL,182,1,0,'2024-12-04 06:14:47','2024-12-04 06:14:47'),(184,'弟子屈','teshikaga',181,NULL,183,1,0,'2024-12-04 06:14:47','2024-12-04 06:14:47'),(185,'標茶','shibecha',181,NULL,184,1,0,'2024-12-04 06:14:47','2024-12-04 06:14:47'),(186,'幌呂台地','horo-ro-daichi',181,NULL,185,1,0,'2024-12-04 06:14:47','2024-12-04 06:14:47'),(187,'中徹別','naka-tooru-betsu',181,NULL,186,1,0,'2024-12-04 06:14:47','2024-12-04 06:14:47'),(188,'阿寒','akan',181,NULL,187,1,0,'2024-12-04 06:14:47','2024-12-04 06:14:47'),(189,'霧多布','kiritappu',181,NULL,188,1,0,'2024-12-04 06:14:47','2024-12-04 06:14:47'),(190,'白糠','shiranuka',181,NULL,189,1,0,'2024-12-04 06:14:47','2024-12-04 06:14:47'),(191,'釧路','kushiro',181,NULL,190,1,0,'2024-12-04 06:14:47','2024-12-04 06:14:47'),(192,'二俣','futamata',181,NULL,191,1,0,'2024-12-04 06:14:47','2024-12-04 06:14:47'),(193,'鶴居','tsurui',181,NULL,192,1,0,'2024-12-04 06:14:47','2024-12-04 06:14:47'),(194,'弟子屈','teshikaga',181,NULL,193,1,0,'2024-12-04 06:14:47','2024-12-04 06:14:47'),(195,'太田','oota',181,NULL,194,1,0,'2024-12-04 06:14:47','2024-12-04 06:14:47'),(196,'榊町','sakaki-machi',181,NULL,195,1,0,'2024-12-04 06:14:47','2024-12-04 06:14:47'),(197,'知方学','chi-hou-gaku',181,NULL,196,1,0,'2024-12-04 06:14:47','2024-12-04 06:14:47'),(198,'塘路','touro',181,NULL,197,1,0,'2024-12-04 06:14:47','2024-12-04 06:14:47'),(199,'茶内原野','chanai-genya',181,NULL,198,1,0,'2024-12-04 06:14:47','2024-12-04 06:14:47'),(200,'鶴丘','tsuruoka',181,NULL,199,1,0,'2024-12-04 06:14:47','2024-12-04 06:14:47'),(201,'釧路地方全地点','kushiro-chihou-zenchi-ten',181,NULL,200,1,0,'2024-12-04 06:14:47','2024-12-04 06:14:47'),(202,'十勝','tokachi',0,NULL,201,1,0,'2024-12-04 06:14:47','2024-12-04 06:14:47'),(203,'軍艦山','gunkan-yama',202,NULL,202,1,0,'2024-12-04 06:14:47','2024-12-04 06:14:47'),(204,'陸別','rikubetsu',202,NULL,203,1,0,'2024-12-04 06:14:47','2024-12-04 06:14:47'),(205,'殖産高地','shokusan-kouchi',202,NULL,204,1,0,'2024-12-04 06:14:47','2024-12-04 06:14:47'),(206,'ぬかびら源泉郷','nukabira-gensen-sato',202,NULL,205,1,0,'2024-12-04 06:14:47','2024-12-04 06:14:47'),(207,'小坂山','kosaka-yama',202,NULL,206,1,0,'2024-12-04 06:14:47','2024-12-04 06:14:47'),(208,'上足寄','ue-ashoro',202,NULL,207,1,0,'2024-12-04 06:14:47','2024-12-04 06:14:47'),(209,'西ヌプカウシ山','nishi-nufu-nufu-kaushi-yama',202,NULL,208,1,0,'2024-12-04 06:14:47','2024-12-04 06:14:47'),(210,'上士幌','kamishihoro',202,NULL,209,1,0,'2024-12-04 06:14:47','2024-12-04 06:14:47'),(211,'幌安山','horo-anzan',202,NULL,210,1,0,'2024-12-04 06:14:47','2024-12-04 06:14:47'),(212,'足寄','ashoro',202,NULL,211,1,0,'2024-12-04 06:14:47','2024-12-04 06:14:47'),(213,'佐幌岳','sa-horo-gaku',202,NULL,212,1,0,'2024-12-04 06:14:47','2024-12-04 06:14:47'),(214,'三角山','sankaku-yama',202,NULL,213,1,0,'2024-12-04 06:14:47','2024-12-04 06:14:47'),(215,'本別','honbetsu',202,NULL,214,1,0,'2024-12-04 06:14:47','2024-12-04 06:14:47'),(216,'新得','shintoku',202,NULL,215,1,0,'2024-12-04 06:14:47','2024-12-04 06:14:47'),(217,'鹿追','shikaoi',202,NULL,216,1,0,'2024-12-04 06:14:47','2024-12-04 06:14:47'),(218,'芽室','memuro',202,NULL,217,1,0,'2024-12-04 06:14:47','2024-12-04 06:14:47'),(219,'帯広','obihiro',202,NULL,218,1,0,'2024-12-04 06:14:47','2024-12-04 06:14:47'),(220,'池田','ikeda',202,NULL,219,1,0,'2024-12-04 06:14:47','2024-12-04 06:14:47'),(221,'浦幌','urahoro',202,NULL,220,1,0,'2024-12-04 06:14:47','2024-12-04 06:14:47'),(222,'帯広岳','obihiro-gaku',202,NULL,221,1,0,'2024-12-04 06:14:47','2024-12-04 06:14:47'),(223,'ひょうたん沢','hyoutan-sawa',202,NULL,222,1,0,'2024-12-04 06:14:47','2024-12-04 06:14:47'),(224,'大樹','taiju',202,NULL,223,1,0,'2024-12-04 06:14:47','2024-12-04 06:14:47'),(225,'広尾','hiroo',202,NULL,224,1,0,'2024-12-04 06:14:47','2024-12-04 06:14:47'),(226,'三国山','mikuniyama',202,NULL,225,1,0,'2024-12-04 06:14:47','2024-12-04 06:14:47'),(227,'駒場','komaba',202,NULL,226,1,0,'2024-12-04 06:14:47','2024-12-04 06:14:47'),(228,'上札内','ue-satsunai',202,NULL,227,1,0,'2024-12-04 06:14:47','2024-12-04 06:14:47'),(229,'更別','sarabetsu',202,NULL,228,1,0,'2024-12-04 06:14:47','2024-12-04 06:14:47'),(230,'大津','ootsu',202,NULL,229,1,0,'2024-12-04 06:14:47','2024-12-04 06:14:47'),(231,'糠内','nuka-nai',202,NULL,230,1,0,'2024-12-04 06:14:47','2024-12-04 06:14:47'),(232,'小利別','shouri-betsu',202,NULL,231,1,0,'2024-12-04 06:14:47','2024-12-04 06:14:47'),(233,'押帯','ou-obi',202,NULL,232,1,0,'2024-12-04 06:14:47','2024-12-04 06:14:47'),(234,'柏倉','kashiwagura',202,NULL,233,1,0,'2024-12-04 06:14:47','2024-12-04 06:14:47'),(235,'上螺湾','ue-neji-wan',202,NULL,234,1,0,'2024-12-04 06:14:47','2024-12-04 06:14:47'),(236,'留真','ryuu-makoto',202,NULL,235,1,0,'2024-12-04 06:14:47','2024-12-04 06:14:47'),(237,'帯広泉','obihiro-izumi',202,NULL,236,1,0,'2024-12-04 06:14:47','2024-12-04 06:14:47'),(238,'三股','mimata',202,NULL,237,1,0,'2024-12-04 06:14:47','2024-12-04 06:14:47'),(239,'十勝地方全地点','tokachi-chihou-zenchi-ten',202,NULL,238,1,0,'2024-12-04 06:14:47','2024-12-04 06:14:47'),(240,'胆振','iburi',0,NULL,239,1,0,'2024-12-04 06:14:47','2024-12-04 06:14:47'),(241,'安平','abira',240,NULL,240,1,0,'2024-12-04 06:14:47','2024-12-04 06:14:47'),(242,'厚真','atsuma',240,NULL,241,1,0,'2024-12-04 06:14:47','2024-12-04 06:14:47'),(243,'穂別','hobetsu',240,NULL,242,1,0,'2024-12-04 06:14:47','2024-12-04 06:14:47'),(244,'森野','morino',240,NULL,243,1,0,'2024-12-04 06:14:47','2024-12-04 06:14:47'),(245,'苫小牧','tomakomai',240,NULL,244,1,0,'2024-12-04 06:14:47','2024-12-04 06:14:47'),(246,'大岸','oogishi',240,NULL,245,1,0,'2024-12-04 06:14:47','2024-12-04 06:14:47'),(247,'有珠山','usu-yama',240,NULL,246,1,0,'2024-12-04 06:14:47','2024-12-04 06:14:47'),(248,'白老','shiraoi',240,NULL,247,1,0,'2024-12-04 06:14:47','2024-12-04 06:14:47'),(249,'鵡川','mukawa',240,NULL,248,1,0,'2024-12-04 06:14:47','2024-12-04 06:14:47'),(250,'伊達','date',240,NULL,249,1,0,'2024-12-04 06:14:47','2024-12-04 06:14:47'),(251,'登別山','noboribetsu-yama',240,NULL,250,1,0,'2024-12-04 06:14:47','2024-12-04 06:14:47'),(252,'登別','noboribetsu',240,NULL,251,1,0,'2024-12-04 06:14:47','2024-12-04 06:14:47'),(253,'室蘭','muroran',240,NULL,252,1,0,'2024-12-04 06:14:47','2024-12-04 06:14:47'),(254,'大滝','ootaki',240,NULL,253,1,0,'2024-12-04 06:14:47','2024-12-04 06:14:47'),(255,'洞爺湖温泉','touyako-onsen',240,NULL,254,1,0,'2024-12-04 06:14:47','2024-12-04 06:14:47'),(256,'カルルス','karurusu',240,NULL,255,1,0,'2024-12-04 06:14:47','2024-12-04 06:14:47'),(257,'豊浦','toyoura',240,NULL,256,1,0,'2024-12-04 06:14:47','2024-12-04 06:14:47'),(258,'花和','hana-wa',240,NULL,257,1,0,'2024-12-04 06:14:47','2024-12-04 06:14:47'),(259,'虻田','abuta',240,NULL,258,1,0,'2024-12-04 06:14:47','2024-12-04 06:14:47'),(260,'壮瞥','soubetsu',240,NULL,259,1,0,'2024-12-04 06:14:47','2024-12-04 06:14:47'),(261,'入江','irie',240,NULL,260,1,0,'2024-12-04 06:14:47','2024-12-04 06:14:47'),(262,'月浦','tsukiura',240,NULL,261,1,0,'2024-12-04 06:14:47','2024-12-04 06:14:47'),(263,'北有珠','kita-usu',240,NULL,262,1,0,'2024-12-04 06:14:47','2024-12-04 06:14:47'),(264,'洞爺湖畔','touyako-aze',240,NULL,263,1,0,'2024-12-04 06:14:47','2024-12-04 06:14:47'),(265,'胆振地方全地点','iburi-chihou-zenchi-ten',240,NULL,264,1,0,'2024-12-04 06:14:47','2024-12-04 06:14:47'),(266,'厚真幌内','atsuma-horonai',240,NULL,265,1,0,'2024-12-04 06:14:47','2024-12-04 06:14:47'),(267,'日高','hidaka',0,NULL,266,1,0,'2024-12-04 06:14:47','2024-12-04 06:14:47'),(268,'日高門別','hidaka-monbetsu',267,NULL,267,1,0,'2024-12-04 06:14:47','2024-12-04 06:14:47'),(269,'新和','shinwa',267,NULL,268,1,0,'2024-12-04 06:14:47','2024-12-04 06:14:47'),(270,'ヌモトル山','numotoru-yama',267,NULL,269,1,0,'2024-12-04 06:14:48','2024-12-04 06:14:48'),(271,'笹山','sasayama',267,NULL,270,1,0,'2024-12-04 06:14:48','2024-12-04 06:14:48'),(272,'静内','shizunai',267,NULL,271,1,0,'2024-12-04 06:14:48','2024-12-04 06:14:48'),(273,'ピセナイ山','hi-hi-senai-yama',267,NULL,272,1,0,'2024-12-04 06:14:48','2024-12-04 06:14:48'),(274,'浦河','urakawa',267,NULL,273,1,0,'2024-12-04 06:14:48','2024-12-04 06:14:48'),(275,'仁世宇','hitoshi-yo-u',267,NULL,274,1,0,'2024-12-04 06:14:48','2024-12-04 06:14:48'),(276,'三石','mitsuishi',267,NULL,275,1,0,'2024-12-04 06:14:48','2024-12-04 06:14:48'),(277,'日高','hidaka',267,NULL,276,1,0,'2024-12-04 06:14:48','2024-12-04 06:14:48'),(278,'幌満','horo-man',267,NULL,277,1,0,'2024-12-04 06:14:48','2024-12-04 06:14:48'),(279,'目黒','meguro',267,NULL,278,1,0,'2024-12-04 06:14:48','2024-12-04 06:14:48'),(280,'中杵臼','naka-kine-usu',267,NULL,279,1,0,'2024-12-04 06:14:48','2024-12-04 06:14:48'),(281,'えりも岬','erimo-misaki',267,NULL,280,1,0,'2024-12-04 06:14:48','2024-12-04 06:14:48'),(282,'旭','asahi',267,NULL,281,1,0,'2024-12-04 06:14:48','2024-12-04 06:14:48'),(283,'平取','hiratori',267,NULL,282,1,0,'2024-12-04 06:14:48','2024-12-04 06:14:48'),(284,'日高地方全地点','hidakachihou-zenchi-ten',267,NULL,283,1,0,'2024-12-04 06:14:48','2024-12-04 06:14:48'),(285,'渡島','watarishima',0,NULL,284,1,0,'2024-12-04 06:14:48','2024-12-04 06:14:48'),(286,'長万部','oshamanbe',285,NULL,285,1,0,'2024-12-04 06:14:48','2024-12-04 06:14:48'),(287,'八雲','yakumo',285,NULL,286,1,0,'2024-12-04 06:14:48','2024-12-04 06:14:48'),(288,'森','mori',285,NULL,287,1,0,'2024-12-04 06:14:48','2024-12-04 06:14:48'),(289,'大沼','oonuma',285,NULL,288,1,0,'2024-12-04 06:14:48','2024-12-04 06:14:48'),(290,'川汲','kawa-kyuu',285,NULL,289,1,0,'2024-12-04 06:14:48','2024-12-04 06:14:48'),(291,'北斗','hokuto',285,NULL,290,1,0,'2024-12-04 06:14:48','2024-12-04 06:14:48'),(292,'函館','hakodate',285,NULL,291,1,0,'2024-12-04 06:14:48','2024-12-04 06:14:48'),(293,'汐首','shiokubi',285,NULL,292,1,0,'2024-12-04 06:14:48','2024-12-04 06:14:48'),(294,'小谷石','kotani-ishi',285,NULL,293,1,0,'2024-12-04 06:14:48','2024-12-04 06:14:48'),(295,'松前','matsumae',285,NULL,294,1,0,'2024-12-04 06:14:48','2024-12-04 06:14:48'),(296,'木古内','kikonai',285,NULL,295,1,0,'2024-12-04 06:14:48','2024-12-04 06:14:48'),(297,'千軒','sen-ken',285,NULL,296,1,0,'2024-12-04 06:14:48','2024-12-04 06:14:48'),(298,'蛾眉野','gabi-no',285,NULL,297,1,0,'2024-12-04 06:14:48','2024-12-04 06:14:48'),(299,'高松','takamatsu',285,NULL,298,1,0,'2024-12-04 06:14:48','2024-12-04 06:14:48'),(300,'戸井泊','toi-haku',285,NULL,299,1,0,'2024-12-04 06:14:48','2024-12-04 06:14:48'),(301,'知内','shiriuchi',285,NULL,300,1,0,'2024-12-04 06:14:48','2024-12-04 06:14:48'),(302,'熊石','kumaishi',285,NULL,301,1,0,'2024-12-04 06:14:48','2024-12-04 06:14:48'),(303,'渡島地方全地点','watarishima-chihou-zenchi-ten',285,NULL,302,1,0,'2024-12-04 06:14:48','2024-12-04 06:14:48'),(304,'檜山','hiyama',0,NULL,303,1,0,'2024-12-04 06:14:48','2024-12-04 06:14:48'),(305,'せたな','setana',304,NULL,304,1,0,'2024-12-04 06:14:48','2024-12-04 06:14:48'),(306,'今金','imagane',304,NULL,305,1,0,'2024-12-04 06:14:48','2024-12-04 06:14:48'),(307,'潮見','shiomi',304,NULL,306,1,0,'2024-12-04 06:14:48','2024-12-04 06:14:48'),(308,'江差','esashi',304,NULL,307,1,0,'2024-12-04 06:14:48','2024-12-04 06:14:48'),(309,'奥尻','okushiri',304,NULL,308,1,0,'2024-12-04 06:14:48','2024-12-04 06:14:48'),(310,'鶉','uzura',304,NULL,309,1,0,'2024-12-04 06:14:48','2024-12-04 06:14:48'),(311,'石崎','ishizaki',304,NULL,310,1,0,'2024-12-04 06:14:48','2024-12-04 06:14:48'),(312,'米岡','yoneoka',304,NULL,311,1,0,'2024-12-04 06:14:48','2024-12-04 06:14:48'),(313,'檜山地方全地点','hiyama-chihou-zenchi-ten',304,NULL,312,1,0,'2024-12-04 06:14:48','2024-12-04 06:14:48'),(314,'青森県','aomoriken',0,NULL,313,1,0,'2024-12-04 06:14:48','2024-12-04 06:14:48'),(315,'障子山','shouji-yama',314,NULL,314,1,0,'2024-12-04 06:14:48','2024-12-04 06:14:48'),(316,'むつ','mutsu',314,NULL,315,1,0,'2024-12-04 06:14:48','2024-12-04 06:14:48'),(317,'蟹田','kanita',314,NULL,316,1,0,'2024-12-04 06:14:48','2024-12-04 06:14:48'),(318,'青森','aomori',314,NULL,317,1,0,'2024-12-04 06:14:48','2024-12-04 06:14:48'),(319,'野辺地','noheji',314,NULL,318,1,0,'2024-12-04 06:14:48','2024-12-04 06:14:48'),(320,'鰺ケ沢','aji-ke-sawa',314,NULL,319,1,0,'2024-12-04 06:14:48','2024-12-04 06:14:48'),(321,'五所川原','goshogawara',314,NULL,320,1,0,'2024-12-04 06:14:48','2024-12-04 06:14:48'),(322,'深浦','fukaura',314,NULL,321,1,0,'2024-12-04 06:14:48','2024-12-04 06:14:48'),(323,'弘前','hirosaki',314,NULL,322,1,0,'2024-12-04 06:14:48','2024-12-04 06:14:48'),(324,'黒石','kuroishi',314,NULL,323,1,0,'2024-12-04 06:14:48','2024-12-04 06:14:48'),(325,'八甲田山','hakkoudasan',314,NULL,324,1,0,'2024-12-04 06:14:48','2024-12-04 06:14:48'),(326,'三沢','misawa',314,NULL,325,1,0,'2024-12-04 06:14:48','2024-12-04 06:14:48'),(327,'四兵衛森','shi-bee-mori',314,NULL,326,1,0,'2024-12-04 06:14:48','2024-12-04 06:14:48'),(328,'毛無山','kenashi-yama',314,NULL,327,1,0,'2024-12-04 06:14:48','2024-12-04 06:14:48'),(329,'十和田','towada',314,NULL,328,1,0,'2024-12-04 06:14:48','2024-12-04 06:14:48'),(330,'八戸','hachinohe',314,NULL,329,1,0,'2024-12-04 06:14:48','2024-12-04 06:14:48'),(331,'大鰐','oowani',314,NULL,330,1,0,'2024-12-04 06:14:48','2024-12-04 06:14:48'),(332,'碇ケ関','ikari-ke-kan',314,NULL,331,1,0,'2024-12-04 06:14:48','2024-12-04 06:14:48'),(333,'空岱山','sora-tai-yama',314,NULL,332,1,0,'2024-12-04 06:14:48','2024-12-04 06:14:48'),(334,'休屋','yasumiya',314,NULL,333,1,0,'2024-12-04 06:14:48','2024-12-04 06:14:48'),(335,'朝日奈岳','asahina-gaku',314,NULL,334,1,0,'2024-12-04 06:14:48','2024-12-04 06:14:48'),(336,'三戸','sannohe',314,NULL,335,1,0,'2024-12-04 06:14:48','2024-12-04 06:14:48'),(337,'今別','imabetsu',314,NULL,336,1,0,'2024-12-04 06:14:48','2024-12-04 06:14:48'),(338,'六ケ所','roku-ke-tokoro',314,NULL,337,1,0,'2024-12-04 06:14:48','2024-12-04 06:14:48'),(339,'大間','oohazama',314,NULL,338,1,0,'2024-12-04 06:14:48','2024-12-04 06:14:48'),(340,'大和山','yamato-yama',314,NULL,339,1,0,'2024-12-04 06:14:48','2024-12-04 06:14:48'),(341,'酸ケ湯','san-ke-yu',314,NULL,340,1,0,'2024-12-04 06:14:48','2024-12-04 06:14:48'),(342,'岳','gaku',314,NULL,341,1,0,'2024-12-04 06:14:48','2024-12-04 06:14:48'),(343,'長慶平','choukei-taira',314,NULL,342,1,0,'2024-12-04 06:14:48','2024-12-04 06:14:48'),(344,'市浦','shiura',314,NULL,343,1,0,'2024-12-04 06:14:48','2024-12-04 06:14:48'),(345,'小田野沢','odano-sawa',314,NULL,344,1,0,'2024-12-04 06:14:48','2024-12-04 06:14:48'),(346,'脇野沢','wakinosawa',314,NULL,345,1,0,'2024-12-04 06:14:48','2024-12-04 06:14:48'),(347,'七戸','shichinohe',314,NULL,346,1,0,'2024-12-04 06:14:48','2024-12-04 06:14:48'),(348,'戸来','herai',314,NULL,347,1,0,'2024-12-04 06:14:48','2024-12-04 06:14:48'),(349,'温川','on-kawa',314,NULL,348,1,0,'2024-12-04 06:14:48','2024-12-04 06:14:48'),(350,'青森大谷','aomori-ootani',314,NULL,349,1,0,'2024-12-04 06:14:48','2024-12-04 06:14:48'),(351,'湯野川','yunokawa',314,NULL,350,1,0,'2024-12-04 06:14:48','2024-12-04 06:14:48'),(352,'青森県全地点','aomoriken-zenchi-ten',314,NULL,351,1,0,'2024-12-04 06:14:48','2024-12-04 06:14:48'),(353,'秋田県','akitaken',0,NULL,352,1,0,'2024-12-04 06:14:48','2024-12-04 06:14:48'),(354,'田代岳','tashiro-gaku',353,NULL,353,1,0,'2024-12-04 06:14:48','2024-12-04 06:14:48'),(355,'陣場','jinba',353,NULL,354,1,0,'2024-12-04 06:14:48','2024-12-04 06:14:48'),(356,'杉沢山','sugisawa-yama',353,NULL,355,1,0,'2024-12-04 06:14:48','2024-12-04 06:14:48'),(357,'能代','noshiro',353,NULL,356,1,0,'2024-12-04 06:14:48','2024-12-04 06:14:48'),(358,'鷹巣','takanosu',353,NULL,357,1,0,'2024-12-04 06:14:48','2024-12-04 06:14:48'),(359,'鹿角','kazuno',353,NULL,358,1,0,'2024-12-04 06:14:48','2024-12-04 06:14:48'),(360,'湯瀬','yuse',353,NULL,359,1,0,'2024-12-04 06:14:48','2024-12-04 06:14:48'),(361,'森吉山','moriyoshi-yama',353,NULL,360,1,0,'2024-12-04 06:14:48','2024-12-04 06:14:48'),(362,'五城目','gojoume',353,NULL,361,1,0,'2024-12-04 06:14:48','2024-12-04 06:14:48'),(363,'男鹿本山','oga-honzan',353,NULL,362,1,0,'2024-12-04 06:14:48','2024-12-04 06:14:48'),(364,'秋田','akita',353,NULL,363,1,0,'2024-12-04 06:14:48','2024-12-04 06:14:48'),(365,'太平山','taiheizan',353,NULL,364,1,0,'2024-12-04 06:14:48','2024-12-04 06:14:48'),(366,'岩見三内','iwami-sannai',353,NULL,365,1,0,'2024-12-04 06:14:48','2024-12-04 06:14:48'),(367,'角館','kakunodate',353,NULL,366,1,0,'2024-12-04 06:14:48','2024-12-04 06:14:48'),(368,'田沢湖','tazawako',353,NULL,367,1,0,'2024-12-04 06:14:48','2024-12-04 06:14:48'),(369,'大曲','oomagari',353,NULL,368,1,0,'2024-12-04 06:14:48','2024-12-04 06:14:48'),(370,'本荘','honjou',353,NULL,369,1,0,'2024-12-04 06:14:48','2024-12-04 06:14:48'),(371,'保呂羽山','horowa-yama',353,NULL,370,1,0,'2024-12-04 06:14:48','2024-12-04 06:14:48'),(372,'横手','yokote',353,NULL,371,1,0,'2024-12-04 06:14:48','2024-12-04 06:14:48'),(373,'にかほ','nikaho',353,NULL,372,1,0,'2024-12-04 06:14:48','2024-12-04 06:14:48'),(374,'矢島','yajima',353,NULL,373,1,0,'2024-12-04 06:14:48','2024-12-04 06:14:48'),(375,'三森山','mitsumori-yama',353,NULL,374,1,0,'2024-12-04 06:14:48','2024-12-04 06:14:48'),(376,'湯沢','yuzawa',353,NULL,375,1,0,'2024-12-04 06:14:48','2024-12-04 06:14:48'),(377,'姥井戸山','uba-ido-yama',353,NULL,376,1,0,'2024-12-04 06:14:48','2024-12-04 06:14:48'),(378,'湯の岱','yu-no-tai',353,NULL,377,1,0,'2024-12-04 06:14:48','2024-12-04 06:14:48'),(379,'大館','oodate',353,NULL,378,1,0,'2024-12-04 06:14:48','2024-12-04 06:14:48'),(380,'大潟','oogata',353,NULL,379,1,0,'2024-12-04 06:14:48','2024-12-04 06:14:48'),(381,'男鹿','oga',353,NULL,380,1,0,'2024-12-04 06:14:48','2024-12-04 06:14:48'),(382,'八森','hachimori',353,NULL,381,1,0,'2024-12-04 06:14:48','2024-12-04 06:14:48'),(383,'大正寺','taishou-tera',353,NULL,382,1,0,'2024-12-04 06:14:48','2024-12-04 06:14:48'),(384,'東成瀬','higashinaruse',353,NULL,383,1,0,'2024-12-04 06:14:48','2024-12-04 06:14:48'),(385,'比立内','hi-ritsu-nai',353,NULL,384,1,0,'2024-12-04 06:14:48','2024-12-04 06:14:48'),(386,'東由利','higashiyuri',353,NULL,385,1,0,'2024-12-04 06:14:48','2024-12-04 06:14:48'),(387,'阿仁合','ani-gou',353,NULL,386,1,0,'2024-12-04 06:14:48','2024-12-04 06:14:48'),(388,'鎧畑','yoroi-hatake',353,NULL,387,1,0,'2024-12-04 06:14:48','2024-12-04 06:14:48'),(389,'藤里','fujisato',353,NULL,388,1,0,'2024-12-04 06:14:48','2024-12-04 06:14:48'),(390,'桧木内','hinoki-nai',353,NULL,389,1,0,'2024-12-04 06:14:48','2024-12-04 06:14:48'),(391,'八幡平','hachimantai',353,NULL,390,1,0,'2024-12-04 06:14:48','2024-12-04 06:14:48'),(392,'笹子','sasako',353,NULL,391,1,0,'2024-12-04 06:14:48','2024-12-04 06:14:48'),(393,'藤原','fujiwara',353,NULL,392,1,0,'2024-12-04 06:14:48','2024-12-04 06:14:48'),(394,'男鹿真山','oga-mayama',353,NULL,393,1,0,'2024-12-04 06:14:48','2024-12-04 06:14:48'),(395,'仁別','hitoshi-betsu',353,NULL,394,1,0,'2024-12-04 06:14:48','2024-12-04 06:14:48'),(396,'脇神','waki-kami',353,NULL,395,1,0,'2024-12-04 06:14:48','2024-12-04 06:14:48'),(397,'雄和','yuuwa',353,NULL,396,1,0,'2024-12-04 06:14:48','2024-12-04 06:14:48'),(398,'秋田県全地点','akitaken-zenchi-ten',353,NULL,397,1,0,'2024-12-04 06:14:48','2024-12-04 06:14:48'),(399,'田沢湖高原','tazawako-kougen',353,NULL,398,1,0,'2024-12-04 06:14:48','2024-12-04 06:14:48'),(400,'岩手県','iwateken',0,NULL,399,1,0,'2024-12-04 06:14:48','2024-12-04 06:14:48'),(401,'種市','taneichi',400,NULL,400,1,0,'2024-12-04 06:14:48','2024-12-04 06:14:48'),(402,'軽米','karumai',400,NULL,401,1,0,'2024-12-04 06:14:48','2024-12-04 06:14:48'),(403,'二戸','ninohe',400,NULL,402,1,0,'2024-12-04 06:14:48','2024-12-04 06:14:48'),(404,'折爪岳','oritsume-gaku',400,NULL,403,1,0,'2024-12-04 06:14:48','2024-12-04 06:14:48'),(405,'久慈','kuji',400,NULL,404,1,0,'2024-12-04 06:14:48','2024-12-04 06:14:48'),(406,'西岳','nishidake',400,NULL,405,1,0,'2024-12-04 06:14:48','2024-12-04 06:14:48'),(407,'葛巻','kuzumaki',400,NULL,406,1,0,'2024-12-04 06:14:48','2024-12-04 06:14:48'),(408,'袖山','sodeyama',400,NULL,407,1,0,'2024-12-04 06:14:48','2024-12-04 06:14:48'),(409,'茶臼岳','chausu-gaku',400,NULL,408,1,0,'2024-12-04 06:14:48','2024-12-04 06:14:48'),(410,'岩手松尾','iwate-matsuo',400,NULL,409,1,0,'2024-12-04 06:14:48','2024-12-04 06:14:48'),(411,'岩手山','iwate-yama',400,NULL,410,1,0,'2024-12-04 06:14:48','2024-12-04 06:14:48'),(412,'岩洞','iwa-hora',400,NULL,411,1,0,'2024-12-04 06:14:48','2024-12-04 06:14:48'),(413,'大森山','oomori-yama',400,NULL,412,1,0,'2024-12-04 06:14:48','2024-12-04 06:14:48'),(414,'岩泉','iwaizumi',400,NULL,413,1,0,'2024-12-04 06:14:48','2024-12-04 06:14:48'),(415,'駒ケ岳','koma-ke-gaku',400,NULL,414,1,0,'2024-12-04 06:14:48','2024-12-04 06:14:48'),(416,'害鷹森','gai-takamori',400,NULL,415,1,0,'2024-12-04 06:14:48','2024-12-04 06:14:48'),(417,'雫石','shizukuishi',400,NULL,416,1,0,'2024-12-04 06:14:48','2024-12-04 06:14:48'),(418,'盛岡','morioka',400,NULL,417,1,0,'2024-12-04 06:14:48','2024-12-04 06:14:48'),(419,'宮古','miyako',400,NULL,418,1,0,'2024-12-04 06:14:48','2024-12-04 06:14:48'),(420,'薬師岳','yakushidake',400,NULL,419,1,0,'2024-12-04 06:14:48','2024-12-04 06:14:48'),(421,'黒森山','kuromori-yama',400,NULL,420,1,0,'2024-12-04 06:14:48','2024-12-04 06:14:48'),(422,'豊沢','toyosawa',400,NULL,421,1,0,'2024-12-04 06:14:48','2024-12-04 06:14:48'),(423,'花巻','hanamaki',400,NULL,422,1,0,'2024-12-04 06:14:48','2024-12-04 06:14:48'),(424,'大迫','oosako',400,NULL,423,1,0,'2024-12-04 06:14:48','2024-12-04 06:14:48'),(425,'湯田','yuda',400,NULL,424,1,0,'2024-12-04 06:14:48','2024-12-04 06:14:48'),(426,'北上','kitakami',400,NULL,425,1,0,'2024-12-04 06:14:48','2024-12-04 06:14:48'),(427,'遠野','toono',400,NULL,426,1,0,'2024-12-04 06:14:48','2024-12-04 06:14:48'),(428,'五葉山','goyou-yama',400,NULL,427,1,0,'2024-12-04 06:14:48','2024-12-04 06:14:48'),(429,'釜石','kamaishi',400,NULL,428,1,0,'2024-12-04 06:14:48','2024-12-04 06:14:48'),(430,'岳山','dakeyama',400,NULL,429,1,0,'2024-12-04 06:14:48','2024-12-04 06:14:48'),(431,'若柳','wakayanagi',400,NULL,430,1,0,'2024-12-04 06:14:48','2024-12-04 06:14:48'),(432,'江刺','esashi',400,NULL,431,1,0,'2024-12-04 06:14:48','2024-12-04 06:14:48'),(433,'大船渡','oofunato',400,NULL,432,1,0,'2024-12-04 06:14:48','2024-12-04 06:14:48'),(434,'一関','ichinoseki',400,NULL,433,1,0,'2024-12-04 06:14:48','2024-12-04 06:14:48'),(435,'千厩','senmaya',400,NULL,434,1,0,'2024-12-04 06:14:48','2024-12-04 06:14:48'),(436,'室根山','murone-yama',400,NULL,435,1,0,'2024-12-04 06:14:48','2024-12-04 06:14:48'),(437,'祭畤','matsuri-ji',400,NULL,436,1,0,'2024-12-04 06:14:48','2024-12-04 06:14:48'),(438,'好摩','kouma',400,NULL,437,1,0,'2024-12-04 06:14:48','2024-12-04 06:14:48'),(439,'山田','yamada',400,NULL,438,1,0,'2024-12-04 06:14:48','2024-12-04 06:14:48'),(440,'大野','oono',400,NULL,439,1,0,'2024-12-04 06:14:48','2024-12-04 06:14:48'),(441,'衣川','kinukawa',400,NULL,440,1,0,'2024-12-04 06:14:48','2024-12-04 06:14:48'),(442,'薮川','yabu-kawa',400,NULL,441,1,0,'2024-12-04 06:14:48','2024-12-04 06:14:48'),(443,'米里','yonesato',400,NULL,442,1,0,'2024-12-04 06:14:48','2024-12-04 06:14:48'),(444,'沢内','sawauchi',400,NULL,443,1,0,'2024-12-04 06:14:48','2024-12-04 06:14:48'),(445,'荒屋','abaraya',400,NULL,444,1,0,'2024-12-04 06:14:48','2024-12-04 06:14:48'),(446,'普代','fudai',400,NULL,445,1,0,'2024-12-04 06:14:48','2024-12-04 06:14:48'),(447,'紫波','shiwa',400,NULL,446,1,0,'2024-12-04 06:14:48','2024-12-04 06:14:48'),(448,'葛根田','kakkonda',400,NULL,447,1,0,'2024-12-04 06:14:48','2024-12-04 06:14:48'),(449,'住田','sumita',400,NULL,448,1,0,'2024-12-04 06:14:48','2024-12-04 06:14:48'),(450,'小本','komoto',400,NULL,449,1,0,'2024-12-04 06:14:48','2024-12-04 06:14:48'),(451,'奥中山','okunaka-yama',400,NULL,450,1,0,'2024-12-04 06:14:48','2024-12-04 06:14:48'),(452,'山形','yamagata',400,NULL,451,1,0,'2024-12-04 06:14:48','2024-12-04 06:14:48'),(453,'川井','kawai',400,NULL,452,1,0,'2024-12-04 06:14:48','2024-12-04 06:14:48'),(454,'門馬','monma',400,NULL,453,1,0,'2024-12-04 06:14:48','2024-12-04 06:14:48'),(455,'下戸鎖','geko-kusari',400,NULL,454,1,0,'2024-12-04 06:14:48','2024-12-04 06:14:48'),(456,'区界','ku-kai',400,NULL,455,1,0,'2024-12-04 06:14:48','2024-12-04 06:14:48'),(457,'大槌','ootsuchi',400,NULL,456,1,0,'2024-12-04 06:14:48','2024-12-04 06:14:48'),(458,'大東','daitou',400,NULL,457,1,0,'2024-12-04 06:14:48','2024-12-04 06:14:48'),(459,'金ケ崎','kin-ke-saki',400,NULL,458,1,0,'2024-12-04 06:14:48','2024-12-04 06:14:48'),(460,'滝沢','takizawa',400,NULL,459,1,0,'2024-12-04 06:14:48','2024-12-04 06:14:48'),(461,'附馬牛','fu-bagyuu',400,NULL,460,1,0,'2024-12-04 06:14:48','2024-12-04 06:14:48'),(462,'岩手県全地点','iwateken-zenchi-ten',400,NULL,461,1,0,'2024-12-04 06:14:48','2024-12-04 06:14:48'),(463,'厳美','genbi',400,NULL,462,1,0,'2024-12-04 06:14:48','2024-12-04 06:14:48'),(464,'刈屋','kariya',400,NULL,463,1,0,'2024-12-04 06:14:48','2024-12-04 06:14:48'),(465,'新町','shinmachi',400,NULL,464,1,0,'2024-12-04 06:14:48','2024-12-04 06:14:48'),(466,'陸前高田','rikuzentakata',400,NULL,465,1,0,'2024-12-04 06:14:48','2024-12-04 06:14:48'),(467,'一方井','ichikatai',400,NULL,466,1,0,'2024-12-04 06:14:48','2024-12-04 06:14:48'),(468,'宮城県','miyagiken',0,NULL,467,1,0,'2024-12-04 06:14:48','2024-12-04 06:14:48'),(469,'栗駒山','kurikoma-yama',468,NULL,468,1,0,'2024-12-04 06:14:48','2024-12-04 06:14:48'),(470,'気仙沼','kesennuma',468,NULL,469,1,0,'2024-12-04 06:14:48','2024-12-04 06:14:48'),(471,'川渡','kawatabi',468,NULL,470,1,0,'2024-12-04 06:14:48','2024-12-04 06:14:48'),(472,'築館','tsukidate',468,NULL,471,1,0,'2024-12-04 06:14:48','2024-12-04 06:14:48'),(473,'箕輪山','minowa-yama',468,NULL,472,1,0,'2024-12-04 06:14:48','2024-12-04 06:14:48'),(474,'志津川','shizugawa',468,NULL,473,1,0,'2024-12-04 06:14:48','2024-12-04 06:14:48'),(475,'古川','furukawa',468,NULL,474,1,0,'2024-12-04 06:14:48','2024-12-04 06:14:48'),(476,'大衡','oohira',468,NULL,475,1,0,'2024-12-04 06:14:48','2024-12-04 06:14:48'),(477,'鹿島台','kashima-dai',468,NULL,476,1,0,'2024-12-04 06:14:48','2024-12-04 06:14:48'),(478,'石巻','ishinomaki',468,NULL,477,1,0,'2024-12-04 06:14:48','2024-12-04 06:14:48'),(479,'新川','shinkawa',468,NULL,478,1,0,'2024-12-04 06:14:48','2024-12-04 06:14:48'),(480,'鷹巣山','takanosu-yama',468,NULL,479,1,0,'2024-12-04 06:14:48','2024-12-04 06:14:48'),(481,'仙台','sendai',468,NULL,480,1,0,'2024-12-04 06:14:48','2024-12-04 06:14:48'),(482,'川崎','kawasaki',468,NULL,481,1,0,'2024-12-04 06:14:48','2024-12-04 06:14:48'),(483,'不忘山','fu-bou-yama',468,NULL,482,1,0,'2024-12-04 06:14:48','2024-12-04 06:14:48'),(484,'白石','shiroishi',468,NULL,483,1,0,'2024-12-04 06:14:48','2024-12-04 06:14:48'),(485,'亘理','kou-ri',468,NULL,484,1,0,'2024-12-04 06:14:48','2024-12-04 06:14:48'),(486,'雄勝','okatsu',468,NULL,485,1,0,'2024-12-04 06:14:48','2024-12-04 06:14:48'),(487,'米山','yoneyama',468,NULL,486,1,0,'2024-12-04 06:14:48','2024-12-04 06:14:48'),(488,'塩釜','shiogama',468,NULL,487,1,0,'2024-12-04 06:14:48','2024-12-04 06:14:48'),(489,'駒ノ湯','koma-no-yu',468,NULL,488,1,0,'2024-12-04 06:14:48','2024-12-04 06:14:48'),(490,'丸森','marumori',468,NULL,489,1,0,'2024-12-04 06:14:48','2024-12-04 06:14:48'),(491,'花山','hanayama',468,NULL,490,1,0,'2024-12-04 06:14:48','2024-12-04 06:14:48'),(492,'江ノ島','kou-no-shima',468,NULL,491,1,0,'2024-12-04 06:14:48','2024-12-04 06:14:48'),(493,'筆甫','hippo',468,NULL,492,1,0,'2024-12-04 06:14:48','2024-12-04 06:14:48'),(494,'泉ケ岳','izumi-ke-gaku',468,NULL,493,1,0,'2024-12-04 06:14:48','2024-12-04 06:14:48'),(495,'名取','natori',468,NULL,494,1,0,'2024-12-04 06:14:48','2024-12-04 06:14:48'),(496,'鴬沢','uguisuzawa',468,NULL,495,1,0,'2024-12-04 06:14:48','2024-12-04 06:14:48'),(497,'加美','kami',468,NULL,496,1,0,'2024-12-04 06:14:48','2024-12-04 06:14:48'),(498,'蔵王','zaou',468,NULL,497,1,0,'2024-12-04 06:14:48','2024-12-04 06:14:48'),(499,'宮城県全地点','miyagiken-zenchi-ten',468,NULL,498,1,0,'2024-12-04 06:14:48','2024-12-04 06:14:48'),(500,'栗駒深山','kurikoma-miyama',468,NULL,499,1,0,'2024-12-04 06:14:48','2024-12-04 06:14:48'),(501,'栗駒','kurikoma',468,NULL,500,1,0,'2024-12-04 06:14:48','2024-12-04 06:14:48'),(502,'女川','megawa',468,NULL,501,1,0,'2024-12-04 06:14:48','2024-12-04 06:14:48'),(503,'桃生','monoo',468,NULL,502,1,0,'2024-12-04 06:14:48','2024-12-04 06:14:48'),(504,'東松島','higashi-matsushima',468,NULL,503,1,0,'2024-12-04 06:14:48','2024-12-04 06:14:48'),(505,'岩沼','iwanuma',468,NULL,504,1,0,'2024-12-04 06:14:48','2024-12-04 06:14:48'),(506,'山形県','yamagataken',0,NULL,505,1,0,'2024-12-04 06:14:48','2024-12-04 06:14:48'),(507,'鳥海山','choukaisan',506,NULL,506,1,0,'2024-12-04 06:14:48','2024-12-04 06:14:48'),(508,'酒田','sakata',506,NULL,507,1,0,'2024-12-04 06:14:48','2024-12-04 06:14:48'),(509,'差首鍋','sashikubi-nabe',506,NULL,508,1,0,'2024-12-04 06:14:48','2024-12-04 06:14:48'),(510,'太平山','taiheizan',506,NULL,509,1,0,'2024-12-04 06:14:48','2024-12-04 06:14:48'),(511,'金山','kanayama',506,NULL,510,1,0,'2024-12-04 06:14:48','2024-12-04 06:14:48'),(512,'鶴岡','tsuruoka',506,NULL,511,1,0,'2024-12-04 06:14:48','2024-12-04 06:14:48'),(513,'狩川','karikawa',506,NULL,512,1,0,'2024-12-04 06:14:48','2024-12-04 06:14:48'),(514,'新庄','shinjou',506,NULL,513,1,0,'2024-12-04 06:14:48','2024-12-04 06:14:48'),(515,'瀬見','se-ken',506,NULL,514,1,0,'2024-12-04 06:14:48','2024-12-04 06:14:48'),(516,'温海岳','atsumi-gaku',506,NULL,515,1,0,'2024-12-04 06:14:48','2024-12-04 06:14:48'),(517,'櫛引','kushibiki',506,NULL,516,1,0,'2024-12-04 06:14:48','2024-12-04 06:14:48'),(518,'月山','gassan',506,NULL,517,1,0,'2024-12-04 06:14:48','2024-12-04 06:14:48'),(519,'銀山','ginzan',506,NULL,518,1,0,'2024-12-04 06:14:48','2024-12-04 06:14:48'),(520,'楯岡','tateoka',506,NULL,519,1,0,'2024-12-04 06:14:48','2024-12-04 06:14:48'),(521,'左沢','aterazawa',506,NULL,520,1,0,'2024-12-04 06:14:48','2024-12-04 06:14:48'),(522,'山形','yamagata',506,NULL,521,1,0,'2024-12-04 06:14:48','2024-12-04 06:14:48'),(523,'葉山','hayama',506,NULL,522,1,0,'2024-12-04 06:14:48','2024-12-04 06:14:48'),(524,'長井','nagai',506,NULL,523,1,0,'2024-12-04 06:14:48','2024-12-04 06:14:48'),(525,'蔵王山','zaou-yama',506,NULL,524,1,0,'2024-12-04 06:14:48','2024-12-04 06:14:48'),(526,'小国','shoukoku',506,NULL,525,1,0,'2024-12-04 06:14:48','2024-12-04 06:14:48'),(527,'高峰','kouhou',506,NULL,526,1,0,'2024-12-04 06:14:48','2024-12-04 06:14:48'),(528,'米沢','yonezawa',506,NULL,527,1,0,'2024-12-04 06:14:48','2024-12-04 06:14:48'),(529,'西吾妻山','nishi-azuma-yama',506,NULL,528,1,0,'2024-12-04 06:14:48','2024-12-04 06:14:48'),(530,'向町','mukaimachi',506,NULL,529,1,0,'2024-12-04 06:14:48','2024-12-04 06:14:48'),(531,'上草津','ue-kusatsu',506,NULL,530,1,0,'2024-12-04 06:14:48','2024-12-04 06:14:48'),(532,'尾花沢','obanazawa',506,NULL,531,1,0,'2024-12-04 06:14:48','2024-12-04 06:14:48'),(533,'鼠ケ関','nezumi-ke-kan',506,NULL,532,1,0,'2024-12-04 06:14:48','2024-12-04 06:14:48'),(534,'山毛欅潰山','buna-tsubusu-yama',506,NULL,533,1,0,'2024-12-04 06:14:48','2024-12-04 06:14:48'),(535,'肘折','hiji-ori',506,NULL,534,1,0,'2024-12-04 06:14:48','2024-12-04 06:14:48'),(536,'高畠','takahata',506,NULL,535,1,0,'2024-12-04 06:14:48','2024-12-04 06:14:48'),(537,'落合','ochiai',506,NULL,536,1,0,'2024-12-04 06:14:48','2024-12-04 06:14:48'),(538,'飛島','tobishima',506,NULL,537,1,0,'2024-12-04 06:14:48','2024-12-04 06:14:48'),(539,'大井沢','ooi-sawa',506,NULL,538,1,0,'2024-12-04 06:14:48','2024-12-04 06:14:48'),(540,'荒沢','arasawa',506,NULL,539,1,0,'2024-12-04 06:14:48','2024-12-04 06:14:48'),(541,'中津川','nakatsugawa',506,NULL,540,1,0,'2024-12-04 06:14:48','2024-12-04 06:14:48'),(542,'白鷹山','shirataka-yama',506,NULL,541,1,0,'2024-12-04 06:14:48','2024-12-04 06:14:48'),(543,'浜中','hamanaka',506,NULL,542,1,0,'2024-12-04 06:14:48','2024-12-04 06:14:48'),(544,'東根','higashine',506,NULL,543,1,0,'2024-12-04 06:14:48','2024-12-04 06:14:48'),(545,'村山','murayama',506,NULL,544,1,0,'2024-12-04 06:14:48','2024-12-04 06:14:48'),(546,'上山中山','ueyama-nakayama',506,NULL,545,1,0,'2024-12-04 06:14:48','2024-12-04 06:14:48'),(547,'山形県全地点','yamagataken-zenchi-ten',506,NULL,546,1,0,'2024-12-04 06:14:48','2024-12-04 06:14:48'),(548,'酒田大沢','sakata-oosawa',506,NULL,547,1,0,'2024-12-04 06:14:48','2024-12-04 06:14:48'),(549,'福島県','fukushima-ken',0,NULL,548,1,0,'2024-12-04 06:14:48','2024-12-04 06:14:48'),(550,'浪江','namie',549,NULL,549,1,0,'2024-12-04 06:14:48','2024-12-04 06:14:48'),(551,'小野新町','ono-shinmachi',549,NULL,550,1,0,'2024-12-04 06:14:48','2024-12-04 06:14:48'),(552,'広野','kouya',549,NULL,551,1,0,'2024-12-04 06:14:48','2024-12-04 06:14:48'),(553,'川内','kawauchi',549,NULL,552,1,0,'2024-12-04 06:14:48','2024-12-04 06:14:48'),(554,'相馬','souma',549,NULL,553,1,0,'2024-12-04 06:14:48','2024-12-04 06:14:48'),(555,'郡山','kouriyama',549,NULL,554,1,0,'2024-12-04 06:14:48','2024-12-04 06:14:48'),(556,'福島県全地点','fukushima-ken-zenchi-ten',549,NULL,555,1,0,'2024-12-04 06:14:48','2024-12-04 06:14:48'),(557,'梁川','yanagawa',549,NULL,556,1,0,'2024-12-04 06:14:48','2024-12-04 06:14:48'),(558,'稲荷峠','inari-touge',549,NULL,557,1,0,'2024-12-04 06:14:48','2024-12-04 06:14:48'),(559,'吾妻山','azuma-yama',549,NULL,558,1,0,'2024-12-04 06:14:48','2024-12-04 06:14:48'),(560,'福島','fukushima',549,NULL,559,1,0,'2024-12-04 06:14:48','2024-12-04 06:14:48'),(561,'喜多方','kitakata',549,NULL,560,1,0,'2024-12-04 06:14:48','2024-12-04 06:14:48'),(562,'八木沢','yagisawa',549,NULL,561,1,0,'2024-12-04 06:14:48','2024-12-04 06:14:48'),(563,'原町','haramachi',549,NULL,562,1,0,'2024-12-04 06:14:49','2024-12-04 06:14:49'),(564,'飯谷山','meshi-taniyama',549,NULL,563,1,0,'2024-12-04 06:14:49','2024-12-04 06:14:49'),(565,'猪苗代','inawashiro',549,NULL,564,1,0,'2024-12-04 06:14:49','2024-12-04 06:14:49'),(566,'二本松','nihonmatsu',549,NULL,565,1,0,'2024-12-04 06:14:49','2024-12-04 06:14:49'),(567,'白馬石山','hakuba-ishiyama',549,NULL,566,1,0,'2024-12-04 06:14:49','2024-12-04 06:14:49'),(568,'若松','wakamatsu',549,NULL,567,1,0,'2024-12-04 06:14:49','2024-12-04 06:14:49'),(569,'船引','funehiki',549,NULL,568,1,0,'2024-12-04 06:14:49','2024-12-04 06:14:49'),(570,'浅草岳','asakusa-gaku',549,NULL,569,1,0,'2024-12-04 06:14:49','2024-12-04 06:14:49'),(571,'只見','tadami',549,NULL,570,1,0,'2024-12-04 06:14:49','2024-12-04 06:14:49'),(572,'博士峠','hakase-touge',549,NULL,571,1,0,'2024-12-04 06:14:49','2024-12-04 06:14:49'),(573,'富岡','tomioka',549,NULL,572,1,0,'2024-12-04 06:14:49','2024-12-04 06:14:49'),(574,'南郷','nangou',549,NULL,573,1,0,'2024-12-04 06:14:49','2024-12-04 06:14:49'),(575,'駒止峠','komatome-touge',549,NULL,574,1,0,'2024-12-04 06:14:49','2024-12-04 06:14:49'),(576,'田島','tajima',549,NULL,575,1,0,'2024-12-04 06:14:49','2024-12-04 06:14:49'),(577,'観音山','kannon-yama',549,NULL,576,1,0,'2024-12-04 06:14:49','2024-12-04 06:14:49'),(578,'白河','shirakawa',549,NULL,577,1,0,'2024-12-04 06:14:49','2024-12-04 06:14:49'),(579,'石川','ishikawa',549,NULL,578,1,0,'2024-12-04 06:14:49','2024-12-04 06:14:49'),(580,'山王峠','sannou-touge',549,NULL,579,1,0,'2024-12-04 06:14:49','2024-12-04 06:14:49'),(581,'大辷山','dai-suberi-yama',549,NULL,580,1,0,'2024-12-04 06:14:49','2024-12-04 06:14:49'),(582,'平','taira',549,NULL,581,1,0,'2024-12-04 06:14:49','2024-12-04 06:14:49'),(583,'田代山','tashiro-yama',549,NULL,582,1,0,'2024-12-04 06:14:49','2024-12-04 06:14:49'),(584,'東白川','higashishirakawa',549,NULL,583,1,0,'2024-12-04 06:14:49','2024-12-04 06:14:49'),(585,'小名浜','onahama',549,NULL,584,1,0,'2024-12-04 06:14:49','2024-12-04 06:14:49'),(586,'西会津','nishiaizu',549,NULL,585,1,0,'2024-12-04 06:14:49','2024-12-04 06:14:49'),(587,'金山','kanayama',549,NULL,586,1,0,'2024-12-04 06:14:49','2024-12-04 06:14:49'),(588,'鷲倉','washi-kura',549,NULL,587,1,0,'2024-12-04 06:14:49','2024-12-04 06:14:49'),(589,'上遠野','katoono',549,NULL,588,1,0,'2024-12-04 06:14:49','2024-12-04 06:14:49'),(590,'飯舘','iitate',549,NULL,589,1,0,'2024-12-04 06:14:49','2024-12-04 06:14:49'),(591,'津島','tsushima',549,NULL,590,1,0,'2024-12-04 06:14:49','2024-12-04 06:14:49'),(592,'長沼','naganuma',549,NULL,591,1,0,'2024-12-04 06:14:49','2024-12-04 06:14:49'),(593,'舘岩','tateiwa',549,NULL,592,1,0,'2024-12-04 06:14:49','2024-12-04 06:14:49'),(594,'川前','kawamae',549,NULL,593,1,0,'2024-12-04 06:14:49','2024-12-04 06:14:49'),(595,'桧原','hibara',549,NULL,594,1,0,'2024-12-04 06:14:49','2024-12-04 06:14:49'),(596,'茂庭','moniwa',549,NULL,595,1,0,'2024-12-04 06:14:49','2024-12-04 06:14:49'),(597,'湯本','yumoto',549,NULL,596,1,0,'2024-12-04 06:14:49','2024-12-04 06:14:49'),(598,'桧枝岐','hieki',549,NULL,597,1,0,'2024-12-04 06:14:49','2024-12-04 06:14:49'),(599,'吉尾峠','yoshio-touge',549,NULL,598,1,0,'2024-12-04 06:14:49','2024-12-04 06:14:49'),(600,'六十里越','rokujuu-sato-etsu',549,NULL,599,1,0,'2024-12-04 06:14:49','2024-12-04 06:14:49'),(601,'湖南','konan',549,NULL,600,1,0,'2024-12-04 06:14:49','2024-12-04 06:14:49'),(602,'玉川','tamagawa',549,NULL,601,1,0,'2024-12-04 06:14:49','2024-12-04 06:14:49'),(603,'山田','yamada',549,NULL,602,1,0,'2024-12-04 06:14:49','2024-12-04 06:14:49'),(604,'新地','shinchi',549,NULL,603,1,0,'2024-12-04 06:14:49','2024-12-04 06:14:49'),(605,'古殿','furudono',549,NULL,604,1,0,'2024-12-04 06:14:49','2024-12-04 06:14:49'),(606,'茨城県','ibarakiken',0,NULL,605,1,0,'2024-12-04 06:14:49','2024-12-04 06:14:49'),(607,'花園','hanazono',606,NULL,606,1,0,'2024-12-04 06:14:49','2024-12-04 06:14:49'),(608,'北茨城','kitaibaraki',606,NULL,607,1,0,'2024-12-04 06:14:49','2024-12-04 06:14:49'),(609,'大子','oogo',606,NULL,608,1,0,'2024-12-04 06:14:49','2024-12-04 06:14:49'),(610,'神峰山','kami-mineyama',606,NULL,609,1,0,'2024-12-04 06:14:49','2024-12-04 06:14:49'),(611,'笠間','kasama',606,NULL,610,1,0,'2024-12-04 06:14:49','2024-12-04 06:14:49'),(612,'水戸','mito',606,NULL,611,1,0,'2024-12-04 06:14:49','2024-12-04 06:14:49'),(613,'古河','koga',606,NULL,612,1,0,'2024-12-04 06:14:49','2024-12-04 06:14:49'),(614,'愛宕山','atago-yama',606,NULL,613,1,0,'2024-12-04 06:14:49','2024-12-04 06:14:49'),(615,'下妻','shimozuma',606,NULL,614,1,0,'2024-12-04 06:14:49','2024-12-04 06:14:49'),(616,'坂東','bandou',606,NULL,615,1,0,'2024-12-04 06:14:49','2024-12-04 06:14:49'),(617,'土浦','tsuchiura',606,NULL,616,1,0,'2024-12-04 06:14:49','2024-12-04 06:14:49'),(618,'鹿嶋','kashima',606,NULL,617,1,0,'2024-12-04 06:14:49','2024-12-04 06:14:49'),(619,'江戸崎','edosaki',606,NULL,618,1,0,'2024-12-04 06:14:49','2024-12-04 06:14:49'),(620,'日立','hitachi',606,NULL,619,1,0,'2024-12-04 06:14:49','2024-12-04 06:14:49'),(621,'柿岡','kakioka',606,NULL,620,1,0,'2024-12-04 06:14:49','2024-12-04 06:14:49'),(622,'美野里','minori',606,NULL,621,1,0,'2024-12-04 06:14:49','2024-12-04 06:14:49'),(623,'龍ケ崎','ryuu-ke-saki',606,NULL,622,1,0,'2024-12-04 06:14:49','2024-12-04 06:14:49'),(624,'筑波山','tsukubasan',606,NULL,623,1,0,'2024-12-04 06:14:49','2024-12-04 06:14:49'),(625,'中野','nakano',606,NULL,624,1,0,'2024-12-04 06:14:49','2024-12-04 06:14:49'),(626,'徳田','tokuda',606,NULL,625,1,0,'2024-12-04 06:14:49','2024-12-04 06:14:49'),(627,'鉾田','hokota',606,NULL,626,1,0,'2024-12-04 06:14:49','2024-12-04 06:14:49'),(628,'常陸大宮','hitachioomiya',606,NULL,627,1,0,'2024-12-04 06:14:49','2024-12-04 06:14:49'),(629,'門井','kadoi',606,NULL,628,1,0,'2024-12-04 06:14:49','2024-12-04 06:14:49'),(630,'大能','dai-nou',606,NULL,629,1,0,'2024-12-04 06:14:49','2024-12-04 06:14:49'),(631,'つくば（館野）','tsukuba-(-tateno-)',606,NULL,630,1,0,'2024-12-04 06:14:49','2024-12-04 06:14:49'),(632,'下館','shimodate',606,NULL,631,1,0,'2024-12-04 06:14:49','2024-12-04 06:14:49'),(633,'茨城県全地点','ibarakiken-zenchi-ten',606,NULL,632,1,0,'2024-12-04 06:14:49','2024-12-04 06:14:49'),(634,'高萩','takahagi',606,NULL,633,1,0,'2024-12-04 06:14:49','2024-12-04 06:14:49'),(635,'常総','jousou',606,NULL,634,1,0,'2024-12-04 06:14:49','2024-12-04 06:14:49'),(636,'栃木県','tochigiken',0,NULL,635,1,0,'2024-12-04 06:14:49','2024-12-04 06:14:49'),(637,'那須高原','nasu-kougen',636,NULL,636,1,0,'2024-12-04 06:14:49','2024-12-04 06:14:49'),(638,'黒田原','kuroda-hara',636,NULL,637,1,0,'2024-12-04 06:14:49','2024-12-04 06:14:49'),(639,'八方が原','happou-ga-hara',636,NULL,638,1,0,'2024-12-04 06:14:49','2024-12-04 06:14:49'),(640,'黒磯','kuroiso',636,NULL,639,1,0,'2024-12-04 06:14:49','2024-12-04 06:14:49'),(641,'八溝山','yamizo-yama',636,NULL,640,1,0,'2024-12-04 06:14:49','2024-12-04 06:14:49'),(642,'大田原','ootawara',636,NULL,641,1,0,'2024-12-04 06:14:49','2024-12-04 06:14:49'),(643,'奥日光（日光）','oku-nikkou-(-nikkou-)',636,NULL,642,1,0,'2024-12-04 06:14:49','2024-12-04 06:14:49'),(644,'方塞山','hou-sai-yama',636,NULL,643,1,0,'2024-12-04 06:14:49','2024-12-04 06:14:49'),(645,'高根沢','takanezawa',636,NULL,644,1,0,'2024-12-04 06:14:49','2024-12-04 06:14:49'),(646,'鹿沼','kanuma',636,NULL,645,1,0,'2024-12-04 06:14:49','2024-12-04 06:14:49'),(647,'宇都宮','utsunomiya',636,NULL,646,1,0,'2024-12-04 06:14:49','2024-12-04 06:14:49'),(648,'葛生','kuzuu',636,NULL,647,1,0,'2024-12-04 06:14:49','2024-12-04 06:14:49'),(649,'真岡','mooka',636,NULL,648,1,0,'2024-12-04 06:14:49','2024-12-04 06:14:49'),(650,'足利','ashikaga',636,NULL,649,1,0,'2024-12-04 06:14:49','2024-12-04 06:14:49'),(651,'栃木','tochigi',636,NULL,650,1,0,'2024-12-04 06:14:49','2024-12-04 06:14:49'),(652,'小山','oyama',636,NULL,651,1,0,'2024-12-04 06:14:49','2024-12-04 06:14:49'),(653,'五十里','ikari',636,NULL,652,1,0,'2024-12-04 06:14:49','2024-12-04 06:14:49'),(654,'足尾','sokubi',636,NULL,653,1,0,'2024-12-04 06:14:49','2024-12-04 06:14:49'),(655,'烏山','karasuyama',636,NULL,654,1,0,'2024-12-04 06:14:49','2024-12-04 06:14:49'),(656,'佐野','sano',636,NULL,655,1,0,'2024-12-04 06:14:49','2024-12-04 06:14:49'),(657,'土呂部','doro-bu',636,NULL,656,1,0,'2024-12-04 06:14:49','2024-12-04 06:14:49'),(658,'今市','imaichi',636,NULL,657,1,0,'2024-12-04 06:14:49','2024-12-04 06:14:49'),(659,'塩谷','shioya',636,NULL,658,1,0,'2024-12-04 06:14:49','2024-12-04 06:14:49'),(660,'栃木県全地点','tochigiken-zenchi-ten',636,NULL,659,1,0,'2024-12-04 06:14:49','2024-12-04 06:14:49'),(661,'那須烏山','nasukarasuyama',636,NULL,660,1,0,'2024-12-04 06:14:49','2024-12-04 06:14:49'),(662,'日光東町','nikkou-higashichou',636,NULL,661,1,0,'2024-12-04 06:14:49','2024-12-04 06:14:49'),(663,'群馬県','gunmaken',0,NULL,662,1,0,'2024-12-04 06:14:49','2024-12-04 06:14:49'),(664,'前武尊','maetake-mikoto',663,NULL,663,1,0,'2024-12-04 06:14:49','2024-12-04 06:14:49'),(665,'草津','kusatsu',663,NULL,664,1,0,'2024-12-04 06:14:49','2024-12-04 06:14:49'),(666,'野反湖','nozori-mizuumi',663,NULL,665,1,0,'2024-12-04 06:14:49','2024-12-04 06:14:49'),(667,'雨見山','ame-miyama',663,NULL,666,1,0,'2024-12-04 06:14:49','2024-12-04 06:14:49'),(668,'沼田','numata',663,NULL,667,1,0,'2024-12-04 06:14:49','2024-12-04 06:14:49'),(669,'赤城山','akagiyama',663,NULL,668,1,0,'2024-12-04 06:14:49','2024-12-04 06:14:49'),(670,'田代','tashiro',663,NULL,669,1,0,'2024-12-04 06:14:49','2024-12-04 06:14:49'),(671,'榛名山','haruna-yama',663,NULL,670,1,0,'2024-12-04 06:14:49','2024-12-04 06:14:49'),(672,'前橋','maebashi',663,NULL,671,1,0,'2024-12-04 06:14:49','2024-12-04 06:14:49'),(673,'桐生','kiryuu',663,NULL,672,1,0,'2024-12-04 06:14:49','2024-12-04 06:14:49'),(674,'一の字山','ichi-no-ji-yama',663,NULL,673,1,0,'2024-12-04 06:14:49','2024-12-04 06:14:49'),(675,'上里見','uesato-ken',663,NULL,674,1,0,'2024-12-04 06:14:49','2024-12-04 06:14:49'),(676,'西野牧','nishino-maki',663,NULL,675,1,0,'2024-12-04 06:14:49','2024-12-04 06:14:49'),(677,'藤岡','fujioka',663,NULL,676,1,0,'2024-12-04 06:14:49','2024-12-04 06:14:49'),(678,'館林','tatebayashi',663,NULL,677,1,0,'2024-12-04 06:14:49','2024-12-04 06:14:49'),(679,'稲含山','ine-gan-yama',663,NULL,678,1,0,'2024-12-04 06:14:49','2024-12-04 06:14:49'),(680,'みなかみ','minakami',663,NULL,679,1,0,'2024-12-04 06:14:49','2024-12-04 06:14:49'),(681,'中之条','nakanojou',663,NULL,680,1,0,'2024-12-04 06:14:49','2024-12-04 06:14:49'),(682,'伊勢崎','isesaki',663,NULL,681,1,0,'2024-12-04 06:14:49','2024-12-04 06:14:49'),(683,'片品','katashina',663,NULL,682,1,0,'2024-12-04 06:14:49','2024-12-04 06:14:49'),(684,'藤原','fujiwara',663,NULL,683,1,0,'2024-12-04 06:14:49','2024-12-04 06:14:49'),(685,'神流','kanna',663,NULL,684,1,0,'2024-12-04 06:14:49','2024-12-04 06:14:49'),(686,'黒保根','kurohone',663,NULL,685,1,0,'2024-12-04 06:14:49','2024-12-04 06:14:49'),(687,'高手山','koushu-yama',663,NULL,686,1,0,'2024-12-04 06:14:49','2024-12-04 06:14:49'),(688,'群馬県全地点','gunmaken-zenchi-ten',663,NULL,687,1,0,'2024-12-04 06:14:49','2024-12-04 06:14:49'),(689,'埼玉県','saitamaken',0,NULL,688,1,0,'2024-12-04 06:14:49','2024-12-04 06:14:49'),(690,'熊谷','kumagaya',689,NULL,689,1,0,'2024-12-04 06:14:49','2024-12-04 06:14:49'),(691,'久喜','kuki',689,NULL,690,1,0,'2024-12-04 06:14:49','2024-12-04 06:14:49'),(692,'秩父','chichibu',689,NULL,691,1,0,'2024-12-04 06:14:49','2024-12-04 06:14:49'),(693,'堂平','dou-taira',689,NULL,692,1,0,'2024-12-04 06:14:49','2024-12-04 06:14:49'),(694,'飯能','hannou',689,NULL,693,1,0,'2024-12-04 06:14:49','2024-12-04 06:14:49'),(695,'さいたま','saitama',689,NULL,694,1,0,'2024-12-04 06:14:49','2024-12-04 06:14:49'),(696,'越谷','koshigaya',689,NULL,695,1,0,'2024-12-04 06:14:49','2024-12-04 06:14:49'),(697,'三峰','mibu',689,NULL,696,1,0,'2024-12-04 06:14:49','2024-12-04 06:14:49'),(698,'寄居','yorii',689,NULL,697,1,0,'2024-12-04 06:14:49','2024-12-04 06:14:49'),(699,'鴻巣','kounosu',689,NULL,698,1,0,'2024-12-04 06:14:49','2024-12-04 06:14:49'),(700,'所沢','tokorozawa',689,NULL,699,1,0,'2024-12-04 06:14:49','2024-12-04 06:14:49'),(701,'浦山','urayama',689,NULL,700,1,0,'2024-12-04 06:14:49','2024-12-04 06:14:49'),(702,'上吉田','kamiyoshida',689,NULL,701,1,0,'2024-12-04 06:14:49','2024-12-04 06:14:49'),(703,'鳩山','hatoyama',689,NULL,702,1,0,'2024-12-04 06:14:49','2024-12-04 06:14:49'),(704,'ときがわ','tokigawa',689,NULL,703,1,0,'2024-12-04 06:14:49','2024-12-04 06:14:49'),(705,'埼玉県全地点','saitamaken-zenchi-ten',689,NULL,704,1,0,'2024-12-04 06:14:49','2024-12-04 06:14:49'),(706,'東京都','toukyouto',0,NULL,705,1,0,'2024-12-04 06:14:49','2024-12-04 06:14:49'),(707,'小河内','ogauchi',706,NULL,706,1,0,'2024-12-04 06:14:49','2024-12-04 06:14:49'),(708,'八王子','hachiouji',706,NULL,707,1,0,'2024-12-04 06:14:49','2024-12-04 06:14:49'),(709,'調布','choufu',706,NULL,708,1,0,'2024-12-04 06:14:49','2024-12-04 06:14:49'),(710,'世田谷','setagaya',706,NULL,709,1,0,'2024-12-04 06:14:49','2024-12-04 06:14:49'),(711,'東京','toukyou',706,NULL,710,1,0,'2024-12-04 06:14:49','2024-12-04 06:14:49'),(712,'江戸川臨海','edogawa-rinkai',706,NULL,711,1,0,'2024-12-04 06:14:49','2024-12-04 06:14:49'),(713,'羽田','haneda',706,NULL,712,1,0,'2024-12-04 06:14:49','2024-12-04 06:14:49'),(714,'大島','ooshima',706,NULL,713,1,0,'2024-12-04 06:14:49','2024-12-04 06:14:49'),(715,'三宅島','miyake-shima',706,NULL,714,1,0,'2024-12-04 06:14:49','2024-12-04 06:14:49'),(716,'八丈島','hachijou-shima',706,NULL,715,1,0,'2024-12-04 06:14:49','2024-12-04 06:14:49'),(717,'青梅','oume',706,NULL,716,1,0,'2024-12-04 06:14:49','2024-12-04 06:14:49'),(718,'練馬','nerima',706,NULL,717,1,0,'2024-12-04 06:14:49','2024-12-04 06:14:49'),(719,'府中','fuchuu',706,NULL,718,1,0,'2024-12-04 06:14:49','2024-12-04 06:14:49'),(720,'新島','niijima',706,NULL,719,1,0,'2024-12-04 06:14:49','2024-12-04 06:14:49'),(721,'小沢','ozawa',706,NULL,720,1,0,'2024-12-04 06:14:49','2024-12-04 06:14:49'),(722,'父島','chichi-shima',706,NULL,721,1,0,'2024-12-04 06:14:49','2024-12-04 06:14:49'),(723,'大島北ノ山','ooshima-kita-no-yama',706,NULL,722,1,0,'2024-12-04 06:14:49','2024-12-04 06:14:49'),(724,'八重見ヶ原','yae-mike-hara',706,NULL,723,1,0,'2024-12-04 06:14:49','2024-12-04 06:14:49'),(725,'神津島','kouzu-shima',706,NULL,724,1,0,'2024-12-04 06:14:49','2024-12-04 06:14:49'),(726,'三宅坪田','miyake-tsubota',706,NULL,725,1,0,'2024-12-04 06:14:49','2024-12-04 06:14:49'),(727,'三宅島阿古','miyake-shima-ako',706,NULL,726,1,0,'2024-12-04 06:14:49','2024-12-04 06:14:49'),(728,'新島','niijima',706,NULL,727,1,0,'2024-12-04 06:14:49','2024-12-04 06:14:49'),(729,'神津島','kouzu-shima',706,NULL,728,1,0,'2024-12-04 06:14:49','2024-12-04 06:14:49'),(730,'三宅伊豆','miyake-izu',706,NULL,729,1,0,'2024-12-04 06:14:49','2024-12-04 06:14:49'),(731,'南鳥島','minami-tori-shima',706,NULL,730,1,0,'2024-12-04 06:14:49','2024-12-04 06:14:49'),(732,'東京都全地点','toukyouto-zenchi-ten',706,NULL,731,1,0,'2024-12-04 06:14:49','2024-12-04 06:14:49'),(733,'母島','haha-shima',706,NULL,732,1,0,'2024-12-04 06:14:49','2024-12-04 06:14:49'),(734,'大島臨時','ooshima-rinji',706,NULL,733,1,0,'2024-12-04 06:14:49','2024-12-04 06:14:49'),(735,'大島泉津','ooshima-senzu',706,NULL,734,1,0,'2024-12-04 06:14:49','2024-12-04 06:14:49'),(736,'大島差木地','ooshima-sa-kiji',706,NULL,735,1,0,'2024-12-04 06:14:49','2024-12-04 06:14:49'),(737,'利島','ri-shima',706,NULL,736,1,0,'2024-12-04 06:14:49','2024-12-04 06:14:49'),(738,'青ヶ島','aoke-shima',706,NULL,737,1,0,'2024-12-04 06:14:49','2024-12-04 06:14:49'),(739,'千葉県','chibaken',0,NULL,738,1,0,'2024-12-04 06:14:49','2024-12-04 06:14:49'),(740,'香取','katori',739,NULL,739,1,0,'2024-12-04 06:14:49','2024-12-04 06:14:49'),(741,'我孫子','abiko',739,NULL,740,1,0,'2024-12-04 06:14:49','2024-12-04 06:14:49'),(742,'東庄','tounoshou',739,NULL,741,1,0,'2024-12-04 06:14:49','2024-12-04 06:14:49'),(743,'成田','narita',739,NULL,742,1,0,'2024-12-04 06:14:49','2024-12-04 06:14:49'),(744,'銚子','choushi',739,NULL,743,1,0,'2024-12-04 06:14:49','2024-12-04 06:14:49'),(745,'千葉','chiba',739,NULL,744,1,0,'2024-12-04 06:14:49','2024-12-04 06:14:49'),(746,'茂原','mobara',739,NULL,745,1,0,'2024-12-04 06:14:49','2024-12-04 06:14:49'),(747,'木更津','kisarazu',739,NULL,746,1,0,'2024-12-04 06:14:49','2024-12-04 06:14:49'),(748,'鋸南','kyonan',739,NULL,747,1,0,'2024-12-04 06:14:49','2024-12-04 06:14:49'),(749,'鴨川','kamogawa',739,NULL,748,1,0,'2024-12-04 06:14:49','2024-12-04 06:14:49'),(750,'勝浦','katsuura',739,NULL,749,1,0,'2024-12-04 06:14:49','2024-12-04 06:14:49'),(751,'館山','tateyama',739,NULL,750,1,0,'2024-12-04 06:14:49','2024-12-04 06:14:49'),(752,'佐倉','sakura',739,NULL,751,1,0,'2024-12-04 06:14:49','2024-12-04 06:14:49'),(753,'横芝光','yokoshibahikari',739,NULL,752,1,0,'2024-12-04 06:14:49','2024-12-04 06:14:49'),(754,'大多喜','ootaki',739,NULL,753,1,0,'2024-12-04 06:14:49','2024-12-04 06:14:49'),(755,'船橋','funabashi',739,NULL,754,1,0,'2024-12-04 06:14:49','2024-12-04 06:14:49'),(756,'牛久','ushiku',739,NULL,755,1,0,'2024-12-04 06:14:49','2024-12-04 06:14:49'),(757,'坂畑','saka-hatake',739,NULL,756,1,0,'2024-12-04 06:14:49','2024-12-04 06:14:49'),(758,'千葉県全地点','chibaken-zenchi-ten',739,NULL,757,1,0,'2024-12-04 06:14:49','2024-12-04 06:14:49'),(759,'神奈川県','kanagawaken',0,NULL,758,1,0,'2024-12-04 06:14:49','2024-12-04 06:14:49'),(760,'相模湖','sagamiko',759,NULL,759,1,0,'2024-12-04 06:14:49','2024-12-04 06:14:49'),(761,'海老名','ebina',759,NULL,760,1,0,'2024-12-04 06:14:49','2024-12-04 06:14:49'),(762,'横浜','yokohama',759,NULL,761,1,0,'2024-12-04 06:14:49','2024-12-04 06:14:49'),(763,'箱根','hakone',759,NULL,762,1,0,'2024-12-04 06:14:49','2024-12-04 06:14:49'),(764,'江ノ島','kou-no-shima',759,NULL,763,1,0,'2024-12-04 06:14:49','2024-12-04 06:14:49'),(765,'三浦','miura',759,NULL,764,1,0,'2024-12-04 06:14:49','2024-12-04 06:14:49'),(766,'相模原中央','sagamihara-chuuou',759,NULL,765,1,0,'2024-12-04 06:14:49','2024-12-04 06:14:49'),(767,'日吉','hiyoshi',759,NULL,766,1,0,'2024-12-04 06:14:49','2024-12-04 06:14:49'),(768,'平塚','hiratsuka',759,NULL,767,1,0,'2024-12-04 06:14:49','2024-12-04 06:14:49'),(769,'小田原','odawara',759,NULL,768,1,0,'2024-12-04 06:14:49','2024-12-04 06:14:49'),(770,'丹沢湖','tansawako',759,NULL,769,1,0,'2024-12-04 06:14:49','2024-12-04 06:14:49'),(771,'辻堂','tsujidou',759,NULL,770,1,0,'2024-12-04 06:14:49','2024-12-04 06:14:49'),(772,'神奈川県全地点','kanagawaken-zenchi-ten',759,NULL,771,1,0,'2024-12-04 06:14:49','2024-12-04 06:14:49'),(773,'長野県','naganoken',0,NULL,772,1,0,'2024-12-04 06:14:49','2024-12-04 06:14:49'),(774,'野沢温泉','nozawaonsen',773,NULL,773,1,0,'2024-12-04 06:14:49','2024-12-04 06:14:49'),(775,'信濃町','shinanochou',773,NULL,774,1,0,'2024-12-04 06:14:49','2024-12-04 06:14:49'),(776,'飯山','iiyama',773,NULL,775,1,0,'2024-12-04 06:14:49','2024-12-04 06:14:49'),(777,'白馬','hakuba',773,NULL,776,1,0,'2024-12-04 06:14:49','2024-12-04 06:14:49'),(778,'長野','nagano',773,NULL,777,1,0,'2024-12-04 06:14:49','2024-12-04 06:14:49'),(779,'笠岳','kasa-gaku',773,NULL,778,1,0,'2024-12-04 06:14:49','2024-12-04 06:14:49'),(780,'大町','oomachi',773,NULL,779,1,0,'2024-12-04 06:14:49','2024-12-04 06:14:49'),(781,'信州新町','shinshuushin-machi',773,NULL,780,1,0,'2024-12-04 06:14:49','2024-12-04 06:14:49'),(782,'四阿屋山','azumaya-yayama',773,NULL,781,1,0,'2024-12-04 06:14:49','2024-12-04 06:14:49'),(783,'上田','ueda',773,NULL,782,1,0,'2024-12-04 06:14:49','2024-12-04 06:14:49'),(784,'燕岳','tsubakurodake',773,NULL,783,1,0,'2024-12-04 06:14:49','2024-12-04 06:14:49'),(785,'穂高','hodaka',773,NULL,784,1,0,'2024-12-04 06:14:49','2024-12-04 06:14:49'),(786,'軽井沢','karuizawa',773,NULL,785,1,0,'2024-12-04 06:14:49','2024-12-04 06:14:49'),(787,'松本','matsumoto',773,NULL,786,1,0,'2024-12-04 06:14:49','2024-12-04 06:14:49'),(788,'鹿教湯','kakeyu',773,NULL,787,1,0,'2024-12-04 06:14:49','2024-12-04 06:14:49'),(789,'佐久','saku',773,NULL,788,1,0,'2024-12-04 06:14:49','2024-12-04 06:14:49'),(790,'高ボッチ','taka-botchi',773,NULL,789,1,0,'2024-12-04 06:14:49','2024-12-04 06:14:49'),(791,'茂来山','shigeru-raizan',773,NULL,790,1,0,'2024-12-04 06:14:49','2024-12-04 06:14:49'),(792,'諏訪','suwa',773,NULL,791,1,0,'2024-12-04 06:14:49','2024-12-04 06:14:49'),(793,'八ケ岳','hachi-ke-gaku',773,NULL,792,1,0,'2024-12-04 06:14:49','2024-12-04 06:14:49'),(794,'木曽平沢','kiso-hirasawa',773,NULL,793,1,0,'2024-12-04 06:14:49','2024-12-04 06:14:49'),(795,'原村','haramura',773,NULL,794,1,0,'2024-12-04 06:14:49','2024-12-04 06:14:49'),(796,'野辺山','nobeyama',773,NULL,795,1,0,'2024-12-04 06:14:49','2024-12-04 06:14:49'),(797,'御嶽山','ontake-yama',773,NULL,796,1,0,'2024-12-04 06:14:49','2024-12-04 06:14:49'),(798,'木曽福島','kiso-fukushima',773,NULL,797,1,0,'2024-12-04 06:14:49','2024-12-04 06:14:49'),(799,'高遠','kouen',773,NULL,798,1,0,'2024-12-04 06:14:50','2024-12-04 06:14:50'),(800,'入笠山','irikasayama',773,NULL,799,1,0,'2024-12-04 06:14:50','2024-12-04 06:14:50'),(801,'宮田高原','miyata-kougen',773,NULL,800,1,0,'2024-12-04 06:14:50','2024-12-04 06:14:50'),(802,'松峯','matsu-mine',773,NULL,801,1,0,'2024-12-04 06:14:50','2024-12-04 06:14:50'),(803,'須原','suhara',773,NULL,802,1,0,'2024-12-04 06:14:50','2024-12-04 06:14:50'),(804,'摺古木山','suri-koboku-yama',773,NULL,803,1,0,'2024-12-04 06:14:50','2024-12-04 06:14:50'),(805,'飯島','iijima',773,NULL,804,1,0,'2024-12-04 06:14:50','2024-12-04 06:14:50'),(806,'笹山','sasayama',773,NULL,805,1,0,'2024-12-04 06:14:50','2024-12-04 06:14:50'),(807,'飯田','iida',773,NULL,806,1,0,'2024-12-04 06:14:50','2024-12-04 06:14:50'),(808,'恵那山','ena-yama',773,NULL,807,1,0,'2024-12-04 06:14:50','2024-12-04 06:14:50'),(809,'鶯巣','uguisu-su',773,NULL,808,1,0,'2024-12-04 06:14:50','2024-12-04 06:14:50'),(810,'菅平','sugadaira',773,NULL,809,1,0,'2024-12-04 06:14:50','2024-12-04 06:14:50'),(811,'東御','toumi',773,NULL,810,1,0,'2024-12-04 06:14:50','2024-12-04 06:14:50'),(812,'上高地','kamikouchi',773,NULL,811,1,0,'2024-12-04 06:14:50','2024-12-04 06:14:50'),(813,'南木曽','minamigi-so',773,NULL,812,1,0,'2024-12-04 06:14:50','2024-12-04 06:14:50'),(814,'南小谷','minamiotari',773,NULL,813,1,0,'2024-12-04 06:14:50','2024-12-04 06:14:50'),(815,'鬼無里','kinasa',773,NULL,814,1,0,'2024-12-04 06:14:50','2024-12-04 06:14:50'),(816,'立科','tateshina',773,NULL,815,1,0,'2024-12-04 06:14:50','2024-12-04 06:14:50'),(817,'奈川','nagawa',773,NULL,816,1,0,'2024-12-04 06:14:50','2024-12-04 06:14:50'),(818,'開田高原','kaidakougen',773,NULL,817,1,0,'2024-12-04 06:14:50','2024-12-04 06:14:50'),(819,'浪合','namiai',773,NULL,818,1,0,'2024-12-04 06:14:50','2024-12-04 06:14:50'),(820,'辰野','tatsuno',773,NULL,819,1,0,'2024-12-04 06:14:50','2024-12-04 06:14:50'),(821,'南信濃','minamishinano',773,NULL,820,1,0,'2024-12-04 06:14:50','2024-12-04 06:14:50'),(822,'阿南','anan',773,NULL,821,1,0,'2024-12-04 06:14:50','2024-12-04 06:14:50'),(823,'聖高原','hijiri-kougen',773,NULL,822,1,0,'2024-12-04 06:14:50','2024-12-04 06:14:50'),(824,'網掛山','amikake-yama',773,NULL,823,1,0,'2024-12-04 06:14:50','2024-12-04 06:14:50'),(825,'大鹿','ooshika',773,NULL,824,1,0,'2024-12-04 06:14:50','2024-12-04 06:14:50'),(826,'杉島','sugi-shima',773,NULL,825,1,0,'2024-12-04 06:14:50','2024-12-04 06:14:50'),(827,'十石峠','juu-ishi-touge',773,NULL,826,1,0,'2024-12-04 06:14:50','2024-12-04 06:14:50'),(828,'小谷','kotani',773,NULL,827,1,0,'2024-12-04 06:14:50','2024-12-04 06:14:50'),(829,'伊那','ina',773,NULL,828,1,0,'2024-12-04 06:14:50','2024-12-04 06:14:50'),(830,'松本今井','matsumoto-imai',773,NULL,829,1,0,'2024-12-04 06:14:50','2024-12-04 06:14:50'),(831,'北相木','kitaaiki',773,NULL,830,1,0,'2024-12-04 06:14:50','2024-12-04 06:14:50'),(832,'白樺湖','shirakabako',773,NULL,831,1,0,'2024-12-04 06:14:50','2024-12-04 06:14:50'),(833,'高遠','kouen',773,NULL,832,1,0,'2024-12-04 06:14:50','2024-12-04 06:14:50'),(834,'宮田','miyata',773,NULL,833,1,0,'2024-12-04 06:14:50','2024-12-04 06:14:50'),(835,'長野県全地点','naganoken-zenchi-ten',773,NULL,834,1,0,'2024-12-04 06:14:50','2024-12-04 06:14:50'),(836,'王滝大又','outaki-oomata',773,NULL,835,1,0,'2024-12-04 06:14:50','2024-12-04 06:14:50'),(837,'木祖薮原','kiso-yabuhara',773,NULL,836,1,0,'2024-12-04 06:14:50','2024-12-04 06:14:50'),(838,'山梨県','yamanashiken',0,NULL,837,1,0,'2024-12-04 06:14:50','2024-12-04 06:14:50'),(839,'剣ノ峰','tsurugi-no-mine',838,NULL,838,1,0,'2024-12-04 06:14:50','2024-12-04 06:14:50'),(840,'日向山','hyuuga-yama',838,NULL,839,1,0,'2024-12-04 06:14:50','2024-12-04 06:14:50'),(841,'大菩薩','daibosatsu',838,NULL,840,1,0,'2024-12-04 06:14:50','2024-12-04 06:14:50'),(842,'甲府','koufu',838,NULL,841,1,0,'2024-12-04 06:14:50','2024-12-04 06:14:50'),(843,'勝沼','katsunuma',838,NULL,842,1,0,'2024-12-04 06:14:50','2024-12-04 06:14:50'),(844,'大月','ootsuki',838,NULL,843,1,0,'2024-12-04 06:14:50','2024-12-04 06:14:50'),(845,'八町山','hachi-machiyama',838,NULL,844,1,0,'2024-12-04 06:14:50','2024-12-04 06:14:50'),(846,'古関','koseki',838,NULL,845,1,0,'2024-12-04 06:14:50','2024-12-04 06:14:50'),(847,'河口湖','kawaguchiko',838,NULL,846,1,0,'2024-12-04 06:14:50','2024-12-04 06:14:50'),(848,'山中','sanchuu',838,NULL,847,1,0,'2024-12-04 06:14:50','2024-12-04 06:14:50'),(849,'南部','nanbu',838,NULL,848,1,0,'2024-12-04 06:14:50','2024-12-04 06:14:50'),(850,'大泉','ooizumi',838,NULL,849,1,0,'2024-12-04 06:14:50','2024-12-04 06:14:50'),(851,'韮崎','nirasaki',838,NULL,850,1,0,'2024-12-04 06:14:50','2024-12-04 06:14:50'),(852,'上野原','uenohara',838,NULL,851,1,0,'2024-12-04 06:14:50','2024-12-04 06:14:50'),(853,'切石','kiriishi',838,NULL,852,1,0,'2024-12-04 06:14:50','2024-12-04 06:14:50'),(854,'富士山','fujisan',838,NULL,853,1,0,'2024-12-04 06:14:50','2024-12-04 06:14:50'),(855,'山梨県全地点','yamanashiken-zenchi-ten',838,NULL,854,1,0,'2024-12-04 06:14:50','2024-12-04 06:14:50'),(856,'乙女湖','otome-mizuumi',838,NULL,855,1,0,'2024-12-04 06:14:50','2024-12-04 06:14:50'),(857,'富士川','fujigawa',838,NULL,856,1,0,'2024-12-04 06:14:50','2024-12-04 06:14:50'),(858,'静岡県','shizuokaken',0,NULL,857,1,0,'2024-12-04 06:14:50','2024-12-04 06:14:50'),(859,'白糸','shiroito',858,NULL,858,1,0,'2024-12-04 06:14:50','2024-12-04 06:14:50'),(860,'御殿場','gotenba',858,NULL,859,1,0,'2024-12-04 06:14:50','2024-12-04 06:14:50'),(861,'富士','fuji',858,NULL,860,1,0,'2024-12-04 06:14:50','2024-12-04 06:14:50'),(862,'三島','mishima',858,NULL,861,1,0,'2024-12-04 06:14:50','2024-12-04 06:14:50'),(863,'越木平','etsu-ki-taira',858,NULL,862,1,0,'2024-12-04 06:14:50','2024-12-04 06:14:50'),(864,'川根本町','kawanehon-machi',858,NULL,863,1,0,'2024-12-04 06:14:50','2024-12-04 06:14:50'),(865,'大山','ooyama',858,NULL,864,1,0,'2024-12-04 06:14:50','2024-12-04 06:14:50'),(866,'網代','ajiro',858,NULL,865,1,0,'2024-12-04 06:14:50','2024-12-04 06:14:50'),(867,'高根山','takane-yama',858,NULL,866,1,0,'2024-12-04 06:14:50','2024-12-04 06:14:50'),(868,'静岡','shizuoka',858,NULL,867,1,0,'2024-12-04 06:14:50','2024-12-04 06:14:50'),(869,'霧山','kiriyama',858,NULL,868,1,0,'2024-12-04 06:14:50','2024-12-04 06:14:50'),(870,'天竜','tenryuu',858,NULL,869,1,0,'2024-12-04 06:14:50','2024-12-04 06:14:50'),(871,'島田','shimada',858,NULL,870,1,0,'2024-12-04 06:14:50','2024-12-04 06:14:50'),(872,'湯ケ島','yu-ke-shima',858,NULL,871,1,0,'2024-12-04 06:14:50','2024-12-04 06:14:50'),(873,'天城山','amagi-yama',858,NULL,872,1,0,'2024-12-04 06:14:50','2024-12-04 06:14:50'),(874,'浜松','hamamatsu',858,NULL,873,1,0,'2024-12-04 06:14:50','2024-12-04 06:14:50'),(875,'松崎','matsuzaki',858,NULL,874,1,0,'2024-12-04 06:14:50','2024-12-04 06:14:50'),(876,'稲取','inatori',858,NULL,875,1,0,'2024-12-04 06:14:50','2024-12-04 06:14:50'),(877,'御前崎','omaezaki',858,NULL,876,1,0,'2024-12-04 06:14:50','2024-12-04 06:14:50'),(878,'石廊崎','irou-saki',858,NULL,877,1,0,'2024-12-04 06:14:50','2024-12-04 06:14:50'),(879,'佐久間','sakuma',858,NULL,878,1,0,'2024-12-04 06:14:50','2024-12-04 06:14:50'),(880,'土肥','toi',858,NULL,879,1,0,'2024-12-04 06:14:50','2024-12-04 06:14:50'),(881,'三ヶ日','san-ke-nichi',858,NULL,880,1,0,'2024-12-04 06:14:50','2024-12-04 06:14:50'),(882,'掛川','kakegawa',858,NULL,881,1,0,'2024-12-04 06:14:50','2024-12-04 06:14:50'),(883,'熊','kuma',858,NULL,882,1,0,'2024-12-04 06:14:50','2024-12-04 06:14:50'),(884,'三倉','mikura',858,NULL,883,1,0,'2024-12-04 06:14:50','2024-12-04 06:14:50'),(885,'梅ケ島','ume-ke-shima',858,NULL,884,1,0,'2024-12-04 06:14:50','2024-12-04 06:14:50'),(886,'清水','shimizu',858,NULL,885,1,0,'2024-12-04 06:14:50','2024-12-04 06:14:50'),(887,'磐田','iwata',858,NULL,886,1,0,'2024-12-04 06:14:50','2024-12-04 06:14:50'),(888,'菊川牧之原','kikugawa-makinohara',858,NULL,887,1,0,'2024-12-04 06:14:50','2024-12-04 06:14:50'),(889,'井川','ikawa',858,NULL,888,1,0,'2024-12-04 06:14:50','2024-12-04 06:14:50'),(890,'三倉','mikura',858,NULL,889,1,0,'2024-12-04 06:14:50','2024-12-04 06:14:50'),(891,'鍵穴','kagiana',858,NULL,890,1,0,'2024-12-04 06:14:50','2024-12-04 06:14:50'),(892,'富士山','fujisan',858,NULL,891,1,0,'2024-12-04 06:14:50','2024-12-04 06:14:50'),(893,'静岡県全地点','shizuokaken-zenchi-ten',858,NULL,892,1,0,'2024-12-04 06:14:50','2024-12-04 06:14:50'),(894,'静岡空港','shizuoka-kuukou',858,NULL,893,1,0,'2024-12-04 06:14:50','2024-12-04 06:14:50'),(895,'春野','haruno',858,NULL,894,1,0,'2024-12-04 06:14:50','2024-12-04 06:14:50'),(896,'有東木','utougi',858,NULL,895,1,0,'2024-12-04 06:14:50','2024-12-04 06:14:50'),(897,'熱海伊豆山','atami-izu-yama',858,NULL,896,1,0,'2024-12-04 06:14:50','2024-12-04 06:14:50'),(898,'愛知県','aichiken',0,NULL,897,1,0,'2024-12-04 06:14:50','2024-12-04 06:14:50'),(899,'一宮','ichinomiya',898,NULL,898,1,0,'2024-12-04 06:14:50','2024-12-04 06:14:50'),(900,'豊山','toyoyama',898,NULL,899,1,0,'2024-12-04 06:14:50','2024-12-04 06:14:50'),(901,'茶臼山','chausuyama',898,NULL,900,1,0,'2024-12-04 06:14:50','2024-12-04 06:14:50'),(902,'名古屋','nagoya',898,NULL,901,1,0,'2024-12-04 06:14:50','2024-12-04 06:14:50'),(903,'豊田','toyoda',898,NULL,902,1,0,'2024-12-04 06:14:50','2024-12-04 06:14:50'),(904,'東海','toukai',898,NULL,903,1,0,'2024-12-04 06:14:50','2024-12-04 06:14:50'),(905,'出来山','deki-yama',898,NULL,904,1,0,'2024-12-04 06:14:50','2024-12-04 06:14:50'),(906,'岡崎','okazaki',898,NULL,905,1,0,'2024-12-04 06:14:50','2024-12-04 06:14:50'),(907,'作手','sakushu',898,NULL,906,1,0,'2024-12-04 06:14:50','2024-12-04 06:14:50'),(908,'一色','isshoku',898,NULL,907,1,0,'2024-12-04 06:14:50','2024-12-04 06:14:50'),(909,'豊橋','toyohashi',898,NULL,908,1,0,'2024-12-04 06:14:50','2024-12-04 06:14:50'),(910,'伊良湖','irako',898,NULL,909,1,0,'2024-12-04 06:14:50','2024-12-04 06:14:50'),(911,'田原','tahara',898,NULL,910,1,0,'2024-12-04 06:14:50','2024-12-04 06:14:50'),(912,'稲武','inabu',898,NULL,911,1,0,'2024-12-04 06:14:50','2024-12-04 06:14:50'),(913,'蟹江','kanie',898,NULL,912,1,0,'2024-12-04 06:14:50','2024-12-04 06:14:50'),(914,'南知多','minamichita',898,NULL,913,1,0,'2024-12-04 06:14:50','2024-12-04 06:14:50'),(915,'小原','kohara',898,NULL,914,1,0,'2024-12-04 06:14:50','2024-12-04 06:14:50'),(916,'鳳来','hourai',898,NULL,915,1,0,'2024-12-04 06:14:50','2024-12-04 06:14:50'),(917,'蒲郡','gamagoori',898,NULL,916,1,0,'2024-12-04 06:14:50','2024-12-04 06:14:50'),(918,'愛西','aisai',898,NULL,917,1,0,'2024-12-04 06:14:50','2024-12-04 06:14:50'),(919,'新城','shinjou',898,NULL,918,1,0,'2024-12-04 06:14:50','2024-12-04 06:14:50'),(920,'セントレア','sentorea',898,NULL,919,1,0,'2024-12-04 06:14:50','2024-12-04 06:14:50'),(921,'阿蔵','azou',898,NULL,920,1,0,'2024-12-04 06:14:50','2024-12-04 06:14:50'),(922,'愛知県全地点','aichiken-zenchi-ten',898,NULL,921,1,0,'2024-12-04 06:14:50','2024-12-04 06:14:50'),(923,'大府','oobu',898,NULL,922,1,0,'2024-12-04 06:14:50','2024-12-04 06:14:50'),(924,'岐阜県','gifuken',0,NULL,923,1,0,'2024-12-04 06:14:50','2024-12-04 06:14:50'),(925,'神岡','kamioka',924,NULL,924,1,0,'2024-12-04 06:14:50','2024-12-04 06:14:50'),(926,'流葉山','ryuuyou-yama',924,NULL,925,1,0,'2024-12-04 06:14:50','2024-12-04 06:14:50'),(927,'森茂','mori-shigeru',924,NULL,926,1,0,'2024-12-04 06:14:50','2024-12-04 06:14:50'),(928,'高山','kouzan',924,NULL,927,1,0,'2024-12-04 06:14:50','2024-12-04 06:14:50'),(929,'乗鞍岳','norikura-gaku',924,NULL,928,1,0,'2024-12-04 06:14:50','2024-12-04 06:14:50'),(930,'大日岳','dainichidake',924,NULL,929,1,0,'2024-12-04 06:14:50','2024-12-04 06:14:50'),(931,'新渕山','shin-fuchi-yama',924,NULL,930,1,0,'2024-12-04 06:14:50','2024-12-04 06:14:50'),(932,'船山','funayama',924,NULL,931,1,0,'2024-12-04 06:14:50','2024-12-04 06:14:50'),(933,'白尾山','shirao-yama',924,NULL,932,1,0,'2024-12-04 06:14:50','2024-12-04 06:14:50'),(934,'白鳥','hakuchou',924,NULL,933,1,0,'2024-12-04 06:14:50','2024-12-04 06:14:50'),(935,'萩原','hagiwara',924,NULL,934,1,0,'2024-12-04 06:14:50','2024-12-04 06:14:50'),(936,'蕪山','kabura-yama',924,NULL,935,1,0,'2024-12-04 06:14:50','2024-12-04 06:14:50'),(937,'八幡','hachiman',924,NULL,936,1,0,'2024-12-04 06:14:50','2024-12-04 06:14:50'),(938,'樽見','tarumi',924,NULL,937,1,0,'2024-12-04 06:14:50','2024-12-04 06:14:50'),(939,'金山','kanayama',924,NULL,938,1,0,'2024-12-04 06:14:50','2024-12-04 06:14:50'),(940,'三界山','sangai-yama',924,NULL,939,1,0,'2024-12-04 06:14:50','2024-12-04 06:14:50'),(941,'権現山','gongen-yama',924,NULL,940,1,0,'2024-12-04 06:14:50','2024-12-04 06:14:50'),(942,'伽藍','garan',924,NULL,941,1,0,'2024-12-04 06:14:50','2024-12-04 06:14:50'),(943,'美濃加茂','minokamo',924,NULL,942,1,0,'2024-12-04 06:14:50','2024-12-04 06:14:50'),(944,'柄石峠','gara-ishi-touge',924,NULL,943,1,0,'2024-12-04 06:14:50','2024-12-04 06:14:50'),(945,'恵那','ena',924,NULL,944,1,0,'2024-12-04 06:14:50','2024-12-04 06:14:50'),(946,'中津川','nakatsugawa',924,NULL,945,1,0,'2024-12-04 06:14:50','2024-12-04 06:14:50'),(947,'関ケ原','kan-ke-hara',924,NULL,946,1,0,'2024-12-04 06:14:50','2024-12-04 06:14:50'),(948,'大垣','oogaki',924,NULL,947,1,0,'2024-12-04 06:14:50','2024-12-04 06:14:50'),(949,'岐阜','gifu',924,NULL,948,1,0,'2024-12-04 06:14:50','2024-12-04 06:14:50'),(950,'三森山','mitsumori-yama',924,NULL,949,1,0,'2024-12-04 06:14:50','2024-12-04 06:14:50'),(951,'美濃','mino',924,NULL,950,1,0,'2024-12-04 06:14:50','2024-12-04 06:14:50'),(952,'多治見','tajimi',924,NULL,951,1,0,'2024-12-04 06:14:50','2024-12-04 06:14:50'),(953,'上石津','kamiishizu',924,NULL,952,1,0,'2024-12-04 06:14:50','2024-12-04 06:14:50'),(954,'栃尾','tochio',924,NULL,953,1,0,'2024-12-04 06:14:50','2024-12-04 06:14:50'),(955,'宮地','miyaji',924,NULL,954,1,0,'2024-12-04 06:14:50','2024-12-04 06:14:50'),(956,'平井','hirai',924,NULL,955,1,0,'2024-12-04 06:14:50','2024-12-04 06:14:50'),(957,'長滝','chou-taki',924,NULL,956,1,0,'2024-12-04 06:14:50','2024-12-04 06:14:50'),(958,'揖斐川','ibigawa',924,NULL,957,1,0,'2024-12-04 06:14:50','2024-12-04 06:14:50'),(959,'六厩','roku-umaya',924,NULL,958,1,0,'2024-12-04 06:14:50','2024-12-04 06:14:50'),(960,'白川','shirakawa',924,NULL,959,1,0,'2024-12-04 06:14:50','2024-12-04 06:14:50'),(961,'河合','kawai',924,NULL,960,1,0,'2024-12-04 06:14:50','2024-12-04 06:14:50'),(962,'宮之前','miya-yuki-mae',924,NULL,961,1,0,'2024-12-04 06:14:50','2024-12-04 06:14:50'),(963,'黒川','kurokawa',924,NULL,962,1,0,'2024-12-04 06:14:50','2024-12-04 06:14:50'),(964,'大日','dainichi',924,NULL,963,1,0,'2024-12-04 06:14:50','2024-12-04 06:14:50'),(965,'付知','tsukechi',924,NULL,964,1,0,'2024-12-04 06:14:50','2024-12-04 06:14:50'),(966,'御母衣','miboro',924,NULL,965,1,0,'2024-12-04 06:14:50','2024-12-04 06:14:50'),(967,'小津','ozu',924,NULL,966,1,0,'2024-12-04 06:14:50','2024-12-04 06:14:50'),(968,'十二岳','juuni-gaku',924,NULL,967,1,0,'2024-12-04 06:14:50','2024-12-04 06:14:50'),(969,'ひるがの','hirugano',924,NULL,968,1,0,'2024-12-04 06:14:50','2024-12-04 06:14:50'),(970,'清見','kiyomi',924,NULL,969,1,0,'2024-12-04 06:14:50','2024-12-04 06:14:50'),(971,'丹生川','nyuukawa',924,NULL,970,1,0,'2024-12-04 06:14:50','2024-12-04 06:14:50'),(972,'関市板取','kan-shi-itadori',924,NULL,971,1,0,'2024-12-04 06:14:50','2024-12-04 06:14:50'),(973,'岐阜県全地点','gifuken-zenchi-ten',924,NULL,972,1,0,'2024-12-04 06:14:50','2024-12-04 06:14:50'),(974,'三重県','mieken',0,NULL,973,1,0,'2024-12-04 06:14:50','2024-12-04 06:14:50'),(975,'北勢','kita-sei',974,NULL,974,1,0,'2024-12-04 06:14:50','2024-12-04 06:14:50'),(976,'桑名','kuwana',974,NULL,975,1,0,'2024-12-04 06:14:50','2024-12-04 06:14:50'),(977,'雲母峰','unmo-mine',974,NULL,976,1,0,'2024-12-04 06:14:50','2024-12-04 06:14:50'),(978,'四日市','yokkaichi',974,NULL,977,1,0,'2024-12-04 06:14:50','2024-12-04 06:14:50'),(979,'亀山','kameyama',974,NULL,978,1,0,'2024-12-04 06:14:50','2024-12-04 06:14:50'),(980,'上野','ueno',974,NULL,979,1,0,'2024-12-04 06:14:50','2024-12-04 06:14:50'),(981,'笠取山','kasatori-yama',974,NULL,980,1,0,'2024-12-04 06:14:50','2024-12-04 06:14:50'),(982,'津','tsu',974,NULL,981,1,0,'2024-12-04 06:14:50','2024-12-04 06:14:50'),(983,'名張','nabari',974,NULL,982,1,0,'2024-12-04 06:14:50','2024-12-04 06:14:50'),(984,'国見山','kunimi-yama',974,NULL,983,1,0,'2024-12-04 06:14:50','2024-12-04 06:14:50'),(985,'小俣','omata',974,NULL,984,1,0,'2024-12-04 06:14:50','2024-12-04 06:14:50'),(986,'粥見','kayumi',974,NULL,985,1,0,'2024-12-04 06:14:50','2024-12-04 06:14:50'),(987,'藤坂峠','fujisaka-touge',974,NULL,986,1,0,'2024-12-04 06:14:50','2024-12-04 06:14:50'),(988,'尾鷲','owase',974,NULL,987,1,0,'2024-12-04 06:14:50','2024-12-04 06:14:50'),(989,'八幡峠','hachiman-touge',974,NULL,988,1,0,'2024-12-04 06:14:50','2024-12-04 06:14:50'),(990,'熊野','kumano',974,NULL,989,1,0,'2024-12-04 06:14:50','2024-12-04 06:14:50'),(991,'大台','oodai',974,NULL,990,1,0,'2024-12-04 06:14:50','2024-12-04 06:14:50'),(992,'松阪','matsusaka',974,NULL,991,1,0,'2024-12-04 06:14:50','2024-12-04 06:14:50'),(993,'磯部','isobe',974,NULL,992,1,0,'2024-12-04 06:14:50','2024-12-04 06:14:50'),(994,'鳥羽','toba',974,NULL,993,1,0,'2024-12-04 06:14:50','2024-12-04 06:14:50'),(995,'宮川','miyagawa',974,NULL,994,1,0,'2024-12-04 06:14:50','2024-12-04 06:14:50'),(996,'南伊勢','minamiise',974,NULL,995,1,0,'2024-12-04 06:14:50','2024-12-04 06:14:50'),(997,'紀伊長島','kii-nagashima',974,NULL,996,1,0,'2024-12-04 06:14:50','2024-12-04 06:14:50'),(998,'白山','hakusan',974,NULL,997,1,0,'2024-12-04 06:14:50','2024-12-04 06:14:50'),(999,'阿児','ago',974,NULL,998,1,0,'2024-12-04 06:14:50','2024-12-04 06:14:50'),(1000,'御浜','mihama',974,NULL,999,1,0,'2024-12-04 06:14:50','2024-12-04 06:14:50'),(1001,'熊野新鹿','kumano-atashika',974,NULL,1000,1,0,'2024-12-04 06:14:50','2024-12-04 06:14:50'),(1002,'三重県全地点','mieken-zenchi-ten',974,NULL,1001,1,0,'2024-12-04 06:14:50','2024-12-04 06:14:50'),(1003,'新潟県','niigataken',0,NULL,1002,1,0,'2024-12-04 06:14:50','2024-12-04 06:14:50'),(1004,'村上','murakami',1003,NULL,1003,1,0,'2024-12-04 06:14:50','2024-12-04 06:14:50'),(1005,'鷲ケ巣山','washi-ke-suyama',1003,NULL,1004,1,0,'2024-12-04 06:14:50','2024-12-04 06:14:50'),(1006,'相川','aikawa',1003,NULL,1005,1,0,'2024-12-04 06:14:50','2024-12-04 06:14:50'),(1007,'両津','ryoutsu',1003,NULL,1006,1,0,'2024-12-04 06:14:50','2024-12-04 06:14:50'),(1008,'新潟','niigata',1003,NULL,1007,1,0,'2024-12-04 06:14:50','2024-12-04 06:14:50'),(1009,'二王子岳','niou-ko-gaku',1003,NULL,1008,1,0,'2024-12-04 06:14:50','2024-12-04 06:14:50'),(1010,'新津','niitsu',1003,NULL,1009,1,0,'2024-12-04 06:14:50','2024-12-04 06:14:50'),(1011,'巻','kan',1003,NULL,1010,1,0,'2024-12-04 06:14:50','2024-12-04 06:14:50'),(1012,'宝珠山','houshuyama',1003,NULL,1011,1,0,'2024-12-04 06:14:50','2024-12-04 06:14:50'),(1013,'寺泊','teradomari',1003,NULL,1012,1,0,'2024-12-04 06:14:50','2024-12-04 06:14:50'),(1014,'三条','sanjou',1003,NULL,1013,1,0,'2024-12-04 06:14:50','2024-12-04 06:14:50'),(1015,'村松','muramatsu',1003,NULL,1014,1,0,'2024-12-04 06:14:50','2024-12-04 06:14:50'),(1016,'津川','tsugawa',1003,NULL,1015,1,0,'2024-12-04 06:14:50','2024-12-04 06:14:50'),(1017,'粟ヶ岳','awa-ke-gaku',1003,NULL,1016,1,0,'2024-12-04 06:14:50','2024-12-04 06:14:50'),(1018,'長岡','nagaoka',1003,NULL,1017,1,0,'2024-12-04 06:14:50','2024-12-04 06:14:50'),(1019,'栃尾','tochio',1003,NULL,1018,1,0,'2024-12-04 06:14:50','2024-12-04 06:14:50'),(1020,'守門岳','sumon-gaku',1003,NULL,1019,1,0,'2024-12-04 06:14:50','2024-12-04 06:14:50'),(1021,'柏崎','kashiwazaki',1003,NULL,1020,1,0,'2024-12-04 06:14:50','2024-12-04 06:14:50'),(1022,'桜坂峠','sakurazaka-touge',1003,NULL,1021,1,0,'2024-12-04 06:14:50','2024-12-04 06:14:50'),(1023,'小出','koide',1003,NULL,1022,1,0,'2024-12-04 06:14:50','2024-12-04 06:14:50'),(1024,'高田','takada',1003,NULL,1023,1,0,'2024-12-04 06:14:50','2024-12-04 06:14:50'),(1025,'安塚','yasuzuka',1003,NULL,1024,1,0,'2024-12-04 06:14:50','2024-12-04 06:14:50'),(1026,'十日町','tookamachi',1003,NULL,1025,1,0,'2024-12-04 06:14:50','2024-12-04 06:14:50'),(1027,'枝折峠','shiori-touge',1003,NULL,1026,1,0,'2024-12-04 06:14:50','2024-12-04 06:14:50'),(1028,'糸魚川','itoigawa',1003,NULL,1027,1,0,'2024-12-04 06:14:50','2024-12-04 06:14:50'),(1029,'能生','nou',1003,NULL,1028,1,0,'2024-12-04 06:14:50','2024-12-04 06:14:50'),(1030,'光ケ原','hikari-ke-hara',1003,NULL,1029,1,0,'2024-12-04 06:14:50','2024-12-04 06:14:50'),(1031,'大沢峠','oosawa-touge',1003,NULL,1030,1,0,'2024-12-04 06:14:50','2024-12-04 06:14:50'),(1032,'津南','tsunan',1003,NULL,1031,1,0,'2024-12-04 06:14:50','2024-12-04 06:14:50'),(1033,'湯沢','yuzawa',1003,NULL,1032,1,0,'2024-12-04 06:14:50','2024-12-04 06:14:50'),(1034,'袴岳','hakama-gaku',1003,NULL,1033,1,0,'2024-12-04 06:14:50','2024-12-04 06:14:50'),(1035,'粟島','awashima',1003,NULL,1034,1,0,'2024-12-04 06:14:50','2024-12-04 06:14:50'),(1036,'羽茂','hamochi',1003,NULL,1035,1,0,'2024-12-04 06:14:50','2024-12-04 06:14:50'),(1037,'守門','sumon',1003,NULL,1036,1,0,'2024-12-04 06:14:50','2024-12-04 06:14:50'),(1038,'関山','sekiyama',1003,NULL,1037,1,0,'2024-12-04 06:14:50','2024-12-04 06:14:50'),(1039,'下関','shimonoseki',1003,NULL,1038,1,0,'2024-12-04 06:14:50','2024-12-04 06:14:50'),(1040,'鍵取','kagi-shu',1003,NULL,1039,1,0,'2024-12-04 06:14:50','2024-12-04 06:14:50'),(1041,'赤谷','akaya',1003,NULL,1040,1,0,'2024-12-04 06:14:50','2024-12-04 06:14:50'),(1042,'小国','shoukoku',1003,NULL,1041,1,0,'2024-12-04 06:14:50','2024-12-04 06:14:50'),(1043,'松代','matsushiro',1003,NULL,1042,1,0,'2024-12-04 06:14:50','2024-12-04 06:14:50'),(1044,'高根','takane',1003,NULL,1043,1,0,'2024-12-04 06:14:50','2024-12-04 06:14:50'),(1045,'平岩','hiraiwa',1003,NULL,1044,1,0,'2024-12-04 06:14:50','2024-12-04 06:14:50'),(1046,'大潟','oogata',1003,NULL,1045,1,0,'2024-12-04 06:14:50','2024-12-04 06:14:50'),(1047,'弾崎','dan-saki',1003,NULL,1046,1,0,'2024-12-04 06:14:50','2024-12-04 06:14:50'),(1048,'中条','chuujou',1003,NULL,1047,1,0,'2024-12-04 06:14:50','2024-12-04 06:14:50'),(1049,'三面','sanmen',1003,NULL,1048,1,0,'2024-12-04 06:14:50','2024-12-04 06:14:50'),(1050,'大湯','ooyu',1003,NULL,1049,1,0,'2024-12-04 06:14:50','2024-12-04 06:14:50'),(1051,'塩沢','shiozawa',1003,NULL,1050,1,0,'2024-12-04 06:14:50','2024-12-04 06:14:50'),(1052,'宮寄上','miyayorikami',1003,NULL,1051,1,0,'2024-12-04 06:14:50','2024-12-04 06:14:50'),(1053,'樽本','tarumoto',1003,NULL,1052,1,0,'2024-12-04 06:14:50','2024-12-04 06:14:50'),(1054,'川谷','kawatani',1003,NULL,1053,1,0,'2024-12-04 06:14:50','2024-12-04 06:14:50'),(1055,'筒方','tsutsu-hou',1003,NULL,1054,1,0,'2024-12-04 06:14:50','2024-12-04 06:14:50'),(1056,'室谷','muroya',1003,NULL,1055,1,0,'2024-12-04 06:14:50','2024-12-04 06:14:50'),(1057,'松浜','shouhin',1003,NULL,1056,1,0,'2024-12-04 06:14:50','2024-12-04 06:14:50'),(1058,'秋津','akitsu',1003,NULL,1057,1,0,'2024-12-04 06:14:50','2024-12-04 06:14:50'),(1059,'新潟県全地点','niigataken-zenchi-ten',1003,NULL,1058,1,0,'2024-12-04 06:14:50','2024-12-04 06:14:50'),(1060,'瓢湖','hyou-mizuumi',1003,NULL,1059,1,0,'2024-12-04 06:14:50','2024-12-04 06:14:50'),(1061,'富山県','toyamaken',0,NULL,1060,1,0,'2024-12-04 06:14:50','2024-12-04 06:14:50'),(1062,'朝日','asahi',1061,NULL,1061,1,0,'2024-12-04 06:14:50','2024-12-04 06:14:50'),(1063,'魚津','uozu',1061,NULL,1062,1,0,'2024-12-04 06:14:50','2024-12-04 06:14:50'),(1064,'宇奈月','unazuki',1061,NULL,1063,1,0,'2024-12-04 06:14:50','2024-12-04 06:14:50'),(1065,'嘉例沢','karei-sawa',1061,NULL,1064,1,0,'2024-12-04 06:14:50','2024-12-04 06:14:50'),(1066,'伏木','fushiki',1061,NULL,1065,1,0,'2024-12-04 06:14:50','2024-12-04 06:14:50'),(1067,'富山','toyama',1061,NULL,1066,1,0,'2024-12-04 06:14:50','2024-12-04 06:14:50'),(1068,'砺波','tonami',1061,NULL,1067,1,0,'2024-12-04 06:14:50','2024-12-04 06:14:50'),(1069,'上市','kamiichi',1061,NULL,1068,1,0,'2024-12-04 06:14:50','2024-12-04 06:14:50'),(1070,'南砺高宮','nanto-takamiya',1061,NULL,1069,1,0,'2024-12-04 06:14:50','2024-12-04 06:14:50'),(1071,'八尾','yao',1061,NULL,1070,1,0,'2024-12-04 06:14:50','2024-12-04 06:14:50'),(1072,'小谷','kotani',1061,NULL,1071,1,0,'2024-12-04 06:14:50','2024-12-04 06:14:50'),(1073,'立山','tateyama',1061,NULL,1072,1,0,'2024-12-04 06:14:50','2024-12-04 06:14:50'),(1074,'細尾峠','hosoo-touge',1061,NULL,1073,1,0,'2024-12-04 06:14:50','2024-12-04 06:14:50'),(1075,'谷折','tani-ori',1061,NULL,1074,1,0,'2024-12-04 06:14:50','2024-12-04 06:14:50'),(1076,'氷見','himi',1061,NULL,1075,1,0,'2024-12-04 06:14:50','2024-12-04 06:14:50'),(1077,'宇奈月','unazuki',1061,NULL,1076,1,0,'2024-12-04 06:14:50','2024-12-04 06:14:50'),(1078,'平','taira',1061,NULL,1077,1,0,'2024-12-04 06:14:50','2024-12-04 06:14:50'),(1079,'大山','ooyama',1061,NULL,1078,1,0,'2024-12-04 06:14:50','2024-12-04 06:14:50'),(1080,'細入','hosoiri',1061,NULL,1079,1,0,'2024-12-04 06:14:50','2024-12-04 06:14:50'),(1081,'猪谷','igaya',1061,NULL,1080,1,0,'2024-12-04 06:14:50','2024-12-04 06:14:50'),(1082,'秋ヶ島','aki-ke-shima',1061,NULL,1081,1,0,'2024-12-04 06:14:50','2024-12-04 06:14:50'),(1083,'五箇山','gokayama',1061,NULL,1082,1,0,'2024-12-04 06:14:50','2024-12-04 06:14:50'),(1084,'富山県全地点','toyamaken-zenchi-ten',1061,NULL,1083,1,0,'2024-12-04 06:14:50','2024-12-04 06:14:50'),(1085,'立山芦峅','tateyama-ashi-kura',1061,NULL,1084,1,0,'2024-12-04 06:14:50','2024-12-04 06:14:50'),(1086,'石川県','ishikawaken',0,NULL,1085,1,0,'2024-12-04 06:14:50','2024-12-04 06:14:50'),(1087,'珠洲','suzu',1086,NULL,1086,1,0,'2024-12-04 06:14:50','2024-12-04 06:14:50'),(1088,'輪島','wa-shima',1086,NULL,1087,1,0,'2024-12-04 06:14:50','2024-12-04 06:14:50'),(1089,'門前','monzen',1086,NULL,1088,1,0,'2024-12-04 06:14:50','2024-12-04 06:14:50'),(1090,'木原岳','kihara-gaku',1086,NULL,1089,1,0,'2024-12-04 06:14:50','2024-12-04 06:14:50'),(1091,'志賀','shiga',1086,NULL,1090,1,0,'2024-12-04 06:14:50','2024-12-04 06:14:50'),(1092,'七尾','nanao',1086,NULL,1091,1,0,'2024-12-04 06:14:50','2024-12-04 06:14:50'),(1093,'羽咋','hakui',1086,NULL,1092,1,0,'2024-12-04 06:14:50','2024-12-04 06:14:50'),(1094,'かほく','kahoku',1086,NULL,1093,1,0,'2024-12-04 06:14:50','2024-12-04 06:14:50'),(1095,'宝達山','takara-tatsuyama',1086,NULL,1094,1,0,'2024-12-04 06:14:50','2024-12-04 06:14:50'),(1096,'金沢','kanazawa',1086,NULL,1095,1,0,'2024-12-04 06:14:50','2024-12-04 06:14:50'),(1097,'医王山','iou-yama',1086,NULL,1096,1,0,'2024-12-04 06:14:50','2024-12-04 06:14:50'),(1098,'加賀中津原','kaga-nakatsu-hara',1086,NULL,1097,1,0,'2024-12-04 06:14:50','2024-12-04 06:14:50'),(1099,'白山河内','hakusan-kawauchi',1086,NULL,1098,1,0,'2024-12-04 06:14:50','2024-12-04 06:14:50'),(1100,'白山白峰','hakusan-shiramine',1086,NULL,1099,1,0,'2024-12-04 06:14:50','2024-12-04 06:14:50'),(1101,'小松','komatsu',1086,NULL,1100,1,0,'2024-12-04 06:14:50','2024-12-04 06:14:50'),(1102,'穴水','anamizu',1086,NULL,1101,1,0,'2024-12-04 06:14:50','2024-12-04 06:14:50'),(1103,'三井','mitsui',1086,NULL,1102,1,0,'2024-12-04 06:14:50','2024-12-04 06:14:50'),(1104,'宝達志水','houdatsushimizu',1086,NULL,1103,1,0,'2024-12-04 06:14:50','2024-12-04 06:14:50'),(1105,'石川県全地点','ishikawaken-zenchi-ten',1086,NULL,1104,1,0,'2024-12-04 06:14:50','2024-12-04 06:14:50'),(1106,'舳倉島','hegura-shima',1086,NULL,1105,1,0,'2024-12-04 06:14:50','2024-12-04 06:14:50'),(1107,'福井県','fukuiken',0,NULL,1106,1,0,'2024-12-04 06:14:50','2024-12-04 06:14:50'),(1108,'福井','fukui',1107,NULL,1107,1,0,'2024-12-04 06:14:50','2024-12-04 06:14:50'),(1109,'大野','oono',1107,NULL,1108,1,0,'2024-12-04 06:14:50','2024-12-04 06:14:50'),(1110,'タイラ山','taira-yama',1107,NULL,1109,1,0,'2024-12-04 06:14:50','2024-12-04 06:14:50'),(1111,'春日野','kasugano',1107,NULL,1110,1,0,'2024-12-04 06:14:50','2024-12-04 06:14:50'),(1112,'板垣','itagaki',1107,NULL,1111,1,0,'2024-12-04 06:14:50','2024-12-04 06:14:50'),(1113,'今庄','imajou',1107,NULL,1112,1,0,'2024-12-04 06:14:50','2024-12-04 06:14:50'),(1114,'敦賀','tsuruga',1107,NULL,1113,1,0,'2024-12-04 06:14:50','2024-12-04 06:14:50'),(1115,'小浜','obama',1107,NULL,1114,1,0,'2024-12-04 06:14:50','2024-12-04 06:14:50'),(1116,'美山','miyama',1107,NULL,1115,1,0,'2024-12-04 06:14:50','2024-12-04 06:14:50'),(1117,'川上','kawakami',1107,NULL,1116,1,0,'2024-12-04 06:14:50','2024-12-04 06:14:50'),(1118,'美浜','mihama',1107,NULL,1117,1,0,'2024-12-04 06:14:50','2024-12-04 06:14:50'),(1119,'三国','mikuni',1107,NULL,1118,1,0,'2024-12-04 06:14:50','2024-12-04 06:14:50'),(1120,'勝山','katsuyama',1107,NULL,1119,1,0,'2024-12-04 06:14:50','2024-12-04 06:14:50'),(1121,'越廼','koshino',1107,NULL,1120,1,0,'2024-12-04 06:14:51','2024-12-04 06:14:51'),(1122,'九頭竜','kuzuryuu',1107,NULL,1121,1,0,'2024-12-04 06:14:51','2024-12-04 06:14:51'),(1123,'大飯','ooi',1107,NULL,1122,1,0,'2024-12-04 06:14:51','2024-12-04 06:14:51'),(1124,'春江','harue',1107,NULL,1123,1,0,'2024-12-04 06:14:51','2024-12-04 06:14:51'),(1125,'武生','takefu',1107,NULL,1124,1,0,'2024-12-04 06:14:51','2024-12-04 06:14:51'),(1126,'福井県全地点','fukuiken-zenchi-ten',1107,NULL,1125,1,0,'2024-12-04 06:14:51','2024-12-04 06:14:51'),(1127,'滋賀県','shigaken',0,NULL,1126,1,0,'2024-12-04 06:14:51','2024-12-04 06:14:51'),(1128,'今津','imazu',1127,NULL,1127,1,0,'2024-12-04 06:14:51','2024-12-04 06:14:51'),(1129,'荒川','arakawa',1127,NULL,1128,1,0,'2024-12-04 06:14:51','2024-12-04 06:14:51'),(1130,'春照','haru-shou',1127,NULL,1129,1,0,'2024-12-04 06:14:51','2024-12-04 06:14:51'),(1131,'彦根','hikone',1127,NULL,1130,1,0,'2024-12-04 06:14:51','2024-12-04 06:14:51'),(1132,'近江八幡','oumihachiman',1127,NULL,1131,1,0,'2024-12-04 06:14:51','2024-12-04 06:14:51'),(1133,'君ケ畑台地','kun-ke-hatake-daichi',1127,NULL,1132,1,0,'2024-12-04 06:14:51','2024-12-04 06:14:51'),(1134,'大津','ootsu',1127,NULL,1133,1,0,'2024-12-04 06:14:51','2024-12-04 06:14:51'),(1135,'土山','tsuchiyama',1127,NULL,1134,1,0,'2024-12-04 06:14:51','2024-12-04 06:14:51'),(1136,'東近江','higashioumi',1127,NULL,1135,1,0,'2024-12-04 06:14:51','2024-12-04 06:14:51'),(1137,'信楽','shigaraki',1127,NULL,1136,1,0,'2024-12-04 06:14:51','2024-12-04 06:14:51'),(1138,'長浜','nagahama',1127,NULL,1137,1,0,'2024-12-04 06:14:51','2024-12-04 06:14:51'),(1139,'南小松','minami-komatsu',1127,NULL,1138,1,0,'2024-12-04 06:14:51','2024-12-04 06:14:51'),(1140,'柳ケ瀬','yanagi-ke-se',1127,NULL,1139,1,0,'2024-12-04 06:14:51','2024-12-04 06:14:51'),(1141,'霜ケ原','shimo-ke-hara',1127,NULL,1140,1,0,'2024-12-04 06:14:51','2024-12-04 06:14:51'),(1142,'米原','yonehara',1127,NULL,1141,1,0,'2024-12-04 06:14:51','2024-12-04 06:14:51'),(1143,'朽木平良','tochigi-taira',1127,NULL,1142,1,0,'2024-12-04 06:14:51','2024-12-04 06:14:51'),(1144,'伊吹山','ibukiyama',1127,NULL,1143,1,0,'2024-12-04 06:14:51','2024-12-04 06:14:51'),(1145,'滋賀県全地点','shigaken-zenchi-ten',1127,NULL,1144,1,0,'2024-12-04 06:14:51','2024-12-04 06:14:51'),(1146,'京都府','kyoutofu',0,NULL,1145,1,0,'2024-12-04 06:14:51','2024-12-04 06:14:51'),(1147,'峰山','mineyama',1146,NULL,1146,1,0,'2024-12-04 06:14:51','2024-12-04 06:14:51'),(1148,'宮津','miyazu',1146,NULL,1147,1,0,'2024-12-04 06:14:51','2024-12-04 06:14:51'),(1149,'舞鶴','maizuru',1146,NULL,1148,1,0,'2024-12-04 06:14:51','2024-12-04 06:14:51'),(1150,'仏坂','hotoke-saka',1146,NULL,1149,1,0,'2024-12-04 06:14:51','2024-12-04 06:14:51'),(1151,'浅原山','asahara-yama',1146,NULL,1150,1,0,'2024-12-04 06:14:51','2024-12-04 06:14:51'),(1152,'福知山','fukuchiyama',1146,NULL,1151,1,0,'2024-12-04 06:14:51','2024-12-04 06:14:51'),(1153,'胡麻','goma',1146,NULL,1152,1,0,'2024-12-04 06:14:51','2024-12-04 06:14:51'),(1154,'妙高山','myoukou-yama',1146,NULL,1153,1,0,'2024-12-04 06:14:51','2024-12-04 06:14:51'),(1155,'園部','sonobe',1146,NULL,1154,1,0,'2024-12-04 06:14:51','2024-12-04 06:14:51'),(1156,'京都','kyouto',1146,NULL,1155,1,0,'2024-12-04 06:14:51','2024-12-04 06:14:51'),(1157,'京田辺','kyoutanabe',1146,NULL,1156,1,0,'2024-12-04 06:14:51','2024-12-04 06:14:51'),(1158,'鷲峰山','juhou-yama',1146,NULL,1157,1,0,'2024-12-04 06:14:51','2024-12-04 06:14:51'),(1159,'花背峠','hanase-touge',1146,NULL,1158,1,0,'2024-12-04 06:14:51','2024-12-04 06:14:51'),(1160,'知井','chii',1146,NULL,1159,1,0,'2024-12-04 06:14:51','2024-12-04 06:14:51'),(1161,'京北','keihoku',1146,NULL,1160,1,0,'2024-12-04 06:14:51','2024-12-04 06:14:51'),(1162,'間人','hashihito',1146,NULL,1161,1,0,'2024-12-04 06:14:51','2024-12-04 06:14:51'),(1163,'本庄','honjou',1146,NULL,1162,1,0,'2024-12-04 06:14:51','2024-12-04 06:14:51'),(1164,'長岡京','nagaokakyou',1146,NULL,1163,1,0,'2024-12-04 06:14:51','2024-12-04 06:14:51'),(1165,'睦寄','mutsumi-yori',1146,NULL,1164,1,0,'2024-12-04 06:14:51','2024-12-04 06:14:51'),(1166,'美山','miyama',1146,NULL,1165,1,0,'2024-12-04 06:14:51','2024-12-04 06:14:51'),(1167,'須知','shuuchi',1146,NULL,1166,1,0,'2024-12-04 06:14:51','2024-12-04 06:14:51'),(1168,'三岳','mitake',1146,NULL,1167,1,0,'2024-12-04 06:14:51','2024-12-04 06:14:51'),(1169,'綾部','ayabe',1146,NULL,1168,1,0,'2024-12-04 06:14:51','2024-12-04 06:14:51'),(1170,'三和','sanwa',1146,NULL,1169,1,0,'2024-12-04 06:14:51','2024-12-04 06:14:51'),(1171,'京都府全地点','kyoutofu-zenchi-ten',1146,NULL,1170,1,0,'2024-12-04 06:14:51','2024-12-04 06:14:51'),(1172,'坂浦','saka-ura',1146,NULL,1171,1,0,'2024-12-04 06:14:51','2024-12-04 06:14:51'),(1173,'綾部山家','ayabe-yanbe',1146,NULL,1172,1,0,'2024-12-04 06:14:51','2024-12-04 06:14:51'),(1174,'大阪府','oosakafu',0,NULL,1173,1,0,'2024-12-04 06:14:51','2024-12-04 06:14:51'),(1175,'能勢','nose',1174,NULL,1174,1,0,'2024-12-04 06:14:51','2024-12-04 06:14:51'),(1176,'箕面','minoo',1174,NULL,1175,1,0,'2024-12-04 06:14:51','2024-12-04 06:14:51'),(1177,'豊中','toyonaka',1174,NULL,1176,1,0,'2024-12-04 06:14:51','2024-12-04 06:14:51'),(1178,'大阪','oosaka',1174,NULL,1177,1,0,'2024-12-04 06:14:51','2024-12-04 06:14:51'),(1179,'生駒山','ikomayama',1174,NULL,1178,1,0,'2024-12-04 06:14:51','2024-12-04 06:14:51'),(1180,'河内長野','kawachinagano',1174,NULL,1179,1,0,'2024-12-04 06:14:51','2024-12-04 06:14:51'),(1181,'熊取','kumatori',1174,NULL,1180,1,0,'2024-12-04 06:14:51','2024-12-04 06:14:51'),(1182,'堺','sakai',1174,NULL,1181,1,0,'2024-12-04 06:14:51','2024-12-04 06:14:51'),(1183,'枚方','hirakata',1174,NULL,1182,1,0,'2024-12-04 06:14:51','2024-12-04 06:14:51'),(1184,'八尾','yao',1174,NULL,1183,1,0,'2024-12-04 06:14:51','2024-12-04 06:14:51'),(1185,'関空島','kankuu-shima',1174,NULL,1184,1,0,'2024-12-04 06:14:51','2024-12-04 06:14:51'),(1186,'大阪府全地点','oosakafu-zenchi-ten',1174,NULL,1185,1,0,'2024-12-04 06:14:51','2024-12-04 06:14:51'),(1187,'茨木','ibaraki',1174,NULL,1186,1,0,'2024-12-04 06:14:51','2024-12-04 06:14:51'),(1188,'兵庫県','hyougoken',0,NULL,1187,1,0,'2024-12-04 06:14:51','2024-12-04 06:14:51'),(1189,'香住','kasumi',1188,NULL,1188,1,0,'2024-12-04 06:14:51','2024-12-04 06:14:51'),(1190,'温泉','onsen',1188,NULL,1189,1,0,'2024-12-04 06:14:51','2024-12-04 06:14:51'),(1191,'三川山','mikawa-yama',1188,NULL,1190,1,0,'2024-12-04 06:14:51','2024-12-04 06:14:51'),(1192,'豊岡','toyooka',1188,NULL,1191,1,0,'2024-12-04 06:14:51','2024-12-04 06:14:51'),(1193,'八鹿','youka',1188,NULL,1192,1,0,'2024-12-04 06:14:51','2024-12-04 06:14:51'),(1194,'和田山','wadayama',1188,NULL,1193,1,0,'2024-12-04 06:14:51','2024-12-04 06:14:51'),(1195,'生野','ikuno',1188,NULL,1194,1,0,'2024-12-04 06:14:51','2024-12-04 06:14:51'),(1196,'柏原','kashiwabara',1188,NULL,1195,1,0,'2024-12-04 06:14:51','2024-12-04 06:14:51'),(1197,'一宮','ichinomiya',1188,NULL,1196,1,0,'2024-12-04 06:14:51','2024-12-04 06:14:51'),(1198,'笠形山','kasa-katachi-yama',1188,NULL,1197,1,0,'2024-12-04 06:14:51','2024-12-04 06:14:51'),(1199,'佐用','sayou',1188,NULL,1198,1,0,'2024-12-04 06:14:51','2024-12-04 06:14:51'),(1200,'後川','ushirokawa',1188,NULL,1199,1,0,'2024-12-04 06:14:51','2024-12-04 06:14:51'),(1201,'上郡','kamigoori',1188,NULL,1200,1,0,'2024-12-04 06:14:51','2024-12-04 06:14:51'),(1202,'的場山','matoba-yama',1188,NULL,1201,1,0,'2024-12-04 06:14:51','2024-12-04 06:14:51'),(1203,'姫路','himeji',1188,NULL,1202,1,0,'2024-12-04 06:14:51','2024-12-04 06:14:51'),(1204,'名塩','najio',1188,NULL,1203,1,0,'2024-12-04 06:14:51','2024-12-04 06:14:51'),(1205,'六甲山','rokkousan',1188,NULL,1204,1,0,'2024-12-04 06:14:51','2024-12-04 06:14:51'),(1206,'家島','ie-shima',1188,NULL,1205,1,0,'2024-12-04 06:14:51','2024-12-04 06:14:51'),(1207,'明石','akashi',1188,NULL,1206,1,0,'2024-12-04 06:14:51','2024-12-04 06:14:51'),(1208,'神戸','koube',1188,NULL,1207,1,0,'2024-12-04 06:14:51','2024-12-04 06:14:51'),(1209,'洲本','sumoto',1188,NULL,1208,1,0,'2024-12-04 06:14:51','2024-12-04 06:14:51'),(1210,'福良','fukura',1188,NULL,1209,1,0,'2024-12-04 06:14:51','2024-12-04 06:14:51'),(1211,'西脇','nishiwaki',1188,NULL,1210,1,0,'2024-12-04 06:14:51','2024-12-04 06:14:51'),(1212,'大屋','ooya',1188,NULL,1211,1,0,'2024-12-04 06:14:51','2024-12-04 06:14:51'),(1213,'福崎','fukuzaki',1188,NULL,1212,1,0,'2024-12-04 06:14:51','2024-12-04 06:14:51'),(1214,'三田','mita',1188,NULL,1213,1,0,'2024-12-04 06:14:51','2024-12-04 06:14:51'),(1215,'郡家','gunke',1188,NULL,1214,1,0,'2024-12-04 06:14:51','2024-12-04 06:14:51'),(1216,'兎和野高原','usagi-wano-kougen',1188,NULL,1215,1,0,'2024-12-04 06:14:51','2024-12-04 06:14:51'),(1217,'三木','miki',1188,NULL,1216,1,0,'2024-12-04 06:14:51','2024-12-04 06:14:51'),(1218,'南淡','nandan',1188,NULL,1217,1,0,'2024-12-04 06:14:51','2024-12-04 06:14:51'),(1219,'淡路町','awajichou',1188,NULL,1218,1,0,'2024-12-04 06:14:51','2024-12-04 06:14:51'),(1220,'芦屋','ashiya',1188,NULL,1219,1,0,'2024-12-04 06:14:51','2024-12-04 06:14:51'),(1221,'神戸塩屋','koube-shioya',1188,NULL,1220,1,0,'2024-12-04 06:14:51','2024-12-04 06:14:51'),(1222,'神戸空港','koube-kuukou',1188,NULL,1221,1,0,'2024-12-04 06:14:51','2024-12-04 06:14:51'),(1223,'西宮','nishinomiya',1188,NULL,1222,1,0,'2024-12-04 06:14:51','2024-12-04 06:14:51'),(1224,'兵庫県全地点','hyougoken-zenchi-ten',1188,NULL,1223,1,0,'2024-12-04 06:14:51','2024-12-04 06:14:51'),(1225,'奈良県','naraken',0,NULL,1224,1,0,'2024-12-04 06:14:51','2024-12-04 06:14:51'),(1226,'奈良','nara',1225,NULL,1225,1,0,'2024-12-04 06:14:51','2024-12-04 06:14:51'),(1227,'針','hari',1225,NULL,1226,1,0,'2024-12-04 06:14:51','2024-12-04 06:14:51'),(1228,'田原本','tawaramoto',1225,NULL,1227,1,0,'2024-12-04 06:14:51','2024-12-04 06:14:51'),(1229,'曽爾','so-ji',1225,NULL,1228,1,0,'2024-12-04 06:14:51','2024-12-04 06:14:51'),(1230,'大宇陀','oouda',1225,NULL,1229,1,0,'2024-12-04 06:14:51','2024-12-04 06:14:51'),(1231,'高見山','takami-yama',1225,NULL,1230,1,0,'2024-12-04 06:14:51','2024-12-04 06:14:51'),(1232,'五條','gojou',1225,NULL,1231,1,0,'2024-12-04 06:14:51','2024-12-04 06:14:51'),(1233,'天辻','amatsuji',1225,NULL,1232,1,0,'2024-12-04 06:14:51','2024-12-04 06:14:51'),(1234,'山上ケ岳','yamagami-ke-gaku',1225,NULL,1233,1,0,'2024-12-04 06:14:51','2024-12-04 06:14:51'),(1235,'荒神岳','koujin-gaku',1225,NULL,1234,1,0,'2024-12-04 06:14:51','2024-12-04 06:14:51'),(1236,'日出岳','hinode-gaku',1225,NULL,1235,1,0,'2024-12-04 06:14:51','2024-12-04 06:14:51'),(1237,'上野地','ueno-chi',1225,NULL,1236,1,0,'2024-12-04 06:14:51','2024-12-04 06:14:51'),(1238,'玉置山','tamaki-yama',1225,NULL,1237,1,0,'2024-12-04 06:14:51','2024-12-04 06:14:51'),(1239,'上北山','kamikitayama',1225,NULL,1238,1,0,'2024-12-04 06:14:51','2024-12-04 06:14:51'),(1240,'風屋','kaze-ya',1225,NULL,1239,1,0,'2024-12-04 06:14:51','2024-12-04 06:14:51'),(1241,'高見','takami',1225,NULL,1240,1,0,'2024-12-04 06:14:51','2024-12-04 06:14:51'),(1242,'葛城','katsuragi',1225,NULL,1241,1,0,'2024-12-04 06:14:51','2024-12-04 06:14:51'),(1243,'壷坂','tsubosaka',1225,NULL,1242,1,0,'2024-12-04 06:14:51','2024-12-04 06:14:51'),(1244,'吉野','yoshino',1225,NULL,1243,1,0,'2024-12-04 06:14:51','2024-12-04 06:14:51'),(1245,'奈良県全地点','naraken-zenchi-ten',1225,NULL,1244,1,0,'2024-12-04 06:14:51','2024-12-04 06:14:51'),(1246,'天川','amakawa',1225,NULL,1245,1,0,'2024-12-04 06:14:51','2024-12-04 06:14:51'),(1247,'下北山','shimokitayama',1225,NULL,1246,1,0,'2024-12-04 06:14:51','2024-12-04 06:14:51'),(1248,'葛川','kuzukawa',1225,NULL,1247,1,0,'2024-12-04 06:14:51','2024-12-04 06:14:51'),(1249,'和歌山県','wakayamaken',0,NULL,1248,1,0,'2024-12-04 06:14:51','2024-12-04 06:14:51'),(1250,'葛城山','katsuragi-yama',1249,NULL,1249,1,0,'2024-12-04 06:14:51','2024-12-04 06:14:51'),(1251,'和歌山','wakayama',1249,NULL,1250,1,0,'2024-12-04 06:14:51','2024-12-04 06:14:51'),(1252,'岩出','iwade',1249,NULL,1251,1,0,'2024-12-04 06:14:51','2024-12-04 06:14:51'),(1253,'高野山','kouyasan',1249,NULL,1252,1,0,'2024-12-04 06:14:51','2024-12-04 06:14:51'),(1254,'護摩壇山','goma-dan-yama',1249,NULL,1253,1,0,'2024-12-04 06:14:51','2024-12-04 06:14:51'),(1255,'御坊','gobou',1249,NULL,1254,1,0,'2024-12-04 06:14:51','2024-12-04 06:14:51'),(1256,'虎ケ峰峠','tora-ke-mine-touge',1249,NULL,1255,1,0,'2024-12-04 06:14:51','2024-12-04 06:14:51'),(1257,'新宮','shinguu',1249,NULL,1256,1,0,'2024-12-04 06:14:51','2024-12-04 06:14:51'),(1258,'白浜','shirahama',1249,NULL,1257,1,0,'2024-12-04 06:14:51','2024-12-04 06:14:51'),(1259,'日置川','hikigawa',1249,NULL,1258,1,0,'2024-12-04 06:14:51','2024-12-04 06:14:51'),(1260,'潮岬','shionomisaki',1249,NULL,1259,1,0,'2024-12-04 06:14:51','2024-12-04 06:14:51'),(1261,'栗栖川','kurisu-kawa',1249,NULL,1260,1,0,'2024-12-04 06:14:51','2024-12-04 06:14:51'),(1262,'湯浅','yuasa',1249,NULL,1261,1,0,'2024-12-04 06:14:51','2024-12-04 06:14:51'),(1263,'清水','shimizu',1249,NULL,1262,1,0,'2024-12-04 06:14:51','2024-12-04 06:14:51'),(1264,'本宮','motomiya',1249,NULL,1263,1,0,'2024-12-04 06:14:51','2024-12-04 06:14:51'),(1265,'龍神','ryuujin',1249,NULL,1264,1,0,'2024-12-04 06:14:51','2024-12-04 06:14:51'),(1266,'色川','irokawa',1249,NULL,1265,1,0,'2024-12-04 06:14:51','2024-12-04 06:14:51'),(1267,'かつらぎ','katsuragi',1249,NULL,1266,1,0,'2024-12-04 06:14:51','2024-12-04 06:14:51'),(1268,'西川','nishikawa',1249,NULL,1267,1,0,'2024-12-04 06:14:51','2024-12-04 06:14:51'),(1269,'友ケ島','tomo-ke-shima',1249,NULL,1268,1,0,'2024-12-04 06:14:51','2024-12-04 06:14:51'),(1270,'川辺','kawabe',1249,NULL,1269,1,0,'2024-12-04 06:14:51','2024-12-04 06:14:51'),(1271,'南紀白浜','nankishirahama',1249,NULL,1270,1,0,'2024-12-04 06:14:51','2024-12-04 06:14:51'),(1272,'和歌山県全地点','wakayamaken-zenchi-ten',1249,NULL,1271,1,0,'2024-12-04 06:14:51','2024-12-04 06:14:51'),(1273,'岡山県','okayamaken',0,NULL,1272,1,0,'2024-12-04 06:14:51','2024-12-04 06:14:51'),(1274,'大空山','oozora-yama',1273,NULL,1273,1,0,'2024-12-04 06:14:51','2024-12-04 06:14:51'),(1275,'那岐山','nagi-yama',1273,NULL,1274,1,0,'2024-12-04 06:14:51','2024-12-04 06:14:51'),(1276,'今岡','imaoka',1273,NULL,1275,1,0,'2024-12-04 06:14:51','2024-12-04 06:14:51'),(1277,'久世','kuze',1273,NULL,1276,1,0,'2024-12-04 06:14:51','2024-12-04 06:14:51'),(1278,'津山','tsuyama',1273,NULL,1277,1,0,'2024-12-04 06:14:51','2024-12-04 06:14:51'),(1279,'新見','niimi',1273,NULL,1278,1,0,'2024-12-04 06:14:51','2024-12-04 06:14:51'),(1280,'天子山','tenshi-yama',1273,NULL,1279,1,0,'2024-12-04 06:14:51','2024-12-04 06:14:51'),(1281,'赤磐','akaiwa',1273,NULL,1280,1,0,'2024-12-04 06:14:51','2024-12-04 06:14:51'),(1282,'陣山','jinyama',1273,NULL,1281,1,0,'2024-12-04 06:14:51','2024-12-04 06:14:51'),(1283,'大平山','oohira-yama',1273,NULL,1282,1,0,'2024-12-04 06:14:51','2024-12-04 06:14:51'),(1284,'福渡','fukuwatari',1273,NULL,1283,1,0,'2024-12-04 06:14:51','2024-12-04 06:14:51'),(1285,'和気','waki',1273,NULL,1284,1,0,'2024-12-04 06:14:51','2024-12-04 06:14:51'),(1286,'佐屋','sata',1273,NULL,1285,1,0,'2024-12-04 06:14:51','2024-12-04 06:14:51'),(1287,'矢掛','yakage',1273,NULL,1286,1,0,'2024-12-04 06:14:51','2024-12-04 06:14:51'),(1288,'岡山','okayama',1273,NULL,1287,1,0,'2024-12-04 06:14:51','2024-12-04 06:14:51'),(1289,'虫明','mushiaki',1273,NULL,1288,1,0,'2024-12-04 06:14:51','2024-12-04 06:14:51'),(1290,'倉敷','kurashiki',1273,NULL,1289,1,0,'2024-12-04 06:14:51','2024-12-04 06:14:51'),(1291,'玉野','tamano',1273,NULL,1290,1,0,'2024-12-04 06:14:51','2024-12-04 06:14:51'),(1292,'笠岡','kasaoka',1273,NULL,1291,1,0,'2024-12-04 06:14:51','2024-12-04 06:14:51'),(1293,'下呰部','shimoazae',1273,NULL,1292,1,0,'2024-12-04 06:14:51','2024-12-04 06:14:51'),(1294,'高梁','takahashi',1273,NULL,1293,1,0,'2024-12-04 06:14:51','2024-12-04 06:14:51'),(1295,'奈義','nagi',1273,NULL,1294,1,0,'2024-12-04 06:14:51','2024-12-04 06:14:51'),(1296,'上長田','jouchou-ta',1273,NULL,1295,1,0,'2024-12-04 06:14:51','2024-12-04 06:14:51'),(1297,'千屋','senya',1273,NULL,1296,1,0,'2024-12-04 06:14:51','2024-12-04 06:14:51'),(1298,'恩原','onbara',1273,NULL,1297,1,0,'2024-12-04 06:14:51','2024-12-04 06:14:51'),(1299,'日応寺','nichi-ou-tera',1273,NULL,1298,1,0,'2024-12-04 06:14:51','2024-12-04 06:14:51'),(1300,'富','tomi',1273,NULL,1299,1,0,'2024-12-04 06:14:51','2024-12-04 06:14:51'),(1301,'吉備中央','kibichuuou',1273,NULL,1300,1,0,'2024-12-04 06:14:51','2024-12-04 06:14:51'),(1302,'岡山県全地点','okayamaken-zenchi-ten',1273,NULL,1301,1,0,'2024-12-04 06:14:51','2024-12-04 06:14:51'),(1303,'旭西','asahi-nishi',1273,NULL,1302,1,0,'2024-12-04 06:14:51','2024-12-04 06:14:51'),(1304,'広島県','hiroshima-ken',0,NULL,1303,1,0,'2024-12-04 06:14:51','2024-12-04 06:14:51'),(1305,'道後山','dougo-yama',1304,NULL,1304,1,0,'2024-12-04 06:14:51','2024-12-04 06:14:51'),(1306,'安田山','yasuda-yama',1304,NULL,1305,1,0,'2024-12-04 06:14:51','2024-12-04 06:14:51'),(1307,'犬伏山','inubushi-yama',1304,NULL,1306,1,0,'2024-12-04 06:14:51','2024-12-04 06:14:51'),(1308,'三次','sanji',1304,NULL,1307,1,0,'2024-12-04 06:14:51','2024-12-04 06:14:51'),(1309,'庄原','shoubara',1304,NULL,1308,1,0,'2024-12-04 06:14:51','2024-12-04 06:14:51'),(1310,'大朝','ooasa',1304,NULL,1309,1,0,'2024-12-04 06:14:51','2024-12-04 06:14:51'),(1311,'加計','kake',1304,NULL,1310,1,0,'2024-12-04 06:14:51','2024-12-04 06:14:51'),(1312,'海見山','umi-miyama',1304,NULL,1311,1,0,'2024-12-04 06:14:51','2024-12-04 06:14:51'),(1313,'上下','jouge',1304,NULL,1312,1,0,'2024-12-04 06:14:51','2024-12-04 06:14:51'),(1314,'内黒山','nai-kuroyama',1304,NULL,1313,1,0,'2024-12-04 06:14:51','2024-12-04 06:14:51'),(1315,'世羅','sera',1304,NULL,1314,1,0,'2024-12-04 06:14:51','2024-12-04 06:14:51'),(1316,'恵下谷山','ege-taniyama',1304,NULL,1315,1,0,'2024-12-04 06:14:51','2024-12-04 06:14:51'),(1317,'東広島','higashi-hiroshima',1304,NULL,1316,1,0,'2024-12-04 06:14:51','2024-12-04 06:14:51'),(1318,'福山','fukuyama',1304,NULL,1317,1,0,'2024-12-04 06:14:51','2024-12-04 06:14:51'),(1319,'広島','hiroshima',1304,NULL,1318,1,0,'2024-12-04 06:14:51','2024-12-04 06:14:51'),(1320,'竹原','takehara',1304,NULL,1319,1,0,'2024-12-04 06:14:51','2024-12-04 06:14:51'),(1321,'生口島','ikuchi-shima',1304,NULL,1320,1,0,'2024-12-04 06:14:51','2024-12-04 06:14:51'),(1322,'大竹','ootake',1304,NULL,1321,1,0,'2024-12-04 06:14:51','2024-12-04 06:14:51'),(1323,'呉','kure',1304,NULL,1322,1,0,'2024-12-04 06:14:51','2024-12-04 06:14:51'),(1324,'倉橋','kurahashi',1304,NULL,1323,1,0,'2024-12-04 06:14:51','2024-12-04 06:14:51'),(1325,'高野','takano',1304,NULL,1324,1,0,'2024-12-04 06:14:51','2024-12-04 06:14:51'),(1326,'東城','toujou',1304,NULL,1325,1,0,'2024-12-04 06:14:51','2024-12-04 06:14:51'),(1327,'甲田','kouda',1304,NULL,1326,1,0,'2024-12-04 06:14:51','2024-12-04 06:14:51'),(1328,'三入','san-nyuu',1304,NULL,1327,1,0,'2024-12-04 06:14:51','2024-12-04 06:14:51'),(1329,'府中','fuchuu',1304,NULL,1328,1,0,'2024-12-04 06:14:51','2024-12-04 06:14:51'),(1330,'河内','kawauchi',1304,NULL,1329,1,0,'2024-12-04 06:14:51','2024-12-04 06:14:51'),(1331,'久比','kyuu-hi',1304,NULL,1330,1,0,'2024-12-04 06:14:51','2024-12-04 06:14:51'),(1332,'志和','shiwa',1304,NULL,1331,1,0,'2024-12-04 06:14:51','2024-12-04 06:14:51'),(1333,'王泊','ou-haku',1304,NULL,1332,1,0,'2024-12-04 06:14:51','2024-12-04 06:14:51'),(1334,'八幡','hachiman',1304,NULL,1333,1,0,'2024-12-04 06:14:51','2024-12-04 06:14:51'),(1335,'油木','yuki',1304,NULL,1334,1,0,'2024-12-04 06:14:51','2024-12-04 06:14:51'),(1336,'廿日市津田','hatsukaichi-tsuda',1304,NULL,1335,1,0,'2024-12-04 06:14:51','2024-12-04 06:14:51'),(1337,'本郷','hongou',1304,NULL,1336,1,0,'2024-12-04 06:14:51','2024-12-04 06:14:51'),(1338,'佐伯湯来','saeki-yuki',1304,NULL,1337,1,0,'2024-12-04 06:14:51','2024-12-04 06:14:51'),(1339,'都志見','toshimi',1304,NULL,1338,1,0,'2024-12-04 06:14:51','2024-12-04 06:14:51'),(1340,'君田','kimita',1304,NULL,1339,1,0,'2024-12-04 06:14:51','2024-12-04 06:14:51'),(1341,'美土里','midori',1304,NULL,1340,1,0,'2024-12-04 06:14:51','2024-12-04 06:14:51'),(1342,'広島県全地点','hiroshima-ken-zenchi-ten',1304,NULL,1341,1,0,'2024-12-04 06:14:51','2024-12-04 06:14:51'),(1343,'安宿','yasuyado',1304,NULL,1342,1,0,'2024-12-04 06:14:51','2024-12-04 06:14:51'),(1344,'呉市蒲刈','kureshi-kamagari',1304,NULL,1343,1,0,'2024-12-04 06:14:51','2024-12-04 06:14:51'),(1345,'島根県','shimane-ken',0,NULL,1344,1,0,'2024-12-04 06:14:51','2024-12-04 06:14:51'),(1346,'西郷','saigou',1345,NULL,1345,1,0,'2024-12-04 06:14:51','2024-12-04 06:14:51'),(1347,'西ノ島','nishi-no-shima',1345,NULL,1346,1,0,'2024-12-04 06:14:51','2024-12-04 06:14:51'),(1348,'鹿島','kashima',1345,NULL,1347,1,0,'2024-12-04 06:14:51','2024-12-04 06:14:51'),(1349,'斐川','hikawa',1345,NULL,1348,1,0,'2024-12-04 06:14:51','2024-12-04 06:14:51'),(1350,'松江','matsue',1345,NULL,1349,1,0,'2024-12-04 06:14:51','2024-12-04 06:14:51'),(1351,'大東','daitou',1345,NULL,1350,1,0,'2024-12-04 06:14:51','2024-12-04 06:14:51'),(1352,'大田','oota',1345,NULL,1351,1,0,'2024-12-04 06:14:51','2024-12-04 06:14:51'),(1353,'掛合','kakeya',1345,NULL,1352,1,0,'2024-12-04 06:14:51','2024-12-04 06:14:51'),(1354,'横田','yokota',1345,NULL,1353,1,0,'2024-12-04 06:14:51','2024-12-04 06:14:51'),(1355,'吾妻山','azuma-yama',1345,NULL,1354,1,0,'2024-12-04 06:14:51','2024-12-04 06:14:51'),(1356,'川本','kawamoto',1345,NULL,1355,1,0,'2024-12-04 06:14:51','2024-12-04 06:14:51'),(1357,'浜田','hamada',1345,NULL,1356,1,0,'2024-12-04 06:14:51','2024-12-04 06:14:51'),(1358,'三隅','misumi',1345,NULL,1357,1,0,'2024-12-04 06:14:51','2024-12-04 06:14:51'),(1359,'益田','masuda',1345,NULL,1358,1,0,'2024-12-04 06:14:51','2024-12-04 06:14:51'),(1360,'聖山','seizan',1345,NULL,1359,1,0,'2024-12-04 06:14:51','2024-12-04 06:14:51'),(1361,'十種峯','jisshu-mine',1345,NULL,1360,1,0,'2024-12-04 06:14:51','2024-12-04 06:14:51'),(1362,'津和野','tsuwano',1345,NULL,1361,1,0,'2024-12-04 06:14:51','2024-12-04 06:14:51'),(1363,'佐田','sada',1345,NULL,1362,1,0,'2024-12-04 06:14:51','2024-12-04 06:14:51'),(1364,'桜江','sakurae',1345,NULL,1363,1,0,'2024-12-04 06:14:51','2024-12-04 06:14:51'),(1365,'瑞穂','mizuho',1345,NULL,1364,1,0,'2024-12-04 06:14:51','2024-12-04 06:14:51'),(1366,'伯太','hakuta',1345,NULL,1365,1,0,'2024-12-04 06:14:51','2024-12-04 06:14:51'),(1367,'波佐','nami-sa',1345,NULL,1366,1,0,'2024-12-04 06:14:51','2024-12-04 06:14:51'),(1368,'匹見','hikimi',1345,NULL,1367,1,0,'2024-12-04 06:14:51','2024-12-04 06:14:51'),(1369,'海士','kaishi',1345,NULL,1368,1,0,'2024-12-04 06:14:51','2024-12-04 06:14:51'),(1370,'出雲','izumo',1345,NULL,1369,1,0,'2024-12-04 06:14:51','2024-12-04 06:14:51'),(1371,'赤名','akana',1345,NULL,1370,1,0,'2024-12-04 06:14:51','2024-12-04 06:14:51'),(1372,'弥栄','iyasaka',1345,NULL,1371,1,0,'2024-12-04 06:14:51','2024-12-04 06:14:51'),(1373,'六日市','muikaichi',1345,NULL,1372,1,0,'2024-12-04 06:14:51','2024-12-04 06:14:51'),(1374,'福光','fukumitsu',1345,NULL,1373,1,0,'2024-12-04 06:14:51','2024-12-04 06:14:51'),(1375,'原山','harayama',1345,NULL,1374,1,0,'2024-12-04 06:14:51','2024-12-04 06:14:51'),(1376,'西郷岬','saigou-misaki',1345,NULL,1375,1,0,'2024-12-04 06:14:51','2024-12-04 06:14:51'),(1377,'高津','takatsu',1345,NULL,1376,1,0,'2024-12-04 06:14:51','2024-12-04 06:14:51'),(1378,'吉賀','yoshika',1345,NULL,1377,1,0,'2024-12-04 06:14:51','2024-12-04 06:14:51'),(1379,'島根県全地点','shimane-ken-zenchi-ten',1345,NULL,1378,1,0,'2024-12-04 06:14:51','2024-12-04 06:14:51'),(1380,'鳥取県','tottoriken',0,NULL,1379,1,0,'2024-12-04 06:14:51','2024-12-04 06:14:51'),(1381,'境','sakai',1380,NULL,1380,1,0,'2024-12-04 06:14:51','2024-12-04 06:14:51'),(1382,'鳥取','tottori',1380,NULL,1381,1,0,'2024-12-04 06:14:51','2024-12-04 06:14:51'),(1383,'米子','yonago',1380,NULL,1382,1,0,'2024-12-04 06:14:51','2024-12-04 06:14:51'),(1384,'鳥取県全地点','tottoriken-zenchi-ten',1380,NULL,1383,1,0,'2024-12-04 06:14:51','2024-12-04 06:14:51'),(1385,'青谷','aoya',1380,NULL,1384,1,0,'2024-12-04 06:14:51','2024-12-04 06:14:51'),(1386,'岩井','iwai',1380,NULL,1385,1,0,'2024-12-04 06:14:51','2024-12-04 06:14:51'),(1387,'倉吉','kurayoshi',1380,NULL,1386,1,0,'2024-12-04 06:14:51','2024-12-04 06:14:51'),(1388,'菅俵原','kan-tawara-hara',1380,NULL,1387,1,0,'2024-12-04 06:14:51','2024-12-04 06:14:51'),(1389,'霊石山','rei-ishiyama',1380,NULL,1388,1,0,'2024-12-04 06:14:51','2024-12-04 06:14:51'),(1390,'大山','ooyama',1380,NULL,1389,1,0,'2024-12-04 06:14:51','2024-12-04 06:14:51'),(1391,'古峠山','ko-touge-yama',1380,NULL,1390,1,0,'2024-12-04 06:14:51','2024-12-04 06:14:51'),(1392,'智頭','chizu',1380,NULL,1391,1,0,'2024-12-04 06:14:51','2024-12-04 06:14:51'),(1393,'日南','nichinan',1380,NULL,1392,1,0,'2024-12-04 06:14:51','2024-12-04 06:14:51'),(1394,'関金','sekigane',1380,NULL,1393,1,0,'2024-12-04 06:14:51','2024-12-04 06:14:51'),(1395,'若桜','wakasa',1380,NULL,1394,1,0,'2024-12-04 06:14:51','2024-12-04 06:14:51'),(1396,'塩津','shiozu',1380,NULL,1395,1,0,'2024-12-04 06:14:51','2024-12-04 06:14:51'),(1397,'茶屋','chaya',1380,NULL,1396,1,0,'2024-12-04 06:14:51','2024-12-04 06:14:51'),(1398,'佐治','saji',1380,NULL,1397,1,0,'2024-12-04 06:14:51','2024-12-04 06:14:51'),(1399,'江尾','enoo',1380,NULL,1398,1,0,'2024-12-04 06:14:51','2024-12-04 06:14:51'),(1400,'鹿野','kano',1380,NULL,1399,1,0,'2024-12-04 06:14:51','2024-12-04 06:14:51'),(1401,'湖山','koyama',1380,NULL,1400,1,0,'2024-12-04 06:14:52','2024-12-04 06:14:52'),(1402,'徳島県','toku-shima-ken',0,NULL,1401,1,0,'2024-12-04 06:14:52','2024-12-04 06:14:52'),(1403,'大山寺','ooyama-tera',1402,NULL,1402,1,0,'2024-12-04 06:14:52','2024-12-04 06:14:52'),(1404,'池田','ikeda',1402,NULL,1403,1,0,'2024-12-04 06:14:52','2024-12-04 06:14:52'),(1405,'徳島','toku-shima',1402,NULL,1404,1,0,'2024-12-04 06:14:52','2024-12-04 06:14:52'),(1406,'江田山','eda-yama',1402,NULL,1405,1,0,'2024-12-04 06:14:52','2024-12-04 06:14:52'),(1407,'太竜寺山','ta-ryuu-terayama',1402,NULL,1406,1,0,'2024-12-04 06:14:52','2024-12-04 06:14:52'),(1408,'日和佐','hiwasa',1402,NULL,1407,1,0,'2024-12-04 06:14:52','2024-12-04 06:14:52'),(1409,'宍喰','shishikui',1402,NULL,1408,1,0,'2024-12-04 06:14:52','2024-12-04 06:14:52'),(1410,'穴吹','anabuki',1402,NULL,1409,1,0,'2024-12-04 06:14:52','2024-12-04 06:14:52'),(1411,'福原旭','fukuhara-asahi',1402,NULL,1410,1,0,'2024-12-04 06:14:52','2024-12-04 06:14:52'),(1412,'蒲生田','gamou-ta',1402,NULL,1411,1,0,'2024-12-04 06:14:52','2024-12-04 06:14:52'),(1413,'京上','kyou-ue',1402,NULL,1412,1,0,'2024-12-04 06:14:52','2024-12-04 06:14:52'),(1414,'半田','handa',1402,NULL,1413,1,0,'2024-12-04 06:14:52','2024-12-04 06:14:52'),(1415,'木頭','kitou',1402,NULL,1414,1,0,'2024-12-04 06:14:52','2024-12-04 06:14:52'),(1416,'旭丸','asahimaru',1402,NULL,1415,1,0,'2024-12-04 06:14:52','2024-12-04 06:14:52'),(1417,'剣山','kenzan',1402,NULL,1416,1,0,'2024-12-04 06:14:52','2024-12-04 06:14:52'),(1418,'徳島県全地点','toku-shima-ken-zenchi-ten',1402,NULL,1417,1,0,'2024-12-04 06:14:52','2024-12-04 06:14:52'),(1419,'海陽','kaiyou',1402,NULL,1418,1,0,'2024-12-04 06:14:52','2024-12-04 06:14:52'),(1420,'香川県','kagawaken',0,NULL,1419,1,0,'2024-12-04 06:14:52','2024-12-04 06:14:52'),(1421,'内海','utsumi',1420,NULL,1420,1,0,'2024-12-04 06:14:52','2024-12-04 06:14:52'),(1422,'高松','takamatsu',1420,NULL,1421,1,0,'2024-12-04 06:14:52','2024-12-04 06:14:52'),(1423,'多度津','tadotsu',1420,NULL,1422,1,0,'2024-12-04 06:14:52','2024-12-04 06:14:52'),(1424,'滝宮','tatsunomiya',1420,NULL,1423,1,0,'2024-12-04 06:14:52','2024-12-04 06:14:52'),(1425,'引田','hikita',1420,NULL,1424,1,0,'2024-12-04 06:14:52','2024-12-04 06:14:52'),(1426,'竜王山','ryuuou-yama',1420,NULL,1425,1,0,'2024-12-04 06:14:52','2024-12-04 06:14:52'),(1427,'財田','saita',1420,NULL,1426,1,0,'2024-12-04 06:14:52','2024-12-04 06:14:52'),(1428,'香南','kounan',1420,NULL,1427,1,0,'2024-12-04 06:14:52','2024-12-04 06:14:52'),(1429,'香川県全地点','kagawaken-zenchi-ten',1420,NULL,1428,1,0,'2024-12-04 06:14:52','2024-12-04 06:14:52'),(1430,'愛媛県','ehimeken',0,NULL,1429,1,0,'2024-12-04 06:14:52','2024-12-04 06:14:52'),(1431,'大三島','oomi-shima',1430,NULL,1430,1,0,'2024-12-04 06:14:52','2024-12-04 06:14:52'),(1432,'玉川','tamagawa',1430,NULL,1431,1,0,'2024-12-04 06:14:52','2024-12-04 06:14:52'),(1433,'新居浜','niihama',1430,NULL,1432,1,0,'2024-12-04 06:14:52','2024-12-04 06:14:52'),(1434,'四国中央','shikokuchuuou',1430,NULL,1433,1,0,'2024-12-04 06:14:52','2024-12-04 06:14:52'),(1435,'松山','matsuyama',1430,NULL,1434,1,0,'2024-12-04 06:14:52','2024-12-04 06:14:52'),(1436,'上林','kanbayashi',1430,NULL,1435,1,0,'2024-12-04 06:14:52','2024-12-04 06:14:52'),(1437,'成就社','jouju-sha',1430,NULL,1436,1,0,'2024-12-04 06:14:52','2024-12-04 06:14:52'),(1438,'長浜','nagahama',1430,NULL,1437,1,0,'2024-12-04 06:14:52','2024-12-04 06:14:52'),(1439,'中山','nakayama',1430,NULL,1438,1,0,'2024-12-04 06:14:52','2024-12-04 06:14:52'),(1440,'久万','kuma',1430,NULL,1439,1,0,'2024-12-04 06:14:52','2024-12-04 06:14:52'),(1441,'獅子越峠','shishi-etsu-touge',1430,NULL,1440,1,0,'2024-12-04 06:14:52','2024-12-04 06:14:52'),(1442,'八幡浜','yawatahama',1430,NULL,1441,1,0,'2024-12-04 06:14:52','2024-12-04 06:14:52'),(1443,'宇和島','uwa-shima',1430,NULL,1442,1,0,'2024-12-04 06:14:52','2024-12-04 06:14:52'),(1444,'御荘','mishou',1430,NULL,1443,1,0,'2024-12-04 06:14:52','2024-12-04 06:14:52'),(1445,'西条','saijou',1430,NULL,1444,1,0,'2024-12-04 06:14:52','2024-12-04 06:14:52'),(1446,'大洲','oozu',1430,NULL,1445,1,0,'2024-12-04 06:14:52','2024-12-04 06:14:52'),(1447,'三崎','misaki',1430,NULL,1446,1,0,'2024-12-04 06:14:52','2024-12-04 06:14:52'),(1448,'宇和','uwa',1430,NULL,1447,1,0,'2024-12-04 06:14:52','2024-12-04 06:14:52'),(1449,'今治','imabari',1430,NULL,1448,1,0,'2024-12-04 06:14:52','2024-12-04 06:14:52'),(1450,'富郷','tomisato',1430,NULL,1449,1,0,'2024-12-04 06:14:52','2024-12-04 06:14:52'),(1451,'近永','kin-ei',1430,NULL,1450,1,0,'2024-12-04 06:14:52','2024-12-04 06:14:52'),(1452,'瀬戸','seto',1430,NULL,1451,1,0,'2024-12-04 06:14:52','2024-12-04 06:14:52'),(1453,'松山南吉田','matsuyama-nankichi-ta',1430,NULL,1452,1,0,'2024-12-04 06:14:52','2024-12-04 06:14:52'),(1454,'愛媛県全地点','ehimeken-zenchi-ten',1430,NULL,1453,1,0,'2024-12-04 06:14:52','2024-12-04 06:14:52'),(1455,'高知県','kouchiken',0,NULL,1454,1,0,'2024-12-04 06:14:52','2024-12-04 06:14:52'),(1456,'本山','honzan',1455,NULL,1455,1,0,'2024-12-04 06:14:52','2024-12-04 06:14:52'),(1457,'繁藤','shigetou',1455,NULL,1456,1,0,'2024-12-04 06:14:52','2024-12-04 06:14:52'),(1458,'佐川','sagawa',1455,NULL,1457,1,0,'2024-12-04 06:14:52','2024-12-04 06:14:52'),(1459,'成山','seizan',1455,NULL,1458,1,0,'2024-12-04 06:14:52','2024-12-04 06:14:52'),(1460,'高知','kouchi',1455,NULL,1459,1,0,'2024-12-04 06:14:52','2024-12-04 06:14:52'),(1461,'南国','nangoku',1455,NULL,1460,1,0,'2024-12-04 06:14:52','2024-12-04 06:14:52'),(1462,'芸西','geisei',1455,NULL,1461,1,0,'2024-12-04 06:14:52','2024-12-04 06:14:52'),(1463,'鳥形山','tori-katachi-yama',1455,NULL,1462,1,0,'2024-12-04 06:14:52','2024-12-04 06:14:52'),(1464,'船戸','funado',1455,NULL,1463,1,0,'2024-12-04 06:14:52','2024-12-04 06:14:52'),(1465,'安芸','aki',1455,NULL,1464,1,0,'2024-12-04 06:14:52','2024-12-04 06:14:52'),(1466,'須崎','susaki',1455,NULL,1465,1,0,'2024-12-04 06:14:52','2024-12-04 06:14:52'),(1467,'佐喜浜','sakihama',1455,NULL,1466,1,0,'2024-12-04 06:14:52','2024-12-04 06:14:52'),(1468,'窪川','kubokawa',1455,NULL,1467,1,0,'2024-12-04 06:14:52','2024-12-04 06:14:52'),(1469,'室戸岬','murotomisaki',1455,NULL,1468,1,0,'2024-12-04 06:14:52','2024-12-04 06:14:52'),(1470,'堂ケ森','dou-ke-mori',1455,NULL,1469,1,0,'2024-12-04 06:14:52','2024-12-04 06:14:52'),(1471,'大正','taishou',1455,NULL,1470,1,0,'2024-12-04 06:14:52','2024-12-04 06:14:52'),(1472,'宿毛','sukumo',1455,NULL,1471,1,0,'2024-12-04 06:14:52','2024-12-04 06:14:52'),(1473,'中村','nakamura',1455,NULL,1472,1,0,'2024-12-04 06:14:52','2024-12-04 06:14:52'),(1474,'清水','shimizu',1455,NULL,1473,1,0,'2024-12-04 06:14:52','2024-12-04 06:14:52'),(1475,'梼原','yusuhara',1455,NULL,1474,1,0,'2024-12-04 06:14:52','2024-12-04 06:14:52'),(1476,'田野','tano',1455,NULL,1475,1,0,'2024-12-04 06:14:52','2024-12-04 06:14:52'),(1477,'池川','ikegawa',1455,NULL,1476,1,0,'2024-12-04 06:14:52','2024-12-04 06:14:52'),(1478,'大栃','dai-tochi',1455,NULL,1477,1,0,'2024-12-04 06:14:52','2024-12-04 06:14:52'),(1479,'佐賀','saga',1455,NULL,1478,1,0,'2024-12-04 06:14:52','2024-12-04 06:14:52'),(1480,'江川崎','egawa-saki',1455,NULL,1479,1,0,'2024-12-04 06:14:52','2024-12-04 06:14:52'),(1481,'後免','gomen',1455,NULL,1480,1,0,'2024-12-04 06:14:52','2024-12-04 06:14:52'),(1482,'魚梁瀬','yanase',1455,NULL,1481,1,0,'2024-12-04 06:14:52','2024-12-04 06:14:52'),(1483,'本川','honkawa',1455,NULL,1482,1,0,'2024-12-04 06:14:52','2024-12-04 06:14:52'),(1484,'南国日章','nangoku-nisshou',1455,NULL,1483,1,0,'2024-12-04 06:14:52','2024-12-04 06:14:52'),(1485,'三崎','misaki',1455,NULL,1484,1,0,'2024-12-04 06:14:52','2024-12-04 06:14:52'),(1486,'高知県全地点','kouchiken-zenchi-ten',1455,NULL,1485,1,0,'2024-12-04 06:14:52','2024-12-04 06:14:52'),(1487,'山口県','yamaguchiken',0,NULL,1486,1,0,'2024-12-04 06:14:52','2024-12-04 06:14:52'),(1488,'須佐','susa',1487,NULL,1487,1,0,'2024-12-04 06:14:52','2024-12-04 06:14:52'),(1489,'萩','hagi',1487,NULL,1488,1,0,'2024-12-04 06:14:52','2024-12-04 06:14:52'),(1490,'徳佐','tokusa',1487,NULL,1489,1,0,'2024-12-04 06:14:52','2024-12-04 06:14:52'),(1491,'鍋提峠','nabe-tei-touge',1487,NULL,1490,1,0,'2024-12-04 06:14:52','2024-12-04 06:14:52'),(1492,'秋吉台','akiyoshidai',1487,NULL,1491,1,0,'2024-12-04 06:14:52','2024-12-04 06:14:52'),(1493,'瀬戸原','seto-hara',1487,NULL,1492,1,0,'2024-12-04 06:14:52','2024-12-04 06:14:52'),(1494,'広瀬','hirose',1487,NULL,1493,1,0,'2024-12-04 06:14:52','2024-12-04 06:14:52'),(1495,'豊田','toyoda',1487,NULL,1494,1,0,'2024-12-04 06:14:52','2024-12-04 06:14:52'),(1496,'桜山','sakurayama',1487,NULL,1495,1,0,'2024-12-04 06:14:52','2024-12-04 06:14:52'),(1497,'山口','yamaguchi',1487,NULL,1496,1,0,'2024-12-04 06:14:52','2024-12-04 06:14:52'),(1498,'防府','houfu',1487,NULL,1497,1,0,'2024-12-04 06:14:52','2024-12-04 06:14:52'),(1499,'下松','kudamatsu',1487,NULL,1498,1,0,'2024-12-04 06:14:52','2024-12-04 06:14:52'),(1500,'下関','shimonoseki',1487,NULL,1499,1,0,'2024-12-04 06:14:52','2024-12-04 06:14:52'),(1501,'宇部','ube',1487,NULL,1500,1,0,'2024-12-04 06:14:52','2024-12-04 06:14:52'),(1502,'安下庄','age-shou',1487,NULL,1501,1,0,'2024-12-04 06:14:52','2024-12-04 06:14:52'),(1503,'玖珂','kuga',1487,NULL,1502,1,0,'2024-12-04 06:14:52','2024-12-04 06:14:52'),(1504,'油谷','aburaya',1487,NULL,1503,1,0,'2024-12-04 06:14:52','2024-12-04 06:14:52'),(1505,'岩国','iwakuni',1487,NULL,1504,1,0,'2024-12-04 06:14:52','2024-12-04 06:14:52'),(1506,'周東','shuutou',1487,NULL,1505,1,0,'2024-12-04 06:14:52','2024-12-04 06:14:52'),(1507,'柳井','yanai',1487,NULL,1506,1,0,'2024-12-04 06:14:52','2024-12-04 06:14:52'),(1508,'羅漢山','rakan-yama',1487,NULL,1507,1,0,'2024-12-04 06:14:52','2024-12-04 06:14:52'),(1509,'長野山','nagano-yama',1487,NULL,1508,1,0,'2024-12-04 06:14:52','2024-12-04 06:14:52'),(1510,'和田','wada',1487,NULL,1509,1,0,'2024-12-04 06:14:52','2024-12-04 06:14:52'),(1511,'篠生','shino-nama',1487,NULL,1510,1,0,'2024-12-04 06:14:52','2024-12-04 06:14:52'),(1512,'山口県全地点','yamaguchiken-zenchi-ten',1487,NULL,1511,1,0,'2024-12-04 06:14:52','2024-12-04 06:14:52'),(1513,'鹿野','kano',1487,NULL,1512,1,0,'2024-12-04 06:14:52','2024-12-04 06:14:52'),(1514,'東厚保','higashi-atsushi-ho',1487,NULL,1513,1,0,'2024-12-04 06:14:52','2024-12-04 06:14:52'),(1515,'福岡県','fukuokaken',0,NULL,1514,1,0,'2024-12-04 06:14:52','2024-12-04 06:14:52'),(1516,'八幡','hachiman',1515,NULL,1515,1,0,'2024-12-04 06:14:52','2024-12-04 06:14:52'),(1517,'小倉','ogura',1515,NULL,1516,1,0,'2024-12-04 06:14:52','2024-12-04 06:14:52'),(1518,'行橋','yukuhashi',1515,NULL,1517,1,0,'2024-12-04 06:14:52','2024-12-04 06:14:52'),(1519,'篠栗','sasaguri',1515,NULL,1518,1,0,'2024-12-04 06:14:52','2024-12-04 06:14:52'),(1520,'飯塚','iizuka',1515,NULL,1519,1,0,'2024-12-04 06:14:52','2024-12-04 06:14:52'),(1521,'前原','maehara',1515,NULL,1520,1,0,'2024-12-04 06:14:52','2024-12-04 06:14:52'),(1522,'福岡','fukuoka',1515,NULL,1521,1,0,'2024-12-04 06:14:52','2024-12-04 06:14:52'),(1523,'九千部山','kyuusen-bu-yama',1515,NULL,1522,1,0,'2024-12-04 06:14:52','2024-12-04 06:14:52'),(1524,'朝倉','asakura',1515,NULL,1523,1,0,'2024-12-04 06:14:52','2024-12-04 06:14:52'),(1525,'英彦山','hidehiko-yama',1515,NULL,1524,1,0,'2024-12-04 06:14:52','2024-12-04 06:14:52'),(1526,'久留米','kurume',1515,NULL,1525,1,0,'2024-12-04 06:14:52','2024-12-04 06:14:52'),(1527,'耳納山','minou-yama',1515,NULL,1526,1,0,'2024-12-04 06:14:52','2024-12-04 06:14:52'),(1528,'黒木','kuroki',1515,NULL,1527,1,0,'2024-12-04 06:14:52','2024-12-04 06:14:52'),(1529,'大牟田','oomuta',1515,NULL,1528,1,0,'2024-12-04 06:14:52','2024-12-04 06:14:52'),(1530,'宗像','munakata',1515,NULL,1529,1,0,'2024-12-04 06:14:52','2024-12-04 06:14:52'),(1531,'頂吉','itadaki-kichi',1515,NULL,1530,1,0,'2024-12-04 06:14:52','2024-12-04 06:14:52'),(1532,'柳川','yanagawa',1515,NULL,1531,1,0,'2024-12-04 06:14:52','2024-12-04 06:14:52'),(1533,'添田','soeda',1515,NULL,1532,1,0,'2024-12-04 06:14:52','2024-12-04 06:14:52'),(1534,'太宰府','dazaifu',1515,NULL,1533,1,0,'2024-12-04 06:14:52','2024-12-04 06:14:52'),(1535,'博多','hakata',1515,NULL,1534,1,0,'2024-12-04 06:14:52','2024-12-04 06:14:52'),(1536,'曽根','sone',1515,NULL,1535,1,0,'2024-12-04 06:14:52','2024-12-04 06:14:52'),(1537,'空港北町','kuukou-kitamachi',1515,NULL,1536,1,0,'2024-12-04 06:14:52','2024-12-04 06:14:52'),(1538,'福岡県全地点','fukuokaken-zenchi-ten',1515,NULL,1537,1,0,'2024-12-04 06:14:52','2024-12-04 06:14:52'),(1539,'早良脇山','sawara-wakiyama',1515,NULL,1538,1,0,'2024-12-04 06:14:52','2024-12-04 06:14:52'),(1540,'東谷','azumaya',1515,NULL,1539,1,0,'2024-12-04 06:14:52','2024-12-04 06:14:52'),(1541,'小呂島','shou-ro-shima',1515,NULL,1540,1,0,'2024-12-04 06:14:52','2024-12-04 06:14:52'),(1542,'大分県','ooitaken',0,NULL,1541,1,0,'2024-12-04 06:14:52','2024-12-04 06:14:52'),(1543,'中津','nakatsu',1542,NULL,1542,1,0,'2024-12-04 06:14:52','2024-12-04 06:14:52'),(1544,'豊後高田','bungotakada',1542,NULL,1543,1,0,'2024-12-04 06:14:52','2024-12-04 06:14:52'),(1545,'武蔵','musashi',1542,NULL,1544,1,0,'2024-12-04 06:14:52','2024-12-04 06:14:52'),(1546,'伏木','fushiki',1542,NULL,1545,1,0,'2024-12-04 06:14:52','2024-12-04 06:14:52'),(1547,'日田','hita',1542,NULL,1546,1,0,'2024-12-04 06:14:52','2024-12-04 06:14:52'),(1548,'湯布院','yufuin',1542,NULL,1547,1,0,'2024-12-04 06:14:52','2024-12-04 06:14:52'),(1549,'大分','ooita',1542,NULL,1548,1,0,'2024-12-04 06:14:52','2024-12-04 06:14:52'),(1550,'佐賀関','saganoseki',1542,NULL,1549,1,0,'2024-12-04 06:14:52','2024-12-04 06:14:52'),(1551,'釈迦岳','shaka-gaku',1542,NULL,1550,1,0,'2024-12-04 06:14:52','2024-12-04 06:14:52'),(1552,'湯平','yu-taira',1542,NULL,1551,1,0,'2024-12-04 06:14:52','2024-12-04 06:14:52'),(1553,'温見','on-ken',1542,NULL,1552,1,0,'2024-12-04 06:14:52','2024-12-04 06:14:52'),(1554,'犬飼','inukai',1542,NULL,1553,1,0,'2024-12-04 06:14:52','2024-12-04 06:14:52'),(1555,'竹田','takeda',1542,NULL,1554,1,0,'2024-12-04 06:14:52','2024-12-04 06:14:52'),(1556,'出羽','dewa',1542,NULL,1555,1,0,'2024-12-04 06:14:52','2024-12-04 06:14:52'),(1557,'佐伯','saeki',1542,NULL,1556,1,0,'2024-12-04 06:14:52','2024-12-04 06:14:52'),(1558,'倉木','kuraki',1542,NULL,1557,1,0,'2024-12-04 06:14:52','2024-12-04 06:14:52'),(1559,'蒲江','kamae',1542,NULL,1558,1,0,'2024-12-04 06:14:52','2024-12-04 06:14:52'),(1560,'院内','innai',1542,NULL,1559,1,0,'2024-12-04 06:14:52','2024-12-04 06:14:52'),(1561,'玖珠','kusu',1542,NULL,1560,1,0,'2024-12-04 06:14:52','2024-12-04 06:14:52'),(1562,'臼杵','usuki',1542,NULL,1561,1,0,'2024-12-04 06:14:52','2024-12-04 06:14:52'),(1563,'耶馬渓','yaba-kei',1542,NULL,1562,1,0,'2024-12-04 06:14:52','2024-12-04 06:14:52'),(1564,'国見','kunimi',1542,NULL,1563,1,0,'2024-12-04 06:14:52','2024-12-04 06:14:52'),(1565,'宇目','ume',1542,NULL,1564,1,0,'2024-12-04 06:14:52','2024-12-04 06:14:52'),(1566,'別府','beppu',1542,NULL,1565,1,0,'2024-12-04 06:14:52','2024-12-04 06:14:52'),(1567,'杵築','kitsuki',1542,NULL,1566,1,0,'2024-12-04 06:14:52','2024-12-04 06:14:52'),(1568,'椿ヶ鼻','tsubaki-ke-hana',1542,NULL,1567,1,0,'2024-12-04 06:14:52','2024-12-04 06:14:52'),(1569,'大分県全地点','ooitaken-zenchi-ten',1542,NULL,1568,1,0,'2024-12-04 06:14:52','2024-12-04 06:14:52'),(1570,'長崎県','nagasakiken',0,NULL,1569,1,0,'2024-12-04 06:14:52','2024-12-04 06:14:52'),(1571,'佐須奈','sasu-na',1570,NULL,1570,1,0,'2024-12-04 06:14:52','2024-12-04 06:14:52'),(1572,'厳原','izuhara',1570,NULL,1571,1,0,'2024-12-04 06:14:52','2024-12-04 06:14:52'),(1573,'平戸','hirado',1570,NULL,1572,1,0,'2024-12-04 06:14:52','2024-12-04 06:14:52'),(1574,'松浦','matsuura',1570,NULL,1573,1,0,'2024-12-04 06:14:52','2024-12-04 06:14:52'),(1575,'国見山','kunimi-yama',1570,NULL,1574,1,0,'2024-12-04 06:14:52','2024-12-04 06:14:52'),(1576,'佐世保','sasebo',1570,NULL,1575,1,0,'2024-12-04 06:14:52','2024-12-04 06:14:52'),(1577,'大瀬戸','ooseto',1570,NULL,1576,1,0,'2024-12-04 06:14:52','2024-12-04 06:14:52'),(1578,'長浦岳','chou-ura-gaku',1570,NULL,1577,1,0,'2024-12-04 06:14:52','2024-12-04 06:14:52'),(1579,'五家原岳','goka-hara-gaku',1570,NULL,1578,1,0,'2024-12-04 06:14:52','2024-12-04 06:14:52'),(1580,'諫早','isahaya',1570,NULL,1579,1,0,'2024-12-04 06:14:52','2024-12-04 06:14:52'),(1581,'長崎','nagasaki',1570,NULL,1580,1,0,'2024-12-04 06:14:52','2024-12-04 06:14:52'),(1582,'雲仙岳','unzendake',1570,NULL,1581,1,0,'2024-12-04 06:14:52','2024-12-04 06:14:52'),(1583,'福江','fukue',1570,NULL,1582,1,0,'2024-12-04 06:14:52','2024-12-04 06:14:52'),(1584,'口之津','kuchinotsu',1570,NULL,1583,1,0,'2024-12-04 06:14:52','2024-12-04 06:14:52'),(1585,'島原','shimabara',1570,NULL,1584,1,0,'2024-12-04 06:14:52','2024-12-04 06:14:52'),(1586,'有川','arikawa',1570,NULL,1585,1,0,'2024-12-04 06:14:52','2024-12-04 06:14:52'),(1587,'大村','oomura',1570,NULL,1586,1,0,'2024-12-04 06:14:52','2024-12-04 06:14:52'),(1588,'有川','arikawa',1570,NULL,1587,1,0,'2024-12-04 06:14:52','2024-12-04 06:14:52'),(1589,'芦辺','ashibe',1570,NULL,1588,1,0,'2024-12-04 06:14:52','2024-12-04 06:14:52'),(1590,'野母崎','nomozaki',1570,NULL,1589,1,0,'2024-12-04 06:14:52','2024-12-04 06:14:52'),(1591,'深江','fukae',1570,NULL,1590,1,0,'2024-12-04 06:14:52','2024-12-04 06:14:52'),(1592,'普賢岳','fugendake',1570,NULL,1591,1,0,'2024-12-04 06:14:52','2024-12-04 06:14:52'),(1593,'百花台','hyakka-dai',1570,NULL,1592,1,0,'2024-12-04 06:14:52','2024-12-04 06:14:52'),(1594,'千々石','chijiwa',1570,NULL,1593,1,0,'2024-12-04 06:14:52','2024-12-04 06:14:52'),(1595,'鰐浦','waniura',1570,NULL,1594,1,0,'2024-12-04 06:14:52','2024-12-04 06:14:52'),(1596,'石田','ishida',1570,NULL,1595,1,0,'2024-12-04 06:14:52','2024-12-04 06:14:52'),(1597,'上大津','ue-ootsu',1570,NULL,1596,1,0,'2024-12-04 06:14:52','2024-12-04 06:14:52'),(1598,'小値賀','ojika',1570,NULL,1597,1,0,'2024-12-04 06:14:52','2024-12-04 06:14:52'),(1599,'頭ヶ島','atama-ke-shima',1570,NULL,1598,1,0,'2024-12-04 06:14:52','2024-12-04 06:14:52'),(1600,'美津島','mizu-shima',1570,NULL,1599,1,0,'2024-12-04 06:14:52','2024-12-04 06:14:52'),(1601,'長崎県全地点','nagasakiken-zenchi-ten',1570,NULL,1600,1,0,'2024-12-04 06:14:52','2024-12-04 06:14:52'),(1602,'脇岬','wakimisaki',1570,NULL,1601,1,0,'2024-12-04 06:14:52','2024-12-04 06:14:52'),(1603,'西海','saikai',1570,NULL,1602,1,0,'2024-12-04 06:14:52','2024-12-04 06:14:52'),(1604,'絹笠山','kinu-kasayama',1570,NULL,1603,1,0,'2024-12-04 06:14:52','2024-12-04 06:14:52'),(1605,'佐賀県','sagaken',0,NULL,1604,1,0,'2024-12-04 06:14:52','2024-12-04 06:14:52'),(1606,'枝去木','eda-kyo-ki',1605,NULL,1605,1,0,'2024-12-04 06:14:52','2024-12-04 06:14:52'),(1607,'和多田','watada',1605,NULL,1606,1,0,'2024-12-04 06:14:52','2024-12-04 06:14:52'),(1608,'権現山','gongen-yama',1605,NULL,1607,1,0,'2024-12-04 06:14:52','2024-12-04 06:14:52'),(1609,'八幡岳','hachiman-gaku',1605,NULL,1608,1,0,'2024-12-04 06:14:52','2024-12-04 06:14:52'),(1610,'佐賀','saga',1605,NULL,1609,1,0,'2024-12-04 06:14:52','2024-12-04 06:14:52'),(1611,'白石','shiroishi',1605,NULL,1610,1,0,'2024-12-04 06:14:52','2024-12-04 06:14:52'),(1612,'嬉野','ureshino',1605,NULL,1611,1,0,'2024-12-04 06:14:52','2024-12-04 06:14:52'),(1613,'多良岳','tara-gaku',1605,NULL,1612,1,0,'2024-12-04 06:14:52','2024-12-04 06:14:52'),(1614,'伊万里','imari',1605,NULL,1613,1,0,'2024-12-04 06:14:52','2024-12-04 06:14:52'),(1615,'川副','kawafuku',1605,NULL,1614,1,0,'2024-12-04 06:14:52','2024-12-04 06:14:52'),(1616,'佐賀県全地点','sagaken-zenchi-ten',1605,NULL,1615,1,0,'2024-12-04 06:14:52','2024-12-04 06:14:52'),(1617,'唐津','karatsu',1605,NULL,1616,1,0,'2024-12-04 06:14:52','2024-12-04 06:14:52'),(1618,'鳥栖','tosu',1605,NULL,1617,1,0,'2024-12-04 06:14:52','2024-12-04 06:14:52'),(1619,'北山','kitayama',1605,NULL,1618,1,0,'2024-12-04 06:14:52','2024-12-04 06:14:52'),(1620,'大町','oomachi',1605,NULL,1619,1,0,'2024-12-04 06:14:52','2024-12-04 06:14:52'),(1621,'熊本県','kumamotoken',0,NULL,1620,1,0,'2024-12-04 06:14:52','2024-12-04 06:14:52'),(1622,'鹿北','kahoku',1621,NULL,1621,1,0,'2024-12-04 06:14:52','2024-12-04 06:14:52'),(1623,'南小国','minamioguni',1621,NULL,1622,1,0,'2024-12-04 06:14:52','2024-12-04 06:14:52'),(1624,'岱明','taimei',1621,NULL,1623,1,0,'2024-12-04 06:14:52','2024-12-04 06:14:52'),(1625,'菊池','kikuchi',1621,NULL,1624,1,0,'2024-12-04 06:14:52','2024-12-04 06:14:52'),(1626,'鞍岳','kura-gaku',1621,NULL,1625,1,0,'2024-12-04 06:14:52','2024-12-04 06:14:52'),(1627,'熊本','kumamoto',1621,NULL,1626,1,0,'2024-12-04 06:14:52','2024-12-04 06:14:52'),(1628,'俵山','tawarayama',1621,NULL,1627,1,0,'2024-12-04 06:14:52','2024-12-04 06:14:52'),(1629,'阿蘇山','aso-yama',1621,NULL,1628,1,0,'2024-12-04 06:14:52','2024-12-04 06:14:52'),(1630,'高森','takamori',1621,NULL,1629,1,0,'2024-12-04 06:14:52','2024-12-04 06:14:52'),(1631,'間の谷山','mano-taniyama',1621,NULL,1630,1,0,'2024-12-04 06:14:52','2024-12-04 06:14:52'),(1632,'甲佐','kousa',1621,NULL,1631,1,0,'2024-12-04 06:14:52','2024-12-04 06:14:52'),(1633,'松島','matsushima',1621,NULL,1632,1,0,'2024-12-04 06:14:52','2024-12-04 06:14:52'),(1634,'大金峰','taikin-mine',1621,NULL,1633,1,0,'2024-12-04 06:14:52','2024-12-04 06:14:52'),(1635,'本渡','hondo',1621,NULL,1634,1,0,'2024-12-04 06:14:52','2024-12-04 06:14:52'),(1636,'八代','yatsushiro',1621,NULL,1635,1,0,'2024-12-04 06:14:52','2024-12-04 06:14:52'),(1637,'人吉','hitoyoshi',1621,NULL,1636,1,0,'2024-12-04 06:14:52','2024-12-04 06:14:52'),(1638,'牛深','ushibuka',1621,NULL,1637,1,0,'2024-12-04 06:14:52','2024-12-04 06:14:52'),(1639,'一里山','ichiriyama',1621,NULL,1638,1,0,'2024-12-04 06:14:52','2024-12-04 06:14:52'),(1640,'白髪岳','shiraga-gaku',1621,NULL,1639,1,0,'2024-12-04 06:14:52','2024-12-04 06:14:52'),(1641,'益城','mashiki',1621,NULL,1640,1,0,'2024-12-04 06:14:52','2024-12-04 06:14:52'),(1642,'水俣','minamata',1621,NULL,1641,1,0,'2024-12-04 06:14:52','2024-12-04 06:14:52'),(1643,'多良木','taragi',1621,NULL,1642,1,0,'2024-12-04 06:14:52','2024-12-04 06:14:52'),(1644,'上','ue',1621,NULL,1643,1,0,'2024-12-04 06:14:52','2024-12-04 06:14:52'),(1645,'田浦','taura',1621,NULL,1644,1,0,'2024-12-04 06:14:52','2024-12-04 06:14:52'),(1646,'三角','sankaku',1621,NULL,1645,1,0,'2024-12-04 06:14:52','2024-12-04 06:14:52'),(1647,'湯前横谷','yunomae-yokotani',1621,NULL,1646,1,0,'2024-12-04 06:14:52','2024-12-04 06:14:52'),(1648,'茶臼峠','chausu-touge',1621,NULL,1647,1,0,'2024-12-04 06:14:52','2024-12-04 06:14:52'),(1649,'屋形山','yakata-yama',1621,NULL,1648,1,0,'2024-12-04 06:14:52','2024-12-04 06:14:52'),(1650,'五家荘','goka-sou',1621,NULL,1649,1,0,'2024-12-04 06:14:52','2024-12-04 06:14:52'),(1651,'阿蘇乙姫','aso-otohime',1621,NULL,1650,1,0,'2024-12-04 06:14:52','2024-12-04 06:14:52'),(1652,'五木','itsuki',1621,NULL,1651,1,0,'2024-12-04 06:14:52','2024-12-04 06:14:52'),(1653,'山江','yamae',1621,NULL,1652,1,0,'2024-12-04 06:14:52','2024-12-04 06:14:52'),(1654,'宇土','uto',1621,NULL,1653,1,0,'2024-12-04 06:14:52','2024-12-04 06:14:52'),(1655,'一勝地','isshou-chi',1621,NULL,1654,1,0,'2024-12-04 06:14:52','2024-12-04 06:14:52'),(1656,'熊本県全地点','kumamotoken-zenchi-ten',1621,NULL,1655,1,0,'2024-12-04 06:14:52','2024-12-04 06:14:52'),(1657,'戦山','sen-yama',1621,NULL,1656,1,0,'2024-12-04 06:14:52','2024-12-04 06:14:52'),(1658,'山都','yamato',1621,NULL,1657,1,0,'2024-12-04 06:14:52','2024-12-04 06:14:52'),(1659,'南阿蘇','minamiaso',1621,NULL,1658,1,0,'2024-12-04 06:14:52','2024-12-04 06:14:52'),(1660,'宮崎県','miyazakiken',0,NULL,1659,1,0,'2024-12-04 06:14:52','2024-12-04 06:14:52'),(1661,'高千穂','takachiho',1660,NULL,1660,1,0,'2024-12-04 06:14:52','2024-12-04 06:14:52'),(1662,'大中尾','daichuu-o',1660,NULL,1661,1,0,'2024-12-04 06:14:52','2024-12-04 06:14:52'),(1663,'中小屋','chuushou-ya',1660,NULL,1662,1,0,'2024-12-04 06:14:52','2024-12-04 06:14:52'),(1664,'延岡','nobeoka',1660,NULL,1663,1,0,'2024-12-04 06:14:52','2024-12-04 06:14:52'),(1665,'猪原','inohara',1660,NULL,1664,1,0,'2024-12-04 06:14:52','2024-12-04 06:14:52'),(1666,'日向','hyuuga',1660,NULL,1665,1,0,'2024-12-04 06:14:52','2024-12-04 06:14:52'),(1667,'矢櫃岳','ya-hitsu-gaku',1660,NULL,1666,1,0,'2024-12-04 06:14:52','2024-12-04 06:14:52'),(1668,'高鍋','takanabe',1660,NULL,1667,1,0,'2024-12-04 06:14:52','2024-12-04 06:14:52'),(1669,'加久藤','ka-kutou',1660,NULL,1668,1,0,'2024-12-04 06:14:53','2024-12-04 06:14:53'),(1670,'西都','saito',1660,NULL,1669,1,0,'2024-12-04 06:14:53','2024-12-04 06:14:53'),(1671,'えびの高原','ebino-kougen',1660,NULL,1670,1,0,'2024-12-04 06:14:53','2024-12-04 06:14:53'),(1672,'小林','kobayashi',1660,NULL,1671,1,0,'2024-12-04 06:14:53','2024-12-04 06:14:53'),(1673,'野尻','nojiri',1660,NULL,1672,1,0,'2024-12-04 06:14:53','2024-12-04 06:14:53'),(1674,'国富','kunitomi',1660,NULL,1673,1,0,'2024-12-04 06:14:53','2024-12-04 06:14:53'),(1675,'宮崎','miyazaki',1660,NULL,1674,1,0,'2024-12-04 06:14:53','2024-12-04 06:14:53'),(1676,'霧島御池','kiri-shima-oike',1660,NULL,1675,1,0,'2024-12-04 06:14:53','2024-12-04 06:14:53'),(1677,'青島','aoshima',1660,NULL,1676,1,0,'2024-12-04 06:14:53','2024-12-04 06:14:53'),(1678,'都城','tomishiro',1660,NULL,1677,1,0,'2024-12-04 06:14:53','2024-12-04 06:14:53'),(1679,'鰐塚山','wani-tsukayama',1660,NULL,1678,1,0,'2024-12-04 06:14:53','2024-12-04 06:14:53'),(1680,'油津','aburatsu',1660,NULL,1679,1,0,'2024-12-04 06:14:53','2024-12-04 06:14:53'),(1681,'串間','kushima',1660,NULL,1680,1,0,'2024-12-04 06:14:53','2024-12-04 06:14:53'),(1682,'古江','furue',1660,NULL,1681,1,0,'2024-12-04 06:14:53','2024-12-04 06:14:53'),(1683,'深瀬','fukase',1660,NULL,1682,1,0,'2024-12-04 06:14:53','2024-12-04 06:14:53'),(1684,'見立','mitate',1660,NULL,1683,1,0,'2024-12-04 06:14:53','2024-12-04 06:14:53'),(1685,'諸塚','morotsuka',1660,NULL,1684,1,0,'2024-12-04 06:14:53','2024-12-04 06:14:53'),(1686,'西米良','nishimera',1660,NULL,1685,1,0,'2024-12-04 06:14:53','2024-12-04 06:14:53'),(1687,'鞍岡','kura-oka',1660,NULL,1686,1,0,'2024-12-04 06:14:53','2024-12-04 06:14:53'),(1688,'神門','koudo',1660,NULL,1687,1,0,'2024-12-04 06:14:53','2024-12-04 06:14:53'),(1689,'北方','hoppou',1660,NULL,1688,1,0,'2024-12-04 06:14:53','2024-12-04 06:14:53'),(1690,'上椎葉','ue-shiiba',1660,NULL,1689,1,0,'2024-12-04 06:14:53','2024-12-04 06:14:53'),(1691,'赤江','akae',1660,NULL,1690,1,0,'2024-12-04 06:14:53','2024-12-04 06:14:53'),(1692,'宮崎県全地点','miyazakiken-zenchi-ten',1660,NULL,1691,1,0,'2024-12-04 06:14:53','2024-12-04 06:14:53'),(1693,'都農','tsuno',1660,NULL,1692,1,0,'2024-12-04 06:14:53','2024-12-04 06:14:53'),(1694,'日之影','hinokage',1660,NULL,1693,1,0,'2024-12-04 06:14:53','2024-12-04 06:14:53'),(1695,'高原','kougen',1660,NULL,1694,1,0,'2024-12-04 06:14:53','2024-12-04 06:14:53'),(1696,'山田','yamada',1660,NULL,1695,1,0,'2024-12-04 06:14:53','2024-12-04 06:14:53'),(1697,'椎葉','shiiba',1660,NULL,1696,1,0,'2024-12-04 06:14:53','2024-12-04 06:14:53'),(1698,'田野','tano',1660,NULL,1697,1,0,'2024-12-04 06:14:53','2024-12-04 06:14:53'),(1699,'鹿児島県','kako-shima-ken',0,NULL,1698,1,0,'2024-12-04 06:14:53','2024-12-04 06:14:53'),(1700,'阿久根','akune',1699,NULL,1699,1,0,'2024-12-04 06:14:53','2024-12-04 06:14:53'),(1701,'古原野','kohara-no',1699,NULL,1700,1,0,'2024-12-04 06:14:53','2024-12-04 06:14:53'),(1702,'大口','ooguchi',1699,NULL,1701,1,0,'2024-12-04 06:14:53','2024-12-04 06:14:53'),(1703,'魚野越','iono-etsu',1699,NULL,1702,1,0,'2024-12-04 06:14:53','2024-12-04 06:14:53'),(1704,'紫尾山','murasaki-oyama',1699,NULL,1703,1,0,'2024-12-04 06:14:53','2024-12-04 06:14:53'),(1705,'さつま柏原','satsuma-kashiwabara',1699,NULL,1704,1,0,'2024-12-04 06:14:53','2024-12-04 06:14:53'),(1706,'中甑','nakakoshiki',1699,NULL,1705,1,0,'2024-12-04 06:14:53','2024-12-04 06:14:53'),(1707,'川内','kawauchi',1699,NULL,1706,1,0,'2024-12-04 06:14:53','2024-12-04 06:14:53'),(1708,'溝辺','mizobe',1699,NULL,1707,1,0,'2024-12-04 06:14:53','2024-12-04 06:14:53'),(1709,'八重山','yaeyama',1699,NULL,1708,1,0,'2024-12-04 06:14:53','2024-12-04 06:14:53'),(1710,'東市来','higashiichiki',1699,NULL,1709,1,0,'2024-12-04 06:14:53','2024-12-04 06:14:53'),(1711,'権現ケ尾','gongen-ke-o',1699,NULL,1710,1,0,'2024-12-04 06:14:53','2024-12-04 06:14:53'),(1712,'鹿児島','kako-shima',1699,NULL,1711,1,0,'2024-12-04 06:14:53','2024-12-04 06:14:53'),(1713,'高峠','taka-touge',1699,NULL,1712,1,0,'2024-12-04 06:14:53','2024-12-04 06:14:53'),(1714,'加世田','kaseda',1699,NULL,1713,1,0,'2024-12-04 06:14:53','2024-12-04 06:14:53'),(1715,'吉ケ別府','kichi-ke-beppu',1699,NULL,1714,1,0,'2024-12-04 06:14:53','2024-12-04 06:14:53'),(1716,'喜入','kiire',1699,NULL,1715,1,0,'2024-12-04 06:14:53','2024-12-04 06:14:53'),(1717,'肝属川','kimotsuki-kawa',1699,NULL,1716,1,0,'2024-12-04 06:14:53','2024-12-04 06:14:53'),(1718,'枕崎','makurazaki',1699,NULL,1717,1,0,'2024-12-04 06:14:53','2024-12-04 06:14:53'),(1719,'指宿','ibusuki',1699,NULL,1718,1,0,'2024-12-04 06:14:53','2024-12-04 06:14:53'),(1720,'甫与志岳','suke-yoshi-gaku',1699,NULL,1719,1,0,'2024-12-04 06:14:53','2024-12-04 06:14:53'),(1721,'内之浦','uchinoura',1699,NULL,1720,1,0,'2024-12-04 06:14:53','2024-12-04 06:14:53'),(1722,'種子島','shushi-shima',1699,NULL,1721,1,0,'2024-12-04 06:14:53','2024-12-04 06:14:53'),(1723,'中種子','nakatane',1699,NULL,1722,1,0,'2024-12-04 06:14:53','2024-12-04 06:14:53'),(1724,'上中','kaminaka',1699,NULL,1723,1,0,'2024-12-04 06:14:53','2024-12-04 06:14:53'),(1725,'尾之間','o-yuki-kan',1699,NULL,1724,1,0,'2024-12-04 06:14:53','2024-12-04 06:14:53'),(1726,'名瀬','naze',1699,NULL,1725,1,0,'2024-12-04 06:14:53','2024-12-04 06:14:53'),(1727,'屋久島','yaku-shima',1699,NULL,1726,1,0,'2024-12-04 06:14:53','2024-12-04 06:14:53'),(1728,'沖永良部','okinoerabu',1699,NULL,1727,1,0,'2024-12-04 06:14:53','2024-12-04 06:14:53'),(1729,'出水','shussui',1699,NULL,1728,1,0,'2024-12-04 06:14:53','2024-12-04 06:14:53'),(1730,'牧之原','makinohara',1699,NULL,1729,1,0,'2024-12-04 06:14:53','2024-12-04 06:14:53'),(1731,'志布志','shibushi',1699,NULL,1730,1,0,'2024-12-04 06:14:53','2024-12-04 06:14:53'),(1732,'鹿屋','kanoya',1699,NULL,1731,1,0,'2024-12-04 06:14:53','2024-12-04 06:14:53'),(1733,'古仁屋','koniya',1699,NULL,1732,1,0,'2024-12-04 06:14:53','2024-12-04 06:14:53'),(1734,'矢止岳','ya-shi-gaku',1699,NULL,1733,1,0,'2024-12-04 06:14:53','2024-12-04 06:14:53'),(1735,'田代','tashiro',1699,NULL,1734,1,0,'2024-12-04 06:14:53','2024-12-04 06:14:53'),(1736,'伊仙','isen',1699,NULL,1735,1,0,'2024-12-04 06:14:53','2024-12-04 06:14:53'),(1737,'輝北','kihoku',1699,NULL,1736,1,0,'2024-12-04 06:14:53','2024-12-04 06:14:53'),(1738,'大隅','oosumi',1699,NULL,1737,1,0,'2024-12-04 06:14:53','2024-12-04 06:14:53'),(1739,'佐多','sata',1699,NULL,1738,1,0,'2024-12-04 06:14:53','2024-12-04 06:14:53'),(1740,'肝付前田','kimotsuki-maeda',1699,NULL,1739,1,0,'2024-12-04 06:14:53','2024-12-04 06:14:53'),(1741,'与論島','yoron-shima',1699,NULL,1740,1,0,'2024-12-04 06:14:53','2024-12-04 06:14:53'),(1742,'喜界島','kikai-shima',1699,NULL,1741,1,0,'2024-12-04 06:14:53','2024-12-04 06:14:53'),(1743,'笠利','kasari',1699,NULL,1742,1,0,'2024-12-04 06:14:53','2024-12-04 06:14:53'),(1744,'中之島','naka-yuki-shima',1699,NULL,1743,1,0,'2024-12-04 06:14:53','2024-12-04 06:14:53'),(1745,'天城','amagi',1699,NULL,1744,1,0,'2024-12-04 06:14:53','2024-12-04 06:14:53'),(1746,'鹿児島県全地点','kako-shima-ken-zenchi-ten',1699,NULL,1745,1,0,'2024-12-04 06:14:53','2024-12-04 06:14:53'),(1747,'宝島','takara-shima',1699,NULL,1746,1,0,'2024-12-04 06:14:53','2024-12-04 06:14:53'),(1748,'諏訪之瀬島','suwa-yuki-se-shima',1699,NULL,1747,1,0,'2024-12-04 06:14:53','2024-12-04 06:14:53'),(1749,'小宝島','shouhou-shima',1699,NULL,1748,1,0,'2024-12-04 06:14:53','2024-12-04 06:14:53'),(1750,'平島','hirashima',1699,NULL,1749,1,0,'2024-12-04 06:14:53','2024-12-04 06:14:53'),(1751,'霧島牧園','kiri-shima-makizono',1699,NULL,1750,1,0,'2024-12-04 06:14:53','2024-12-04 06:14:53'),(1752,'沖縄県','okinawaken',0,NULL,1751,1,0,'2024-12-04 06:14:53','2024-12-04 06:14:53'),(1753,'奥','oku',1752,NULL,1752,1,0,'2024-12-04 06:14:53','2024-12-04 06:14:53'),(1754,'与那覇岳','yonaha-gaku',1752,NULL,1753,1,0,'2024-12-04 06:14:53','2024-12-04 06:14:53'),(1755,'呉我山','goga-yama',1752,NULL,1754,1,0,'2024-12-04 06:14:53','2024-12-04 06:14:53'),(1756,'名護','nago',1752,NULL,1755,1,0,'2024-12-04 06:14:53','2024-12-04 06:14:53'),(1757,'名嘉真','nakama',1752,NULL,1756,1,0,'2024-12-04 06:14:53','2024-12-04 06:14:53'),(1758,'読谷','yomitan',1752,NULL,1757,1,0,'2024-12-04 06:14:53','2024-12-04 06:14:53'),(1759,'胡屋','ko-ya',1752,NULL,1758,1,0,'2024-12-04 06:14:53','2024-12-04 06:14:53'),(1760,'那覇','naha',1752,NULL,1759,1,0,'2024-12-04 06:14:53','2024-12-04 06:14:53'),(1761,'糸数','itokazu',1752,NULL,1760,1,0,'2024-12-04 06:14:53','2024-12-04 06:14:53'),(1762,'金武','kanatake',1752,NULL,1761,1,0,'2024-12-04 06:14:53','2024-12-04 06:14:53'),(1763,'石垣島','ishigaki-shima',1752,NULL,1762,1,0,'2024-12-04 06:14:53','2024-12-04 06:14:53'),(1764,'伊原間','ihara-kan',1752,NULL,1763,1,0,'2024-12-04 06:14:53','2024-12-04 06:14:53'),(1765,'伊是名','izena',1752,NULL,1764,1,0,'2024-12-04 06:14:53','2024-12-04 06:14:53'),(1766,'宮古島','miyako-shima',1752,NULL,1765,1,0,'2024-12-04 06:14:53','2024-12-04 06:14:53'),(1767,'久米島','kume-shima',1752,NULL,1766,1,0,'2024-12-04 06:14:53','2024-12-04 06:14:53'),(1768,'渡嘉敷','tokashiki',1752,NULL,1767,1,0,'2024-12-04 06:14:53','2024-12-04 06:14:53'),(1769,'伊良部','irabe',1752,NULL,1768,1,0,'2024-12-04 06:14:53','2024-12-04 06:14:53'),(1770,'多良間','tarama',1752,NULL,1769,1,0,'2024-12-04 06:14:53','2024-12-04 06:14:53'),(1771,'城辺','gusukube',1752,NULL,1770,1,0,'2024-12-04 06:14:53','2024-12-04 06:14:53'),(1772,'川平','kawadaira',1752,NULL,1771,1,0,'2024-12-04 06:14:53','2024-12-04 06:14:53'),(1773,'大原','oohara',1752,NULL,1772,1,0,'2024-12-04 06:14:53','2024-12-04 06:14:53'),(1774,'西表島','iriomote-shima',1752,NULL,1773,1,0,'2024-12-04 06:14:53','2024-12-04 06:14:53'),(1775,'与那国島','yonakuni-shima',1752,NULL,1774,1,0,'2024-12-04 06:14:53','2024-12-04 06:14:53'),(1776,'波照間','hateruma',1752,NULL,1775,1,0,'2024-12-04 06:14:53','2024-12-04 06:14:53'),(1777,'南大東（南大東島）','minamidaitou-(-minamidaitou-shima-)',1752,NULL,1776,1,0,'2024-12-04 06:14:53','2024-12-04 06:14:53'),(1778,'本部','honbu',1752,NULL,1777,1,0,'2024-12-04 06:14:53','2024-12-04 06:14:53'),(1779,'東','higashi',1752,NULL,1778,1,0,'2024-12-04 06:14:53','2024-12-04 06:14:53'),(1780,'安次嶺','ashimine',1752,NULL,1779,1,0,'2024-12-04 06:14:53','2024-12-04 06:14:53'),(1781,'鏡原','kagamihara',1752,NULL,1780,1,0,'2024-12-04 06:14:53','2024-12-04 06:14:53'),(1782,'真栄里','maezato',1752,NULL,1781,1,0,'2024-12-04 06:14:53','2024-12-04 06:14:53'),(1783,'下地島','shitaji-shima',1752,NULL,1782,1,0,'2024-12-04 06:14:53','2024-12-04 06:14:53'),(1784,'仲筋','nakasuji',1752,NULL,1783,1,0,'2024-12-04 06:14:53','2024-12-04 06:14:53'),(1785,'所野','tokorono',1752,NULL,1784,1,0,'2024-12-04 06:14:53','2024-12-04 06:14:53'),(1786,'志多阿原','kokorozashi-ta-ahara',1752,NULL,1785,1,0,'2024-12-04 06:14:53','2024-12-04 06:14:53'),(1787,'粟国','aguni',1752,NULL,1786,1,0,'2024-12-04 06:14:53','2024-12-04 06:14:53'),(1788,'慶良間','kerama',1752,NULL,1787,1,0,'2024-12-04 06:14:53','2024-12-04 06:14:53'),(1789,'北大東','kitadaitou',1752,NULL,1788,1,0,'2024-12-04 06:14:53','2024-12-04 06:14:53'),(1790,'旧東','kyuu-higashi',1752,NULL,1789,1,0,'2024-12-04 06:14:53','2024-12-04 06:14:53'),(1791,'北原','kitahara',1752,NULL,1790,1,0,'2024-12-04 06:14:53','2024-12-04 06:14:53'),(1792,'国頭','kunigami',1752,NULL,1791,1,0,'2024-12-04 06:14:53','2024-12-04 06:14:53'),(1793,'沖縄県全地点','okinawaken-zenchi-ten',1752,NULL,1792,1,0,'2024-12-04 06:14:53','2024-12-04 06:14:53'),(1794,'宮城島','miyagijima',1752,NULL,1793,1,0,'2024-12-04 06:14:53','2024-12-04 06:14:53'),(1795,'盛山','sakariyama',1752,NULL,1794,1,0,'2024-12-04 06:14:53','2024-12-04 06:14:53'),(1796,'渡名喜','tonaki',1752,NULL,1795,1,0,'2024-12-04 06:14:53','2024-12-04 06:14:53'),(1797,'南極','nankyoku',0,NULL,1796,1,0,'2024-12-04 06:14:53','2024-12-04 06:14:53'),(1798,'昭和','shouwa',1797,NULL,1797,1,0,'2024-12-04 06:14:53','2024-12-04 06:14:53');

--
-- Table structure for table `article_categories`
--

CREATE TABLE `article_categories` (
  `id` bigint unsigned NOT NULL AUTO_INCREMENT,
  `name` varchar(255) CHARACTER SET utf8mb4 COLLATE utf8mb4_unicode_ci NOT NULL,
  `type` varchar(255) CHARACTER SET utf8mb4 COLLATE utf8mb4_unicode_ci NOT NULL DEFAULT 'article',
  `slug` varchar(255) CHARACTER SET utf8mb4 COLLATE utf8mb4_unicode_ci NOT NULL,
  `parent_id` int NOT NULL DEFAULT '0',
  `description` varchar(255) CHARACTER SET utf8mb4 COLLATE utf8mb4_unicode_ci DEFAULT NULL,
  `position` int NOT NULL DEFAULT '0',
  `is_activated` smallint NOT NULL DEFAULT '1',
  `is_deleted` smallint NOT NULL DEFAULT '0',
  `created_at` timestamp NULL DEFAULT NULL,
  `updated_at` timestamp NULL DEFAULT NULL,
  PRIMARY KEY (`id`)
) ENGINE=InnoDB AUTO_INCREMENT=12 DEFAULT CHARSET=utf8mb4 COLLATE=utf8mb4_unicode_ci;

--
-- Dumping data for table `article_categories`
--

INSERT INTO `article_categories` VALUES (1,'Cate 1','article','cate-1',0,'2322',0,1,0,'2025-06-23 09:42:36','2025-06-23 09:42:36'),(2,'Cate 2','article','cate-2',1,'232',0,1,0,'2025-06-23 09:42:48','2025-06-23 09:42:48'),(3,'Cate 3','article','cate-3',2,'2323',0,1,0,'2025-06-23 09:42:58','2025-06-23 09:42:58'),(4,'Cate 4','article','cate-4',0,'2323',0,1,0,'2025-06-23 09:43:06','2025-06-23 09:43:06'),(5,'Cate 5','article','cate-5',3,'232',0,1,0,'2025-06-23 09:43:19','2025-06-23 09:43:19'),(6,'232','article','232',3,'232',0,1,0,'2025-06-24 18:59:28','2025-06-24 19:19:23'),(7,'着物の知識','column','kimono-knowledge',0,'着物に関する基礎知識',0,1,0,'2026-02-25 21:38:19','2026-02-25 21:38:19'),(8,'コーディネート','column','coordination',0,'着物のコーディネート情報',1,1,0,'2026-02-25 21:38:19','2026-02-25 21:38:19'),(9,'イベント・行事','column','events-and-occasions',0,'イベントや行事に関する着物情報',2,1,0,'2026-02-25 21:38:19','2026-02-25 21:38:19'),(10,'テストカテゴリ更新','column','テストカテゴリ更新',0,'',0,1,1,'2026-02-26 03:05:39','2026-02-26 03:08:17'),(11,'ニューステスト','article','ニューステスト',0,'',0,1,0,'2026-02-26 03:07:01','2026-02-26 03:07:01');

--
-- Table structure for table `article_category_details`
--

CREATE TABLE `article_category_details` (
  `id` bigint unsigned NOT NULL AUTO_INCREMENT,
  `article_id` bigint unsigned DEFAULT NULL,
  `article_category_id` bigint unsigned DEFAULT NULL,
  `created_at` timestamp NULL DEFAULT NULL,
  `updated_at` timestamp NULL DEFAULT NULL,
  PRIMARY KEY (`id`)
) ENGINE=InnoDB DEFAULT CHARSET=utf8mb4 COLLATE=utf8mb4_unicode_ci;

--
-- Dumping data for table `article_category_details`
--


--
-- Table structure for table `article_keyword_details`
--

CREATE TABLE `article_keyword_details` (
  `id` bigint unsigned NOT NULL AUTO_INCREMENT,
  `article_id` bigint unsigned DEFAULT NULL,
  `article_keyword_id` bigint unsigned DEFAULT NULL,
  `created_at` timestamp NULL DEFAULT NULL,
  `updated_at` timestamp NULL DEFAULT NULL,
  PRIMARY KEY (`id`)
) ENGINE=InnoDB DEFAULT CHARSET=utf8mb4 COLLATE=utf8mb4_unicode_ci;

--
-- Dumping data for table `article_keyword_details`
--


--
-- Table structure for table `article_keywords`
--

CREATE TABLE `article_keywords` (
  `id` bigint unsigned NOT NULL AUTO_INCREMENT,
  `name` varchar(255) CHARACTER SET utf8mb4 COLLATE utf8mb4_unicode_ci NOT NULL,
  `slug` varchar(255) CHARACTER SET utf8mb4 COLLATE utf8mb4_unicode_ci NOT NULL,
  `description` varchar(255) CHARACTER SET utf8mb4 COLLATE utf8mb4_unicode_ci DEFAULT NULL,
  `is_activated` smallint NOT NULL DEFAULT '1',
  `is_deleted` smallint NOT NULL DEFAULT '0',
  `created_at` timestamp NULL DEFAULT NULL,
  `updated_at` timestamp NULL DEFAULT NULL,
  PRIMARY KEY (`id`)
) ENGINE=InnoDB DEFAULT CHARSET=utf8mb4 COLLATE=utf8mb4_unicode_ci;

--
-- Dumping data for table `article_keywords`
--


--
-- Table structure for table `articles`
--

CREATE TABLE `articles` (
  `id` bigint unsigned NOT NULL AUTO_INCREMENT,
  `title` varchar(255) CHARACTER SET utf8mb4 COLLATE utf8mb4_unicode_ci NOT NULL,
  `slug` varchar(255) CHARACTER SET utf8mb4 COLLATE utf8mb4_unicode_ci NOT NULL,
  `description` text CHARACTER SET utf8mb4 COLLATE utf8mb4_unicode_ci,
  `editor` varchar(255) CHARACTER SET utf8mb4 COLLATE utf8mb4_unicode_ci DEFAULT NULL,
  `gu_content` text CHARACTER SET utf8mb4 COLLATE utf8mb4_unicode_ci,
  `content` text CHARACTER SET utf8mb4 COLLATE utf8mb4_unicode_ci,
  `thumbnail` varchar(255) CHARACTER SET utf8mb4 COLLATE utf8mb4_unicode_ci DEFAULT NULL,
  `preview` varchar(255) CHARACTER SET utf8mb4 COLLATE utf8mb4_unicode_ci DEFAULT NULL,
  `publish_at` datetime DEFAULT NULL,
  `important` smallint DEFAULT NULL,
  `view_number` int NOT NULL DEFAULT '0',
  `type` varchar(255) CHARACTER SET utf8mb4 COLLATE utf8mb4_unicode_ci DEFAULT NULL,
  `user_id` bigint unsigned DEFAULT NULL,
  `is_published` smallint NOT NULL DEFAULT '0',
  `is_activated` smallint NOT NULL DEFAULT '1',
  `is_deleted` smallint NOT NULL DEFAULT '0',
  `created_at` timestamp NULL DEFAULT NULL,
  `updated_at` timestamp NULL DEFAULT NULL,
  PRIMARY KEY (`id`)
) ENGINE=InnoDB DEFAULT CHARSET=utf8mb4 COLLATE=utf8mb4_unicode_ci;

--
-- Dumping data for table `articles`
--


--
-- Table structure for table `block_ips`
--

CREATE TABLE `block_ips` (
  `id` bigint unsigned NOT NULL AUTO_INCREMENT,
  `ip` varchar(255) CHARACTER SET utf8mb4 COLLATE utf8mb4_unicode_ci NOT NULL,
  `description` varchar(255) CHARACTER SET utf8mb4 COLLATE utf8mb4_unicode_ci DEFAULT NULL,
  `incorrect` smallint NOT NULL DEFAULT '0',
  `during_time` int DEFAULT NULL,
  `is_activated` smallint NOT NULL DEFAULT '1',
  `is_deleted` smallint NOT NULL DEFAULT '0',
  `created_at` timestamp NULL DEFAULT NULL,
  `updated_at` timestamp NULL DEFAULT NULL,
  PRIMARY KEY (`id`)
) ENGINE=InnoDB DEFAULT CHARSET=utf8mb4 COLLATE=utf8mb4_unicode_ci;

--
-- Dumping data for table `block_ips`
--


--
-- Table structure for table `categories`
--

CREATE TABLE `categories` (
  `id` bigint unsigned NOT NULL AUTO_INCREMENT,
  `name` varchar(255) CHARACTER SET utf8mb4 COLLATE utf8mb4_unicode_ci NOT NULL,
  `slug` varchar(255) CHARACTER SET utf8mb4 COLLATE utf8mb4_unicode_ci NOT NULL,
  `image` varchar(255) CHARACTER SET utf8mb4 COLLATE utf8mb4_unicode_ci DEFAULT NULL,
  `parent_id` int NOT NULL DEFAULT '0',
  `sub_title` varchar(255) CHARACTER SET utf8mb4 COLLATE utf8mb4_unicode_ci DEFAULT NULL,
  `group` smallint DEFAULT NULL,
  `description` varchar(255) CHARACTER SET utf8mb4 COLLATE utf8mb4_unicode_ci DEFAULT NULL,
  `rank` int unsigned DEFAULT NULL,
  `position` int NOT NULL DEFAULT '0',
  `is_activated` smallint NOT NULL DEFAULT '1',
  `is_deleted` smallint NOT NULL DEFAULT '0',
  `created_at` timestamp NULL DEFAULT NULL,
  `updated_at` timestamp NULL DEFAULT NULL,
  PRIMARY KEY (`id`)
) ENGINE=InnoDB AUTO_INCREMENT=122 DEFAULT CHARSET=utf8mb4 COLLATE=utf8mb4_unicode_ci;

--
-- Dumping data for table `categories`
--

INSERT INTO `categories` VALUES (72,'カラー','カラー','',0,'',NULL,'',NULL,1,1,0,'2025-06-25 08:46:32','2025-09-07 22:17:55');

--
-- Table structure for table `category_details`
--

CREATE TABLE `category_details` (
  `id` bigint unsigned NOT NULL AUTO_INCREMENT,
  `article_id` int NOT NULL,
  `category_id` int NOT NULL,
  `created_at` timestamp NULL DEFAULT NULL,
  `updated_at` timestamp NULL DEFAULT NULL,
  PRIMARY KEY (`id`)
) ENGINE=InnoDB AUTO_INCREMENT=82 DEFAULT CHARSET=utf8mb4 COLLATE=utf8mb4_unicode_ci;

--
-- Dumping data for table `category_details`
--


--
-- Table structure for table `category_manufacturers`
--

CREATE TABLE `category_manufacturers` (
  `id` bigint unsigned NOT NULL AUTO_INCREMENT,
  `category_id` bigint unsigned DEFAULT NULL,
  `manufacturer_id` bigint unsigned DEFAULT NULL,
  `created_at` timestamp NULL DEFAULT NULL,
  `updated_at` timestamp NULL DEFAULT NULL,
  PRIMARY KEY (`id`)
) ENGINE=InnoDB AUTO_INCREMENT=139 DEFAULT CHARSET=utf8mb4 COLLATE=utf8mb4_unicode_ci;

--
-- Dumping data for table `category_manufacturers`
--


--
-- Table structure for table `colors`
--

CREATE TABLE `colors` (
  `id` bigint unsigned NOT NULL AUTO_INCREMENT,
  `name` varchar(255) CHARACTER SET utf8mb4 COLLATE utf8mb4_unicode_ci NOT NULL,
  `slug` varchar(255) CHARACTER SET utf8mb4 COLLATE utf8mb4_unicode_ci DEFAULT NULL,
  `color` varchar(255) CHARACTER SET utf8mb4 COLLATE utf8mb4_unicode_ci NOT NULL,
  `description` tinytext CHARACTER SET utf8mb4 COLLATE utf8mb4_unicode_ci,
  `position` smallint NOT NULL DEFAULT '0',
  `is_activated` smallint NOT NULL DEFAULT '1',
  `is_deleted` smallint NOT NULL DEFAULT '0',
  `created_at` timestamp NULL DEFAULT NULL,
  `updated_at` timestamp NULL DEFAULT NULL,
  PRIMARY KEY (`id`)
) ENGINE=InnoDB AUTO_INCREMENT=12 DEFAULT CHARSET=utf8mb4 COLLATE=utf8mb4_unicode_ci;

--
-- Dumping data for table `colors`
--

INSERT INTO `colors` VALUES (1,'赤系','赤系','#F56767','あか',1,1,0,'2024-02-22 16:13:50','2024-07-10 18:07:35'),(2,'青系','青系','#3186C3',NULL,2,1,0,'2024-02-22 16:25:02','2024-07-10 18:07:35'),(3,'緑系','緑系','#4DA54B',NULL,3,1,0,'2024-02-22 16:26:08','2024-07-10 18:07:35'),(4,'黄系','黄系','#F5D667',NULL,4,1,0,'2024-02-22 16:26:22','2024-07-10 18:07:35'),(5,'紫系','紫系','#674CB5',NULL,5,1,1,'2024-02-22 16:26:34','2024-07-10 16:57:23'),(6,'茶系','茶系','#82553C',NULL,6,1,1,'2024-02-22 16:26:47','2024-07-10 16:57:17'),(7,'ピンク系','ピンク系','#FFBBBB','ピンku系aaaaaaaaaaaaaaaaaaaaaaaaaaaaaaaaaaaaaaaaaaaaaaaaaaaaaaaaaaaaaaaaaaaaaaaaaaaaaaaaaaaaaaaaaaaaaaaaaaaaaaaaaaaaaaaaaaaaaaaaaaaaaaaaaaaaaaaaaaaaaaaaaaaaaaaaaaaaaaaaaaaaaaaaaaaaaaaaaaaaaaaaaaaaaaaaaaaaaaaaaaaaaaaaaaaaaaaaaaaaaaaaaaaaaaaaaaaaaaaaaaa',5,1,0,'2024-02-22 16:27:03','2024-07-10 18:07:35'),(8,'茶系','茶系','#B88016','piiuewwkukaaaaaaaaaaaaaaaaaaaaaaaaaaaaaaaaaaaaaaaaaaaaaaaaaaaaaaaaaaaaaaaaaaaaaaaaaaaaaaaaaaaaaaaaaaaaaaaaaaaaaaaaaaaaaaaaaaaaaaaaaaaaaaaaaaaaaaaaaaaaaaaaaaaaaaaaaaaaaaaaaaaaaaaaaaaaaaaaaaaaaaaaaaaaaaaaaaaaaaaaaaaaaaaaaaaaaaaaaaaaaaaaaaaaaaaaaaaaaaaaaaaa',6,0,0,'2024-07-10 17:45:02','2025-02-22 02:34:33'),(9,'黒系','黒系','#010B15','piiuewwkukaaaaaaaaaaaaaaaaaaaaaaaaaaaaaaaaaaaaaaaaaaaaaaaaaaaaaaaaaaaaaaaaaaaaaaaaaaaaaaaaaaaaaaaaaaaaaaaaaaaaaaaaaaaaaaaaaaaaaaaaaaaaaaaaaaaaaaaaaaaaaaaaaaaaaaaaaaaaaaaaaaaaaaaaaaaaaaaaaaaaaaaaaaaaaaaaaaaaaaaaaaaaaaaaaaaaaaaaaaaaaaaaaaaaaaaaaaaaaaaaあ',7,0,0,'2024-07-10 18:00:10','2025-02-22 02:34:33'),(10,'白系','白系','#FFFFFF',NULL,8,0,0,'2025-02-22 02:34:17','2025-02-22 02:34:33'),(11,'紫系','紫系','#7940FF',NULL,9,1,0,'2025-02-25 06:33:21','2025-02-25 06:33:21');

--
-- Table structure for table `conditions`
--

CREATE TABLE `conditions` (
  `id` bigint unsigned NOT NULL AUTO_INCREMENT,
  `name` varchar(255) CHARACTER SET utf8mb4 COLLATE utf8mb4_unicode_ci NOT NULL,
  `slug` varchar(255) CHARACTER SET utf8mb4 COLLATE utf8mb4_unicode_ci DEFAULT NULL,
  `image` varchar(255) CHARACTER SET utf8mb4 COLLATE utf8mb4_unicode_ci DEFAULT NULL,
  `parent_id` int DEFAULT NULL,
  `description` tinytext CHARACTER SET utf8mb4 COLLATE utf8mb4_unicode_ci,
  `position` int NOT NULL DEFAULT '0',
  `is_activated` smallint NOT NULL DEFAULT '1',
  `is_deleted` smallint NOT NULL DEFAULT '0',
  `created_at` timestamp NULL DEFAULT NULL,
  `updated_at` timestamp NULL DEFAULT NULL,
  PRIMARY KEY (`id`)
) ENGINE=InnoDB AUTO_INCREMENT=86 DEFAULT CHARSET=utf8mb4 COLLATE=utf8mb4_unicode_ci;

--
-- Dumping data for table `conditions`
--

INSERT INTO `conditions` VALUES (1,'立場','position',NULL,0,NULL,33,1,1,'2023-11-26 04:39:34','2024-07-10 18:33:33'),(2,'本人','principal',NULL,1,NULL,34,1,1,'2023-11-26 04:39:34','2024-07-10 18:33:19'),(3,'母','mother',NULL,1,NULL,49,1,0,'2023-11-26 04:39:34','2024-07-10 18:50:26'),(4,'父','father',NULL,1,NULL,36,1,0,'2023-11-26 04:39:34','2025-04-14 02:29:09'),(5,'祖母・おば','grandmother',NULL,1,NULL,39,1,0,'2023-11-26 04:39:34','2025-04-14 02:29:09'),(6,'姉妹(未婚）','sister_ms',NULL,1,NULL,45,1,0,'2023-11-26 04:39:34','2025-04-14 02:29:09'),(7,'姉妹(既婚）','sister_mrs',NULL,1,NULL,45,1,0,'2023-11-26 04:39:34','2025-02-22 04:49:12'),(8,'友人(未婚)','friend_ms',NULL,1,NULL,48,1,0,'2023-11-26 04:39:34','2025-02-22 04:49:12'),(9,'友人(既婚)','friend_mrs',NULL,1,NULL,41,1,0,'2023-11-26 04:39:34','2025-04-14 02:29:09'),(10,'上司','boss',NULL,1,NULL,46,1,0,'2023-11-26 04:39:34','2025-04-14 02:29:09'),(11,'仲人','matchmaker',NULL,1,NULL,49,1,0,'2023-11-26 04:39:34','2025-04-14 02:29:09'),(12,'年代','era',NULL,0,NULL,44,1,0,'2023-11-26 04:39:34','2024-06-18 13:13:53'),(13,'10代','10s',NULL,12,NULL,45,1,0,'2023-11-26 04:39:34','2024-06-18 13:13:53'),(14,'20代','20s',NULL,12,NULL,46,1,0,'2023-11-26 04:39:34','2024-06-18 13:13:53'),(15,'30代','30s',NULL,12,NULL,47,1,0,'2023-11-26 04:39:34','2024-06-18 13:13:53'),(16,'40代','40s',NULL,12,NULL,48,1,0,'2023-11-26 04:39:34','2024-06-18 13:13:53'),(17,'50代','50s',NULL,12,NULL,49,1,0,'2023-11-26 04:39:34','2024-06-18 13:13:53'),(18,'60代','60s',NULL,12,NULL,50,1,0,'2023-11-26 04:39:34','2024-06-18 13:13:53'),(19,'70代以上','over70s',NULL,12,NULL,19,1,0,'2023-11-26 04:39:34','2025-04-14 02:29:09'),(20,'3歳','3yearsd',NULL,12,NULL,21,1,0,'2023-11-26 04:39:34','2025-04-14 02:29:09'),(21,'5歳','5yearsd',NULL,12,NULL,23,1,0,'2023-11-26 04:39:34','2025-04-14 02:29:09'),(22,'7歳','7yearsd',NULL,12,NULL,25,1,0,'2023-11-26 04:39:34','2025-04-14 02:29:09'),(23,'季節','season',NULL,0,NULL,27,1,0,'2023-11-26 04:39:34','2025-04-14 02:29:09'),(24,'単衣(5月・6月・9月)','hitoe',NULL,23,NULL,29,1,0,'2023-11-26 04:39:34','2025-04-14 02:29:09'),(25,'夏物(7月・8月)','ro',NULL,23,NULL,31,1,0,'2023-11-26 04:39:34','2025-04-14 02:29:09'),(26,'袷(通年)','awase',NULL,23,NULL,33,1,0,'2023-11-26 04:39:34','2025-04-14 02:29:09'),(27,'色','color',NULL,0,NULL,35,1,0,'2023-11-26 04:39:34','2025-04-14 02:29:09'),(28,'金','gold',NULL,27,NULL,40,1,0,'2023-11-26 04:39:34','2025-04-14 02:29:09'),(29,'赤','red',NULL,27,NULL,46,1,0,'2023-11-26 04:39:34','2025-02-22 04:49:12'),(30,'クリーム・ベージュ','cream',NULL,27,NULL,42,1,0,'2023-11-26 04:39:34','2025-04-14 02:29:09'),(31,'ピンク','pink',NULL,27,NULL,50,1,0,'2023-11-26 04:39:34','2025-04-14 02:29:09'),(32,'黄色','yellow',NULL,27,NULL,45,1,0,'2023-11-26 04:39:34','2024-07-10 18:50:26'),(33,'オレンジ','orange',NULL,27,NULL,47,1,0,'2023-11-26 04:39:34','2024-07-10 18:50:26'),(34,'青・紺','blue',NULL,27,NULL,48,1,0,'2023-11-26 04:39:34','2024-07-10 18:50:26'),(35,'水色','lightblue',NULL,27,NULL,50,0,0,'2023-11-26 04:39:34','2024-07-10 18:50:26'),(36,'緑','green',NULL,27,NULL,37,1,0,'2023-11-26 04:39:34','2025-04-14 02:29:09'),(37,'黒','black',NULL,27,NULL,43,1,0,'2023-11-26 04:39:34','2025-04-14 02:29:09'),(38,'白','white',NULL,27,NULL,43,1,0,'2023-11-26 04:39:34','2025-02-22 04:49:12'),(39,'グレー','gray',NULL,27,NULL,47,1,0,'2023-11-26 04:39:34','2025-02-22 04:49:12'),(40,'茶','brown',NULL,27,NULL,49,1,0,'2023-11-26 04:39:34','2025-02-22 04:49:12'),(41,'紫','purple',NULL,27,NULL,44,1,0,'2023-11-26 04:39:34','2025-04-14 02:29:09'),(42,'サイズ','size',NULL,0,NULL,47,1,0,'2023-11-26 04:39:34','2025-04-14 02:29:09'),(43,'S','s',NULL,42,NULL,43,1,0,'2023-11-26 04:39:34','2024-03-13 02:38:22'),(44,'M','m',NULL,42,NULL,44,1,0,'2023-11-26 04:39:34','2024-03-13 02:38:22'),(45,'MO','mo',NULL,42,NULL,45,1,0,'2023-11-26 04:39:34','2024-03-13 02:38:22'),(46,'L','l',NULL,42,NULL,46,1,0,'2023-11-26 04:39:34','2024-03-13 02:38:22'),(47,'LO','lo',NULL,42,NULL,47,1,0,'2023-11-26 04:39:34','2024-03-13 02:38:22'),(48,'LL(2L)','ll',NULL,42,NULL,48,1,0,'2023-11-26 04:39:34','2024-03-13 02:38:22'),(49,'3L','3l',NULL,42,NULL,49,1,0,'2023-11-26 04:39:34','2024-03-13 02:38:22'),(50,'雰囲気','atmosphere',NULL,0,NULL,50,1,0,'2023-11-26 04:39:34','2024-03-13 02:38:22'),(51,'伝統的','traditional',NULL,50,'あああ',6,0,0,'2023-11-26 04:39:34','2025-04-14 02:29:09'),(52,'現代的','modern',NULL,50,NULL,2,1,0,'2023-11-26 04:39:34','2025-04-14 02:29:09'),(53,'魅力的','attracive',NULL,50,NULL,1,1,0,'2023-11-26 04:39:34','2025-04-14 02:29:09'),(54,'知性的','intelligent',NULL,50,NULL,3,1,0,'2023-11-26 04:39:34','2025-04-14 02:29:09'),(55,'クール','cool',NULL,50,NULL,4,1,0,'2023-11-26 04:39:34','2025-04-14 02:29:09'),(56,'可愛い','cute',NULL,50,NULL,5,1,0,'2023-11-26 04:39:34','2025-04-14 02:29:09'),(57,'キラキラ','glitter',NULL,50,NULL,7,1,0,'2023-11-26 04:39:34','2025-04-14 02:29:09'),(58,'フワフワ','fleecy',NULL,50,NULL,8,1,0,'2023-11-26 04:39:34','2025-04-14 02:29:09'),(59,'かっこいい','nifty',NULL,50,NULL,9,1,0,'2023-11-26 04:39:34','2025-04-14 02:29:09'),(60,'シンプル','simple',NULL,50,NULL,10,1,0,'2023-11-26 04:39:34','2025-04-14 02:29:09'),(61,'アンティーク','antique',NULL,50,NULL,11,1,0,'2023-11-26 04:39:34','2025-04-14 02:29:09'),(62,'レトロ','retro',NULL,50,NULL,12,1,0,'2023-11-26 04:39:34','2025-04-14 02:29:09'),(63,'大人','adult',NULL,50,NULL,13,1,0,'2023-11-26 04:39:34','2025-04-14 02:29:09'),(64,'生地','material',NULL,0,NULL,14,1,0,'2023-11-26 04:39:34','2025-04-14 02:29:09'),(65,'正絹','sillk',NULL,64,NULL,15,1,0,'2023-11-26 04:39:34','2025-04-14 02:29:09'),(66,'ポリエステル','polyester',NULL,64,NULL,16,1,0,'2023-11-26 04:39:34','2025-04-14 02:29:09'),(67,'紬','tsumugi',NULL,64,NULL,17,1,0,'2023-11-26 04:39:34','2025-04-14 02:29:09'),(68,'ブランド','brand',NULL,0,NULL,18,1,0,'2023-11-26 04:39:34','2025-04-14 02:29:09'),(69,'刺繍','shishu',NULL,68,NULL,20,1,0,'2023-11-26 04:39:34','2025-04-14 02:29:09'),(70,'友禅','yuzen',NULL,68,NULL,22,1,0,'2023-11-26 04:39:34','2025-04-14 02:29:09'),(71,'辻が花','tsujigahana',NULL,68,NULL,24,1,0,'2023-11-26 04:39:34','2025-04-14 02:29:09'),(72,'絞り','shibori',NULL,68,NULL,26,1,0,'2023-11-26 04:39:34','2025-04-14 02:29:09'),(73,'染め','some',NULL,68,NULL,28,1,0,'2023-11-26 04:39:34','2025-04-14 02:29:09'),(74,'関芳','sekiyoshi',NULL,68,NULL,30,1,0,'2023-11-26 04:39:34','2025-04-14 02:29:09'),(75,'桂由美','katsura_yumi',NULL,68,NULL,32,1,0,'2023-11-26 04:39:34','2025-04-14 02:29:09'),(76,'山口美術織物','yamaguchi',NULL,68,NULL,34,1,0,'2023-11-26 04:39:34','2025-04-14 02:29:09'),(77,'九重','kokonoe',NULL,68,NULL,38,1,0,'2023-11-26 04:39:34','2025-04-14 02:29:09'),(78,'紅一点','kohitten',NULL,68,NULL,44,1,0,'2023-11-26 04:39:34','2025-02-22 04:49:12'),(79,'金彩','kinsai',NULL,68,NULL,50,1,0,'2023-11-26 04:39:34','2025-02-22 04:49:12'),(80,'藤田ニコル','fujita_nicole',NULL,68,NULL,48,1,0,'2023-11-26 04:39:34','2025-04-14 02:29:09'),(81,'PRINCESS FURISODE','princess_furisode',NULL,68,NULL,44,1,0,'2023-11-26 04:39:34','2024-07-10 18:50:26'),(82,'JAPAN STYLE','japan_style',NULL,68,NULL,46,1,0,'2023-11-26 04:39:34','2024-07-10 18:50:26'),(83,'2222','2222',NULL,0,NULL,0,1,1,'2023-11-26 09:11:30','2023-11-26 09:12:13'),(84,'ピ2系aaaaaaaaaaaaaaaaaaaaaaaaaaaaaaaaaaaaaaaaaaaaaaaaaaaaaaaaaaaaaaaaaaaaaaaaaaaaaaaaaaaaaaaaaaaaaaaaaaaaaaaaaaaaaaaaaaaaaaaaaaaaaaaaaaaaaaaaaaaaaaaaaaaaaaaaaaaaaaaaaaaaaaaaaaaaaaaaaaaaaaaaaaaaaaaaaaaaaaaaaaaaaaaaaaaaaaaaaaaaaaaaaaaaaaaaaaaaaaaaaaaaaaaaaaaa','ピ2系aaaaaaaaaaaaaaaaaaaaaaaaaaaaaaaaaaaaaaaaaaaaaaaaaaaaaaaaaaaaaaaaaaaaaaaaaaaaaaaaaaaaaaaaaaaaaaaaaaaaaaaaaaaaaaaaaaaaaaaaaaaaaaaaaaaaaaaaaaaaaaaaaaaaaaaaaaaaaaaaaaaaaaaaaaaaaaaaaaaaaaaaaaaaaaaaaaaaaaaaaaaaaaaaaaaaaaaaaaaaaaaaaaaaaaaaaaaaaaaaaaaaaaaaaaaa',NULL,67,'ピ2233aaaaaaaaaaaaaaaaaaaaaaaaaaaaaaaaaaaaaaaaaaaaaaaaaaaaaaaaaaaaaaaaaaaaaaaaaaaaaaaaaaaaaaaaaaaaaaaaaaaaaaaaaaaaaaaaaaaaaaaaaaaaaaaaaaaaaaaaaaaaaaaaaaaaaaaaaaaaaaaaaaaaaaaaaaaaaaaaaaaaaaaaaaaaaaaaaaaaaaaaaaaaaaaaaaaaaaaaaaaaaaaaaaaaaaaaaaaaaaaaaaaaaabc',51,1,0,'2024-07-11 09:30:00','2024-07-11 09:42:33'),(85,'綿','綿',NULL,64,NULL,52,1,0,'2025-02-25 06:16:53','2025-02-25 06:16:53');

--
-- Table structure for table `contacts`
--

CREATE TABLE `contacts` (
  `id` bigint unsigned NOT NULL AUTO_INCREMENT,
  `type` varchar(255) CHARACTER SET utf8mb4 COLLATE utf8mb4_unicode_ci DEFAULT NULL,
  `name` varchar(255) CHARACTER SET utf8mb4 COLLATE utf8mb4_unicode_ci DEFAULT NULL,
  `first_name` varchar(255) CHARACTER SET utf8mb4 COLLATE utf8mb4_unicode_ci NOT NULL,
  `last_name` varchar(255) CHARACTER SET utf8mb4 COLLATE utf8mb4_unicode_ci NOT NULL,
  `email` varchar(255) CHARACTER SET utf8mb4 COLLATE utf8mb4_unicode_ci NOT NULL,
  `phone_number` varchar(255) CHARACTER SET utf8mb4 COLLATE utf8mb4_unicode_ci NOT NULL,
  `content` text CHARACTER SET utf8mb4 COLLATE utf8mb4_unicode_ci,
  `company` varchar(255) CHARACTER SET utf8mb4 COLLATE utf8mb4_unicode_ci DEFAULT NULL,
  `zip_code_1` varchar(255) CHARACTER SET utf8mb4 COLLATE utf8mb4_unicode_ci DEFAULT NULL,
  `zip_code_2` varchar(255) CHARACTER SET utf8mb4 COLLATE utf8mb4_unicode_ci DEFAULT NULL,
  `prefectures` text CHARACTER SET utf8mb4 COLLATE utf8mb4_unicode_ci,
  `address` text CHARACTER SET utf8mb4 COLLATE utf8mb4_unicode_ci,
  `building_name` text CHARACTER SET utf8mb4 COLLATE utf8mb4_unicode_ci,
  `schedule_request_1_date` varchar(255) CHARACTER SET utf8mb4 COLLATE utf8mb4_unicode_ci DEFAULT NULL,
  `schedule_request_1_session` varchar(255) CHARACTER SET utf8mb4 COLLATE utf8mb4_unicode_ci DEFAULT NULL,
  `schedule_request_1_time` varchar(255) CHARACTER SET utf8mb4 COLLATE utf8mb4_unicode_ci DEFAULT NULL,
  `schedule_request_2_date` varchar(255) CHARACTER SET utf8mb4 COLLATE utf8mb4_unicode_ci DEFAULT NULL,
  `schedule_request_2_session` varchar(255) CHARACTER SET utf8mb4 COLLATE utf8mb4_unicode_ci DEFAULT NULL,
  `schedule_request_2_time` varchar(255) CHARACTER SET utf8mb4 COLLATE utf8mb4_unicode_ci DEFAULT NULL,
  `product_id` int DEFAULT NULL,
  `product_code` varchar(255) CHARACTER SET utf8mb4 COLLATE utf8mb4_unicode_ci DEFAULT NULL,
  `product_name` varchar(255) CHARACTER SET utf8mb4 COLLATE utf8mb4_unicode_ci DEFAULT NULL,
  `product_image` varchar(255) CHARACTER SET utf8mb4 COLLATE utf8mb4_unicode_ci DEFAULT NULL,
  `product_regular_price_from` double(15,2) DEFAULT NULL,
  `product_regular_price_to` double(15,2) DEFAULT NULL,
  `product_price_from` double(15,2) DEFAULT NULL,
  `product_price_to` double(15,2) DEFAULT NULL,
  `product_discount` int DEFAULT NULL,
  `product_sale_cost` double(15,2) DEFAULT NULL,
  `product_price` double(15,2) DEFAULT NULL,
  `product_standard_construction_fee` double(15,2) DEFAULT NULL,
  `product_tax` double(15,2) DEFAULT NULL,
  `product_shipping_cost` double(15,2) DEFAULT NULL,
  `product_total_amount` double(15,2) DEFAULT NULL,
  `options` varchar(255) CHARACTER SET utf8mb4 COLLATE utf8mb4_unicode_ci DEFAULT NULL,
  `other_address` varchar(255) CHARACTER SET utf8mb4 COLLATE utf8mb4_unicode_ci DEFAULT NULL,
  `other_address2` varchar(255) CHARACTER SET utf8mb4 COLLATE utf8mb4_unicode_ci DEFAULT NULL,
  `other_address3` varchar(255) CHARACTER SET utf8mb4 COLLATE utf8mb4_unicode_ci DEFAULT NULL,
  `user_id` int DEFAULT NULL,
  `is_other_address` smallint NOT NULL DEFAULT '0',
  `status` smallint NOT NULL DEFAULT '0',
  `is_read` smallint NOT NULL DEFAULT '0',
  `is_activated` smallint NOT NULL DEFAULT '1',
  `is_deleted` smallint NOT NULL DEFAULT '0',
  `created_at` timestamp NULL DEFAULT NULL,
  `updated_at` timestamp NULL DEFAULT NULL,
  PRIMARY KEY (`id`)
) ENGINE=InnoDB DEFAULT CHARSET=utf8mb4 COLLATE=utf8mb4_unicode_ci;

--
-- Dumping data for table `contacts`
--


--
-- Table structure for table `delivery_addresses`
--

CREATE TABLE `delivery_addresses` (
  `id` bigint unsigned NOT NULL AUTO_INCREMENT,
  `order_id` int DEFAULT NULL,
  `first_name` varchar(255) CHARACTER SET utf8mb4 COLLATE utf8mb4_unicode_ci NOT NULL,
  `last_name` varchar(255) CHARACTER SET utf8mb4 COLLATE utf8mb4_unicode_ci NOT NULL,
  `furigana_first_name` varchar(255) CHARACTER SET utf8mb4 COLLATE utf8mb4_unicode_ci NOT NULL,
  `furigana_last_name` varchar(255) CHARACTER SET utf8mb4 COLLATE utf8mb4_unicode_ci NOT NULL,
  `post_code` varchar(255) CHARACTER SET utf8mb4 COLLATE utf8mb4_unicode_ci NOT NULL,
  `district` varchar(255) CHARACTER SET utf8mb4 COLLATE utf8mb4_unicode_ci DEFAULT NULL,
  `city` varchar(255) CHARACTER SET utf8mb4 COLLATE utf8mb4_unicode_ci DEFAULT NULL,
  `address` varchar(255) CHARACTER SET utf8mb4 COLLATE utf8mb4_unicode_ci NOT NULL,
  `phone_number` varchar(255) CHARACTER SET utf8mb4 COLLATE utf8mb4_unicode_ci NOT NULL,
  `email` varchar(255) CHARACTER SET utf8mb4 COLLATE utf8mb4_unicode_ci NOT NULL,
  `company` varchar(255) CHARACTER SET utf8mb4 COLLATE utf8mb4_unicode_ci DEFAULT NULL,
  `user_id` bigint unsigned DEFAULT NULL,
  `is_default` smallint NOT NULL DEFAULT '0',
  `is_other_address` smallint NOT NULL DEFAULT '0',
  `created_at` timestamp NULL DEFAULT NULL,
  `updated_at` timestamp NULL DEFAULT NULL,
  PRIMARY KEY (`id`)
) ENGINE=InnoDB AUTO_INCREMENT=56 DEFAULT CHARSET=utf8mb4 COLLATE=utf8mb4_unicode_ci;

--
-- Dumping data for table `delivery_addresses`
--

INSERT INTO `delivery_addresses` VALUES (1,1,'test','01','aka','test','3610000','tokyo','宮城県','233333332','0227-928-982','tester001@gmail.com',NULL,119,0,0,'2023-04-10 13:23:24','2023-04-10 13:23:24');

--
-- Table structure for table `face_swap_jobs`
--

CREATE TABLE `face_swap_jobs` (
  `id` bigint unsigned NOT NULL AUTO_INCREMENT,
  `code` varchar(255) CHARACTER SET utf8mb4 COLLATE utf8mb4_unicode_ci NOT NULL,
  `source_path` varchar(255) CHARACTER SET utf8mb4 COLLATE utf8mb4_unicode_ci NOT NULL,
  `target_path` varchar(255) CHARACTER SET utf8mb4 COLLATE utf8mb4_unicode_ci NOT NULL,
  `output_path` varchar(255) CHARACTER SET utf8mb4 COLLATE utf8mb4_unicode_ci NOT NULL,
  `status` varchar(255) CHARACTER SET utf8mb4 COLLATE utf8mb4_unicode_ci NOT NULL DEFAULT 'pending',
  `error` text CHARACTER SET utf8mb4 COLLATE utf8mb4_unicode_ci,
  `created_at` timestamp NULL DEFAULT NULL,
  `updated_at` timestamp NULL DEFAULT NULL,
  PRIMARY KEY (`id`)
) ENGINE=InnoDB DEFAULT CHARSET=utf8mb4 COLLATE=utf8mb4_unicode_ci;

--
-- Dumping data for table `face_swap_jobs`
--


--
-- Table structure for table `failed_jobs`
--

CREATE TABLE `failed_jobs` (
  `id` bigint unsigned NOT NULL AUTO_INCREMENT,
  `connection` text CHARACTER SET utf8mb4 COLLATE utf8mb4_unicode_ci NOT NULL,
  `queue` text CHARACTER SET utf8mb4 COLLATE utf8mb4_unicode_ci NOT NULL,
  `payload` longtext CHARACTER SET utf8mb4 COLLATE utf8mb4_unicode_ci NOT NULL,
  `exception` longtext CHARACTER SET utf8mb4 COLLATE utf8mb4_unicode_ci NOT NULL,
  `failed_at` timestamp NOT NULL DEFAULT CURRENT_TIMESTAMP,
  PRIMARY KEY (`id`)
) ENGINE=InnoDB DEFAULT CHARSET=utf8mb4 COLLATE=utf8mb4_unicode_ci;

--
-- Dumping data for table `failed_jobs`
--


--
-- Table structure for table `faq_links`
--

CREATE TABLE `faq_links` (
  `id` bigint unsigned NOT NULL AUTO_INCREMENT,
  `faq_id` bigint unsigned NOT NULL,
  `name` varchar(255) CHARACTER SET utf8mb4 COLLATE utf8mb4_unicode_ci NOT NULL,
  `url` text CHARACTER SET utf8mb4 COLLATE utf8mb4_unicode_ci NOT NULL,
  `order` int NOT NULL DEFAULT '0',
  `created_at` timestamp NULL DEFAULT NULL,
  `updated_at` timestamp NULL DEFAULT NULL,
  PRIMARY KEY (`id`),
  KEY `faq_links_faq_id_index` (`faq_id`),
  CONSTRAINT `faq_links_faq_id_foreign` FOREIGN KEY (`faq_id`) REFERENCES `faqs` (`id`) ON DELETE CASCADE
) ENGINE=InnoDB AUTO_INCREMENT=24 DEFAULT CHARSET=utf8mb4 COLLATE=utf8mb4_unicode_ci;

--
-- Dumping data for table `faq_links`
--

INSERT INTO `faq_links` VALUES (21,43,'Link 1','/page/privacy-policy',0,'2025-06-23 00:40:49','2025-06-23 00:40:49'),(22,43,'Link 2','http://127.0.0.1:8000/page/privacy-policy',1,'2025-06-23 00:40:49','2025-06-23 00:40:49'),(23,43,'Link 3','https://www.google.com/',2,'2025-06-23 00:40:49','2025-06-23 00:40:49');

--
-- Table structure for table `faqs`
--

CREATE TABLE `faqs` (
  `id` bigint unsigned NOT NULL AUTO_INCREMENT,
  `type` smallint NOT NULL DEFAULT '0' COMMENT 'Loại FAQ',
  `name` mediumtext CHARACTER SET utf8mb4 COLLATE utf8mb4_unicode_ci NOT NULL,
  `description` longtext CHARACTER SET utf8mb4 COLLATE utf8mb4_unicode_ci,
  `group` smallint unsigned DEFAULT '0',
  `is_activated` smallint NOT NULL DEFAULT '1',
  `is_deleted` smallint NOT NULL DEFAULT '0',
  `created_at` timestamp NULL DEFAULT NULL,
  `updated_at` timestamp NULL DEFAULT NULL,
  PRIMARY KEY (`id`)
) ENGINE=InnoDB AUTO_INCREMENT=118 DEFAULT CHARSET=utf8mb4 COLLATE=utf8mb4_unicode_ci;

--
-- Dumping data for table `faqs`
--

INSERT INTO `faqs` VALUES (43,0,'バーチャル試着について教えてください。','バーチャル試着は、サイトにお客様の顔写真を登録するだけで、ご希望のお着物に顔写真を自動合成し、実際に着物を着用しているような画像が仕上がります。詳しい方法はこちらをご覧ください。',0,1,0,'2025-06-22 20:20:25','2025-06-23 00:40:49'),(44,0,'レンタル期間は何日ですか？','5泊6日です。着用日の3日前に到着し、着用後2日以内にご返却ください。',0,1,0,'2025-06-22 20:20:25','2025-06-22 20:20:25'),(45,0,'下見することはできますか？','申し訳ございません。営業店舗へご来店いただいても、着物の下見はできません。是非バーチャル試着をご活用ください。→バーチャル試着はコチラから',0,1,0,'2025-06-22 20:20:25','2025-06-22 20:20:25'),(46,0,'来店着付けもできますか？','申し訳ございません。当店での着付けは行っておりません。ご近くの美容室などをご利用ください。',0,1,0,'2025-06-22 20:20:25','2025-06-22 20:20:25'),(47,1,'価格の違いはなんですか？','オーナー様のお着物の状態です。生地の素材・色・柄・経年劣化などを総合的に評価しております。',0,1,0,'2025-06-22 20:20:25','2025-06-22 20:20:25'),(48,1,'草履・バッグは選べますか？','草履・バッグはお着物に合わせて当店のおまかせコーディネートでお送りいたします。',0,1,0,'2025-06-22 20:20:25','2025-06-22 20:20:25'),(49,1,'レンタル品以外に自分で用意するものはありますか？','「フェイスタオル」と「髪飾り」を必要に応じてご準備ください。フェイスタオルは体形補正に使用します。体形によって必要枚数は異なりますが、3～5枚あると良いです。',0,1,0,'2025-06-22 20:20:25','2025-06-22 20:20:25'),(50,1,'コーディネートの組み換えはできますか？','申し訳ございません。オーナー様のコーディネートをそのままレンタルしておりますので、組み換えはできません。',0,1,0,'2025-06-22 20:20:25','2025-06-22 20:20:25'),(51,1,'着物のみのレンタルもできますか？','オーナー様のコーディネートをそのままレンタルしております。単品でのレンタルはできません。',0,1,0,'2025-06-22 20:20:25','2025-06-22 20:20:25'),(52,2,'着付け小物を紛失しました。どうしたらいいですか？','その旨を必ずご報告いただき、実費を請求させていただきます。',0,1,0,'2025-06-22 20:20:25','2025-06-22 20:20:25'),(53,2,'着物が汚れました。どうしたらいいですか？','小さい食べこぼしや、泥はねなどは追加料金なしでお手入れできます。修繕が困難な汚れは別途実費請求いたします。詳しくはコチラをご確認ください。',0,1,0,'2025-06-22 20:20:25','2025-06-22 20:20:25'),(54,2,'小物（草履・バッグなど）が壊れました。どうしたらいいですか？','通常利用によって発生した破損・汚損は当店でお手入れいたします。そのため破損時の詳しい状況を聞かせていただく場合がございます。過度な利用で起きた破損はこの限りではありませんので、お客様へ実費を請求いたします。',0,1,0,'2025-06-22 20:20:25','2025-06-22 20:20:25'),(55,2,'返送後に入れ忘れに気が付きました。どうしたらいいですか？','その旨を当店へご連絡ください。そのうえで、直ちに返送をお願いいたします。その際にかかる送料はお客様にご負担いただきます。',0,1,0,'2025-06-22 20:20:25','2025-06-22 20:20:25'),(56,2,'利用日が雨予報です。着用は諦めたほうがいいですか？','泥はねなどの汚れは当社負担でお手入れできますので、雨の予報でもお着物の着用は可能です。傘を利用し、できるだけお着物が濡れるのは避けてください。身の危険があるような大雨の日は控えてください。',0,1,0,'2025-06-22 20:20:25','2025-06-22 20:20:25'),(57,3,'支払い方法の変更はできますか？','',0,1,0,'2025-06-22 20:20:25','2025-06-22 20:20:25'),(58,3,'領収書は発行できますか？','可能です。商品に領収書を同梱してお送りいたします。ご注文時に領収書の有無をお選びください。',0,1,0,'2025-06-22 20:20:25','2025-06-22 20:20:25'),(59,3,'支払い方法を教えてください。','「クレジットカード」または「銀行振込」です。',0,1,0,'2025-06-22 20:20:25','2025-06-22 20:20:25'),(60,3,'銀行振込の案内メールが消えてしまいました。','その旨当店へご連絡ください。再度メールを送信いたします。',0,1,0,'2025-06-22 20:20:25','2025-06-22 20:20:25'),(61,3,'クレジットカードを変更したいのですが','',0,1,0,'2025-06-22 20:20:25','2025-06-22 20:20:25'),(62,4,'注文はどのくらい前からできますか？','ご着用予定日の1年前よりご予約可能です。',0,1,0,'2025-06-22 20:20:25','2025-06-22 20:20:25'),(63,4,'電話予約できますか？','申し訳ございません。お電話での商品確認が難しいため、お客様との相違が生まれぬようサイト注文のみ受け付けております。',0,1,0,'2025-06-22 20:20:25','2025-06-22 20:20:25'),(64,4,'何日前まで予約受付していますか？','ご着用予定日の14日前までご注文可能です。',0,1,0,'2025-06-22 20:20:25','2025-06-22 20:20:25'),(65,4,'自分に合うサイズがわかりません。','洋服と違い、きっちり決まったサイズでないとダメだということはありません。サイズについて詳しくはこちらをご覧ください。不安な方はお気軽にお問い合わせください。',0,1,0,'2025-06-22 20:20:25','2025-06-22 20:20:25'),(66,5,'送料を教えてください。','商品によってことなります。詳しくはコチラをご確認ください。',0,1,0,'2025-06-22 20:20:25','2025-06-22 20:20:25'),(67,5,'着物はいつ届きますか？','着用日の3日前です。到着後～着用日までは予備日としております。到着した着物はすぐに確認していただき、不備がないかお確かめください。',0,1,0,'2025-06-22 20:20:25','2025-06-22 20:20:25'),(68,5,'式場や美容室などの着付け会場へ届けることはできますか？','可能です。お届けを予定している施設に必ずお確かめいただき、配送時間などご指定がある場合は当店へご連絡ください。',0,1,0,'2025-06-22 20:20:25','2025-06-22 20:20:25'),(69,5,'宅配業者は選べますか？','申し訳ございません。全てヤマト運輸株式会社様を利用しております。返送の際も同様です。',0,1,0,'2025-06-22 20:20:25','2025-06-22 20:20:25'),(70,5,'返却方法を教えてください。','お荷物と一緒に返送方法について詳しい案内が入っております。コチラからもご確認いただけます。',0,1,0,'2025-06-22 20:20:25','2025-06-22 20:20:25'),(71,5,'返却日の何時までに荷物を預けたらいいですか？','返却日中に受け渡しが確認できれば大丈夫です。最終受付時間は最寄りのヤマト運輸様営業所へお問い合わせください。',0,1,0,'2025-06-22 20:20:25','2025-06-22 20:20:25'),(72,5,'置き配や宅配ボックスへの配達はできますか？','ご利用いただけません。お着物はオーナー様所有物ですので、防犯の観点から対面での受け渡しのみとしております。',0,1,0,'2025-06-22 20:20:25','2025-06-22 20:20:25'),(73,5,'返送期日に間に合いませんでした。どうしたらいいですか？','その旨をご連絡いただき、早急にご返却ください。お客様都合での返却遅延は別途遅延料金を請求いたします。',0,1,0,'2025-06-22 20:20:25','2025-06-22 20:20:25'),(74,5,'遅延料金は発生しますか？','はい。１日につきお支払い金額の10％を遅延料金として頂戴いたします。　　　　　　　　　　　例）41,800円の支払いの場合、1日の遅延料金は4,180円　　　　　　　　　　　　　　　　　　　　14日を経過した場合は遅延料金とは別に違約金として10万円を請求いたします。',0,1,0,'2025-06-22 20:20:25','2025-06-22 20:20:25'),(75,5,'間違えて返却用の段ボールを処分してしまいました。','お客様にて段ボールをご用意のうえご返却ください。オーナー様の大切なお着物を入れる段ボールです。「匂い移りのない」「新品」の段ボールをホームセンター等でご用意ください。詳しくはお問い合わせください。',0,1,0,'2025-06-22 20:20:25','2025-06-22 20:20:25'),(76,5,'着用後の着物の畳み方が知りたいです','基本的には段ボールに入ればどんな畳み方でも大丈夫です。縫い目に沿って畳むと上手に畳めるかと思います。より綺麗な畳み方を知りたい方は、Youtubeなどで「着物　本だたみ」と検索いただくと解説動画が多数出てきます。',0,1,0,'2025-06-22 20:20:25','2025-06-22 20:20:25'),(77,6,'注文内容の変更はできますか？（利用日・お届け先など）','ご利用日やお届け先の変更は、ご着用日の14日前までは変更可能です。お気軽にお問い合わせください。',0,1,0,'2025-06-22 20:20:25','2025-06-22 20:20:25'),(78,6,'キャンセルはできますか？','キャンセルはいつでも可能ですが、時期によってキャンセル料が発生いたします。詳しくはコチラをご確認ください。',0,1,0,'2025-06-22 20:20:25','2025-06-22 20:20:25'),(79,6,'レンタルの延長はできますか？','申し訳ございません。レンタルの延長は承れません。5泊6日中であれば何日着用いただいてもかまいません。',0,1,0,'2025-06-22 20:20:25','2025-06-22 20:20:25'),(80,6,'天候不良・体調不良で着られなかったのですが、どうなりますか？','配送後の商品はご着用の有無にかかわらず、キャンセルは承れません。100％の料金を頂戴いたします。',0,1,0,'2025-06-22 20:20:25','2025-06-22 20:20:25'),(81,6,'イベントが中止になり、時期をずらして着用したいのですが、時期にあったお着物に変更できますか？','≪ご注文後～着用予定日31日前≫　一度ご注文をキャンセルし、再度ご希望内容でご注文ください。≪着用予定日30日前～14日前≫　　お手数ですが一度当店までお問い合わせください。　　　　　　≪着用予定日13日前～≫　　　　　ご注文内容の変更はできません',0,1,0,'2025-06-22 20:20:25','2025-06-22 20:20:25'),(82,6,'申し込み後に着物の変更はできますか？','≪ご注文後～着用予定日31日前≫　一度ご注文をキャンセルし、再度ご希望内容でご注文ください。≪着用予定日30日前～14日前≫　　お手数ですが一度当店までお問い合わせください。　　　　　　≪着用予定日13日前～≫　　　　　ご注文内容の変更はできません',0,1,0,'2025-06-22 20:20:25','2025-06-22 20:20:25'),(83,6,'利用日の変更は１回だけですか？','基本ご着用予定日の14日前であれば何度でも承りますが、その都度変更理由などをお伺いいたします。',0,1,0,'2025-06-22 20:20:25','2025-06-22 20:20:25'),(84,0,'着物を貸し出すための登録手続きはどうすればいいですか？','お着物の査定→利用申請→Web登録を行っていただきます。詳しくはコチラをご確認ください。',1,1,0,'2025-06-22 20:20:25','2025-06-22 20:20:25'),(85,0,'出品可能な着物の種類や条件はありますか？（振袖、訪問着、帯、小物など）','着物の種類は振袖・留袖・訪問着・小紋・紬などなんでもＯＫ！全てコーディネートで出品しますので必ず着物・帯・襦袢の3点セットでお預けください。帯締め・帯揚げ・重ね衿もご用意可能でしたらセットでお預かりいたします。それぞれ単品での出品はできません。詳しい条件はコチラをご確認ください。',1,1,0,'2025-06-22 20:20:25','2025-06-22 20:20:25'),(86,0,'出品時に必要な情報は何ですか？（サイズ、状態、着物の格、写真など）','採寸や状態のチェックから真撮影・出品準備も全て当店が行います。お着物の購入時期やお着物への想いなどお着物の見た目ではわからないことをお伺いすることがございます。',1,1,0,'2025-06-22 20:20:25','2025-06-22 20:20:25'),(87,0,'着物は買い取りしていただけますか？','買取は出来ません。お着物の所有権はお客様のままで貸し出しを行います。',1,1,0,'2025-06-22 20:20:25','2025-06-22 20:20:25'),(88,0,'着物の保管場所は？','自社建物内に保管室を準備しております。24時間温度・湿度を管理し、オゾン発生機能のある空気清浄機を24時間稼働。建物の施錠にプラスして保管室も施錠を行っております。',1,1,0,'2025-06-22 20:20:25','2025-06-22 20:20:25'),(89,0,'出品中のアイテムの状態確認はできますか？','お預かり後、準備が整い次第「マイタンス」にてご確認いただけます。マイタンスについて詳しくはコチラをご確認ください。',1,1,0,'2025-06-22 20:20:25','2025-06-22 20:20:25'),(90,0,'利用契約や規約はどこで確認できますか？','コチラからご確認いただけます。',1,1,0,'2025-06-22 20:20:25','2025-06-22 20:20:25'),(91,0,'預けた着物はいつでもとりだせますか？','レンタル予約が入っていないお着物はいつでも取り出し可能です。一時戻しの期間は5泊6日です。',1,1,0,'2025-06-22 20:20:25','2025-06-22 20:20:25'),(92,7,'出品にかかる費用や手数料はありますか？','初期費用・手数料などは一切いただきません！お客様はアイテム利用料としてPAYBACKを受け取るだけです。',1,1,0,'2025-06-22 20:20:25','2025-06-22 20:20:25'),(93,7,'レンタル料金の設定方法を教えてください。','当店在中の着物診断士が、着物の生地素材・色・柄などを総合的に判断し5つのタイプに振り分けます。詳しくはコチラをご確認ください。',1,1,0,'2025-06-22 20:20:25','2025-06-22 20:20:25'),(94,7,'レンタル料金は自分で設定できますか？','申し訳ございません。着物診断士の査定で決定いたします。',1,1,0,'2025-06-22 20:20:25','2025-06-22 20:20:25'),(95,7,'貸し出しが決まった場合の収益の受け取り方法は','貸し出しのご登録時にPAYBACK振込用の銀行口座をご登録いただきます。レンタルが実行されましたら、ご登録の口座あてにPAYBACK金額から振込手数料（250円）を差し引いた金額を振込いたします。詳しくはコチラをご確認ください。',1,1,0,'2025-06-22 20:20:25','2025-06-22 20:20:25'),(96,8,'着物が破損・汚損した場合の補償はありますか？','破損・汚損は当店が責任をもって修復に努めます。詳しくはコチラをご確認ください。',1,1,0,'2025-06-22 20:20:25','2025-06-22 20:20:25'),(97,8,'着物が紛失した場合の対応はどうなりますか？','紛失が確認された場合、賠償金を請求できます。詳しくはコチラをご確認ください。',1,1,0,'2025-06-22 20:20:25','2025-06-22 20:20:25'),(98,8,'貸し出し後のクリーニングは誰が行いますか？','当店で行います。汚れの程度によっては当店またはレンタルユーザーの負担で着物ケア専門業者へ委託しお手入れいたします。',1,1,0,'2025-06-22 20:20:25','2025-06-22 20:20:25'),(99,8,'貸し出し先のユーザーが着物を返却しない場合の対応は？','当社顧問弁護士を通して返却を要請し、それに応じない場合は法的な手続きを行います。',1,1,0,'2025-06-22 20:20:25','2025-06-22 20:20:25'),(100,9,'着物の査定中に貸し出しを辞めたいときは？','査定内容にご納得いただけないなど、途中で申請を取り消したい場合は問い合わせよりご連絡ください。',1,1,0,'2025-06-22 20:20:25','2025-06-22 20:20:25'),(101,9,'着物の貸し出しを辞めたいのですが。（利用停止）','利用を停止したいときは問い合わせよりご連絡ください。',1,1,0,'2025-06-22 20:20:25','2025-06-22 20:20:25'),(102,9,'オーナー側からレンタルの拒否はできますか？','どのような理由であっても、レンタルの予約が入ったお着物はオーナー様の希望でレンタルを断ることはできません。また、オーナー様がご利用予定でも、レンタルの予約が先に入っている場合はレンタルが優先されます。当店がレンタルユーザーへ変更や返還を求めることもできません。',1,1,0,'2025-06-22 20:20:25','2025-06-22 20:20:25'),(103,0,'着物の保管期間はどのくらいですか？','1年間の契約です。申請がない限り毎年自動更新となります。',2,1,0,'2025-06-22 20:20:25','2025-06-22 20:20:25'),(104,0,'どのような着物が保管可能ですか？（振袖、訪問着、帯、小物など）','どんな着物でも、どんな帯でも、どんな羽織でも、たとう紙に入るものは3点までOKです！その他小物も同時に収納可能。詳しい条件はコチラをご確認ください。',2,1,0,'2025-06-22 20:20:25','2025-06-22 20:20:25'),(105,0,'着物の出し入れはどのくらいの頻度でできますか？','いつでも出し入れ可能です。その際の送料はお客様にご負担いただきます。',2,1,0,'2025-06-22 20:20:25','2025-06-22 20:20:25'),(106,0,'保管環境はどのような場所ですか？（温度・湿度管理など）','自社建物内に保管室を準備しております。24時間温度・湿度を管理し、オゾン発生機能のある空気清浄機を24時間稼働。建物の施錠にプラスして保管室も施錠を行っております。',2,1,0,'2025-06-22 20:20:25','2025-06-22 20:20:25'),(107,0,'着物の預け入れ・引き取り方法を教えてください。','詳しくはコチラをご確認ください。',2,1,0,'2025-06-22 20:20:25','2025-06-22 20:20:25'),(108,0,'着物の保管状態は確認できますか？','お着物はお預かり後当店にて写真撮影を行い、準備が整い次第Webサイトからご確認いただけます。',2,1,0,'2025-06-22 20:20:25','2025-06-22 20:20:25'),(109,0,'保管期間の延長は可能ですか？','年間契約ですので、利用停止の申し出がない場合は毎年自動更新となります。',2,1,0,'2025-06-22 20:20:25','2025-06-22 20:20:25'),(110,9,'保管を停止したいときは？','お問い合わせフォームよりご連絡ください。お問い合わせはコチラ',2,1,0,'2025-06-22 20:20:25','2025-06-22 20:20:25'),(111,10,'保管料金はいくらですか？','1箱あたり〈 6,600円（税込）／ 1年間 〉です。1箱に入る商品についてはコチラをご覧ください。',2,1,0,'2025-06-22 20:20:25','2025-06-22 20:20:25'),(112,10,'追加料金は発生しますか？（クリーニング、配送など）','ご要望がない限り、当店で保管のみをおこないますでの追加料金はありません。一時戻しの際の送料やクリーニング依頼での費用はご請求をいたします。',2,1,0,'2025-06-22 20:20:25','2025-06-22 20:20:25'),(113,10,'支払い方法は何がありますか？','クレジットカード払いのみです。',2,1,0,'2025-06-22 20:20:25','2025-06-22 20:20:25'),(114,0,'232','232',0,1,0,'2025-06-22 20:47:35','2025-06-22 20:47:35'),(115,11,'2323','34343',0,1,0,'2025-07-15 09:15:40','2025-07-15 09:15:40'),(116,11,'45455','676767',1,1,0,'2025-07-15 09:19:52','2025-07-15 09:19:52'),(117,11,'787','67676',2,1,0,'2025-07-15 09:20:08','2025-07-15 09:20:08');

--
-- Table structure for table `files`
--

CREATE TABLE `files` (
  `id` bigint unsigned NOT NULL AUTO_INCREMENT,
  `name` varchar(255) CHARACTER SET utf8mb4 COLLATE utf8mb4_unicode_ci NOT NULL,
  `slug` varchar(255) CHARACTER SET utf8mb4 COLLATE utf8mb4_unicode_ci NOT NULL,
  `file` varchar(255) CHARACTER SET utf8mb4 COLLATE utf8mb4_unicode_ci NOT NULL,
  `file_type` varchar(255) CHARACTER SET utf8mb4 COLLATE utf8mb4_unicode_ci DEFAULT NULL,
  `extension` varchar(255) CHARACTER SET utf8mb4 COLLATE utf8mb4_unicode_ci DEFAULT NULL,
  `size` varchar(255) CHARACTER SET utf8mb4 COLLATE utf8mb4_unicode_ci DEFAULT NULL,
  `width` int DEFAULT NULL,
  `height` int DEFAULT NULL,
  `important` smallint NOT NULL DEFAULT '0',
  `alt` varchar(255) CHARACTER SET utf8mb4 COLLATE utf8mb4_unicode_ci DEFAULT NULL,
  `description` mediumtext CHARACTER SET utf8mb4 COLLATE utf8mb4_unicode_ci,
  `type` smallint NOT NULL DEFAULT '0',
  `parent_id` int NOT NULL DEFAULT '0',
  `is_deleted` smallint NOT NULL DEFAULT '0',
  `created_at` timestamp NULL DEFAULT NULL,
  `updated_at` timestamp NULL DEFAULT NULL,
  PRIMARY KEY (`id`)
) ENGINE=InnoDB DEFAULT CHARSET=utf8mb4 COLLATE=utf8mb4_unicode_ci;

--
-- Dumping data for table `files`
--


--
-- Table structure for table `filter_words`
--

CREATE TABLE `filter_words` (
  `id` bigint unsigned NOT NULL AUTO_INCREMENT,
  `word` varchar(255) CHARACTER SET utf8mb4 COLLATE utf8mb4_unicode_ci NOT NULL,
  `content` text CHARACTER SET utf8mb4 COLLATE utf8mb4_unicode_ci,
  `type` smallint NOT NULL DEFAULT '0',
  `is_activated` smallint NOT NULL DEFAULT '1',
  `is_deleted` smallint NOT NULL DEFAULT '0',
  `created_at` timestamp NULL DEFAULT NULL,
  `updated_at` timestamp NULL DEFAULT NULL,
  PRIMARY KEY (`id`)
) ENGINE=InnoDB DEFAULT CHARSET=utf8mb4 COLLATE=utf8mb4_unicode_ci;

--
-- Dumping data for table `filter_words`
--


--
-- Table structure for table `gutenbergs`
--

CREATE TABLE `gutenbergs` (
  `id` bigint unsigned NOT NULL AUTO_INCREMENT,
  `content` longtext CHARACTER SET utf8mb4 COLLATE utf8mb4_unicode_ci,
  `lb_content` longtext CHARACTER SET utf8mb4 COLLATE utf8mb4_unicode_ci,
  `lb_raw_content` longtext CHARACTER SET utf8mb4 COLLATE utf8mb4_unicode_ci,
  `created_at` timestamp NULL DEFAULT NULL,
  `updated_at` timestamp NULL DEFAULT NULL,
  PRIMARY KEY (`id`)
) ENGINE=InnoDB DEFAULT CHARSET=utf8mb4 COLLATE=utf8mb4_unicode_ci;

--
-- Dumping data for table `gutenbergs`
--


--
-- Table structure for table `headers`
--

CREATE TABLE `headers` (
  `id` bigint unsigned NOT NULL AUTO_INCREMENT,
  `uri` text CHARACTER SET utf8mb4 COLLATE utf8mb4_unicode_ci NOT NULL,
  `title` varchar(255) CHARACTER SET utf8mb4 COLLATE utf8mb4_unicode_ci NOT NULL,
  `image` varchar(255) CHARACTER SET utf8mb4 COLLATE utf8mb4_unicode_ci DEFAULT NULL,
  `color` varchar(255) CHARACTER SET utf8mb4 COLLATE utf8mb4_unicode_ci DEFAULT NULL,
  `type` smallint NOT NULL DEFAULT '0',
  `is_activated` tinyint(1) NOT NULL DEFAULT '1',
  `is_deleted` tinyint(1) NOT NULL DEFAULT '0',
  `created_at` timestamp NULL DEFAULT NULL,
  `updated_at` timestamp NULL DEFAULT NULL,
  PRIMARY KEY (`id`)
) ENGINE=InnoDB DEFAULT CHARSET=utf8mb4 COLLATE=utf8mb4_unicode_ci;

--
-- Dumping data for table `headers`
--


--
-- Table structure for table `identity_verification_logs`
--

CREATE TABLE `identity_verification_logs` (
  `id` bigint unsigned NOT NULL AUTO_INCREMENT,
  `user_id` bigint unsigned NOT NULL,
  `order_id` bigint unsigned DEFAULT NULL,
  `action` enum('submitted','approved','rejected','resubmitted','auto_cancelled','document_updated') CHARACTER SET utf8mb4 COLLATE utf8mb4_unicode_ci NOT NULL COMMENT 'Loại hành động',
  `status_before` enum('not_submitted','pending','approved','rejected') CHARACTER SET utf8mb4 COLLATE utf8mb4_unicode_ci DEFAULT NULL COMMENT 'Trạng thái trước khi thực hiện',
  `status_after` enum('not_submitted','pending','approved','rejected') CHARACTER SET utf8mb4 COLLATE utf8mb4_unicode_ci NOT NULL COMMENT 'Trạng thái sau khi thực hiện',
  `document_type` enum('driver_license','my_number_card') CHARACTER SET utf8mb4 COLLATE utf8mb4_unicode_ci DEFAULT NULL COMMENT 'Loại giấy tờ sử dụng',
  `driver_license_front` varchar(500) CHARACTER SET utf8mb4 COLLATE utf8mb4_unicode_ci DEFAULT NULL COMMENT 'Ảnh mặt trước bằng lái xe tại thời điểm',
  `driver_license_back` varchar(500) CHARACTER SET utf8mb4 COLLATE utf8mb4_unicode_ci DEFAULT NULL COMMENT 'Ảnh mặt sau bằng lái xe tại thời điểm',
  `my_number_card_front` varchar(500) CHARACTER SET utf8mb4 COLLATE utf8mb4_unicode_ci DEFAULT NULL COMMENT 'Ảnh mặt trước thẻ My Number tại thời điểm',
  `admin_id` bigint unsigned DEFAULT NULL,
  `admin_name` varchar(255) CHARACTER SET utf8mb4 COLLATE utf8mb4_unicode_ci DEFAULT NULL COMMENT 'Tên admin thực hiện (lưu để audit)',
  `rejection_reason` text CHARACTER SET utf8mb4 COLLATE utf8mb4_unicode_ci COMMENT 'Lý do từ chối',
  `rejection_count` tinyint unsigned NOT NULL DEFAULT '0' COMMENT 'Số lần bị từ chối tại thời điểm',
  `notes` text CHARACTER SET utf8mb4 COLLATE utf8mb4_unicode_ci COMMENT 'Ghi chú thêm',
  `ip_address` varchar(45) CHARACTER SET utf8mb4 COLLATE utf8mb4_unicode_ci DEFAULT NULL COMMENT 'Địa chỉ IP',
  `user_agent` text CHARACTER SET utf8mb4 COLLATE utf8mb4_unicode_ci COMMENT 'User agent',
  `created_at` timestamp NULL DEFAULT NULL,
  `updated_at` timestamp NULL DEFAULT NULL,
  PRIMARY KEY (`id`),
  KEY `identity_verification_logs_admin_id_foreign` (`admin_id`),
  KEY `identity_verification_logs_user_id_index` (`user_id`),
  KEY `identity_verification_logs_order_id_index` (`order_id`),
  KEY `identity_verification_logs_action_index` (`action`),
  KEY `identity_verification_logs_created_at_index` (`created_at`),
  KEY `identity_verification_logs_user_id_action_index` (`user_id`,`action`),
  CONSTRAINT `identity_verification_logs_admin_id_foreign` FOREIGN KEY (`admin_id`) REFERENCES `users` (`id`) ON DELETE SET NULL,
  CONSTRAINT `identity_verification_logs_order_id_foreign` FOREIGN KEY (`order_id`) REFERENCES `orders` (`id`) ON DELETE SET NULL,
  CONSTRAINT `identity_verification_logs_user_id_foreign` FOREIGN KEY (`user_id`) REFERENCES `users` (`id`) ON DELETE CASCADE
) ENGINE=InnoDB DEFAULT CHARSET=utf8mb4 COLLATE=utf8mb4_unicode_ci;

--
-- Dumping data for table `identity_verification_logs`
--


--
-- Table structure for table `jobs`
--

CREATE TABLE `jobs` (
  `id` bigint unsigned NOT NULL AUTO_INCREMENT,
  `name` varchar(255) CHARACTER SET utf8mb4 COLLATE utf8mb4_unicode_ci NOT NULL,
  `slug` varchar(255) CHARACTER SET utf8mb4 COLLATE utf8mb4_unicode_ci NOT NULL,
  `command` varchar(255) CHARACTER SET utf8mb4 COLLATE utf8mb4_unicode_ci NOT NULL,
  `site` varchar(255) CHARACTER SET utf8mb4 COLLATE utf8mb4_unicode_ci NOT NULL,
  `schedule` varchar(255) CHARACTER SET utf8mb4 COLLATE utf8mb4_unicode_ci NOT NULL DEFAULT 'everyMinute',
  `status` tinyint NOT NULL DEFAULT '0',
  `created_at` timestamp NULL DEFAULT NULL,
  `updated_at` timestamp NULL DEFAULT NULL,
  PRIMARY KEY (`id`),
  UNIQUE KEY `jobs_command_unique` (`command`)
) ENGINE=InnoDB DEFAULT CHARSET=utf8mb4 COLLATE=utf8mb4_unicode_ci;

--
-- Dumping data for table `jobs`
--


--
-- Table structure for table `keyword_details`
--

CREATE TABLE `keyword_details` (
  `id` bigint unsigned NOT NULL AUTO_INCREMENT,
  `keyword_id` int NOT NULL,
  `ref_id` int NOT NULL,
  `type` varchar(255) CHARACTER SET utf8mb4 COLLATE utf8mb4_unicode_ci DEFAULT NULL,
  `created_at` timestamp NULL DEFAULT NULL,
  `updated_at` timestamp NULL DEFAULT NULL,
  PRIMARY KEY (`id`)
) ENGINE=InnoDB AUTO_INCREMENT=528 DEFAULT CHARSET=utf8mb4 COLLATE=utf8mb4_unicode_ci;

--
-- Dumping data for table `keyword_details`
--

INSERT INTO `keyword_details` VALUES (13,7,92,'teller','2020-11-24 09:01:22','2020-11-24 09:01:22'),(14,8,986,'shop','2021-01-19 08:17:12','2021-01-19 08:17:12'),(15,9,1440,'shop','2021-01-20 21:10:10','2021-01-20 21:10:10'),(16,10,1442,'shop','2021-01-20 22:22:28','2021-01-20 22:22:28'),(17,40,1665,'shop','2021-02-02 02:28:24','2021-02-02 02:28:24'),(18,40,1666,'shop','2021-02-02 02:52:15','2021-02-02 02:52:15'),(20,41,1667,'shop','2021-02-09 02:30:56','2021-02-09 02:30:56'),(24,45,1687,'shop','2021-03-21 16:32:27','2021-03-21 16:32:27'),(25,46,1700,'shop','2021-03-31 00:30:38','2021-03-31 00:30:38'),(26,1,920,'teller','2021-04-04 20:57:59','2021-04-04 20:57:59'),(27,6,915,'teller','2021-04-05 03:31:36','2021-04-05 03:31:36'),(28,6,911,'teller','2021-04-05 03:32:00','2021-04-05 03:32:00'),(29,4,11,'shop','2021-04-07 05:05:16','2021-04-07 05:05:16'),(30,5,11,'shop','2021-04-07 05:05:16','2021-04-07 05:05:16'),(31,6,11,'shop','2021-04-07 05:05:16','2021-04-07 05:05:16'),(33,42,1675,'shop','2021-04-07 06:03:53','2021-04-07 06:03:53'),(34,43,1676,'shop','2021-04-07 06:04:09','2021-04-07 06:04:09'),(35,44,1677,'shop','2021-04-07 06:04:43','2021-04-07 06:04:43'),(377,63,63,'article','2021-07-12 03:13:20','2021-07-12 03:13:20'),(390,64,60,'article','2021-07-14 04:35:26','2021-07-14 04:35:26'),(391,7,60,'article','2021-07-14 04:35:26','2021-07-14 04:35:26'),(392,65,60,'article','2021-07-14 04:35:26','2021-07-14 04:35:26'),(413,48,1221,'shop','2021-08-24 04:51:51','2021-08-24 04:51:51'),(414,49,1221,'shop','2021-08-24 04:51:51','2021-08-24 04:51:51'),(415,50,1221,'shop','2021-08-24 04:51:51','2021-08-24 04:51:51'),(416,51,1221,'shop','2021-08-24 04:51:51','2021-08-24 04:51:51'),(417,5,1221,'shop','2021-08-24 04:51:51','2021-08-24 04:51:51'),(418,52,1221,'shop','2021-08-24 04:51:51','2021-08-24 04:51:51'),(419,53,1221,'shop','2021-08-24 04:51:51','2021-08-24 04:51:51'),(420,54,1221,'shop','2021-08-24 04:51:51','2021-08-24 04:51:51'),(421,55,1221,'shop','2021-08-24 04:51:51','2021-08-24 04:51:51'),(422,56,1221,'shop','2021-08-24 04:51:51','2021-08-24 04:51:51'),(440,74,13,'article','2022-09-26 19:14:51','2022-09-26 19:14:51'),(441,77,22,'article','2022-10-25 11:14:28','2022-10-25 11:14:28'),(442,78,22,'article','2022-10-25 11:14:28','2022-10-25 11:14:28'),(443,74,11,'article','2022-11-08 21:02:50','2022-11-08 21:02:50'),(444,75,11,'article','2022-11-08 21:02:50','2022-11-08 21:02:50'),(445,76,11,'article','2022-11-08 21:02:50','2022-11-08 21:02:50'),(482,79,26,'article','2022-11-18 00:32:31','2022-11-18 00:32:31'),(483,80,26,'article','2022-11-18 00:32:31','2022-11-18 00:32:31'),(484,81,26,'article','2022-11-18 00:32:31','2022-11-18 00:32:31'),(487,82,25,'article','2022-11-18 01:01:27','2022-11-18 01:01:27'),(488,84,25,'article','2022-11-18 01:01:27','2022-11-18 01:01:27'),(489,85,25,'article','2022-11-18 01:01:27','2022-11-18 01:01:27'),(490,86,25,'article','2022-11-18 01:01:27','2022-11-18 01:01:27'),(491,87,27,'article','2022-12-06 10:32:58','2022-12-06 10:32:58'),(522,97,3,'article','2024-07-12 14:35:43','2024-07-12 14:35:43'),(523,90,5,'article','2025-06-23 02:15:04','2025-06-23 02:15:04'),(524,90,6,'article','2025-06-23 09:44:03','2025-06-23 09:44:03'),(525,78,7,'article','2025-06-24 19:00:43','2025-06-24 19:00:43'),(526,84,8,'article','2025-06-24 20:10:13','2025-06-24 20:10:13'),(527,74,9,'article','2025-06-24 20:17:18','2025-06-24 20:17:18');

--
-- Table structure for table `keywords`
--

CREATE TABLE `keywords` (
  `id` bigint unsigned NOT NULL AUTO_INCREMENT,
  `name` varchar(255) CHARACTER SET utf8mb4 COLLATE utf8mb4_unicode_ci NOT NULL,
  `description` text CHARACTER SET utf8mb4 COLLATE utf8mb4_unicode_ci,
  `position` int NOT NULL DEFAULT '0',
  `is_note` smallint NOT NULL DEFAULT '0',
  `is_related` smallint NOT NULL DEFAULT '0',
  `is_activated` smallint NOT NULL DEFAULT '1',
  `is_deleted` smallint NOT NULL DEFAULT '0',
  `created_at` timestamp NULL DEFAULT NULL,
  `updated_at` timestamp NULL DEFAULT NULL,
  PRIMARY KEY (`id`)
) ENGINE=InnoDB AUTO_INCREMENT=103 DEFAULT CHARSET=utf8mb4 COLLATE=utf8mb4_unicode_ci;

--
-- Dumping data for table `keywords`
--

INSERT INTO `keywords` VALUES (1,'結婚',NULL,0,0,0,1,1,'2020-10-23 01:45:37','2022-08-18 15:22:33'),(2,'不倫',NULL,0,0,0,1,1,'2020-10-23 01:45:42','2022-08-18 15:22:33'),(3,'復縁',NULL,0,0,1,1,1,'2020-10-23 01:45:47','2022-08-18 15:22:28'),(4,'恋愛占い',NULL,0,0,1,1,1,'2020-11-19 07:50:34','2022-08-18 15:22:28'),(5,'四柱推命',NULL,0,1,1,1,1,'2020-11-19 07:50:34','2022-08-18 15:22:28'),(6,'タロット占い',NULL,0,1,1,1,1,'2020-11-19 07:50:34','2022-08-18 15:22:28'),(7,'手相占い',NULL,0,1,1,1,1,'2020-11-24 09:01:22','2022-08-18 15:22:28'),(8,'aaew',NULL,0,0,0,1,1,'2021-01-19 08:17:12','2021-01-26 03:48:58'),(9,'ere',NULL,0,0,0,1,1,'2021-01-20 21:10:10','2021-01-26 03:49:17'),(10,'rer',NULL,0,0,0,1,1,'2021-01-20 22:22:28','2021-01-26 03:49:17'),(11,'ewew','wew',0,0,0,1,1,'2021-01-26 03:53:49','2021-01-26 03:54:06'),(12,'3434399999','343499999999',0,0,0,1,1,'2021-01-26 03:54:56','2021-01-26 03:55:18'),(13,'test editing','testn 44444444',0,0,0,1,1,'2021-01-26 04:05:57','2021-01-26 04:07:43'),(14,'test 2',NULL,0,0,0,1,1,'2021-01-26 04:06:03','2021-01-26 06:57:47'),(15,'54545',NULL,0,0,0,1,1,'2021-01-26 04:06:09','2021-01-26 06:57:47'),(16,'testtewwew',NULL,0,0,0,1,1,'2021-01-26 04:32:50','2021-01-26 06:57:47'),(17,'222222',NULL,0,0,0,1,1,'2021-01-26 04:33:04','2021-01-26 06:57:47'),(18,'9999',NULL,0,0,0,1,1,'2021-01-26 04:34:21','2021-01-26 06:57:38'),(19,'8888',NULL,0,0,0,1,1,'2021-01-26 04:37:44','2021-01-26 06:57:38'),(20,'6666',NULL,0,0,0,1,1,'2021-01-26 04:38:54','2021-01-26 06:57:38'),(21,'111',NULL,0,0,0,1,1,'2021-01-26 04:39:12','2021-01-26 06:57:38'),(22,'22222',NULL,0,0,0,1,1,'2021-01-26 04:39:22','2021-01-26 06:57:38'),(23,'333',NULL,0,0,0,1,1,'2021-01-26 04:39:32','2021-01-26 06:57:38'),(24,'44444',NULL,0,0,0,1,1,'2021-01-26 04:39:48','2021-01-26 06:57:38'),(25,'55555',NULL,0,0,0,1,1,'2021-01-26 04:39:59','2021-01-26 06:57:38'),(26,'666666',NULL,0,0,0,1,1,'2021-01-26 04:40:21','2021-01-26 06:57:38'),(27,'77777',NULL,0,0,0,1,1,'2021-01-26 04:40:36','2021-01-26 06:57:38'),(28,'eweư','wew',0,0,0,1,1,'2021-01-26 04:56:47','2021-01-26 06:57:38'),(29,'a1111111',NULL,0,0,0,1,1,'2021-01-26 04:57:01','2021-01-26 06:57:38'),(30,'b11111',NULL,0,0,0,1,1,'2021-01-26 04:57:46','2021-01-26 06:57:38'),(31,'c11111111',NULL,0,0,0,1,1,'2021-01-26 05:03:41','2021-01-26 06:57:38'),(32,'b5555',NULL,0,0,0,1,1,'2021-01-26 05:16:45','2021-01-26 06:57:38'),(33,'ewew',NULL,0,0,0,1,1,'2021-01-26 06:23:12','2021-01-26 06:57:38'),(34,'erer','erer',0,0,0,1,1,'2021-01-26 06:32:19','2021-01-26 06:57:38'),(35,'454',NULL,0,0,0,1,1,'2021-01-26 06:32:33','2021-01-26 06:57:38'),(36,'9898989',NULL,0,0,0,1,1,'2021-01-26 06:32:56','2021-01-26 06:57:38'),(37,'4545','454',0,0,0,1,1,'2021-01-26 06:33:26','2021-01-26 06:57:38'),(38,'test',NULL,0,0,0,1,1,'2021-01-27 02:40:54','2021-01-27 02:41:07'),(39,'433',NULL,0,0,0,1,1,'2021-01-27 02:41:15','2021-01-27 02:41:24'),(40,'NG',NULL,0,0,0,1,1,'2021-02-02 02:28:24','2021-04-12 04:42:56'),(41,'電話占い',NULL,0,0,1,1,1,'2021-02-09 02:23:59','2022-08-18 15:22:28'),(42,'ルネ・ヴァン・ダール研究所',NULL,0,0,0,1,1,'2021-03-11 08:30:47','2021-04-12 04:40:24'),(43,'LITRO',NULL,0,0,0,1,1,'2021-03-11 09:21:06','2021-04-12 04:40:21'),(44,'新宿占いスペースSecret',NULL,0,0,0,1,1,'2021-03-11 09:46:53','2021-04-12 04:40:28'),(45,'占いサロン風雷益',NULL,0,0,0,1,1,'2021-03-21 16:32:27','2021-04-12 04:42:52'),(46,'渋谷',NULL,0,1,0,1,1,'2021-03-31 00:30:38','2022-08-18 15:22:28'),(47,'新宿',NULL,0,1,0,1,1,'2021-04-12 04:43:10','2022-08-18 15:22:28'),(48,'三軒茶屋',NULL,0,0,0,1,1,'2021-05-11 11:59:15','2022-08-18 15:22:28'),(49,'世田谷区',NULL,0,1,0,1,1,'2021-05-11 11:59:15','2022-08-18 15:22:28'),(50,'占い',NULL,0,0,0,1,1,'2021-05-11 11:59:15','2022-08-18 15:22:28'),(51,'三茶',NULL,0,0,0,1,1,'2021-05-11 11:59:15','2022-08-18 15:22:28'),(52,'タロット',NULL,0,0,0,1,1,'2021-05-11 11:59:15','2022-08-18 15:22:28'),(53,'カード',NULL,0,0,0,1,1,'2021-05-11 11:59:15','2022-08-18 15:22:28'),(54,'パワーストーン',NULL,0,0,0,1,1,'2021-05-11 11:59:15','2022-08-18 15:22:28'),(55,'気学',NULL,0,0,0,1,1,'2021-05-11 11:59:15','2022-08-18 15:22:28'),(56,'霊符',NULL,0,0,0,1,1,'2021-05-11 11:59:15','2022-08-18 15:22:28'),(57,'アウトドア','アウトドア',0,1,0,1,1,'2021-05-25 04:23:54','2021-05-25 04:37:36'),(58,'マスク','マスク',0,1,0,1,1,'2021-05-25 04:24:03','2021-05-25 04:37:36'),(59,'時計','時計',0,1,0,1,1,'2021-05-25 04:24:11','2021-05-25 04:37:36'),(60,'スニーカー','スニーカー',0,1,0,1,1,'2021-05-25 04:24:18','2021-05-25 04:37:36'),(61,'オススメ本','オススメ本',0,1,0,1,1,'2021-05-25 04:24:29','2021-05-25 04:37:36'),(62,'仕事',NULL,0,0,0,1,1,'2021-06-15 02:17:18','2021-06-15 02:17:55'),(63,'大阪,四柱推命,統計学',NULL,0,0,0,1,1,'2021-07-06 05:29:45','2022-08-18 15:22:28'),(64,'大阪',NULL,0,0,0,1,1,'2021-07-14 02:53:03','2022-08-18 15:22:28'),(65,'占い師',NULL,0,0,0,1,1,'2021-07-14 02:53:03','2022-08-18 15:22:28'),(66,'老人ホーム',NULL,9,0,0,1,0,'2022-08-29 12:30:34','2022-10-10 21:05:19'),(67,'費用',NULL,8,0,0,1,0,'2022-08-29 12:30:48','2022-10-10 21:05:19'),(68,'訪問',NULL,7,0,0,1,0,'2022-08-29 12:30:56','2022-10-10 21:05:19'),(69,'通所',NULL,6,0,0,1,0,'2022-08-29 12:31:05','2022-10-10 21:05:19'),(70,'看護',NULL,5,0,0,1,0,'2022-08-29 12:31:12','2022-10-10 21:05:19'),(71,'リハビリ',NULL,1,0,0,1,0,'2022-08-29 12:31:21','2022-10-10 21:05:19'),(72,'34343',NULL,0,0,0,1,1,'2022-08-29 12:35:57','2022-08-29 12:36:02'),(73,'2323',NULL,0,0,0,1,1,'2022-08-29 12:45:37','2022-08-29 13:08:20'),(74,'tag1',NULL,2,0,0,1,0,'2022-09-13 02:09:41','2022-10-10 21:05:19'),(75,'tag2',NULL,3,0,0,1,0,'2022-09-13 11:15:37','2022-10-10 21:05:19'),(76,'tag3',NULL,4,0,0,1,0,'2022-09-13 11:15:37','2022-10-10 21:05:19'),(77,'abc',NULL,0,0,0,1,0,'2022-10-25 11:14:28','2022-10-25 11:14:28'),(78,'8923',NULL,0,0,0,1,0,'2022-10-25 11:14:28','2022-10-25 11:14:28'),(79,'joia',NULL,0,0,0,1,0,'2022-11-17 22:24:41','2022-11-17 22:24:41'),(80,'io2jio32',NULL,0,0,0,1,0,'2022-11-17 22:24:41','2022-11-17 22:24:41'),(81,'joio',NULL,0,0,0,1,0,'2022-11-17 22:24:41','2022-11-17 22:24:41'),(82,'hiaui',NULL,0,0,0,1,0,'2022-11-18 00:45:53','2022-11-18 00:45:53'),(83,'hiwui',NULL,0,0,0,1,0,'2022-11-18 00:45:53','2022-11-18 00:45:53'),(84,'222',NULL,0,0,0,1,0,'2022-11-18 01:01:27','2022-11-18 01:01:27'),(85,'444',NULL,0,0,0,1,0,'2022-11-18 01:01:27','2022-11-18 01:01:27'),(86,'55',NULL,0,0,0,1,0,'2022-11-18 01:01:27','2022-11-18 01:01:27'),(87,'343',NULL,0,0,0,1,0,'2022-12-06 10:32:58','2022-12-06 10:32:58'),(88,'666',NULL,0,0,0,1,0,'2023-04-02 00:37:04','2023-04-02 00:37:04'),(89,'フーゴ',NULL,0,0,0,1,0,'2023-05-11 10:47:00','2023-05-11 10:47:00'),(90,'シャアリングA001',NULL,0,0,0,1,0,'2023-12-14 04:02:33','2023-12-14 04:02:33'),(91,'kimonotest',NULL,0,0,0,1,0,'2024-02-26 23:43:33','2024-02-26 23:43:33'),(92,'test',NULL,0,0,0,1,0,'2024-06-18 21:51:57','2024-06-18 21:51:57'),(93,'ああああああああああああああああああああああああああああああああああああああああああああああああああああああああああああああああああああああああああああああああああああああ',NULL,0,0,0,1,0,'2024-07-12 14:04:11','2024-07-12 14:04:11'),(94,'ああああああああああああああああああああああああああああああああああああああああああああああああああああああああああああああああああああああああああああああああああああああああああああああああああああああああああああああああああああああああああああああああああああああああああああああああああああああああああああああああああああああああああああ',NULL,0,0,0,1,0,'2024-07-12 14:04:11','2024-07-12 14:04:11'),(95,'aaaaaaaaaaaaaaaaaaaaaaaaaaaaaaaaaaaaaaaaaaaaaaaaaaaaaaaaaaaaaaaaaaaaaaaaaaaaaaaaaaaaaaaaaaaaaaaaaaaaaaaaaaaaaaaaaaaaaaaaaaaaaaaaaaaaaaaaaaaaaaaaaaaaaaaaaaaaaaaaaaaaaaaaaaaaaaaaaaaaaaaaaaaaaaaaaaaaaaaaaaaaaaaaaaaaaaaaaaaaaaaaaaaaaaaaaaaaaaaaaaaaaaaaaa',NULL,0,0,0,1,0,'2024-07-12 14:10:17','2024-07-12 14:10:17'),(96,'aaaaaaaaaaaaaaaaaaaaaaaaaaaaaaaaaaaaaaaaaaaaaaaaaaaaaaaaaaaaaaaaaaaaaaaaaaaaaaaaaaaaaaaaaaaaaaaaaaaaaaaaaaaaaaaaaaaaaaaaaaaaaaaaaaaaaaaaaaaaaaaaaaaaaaaaaaaaaaaaaaaaaaaaaaaaaaaaaaaaaaaaaaaaaaaaaaaaaaaaaaaaaaaaaaaaaaaaaaaaaaaaaaaaaaaaaaaaaaaaaaaaaaaaaabbbbb',NULL,0,0,0,1,0,'2024-07-12 14:10:47','2024-07-12 14:10:47'),(97,'aaaaaaaaaaaaaaaaaaaaaaaaaaaaaaaaaaaaaaaaaaaaaaaaaaaaaaaaaaaaaaaaaaaaaaaaaaaaaaaaaaaaaaaaaaaaaaaaaaaaaaaaaaaaaaaaaaaaaaaaaaaaaaaaaaaaaaaaaaaaaaaaaaaaaaaaaaaaaaaaaaaaaaaaaaaaaaaaaaaaaaaaaaaaaaaaaaaaaaaaaaaaaaaaaaaaaaaaaaaaaaaaaaaaaaaaaaaaaaaaaaaaaaaaaabbbbあ',NULL,0,0,0,1,0,'2024-07-12 14:12:04','2024-07-12 14:12:04'),(98,'#ブライトテイスト',NULL,0,0,0,1,0,'2025-02-22 02:31:24','2025-02-22 02:31:24'),(99,'#1990年代',NULL,0,0,0,1,0,'2025-02-22 02:31:24','2025-02-22 02:31:24'),(100,'#古典',NULL,0,0,0,1,0,'2025-02-22 02:31:24','2025-02-22 02:31:24'),(101,'#古典柄',NULL,0,0,0,1,0,'2025-02-27 01:26:55','2025-02-27 01:26:55'),(102,'334',NULL,0,0,0,1,0,'2025-06-21 04:01:22','2025-06-21 04:01:22');

--
-- Table structure for table `languages`
--

CREATE TABLE `languages` (
  `id` bigint unsigned NOT NULL AUTO_INCREMENT,
  `key` varchar(255) CHARACTER SET utf8mb4 COLLATE utf8mb4_unicode_ci NOT NULL,
  `en` mediumtext CHARACTER SET utf8mb4 COLLATE utf8mb4_unicode_ci,
  `ja` mediumtext CHARACTER SET utf8mb4 COLLATE utf8mb4_unicode_ci,
  `vi` mediumtext CHARACTER SET utf8mb4 COLLATE utf8mb4_unicode_ci,
  `user_id` int NOT NULL DEFAULT '1',
  `created_at` timestamp NULL DEFAULT NULL,
  `updated_at` timestamp NULL DEFAULT NULL,
  PRIMARY KEY (`id`)
) ENGINE=InnoDB DEFAULT CHARSET=utf8mb4 COLLATE=utf8mb4_unicode_ci;

--
-- Dumping data for table `languages`
--


--
-- Table structure for table `manufacturers`
--

CREATE TABLE `manufacturers` (
  `id` bigint unsigned NOT NULL AUTO_INCREMENT,
  `name` varchar(255) CHARACTER SET utf8mb4 COLLATE utf8mb4_unicode_ci NOT NULL,
  `slug` varchar(255) CHARACTER SET utf8mb4 COLLATE utf8mb4_unicode_ci NOT NULL,
  `image` varchar(255) CHARACTER SET utf8mb4 COLLATE utf8mb4_unicode_ci DEFAULT NULL,
  `description` varchar(255) CHARACTER SET utf8mb4 COLLATE utf8mb4_unicode_ci DEFAULT NULL,
  `rank` int unsigned DEFAULT NULL,
  `position` int NOT NULL DEFAULT '0',
  `is_activated` smallint NOT NULL DEFAULT '1',
  `is_deleted` smallint NOT NULL DEFAULT '0',
  `created_at` timestamp NULL DEFAULT NULL,
  `updated_at` timestamp NULL DEFAULT NULL,
  PRIMARY KEY (`id`)
) ENGINE=InnoDB AUTO_INCREMENT=8 DEFAULT CHARSET=utf8mb4 COLLATE=utf8mb4_unicode_ci;

--
-- Dumping data for table `manufacturers`
--

INSERT INTO `manufacturers` VALUES (1,'YKK AP','ykk-ap','a96e6bbc0976d6610082a48ee912be32.png',NULL,NULL,2,1,0,'2023-02-22 16:49:45','2023-04-09 10:00:55'),(2,'LIXIL','lixil','b2bd64019f7942b93afed37aeb0abdd4.png','国内建材、住設メーカー最大手のリクシル。サッシや玄関ドア、エクステリアなどアルミ建材からユニットバスやトイレなど住宅設備機器まで幅広く取り扱っています。',1,1,1,0,'2023-02-22 16:50:03','2023-06-12 18:37:42'),(3,'三協アルミ','三協アルミ','30737f9401b468a1f6bf982cf341b385.png',NULL,NULL,3,1,0,'2023-02-22 16:50:20','2023-04-09 10:00:55'),(4,'タカショー','タカショー','000f496ca13466a51966a8d6a6b7cba2.png',NULL,NULL,4,1,0,'2023-02-22 16:50:32','2023-04-09 10:00:55'),(5,'オンリーワン','オンリーワン','263ccabc12e154fc7332f04b8beda152.png',NULL,NULL,5,1,0,'2023-02-22 16:50:47','2023-04-09 10:00:55'),(6,'Broil King','broil-king','60e7b6971e780e6fb377ef81a7cf67d1.png',NULL,NULL,6,1,0,'2023-02-22 16:51:00','2023-04-09 10:00:55'),(7,'343','343',NULL,'3',NULL,0,1,1,'2023-02-22 16:51:18','2023-02-22 16:51:21');

--
-- Table structure for table `menu_sliders`
--

CREATE TABLE `menu_sliders` (
  `id` bigint unsigned NOT NULL AUTO_INCREMENT,
  `menu_id` int NOT NULL,
  `image` varchar(255) CHARACTER SET utf8mb4 COLLATE utf8mb4_unicode_ci DEFAULT NULL,
  `title` varchar(255) CHARACTER SET utf8mb4 COLLATE utf8mb4_unicode_ci DEFAULT NULL,
  `description` varchar(255) CHARACTER SET utf8mb4 COLLATE utf8mb4_unicode_ci DEFAULT NULL,
  `link` varchar(255) CHARACTER SET utf8mb4 COLLATE utf8mb4_unicode_ci DEFAULT NULL,
  `created_at` timestamp NULL DEFAULT NULL,
  `updated_at` timestamp NULL DEFAULT NULL,
  PRIMARY KEY (`id`)
) ENGINE=InnoDB DEFAULT CHARSET=utf8mb4 COLLATE=utf8mb4_unicode_ci;

--
-- Dumping data for table `menu_sliders`
--


--
-- Table structure for table `menus`
--

CREATE TABLE `menus` (
  `id` bigint unsigned NOT NULL AUTO_INCREMENT,
  `name` varchar(255) CHARACTER SET utf8mb4 COLLATE utf8mb4_unicode_ci NOT NULL,
  `slug` varchar(255) CHARACTER SET utf8mb4 COLLATE utf8mb4_unicode_ci DEFAULT NULL,
  `type` varchar(255) CHARACTER SET utf8mb4 COLLATE utf8mb4_unicode_ci NOT NULL DEFAULT 'text',
  `link` varchar(255) CHARACTER SET utf8mb4 COLLATE utf8mb4_unicode_ci DEFAULT NULL,
  `category_id` int DEFAULT NULL,
  `parent_id` int NOT NULL DEFAULT '0',
  `position` varchar(255) CHARACTER SET utf8mb4 COLLATE utf8mb4_unicode_ci NOT NULL DEFAULT 'header',
  `order` int NOT NULL DEFAULT '0',
  `is_activated` tinyint(1) NOT NULL DEFAULT '1',
  `is_deleted` tinyint(1) NOT NULL DEFAULT '0',
  `created_at` timestamp NULL DEFAULT NULL,
  `updated_at` timestamp NULL DEFAULT NULL,
  PRIMARY KEY (`id`)
) ENGINE=InnoDB DEFAULT CHARSET=utf8mb4 COLLATE=utf8mb4_unicode_ci;

--
-- Dumping data for table `menus`
--


--
-- Table structure for table `migrations`
--

CREATE TABLE `migrations` (
  `id` int unsigned NOT NULL AUTO_INCREMENT,
  `migration` varchar(255) CHARACTER SET utf8mb4 COLLATE utf8mb4_unicode_ci NOT NULL,
  `batch` int NOT NULL,
  PRIMARY KEY (`id`)
) ENGINE=InnoDB AUTO_INCREMENT=284 DEFAULT CHARSET=utf8mb4 COLLATE=utf8mb4_unicode_ci;

--
-- Dumping data for table `migrations`
--

INSERT INTO `migrations` VALUES (1,'2014_10_12_000000_create_users_table',1),(2,'2014_10_12_100000_create_password_resets_table',1),(3,'2019_03_16_102314_add_simple_role_to_user_table',1),(4,'2019_04_20_125200_create_permission_tables',1),(5,'2019_04_20_130706_setup_role_permissions',1),(6,'2019_08_19_000000_create_failed_jobs_table',1),(7,'2019_12_14_000001_create_personal_access_tokens_table',1),(8,'2020_03_25_170854_remove_passport',1),(17,'2020_04_13_190704_create_ranks_table',2),(18,'2020_04_13_190947_create_keywords_table',2),(19,'2020_04_13_191204_create_categories_table',2),(20,'2020_04_13_191424_create_topics_table',2),(22,'2020_04_15_032455_create_urls_table',3),(23,'2020_04_15_155902_add_total_comment_into_topics_table',4),(24,'2020_04_18_014742_create_comments_table',5),(25,'2020_04_20_094317_add_idx_column_into_comments_table',6),(28,'2020_04_20_184118_create_quotes_table',7),(29,'2020_04_26_013036_add_some_column_into_topics_table',8),(30,'2020_04_26_163404_add_description_column_into_keywords_table',9),(31,'2020_04_26_180129_create_filter_words_table',10),(40,'2020_05_03_100002_create_articles_table',11),(41,'2020_05_03_101731_update_some_columns_for_article',11),(42,'2020_05_03_104522_add_published_date_into_articles_table',11),(43,'2020_05_06_034733_create_links_table',11),(45,'2020_05_06_052259_create_magicwands_table',12),(47,'2020_05_06_101607_create_jobs_table',13),(48,'2020_05_08_062400_add_job_id_column_into_links_table',14),(49,'2020_05_17_070159_create_modules_table',15),(50,'2020_05_17_072900_create_settings_table',15),(53,'2020_07_30_034104_create_menus_table',16),(54,'2020_07_30_052231_add_category_id_column_into_menus_table',17),(56,'2020_07_30_072433_add_is_publish_column_into_settings_table',18),(57,'2020_07_31_052159_create_sliders_table',19),(58,'2020_08_01_064228_create_slider_details_table',19),(59,'2020_08_01_102453_add_name_column_into_slider_details_table',20),(64,'2020_08_04_040030_create_articles_table',21),(66,'2020_08_10_040551_create_fortune_tellers_table',22),(67,'2020_08_11_020643_create_fortune_tellers_files_table',23),(68,'2020_08_14_063949_add_description_column_into_fortune_tellers_table',24),(69,'2020_08_17_023749_add_category_id_column_into_fortune_table',25),(70,'2020_08_17_042053_create_fortune_methods_table',26),(71,'2020_08_17_042203_create_consultations_table',27),(72,'2020_08_17_062352_create_schedules_table',28),(73,'2020_08_21_070153_add_filter_name_column_into_fortune_tellers',29),(74,'2020_08_21_082129_create_fortune_method_details_table',30),(75,'2020_08_21_082208_create_consultation_details_table',30),(76,'2020_08_22_080131_add_parent_id_into_menus_table',31),(77,'2020_08_24_033153_add_ref_names_table',32),(78,'2020_08_24_034239_add_ref_name_id_column_into_fortune_tellers',33),(79,'2020_08_24_071256_create_fortune_schedules_table',34),(80,'2020_08_26_025825_create_menu_sliders_table',35),(81,'2020_08_27_094021_create_fortune_metas_table',36),(82,'2020_08_31_105133_create_fortune_reviews_table',37),(83,'2020_09_03_072225_change_message_column_length_of_fortuneteller',38),(84,'2020_09_04_061051_add_color_column_into_fortune_reviews_table',39),(85,'2020_09_14_071312_add_login_url_column_into_users_table',40),(86,'2020_09_15_102745_create_contacts_table',41),(87,'2020_09_18_104303_create_shops_table',42),(88,'2020_09_18_174120_add_shop_id_column_into_fortuneteller',42),(89,'2020_09_19_104138_create_notify_table',42),(90,'2020_09_20_110626_add_preview_coe_into_fortune_tellers_table',43),(91,'2020_09_21_070649_add_logo_column_into_shops_table',44),(92,'2020_09_21_071420_create_shop_metas_table',44),(93,'2020_09_21_075202_create_areas_table',44),(94,'2020_09_21_140258_add_area_id_column_into_shops_table',44),(95,'2020_09_22_042011_add_order_column_into_shops_table',45),(96,'2020_09_22_163241_create_parent_id_column_into_areas_table',45),(97,'2020_09_24_082723_add_show_top_column_into_fortune_tellers',46),(98,'2020_09_24_165112_add_logo_column_into_fortune_methods_table',46),(99,'2020_09_26_214615_add_order_column_into_shop_metas_table',47),(100,'2020_09_27_093025_create_seo_metas_table',47),(101,'2020_09_30_022535_add_position_column_into_menus_table',48),(102,'2020_10_07_021130_change_length_of_desc_1_full_column',49),(103,'2020_10_09_061455_create_seo_format_table',50),(104,'2020_10_14_044142_add_slug_to_fortune_tellers_table',51),(105,'2020_10_15_020113_add_shop_infos_table',52),(106,'2020_10_23_051824_create_keyword_details_table',53),(107,'2020_10_23_072254_add_show_search_column_into_areas_table',53),(108,'2020_10_23_101042_add_show_search_column_into_shops_table',53),(109,'2020_10_26_015657_change_age_column_into_fortune_tellers_table',54),(110,'2020_11_03_041306_add_2_column_into_shops_table',55),(111,'2020_11_03_044153_add_5_column_into_shops_table',55),(112,'2020_11_04_090218_create_shop_csv_log_table',56),(113,'2020_11_19_051505_add_some_column_into_shop_table',57),(114,'2020_11_19_051907_create_shop_review_table',57),(115,'2020_11_19_051919_create_shop_sliders_table',57),(116,'2020_11_24_042024_add_2_column_into_shop_review_table',58),(117,'2020_12_02_052919_create_headers_table',59),(118,'2020_12_08_070941_change_fee_column_of_shop_table',60),(119,'2021_01_11_061024_add_interview_url_column_into_shops_table',61),(120,'2021_01_12_085829_create_rules_table',62),(121,'2021_01_15_050929_create_role_meta_table',63),(122,'2021_01_15_075408_add_shop_id_into_article_table',63),(123,'2021_01_20_214830_add_user_id_column_into_shops_table',64),(124,'2021_01_27_042736_add_fortune_teller_id_column_into_article_table',65),(125,'2021_02_02_090227_create_created_by_column_into_users',66),(126,'2021_02_03_070631_add_assigned_user_id_into_fortune_teller_table',67),(127,'2021_04_12_173530_add_column_into_areas_table',68),(128,'2021_04_15_054739_create_csv_files_table',69),(129,'2021_04_15_054754_create_csv_file_details_table',69),(130,'2021_04_15_054807_create_csv_file_configs_table',69),(131,'2021_04_15_091428_add_parent_id_column_into_csv_file_details',69),(132,'2021_04_19_071159_add_is_related_column_into_keywords_table',70),(133,'2021_04_19_074405_add_is_popular_column_into_fortune_tellers_table',70),(134,'2021_04_26_195536_add_some_column_into_slider_details_table',71),(135,'2021_04_27_192701_add_type_link_into_slider_details_table',72),(136,'2021_04_28_204950_add_some_column_into_slider_details',73),(137,'2021_05_05_035100_create_files_table',74),(138,'2021_05_05_083223_add_width_height_column_into_files_table',74),(139,'2021_05_10_044139_add_some_column_into_seo_metas_table',74),(140,'2021_05_11_073000_remove_some_colum_of_fortune_teller_files_table',74),(141,'2021_05_12_173130_change_order_column_into_areas_table',74),(142,'2021_05_18_174739_add_type_column_into_articles_table',75),(143,'2021_05_25_035433_add_is_note_column_into_keywords_table',76),(144,'2021_05_31_101111_create_features_table',77),(145,'2021_06_02_040324_add_description_column_into_features_table',78),(146,'2021_06_02_043653_add_category_details_table',78),(147,'2021_06_03_180246_add_image_column_into_features_table',79),(148,'2021_06_03_181651_add_title_column_into_features_table',79),(149,'2021_07_01_082914_create_languages_table',80),(150,'2021_07_05_062645_change_length_of_content_column_into_settings_table',81),(151,'2021_07_07_032027_add_parent_id_column_into_categories_table',82),(152,'2021_07_08_173021_create_text_links_table',83),(153,'2021_07_08_173103_create_text_links_history_table',83),(154,'2021_07_11_171847_add_word_length_into_links_table',83),(155,'2021_09_05_160835_create_gutenbergs_table',84),(156,'2021_09_05_173740_add_gu_content_column_into_articles_table',84),(157,'2019_02_08_105647_create_blocks_contents_tables',85),(158,'2022_09_13_190634_add_question_status_into_articles_table',86),(160,'2022_09_15_071014_create_faqs_table',87),(161,'2022_09_15_161624_create_counselings_table',88),(163,'2022_09_15_185641_create_cares_table',89),(165,'2022_09_20_184537_add_some_column_into_users_table',90),(166,'2022_09_21_191829_add_register_column_into_user_table',91),(167,'2021_11_12_153947_remove_blocks_contents_tables',92),(168,'2022_09_27_015503_add_more_column_into_gutenbergs_table',92),(169,'2022_10_10_191311_add_position_column_into_categories_table',93),(170,'2022_10_11_040029_add_position_column_into_keywords_table',94),(171,'2022_10_24_080118_add_type_column_into_categories_table',95),(172,'2022_10_25_070847_add_some_column_into_users_tables',96),(173,'2022_10_29_113956_add_notify_column_into_notifies_table',97),(175,'2022_11_14_074305_add_created_by_column_into_articles',98),(176,'2022_11_21_083418_add_password_reset_column_into_users',99),(177,'2023_02_22_072454_update_some_table',100),(178,'2023_02_22_073113_create_new_tables',101),(179,'2023_02_22_105410_add_is_read_column_into_contacts_table',102),(180,'2023_02_22_230529_add_position_column_into_categories_table',103),(181,'2023_02_22_234006_add_position_column_into_manufacturers_table',104),(182,'2023_02_22_235240_add_is_activated_column_into_contacts_table',105),(183,'2023_04_01_181132_add_code_column_into_product_details_table',106),(184,'2023_04_02_073040_create_product_keywords_table',107),(185,'2023_04_02_082001_add_policy_into_products_table',108),(186,'2023_04_02_090558_add_is_template_column_into_product_options_table',109),(187,'2023_04_02_170248_add_some_column_into_categories_table',110),(189,'2023_04_03_083445_add_some_column_into_products_table',111),(190,'2023_04_09_172636_update_slider_columns_into_sliders_table',112),(194,'2023_04_09_193459_change_column_of_orders_table',113),(196,'2023_04_11_082557_update_payments_columns_table',114),(197,'2023_04_11_110749_add_is_activated_into_payments_table',115),(198,'2023_04_11_154531_change_length_of_id_into_notifies_table',116),(199,'2023_04_13_163437_add_some_column_into_products',117),(200,'2023_04_15_180135_add_slug_column_into_product_details_table',118),(201,'2023_04_19_030827_add_columns_into_contacts',119),(202,'2023_04_23_181838_add_default_price_column_into_products_table',120),(203,'2023_04_23_182444_create_pricing_rules_table',121),(206,'2023_04_24_100045_add_is_pricing_manual_column_into_prouducts',122),(207,'2023_04_24_172838_add_check_all_into_options_table',123),(208,'2023_05_10_090614_create_pricing_rule_details_table',124),(209,'2023_05_10_090811_create_pricing_rule_detail_items_table',124),(210,'2023_06_12_184254_add_rank_column_into_products_table',125),(211,'2023_06_13_014316_add_point_rate_into_users_table',126),(212,'2023_11_03_032522_add_preview_column_into_products_table',127),(213,'2023_11_26_050126_add_more_column_into_sliders_table',128),(214,'2023_11_26_103359_create_scene_table',129),(215,'2023_11_26_103432_create_conditions_table',129),(217,'2023_11_28_191826_add_columns_into_users_table',130),(219,'2023_11_30_043820_add_group_into_faqs_table',131),(220,'2023_12_12_174820_add_somes_column_into_users_table',132),(222,'2023_12_18_201818_add_new_columns_into_products_table',133),(223,'2023_12_28_205647_add_created_by_column_into_products',134),(224,'2024_01_11_184733_create_block_ips_table',135),(225,'2024_01_11_201025_add_incorrect_count_into_block_ips_table',136),(226,'2024_02_22_224415_create_colors_table',137),(227,'2024_02_26_020040_add_columns_into_products',138),(228,'2024_02_26_020450_create_product_categories',139),(230,'2024_02_26_092147_add_gender_column_into_products',140),(231,'2024_02_26_203607_create_product_schedules_table',141),(232,'2024_02_28_185328_add_three_column_into_users',142),(233,'2024_02_28_192912_add_shiping_columns_into_users',143),(234,'2024_02_29_214557_add_allow_faceswap_column_into_products_table',144),(235,'2024_03_13_040107_add_some_column_into_order_details_table',145),(238,'2024_03_18_181105_add_more_column_into_products_table',146),(239,'2024_06_19_104626_add_group_to_pages_table',147),(240,'2024_06_27_181335_add_height_sleeve_length_waist_columns_into_users_table',148),(241,'2024_06_27_183458_add_is_other_to_delivery_addresses',149),(242,'2024_07_25_032848_add_verify_code_into_users_table',150),(243,'2024_08_04_172238_create_user_payment_histories_table',151),(244,'2024_08_04_182639_add_bank_information_into_users_table',151),(245,'2024_08_08_174038_add_verify_card_column_into_users_table',152),(246,'2024_10_06_190732_create_user_cards_table',153),(247,'2024_10_08_080034_add_payjp_customer_id_to_users_table',154),(248,'2024_12_04_012740_create_shipping_costs_table',154),(249,'2024_12_23_100130_create_templates_table',155),(250,'2024_12_23_100422_create_template_attachments_table',155),(251,'2025_02_17_145017_create_face_swap_jobs_table',156),(252,'2025_03_26_024303_create_user_types_table',157),(253,'2025_03_27_013335_add_status_column_into_products_table',158),(262,'2025_04_01_114925_update_database_structure',159),(263,'2025_06_17_041505_create_accessory_categories_table',159),(264,'2025_06_17_041607_create_accessories_table',159),(265,'2025_06_17_042014_create_product_accessories_table',159),(268,'2025_06_18_144745_add_storage_fields_to_products_table',160),(269,'2025_06_19_045626_add_type_field_to_faqs_table',161),(270,'2025_06_21_044515_create_faq_links_table',162),(271,'2025_06_21_052847_add_order_to_faq_links_table',163),(272,'2025_06_23_031515_change_group_column_in_faqs_table',164),(273,'2025_06_25_162349_add_order_status_to_products_table',165),(274,'2025_07_01_035913_create_product_skus_table',166),(275,'2025_07_02_073122_add_preferred_delivery_time_to_order_details_table',167),(276,'2025_08_31_082537_add_payment_token_to_orders_table',168),(277,'2025_11_25_000001_add_identity_verification_to_users_table',169),(278,'2025_11_25_000002_add_provisional_reservation_to_orders_table',170),(279,'2025_11_25_000003_create_identity_verification_logs_table',171),(280,'2025_11_28_033645_add_payjp_card_id_to_user_cards_table',172),(281,'2025_11_28_124040_add_payment_error_fields_to_orders_table',173),(282,'2025_12_05_094746_drop_is_provisional_column_from_orders_table',174),(283,'2026_02_26_043624_add_type_to_article_categories_table',175);

--
-- Table structure for table `model_has_permissions`
--

CREATE TABLE `model_has_permissions` (
  `permission_id` int unsigned NOT NULL,
  `model_type` varchar(255) CHARACTER SET utf8mb4 COLLATE utf8mb4_unicode_ci NOT NULL,
  `model_id` bigint unsigned NOT NULL,
  PRIMARY KEY (`permission_id`,`model_id`,`model_type`),
  KEY `model_has_permissions_model_id_model_type_index` (`model_id`,`model_type`)
) ENGINE=InnoDB DEFAULT CHARSET=utf8mb4 COLLATE=utf8mb4_unicode_ci;

--
-- Dumping data for table `model_has_permissions`
--


--
-- Table structure for table `model_has_roles`
--

CREATE TABLE `model_has_roles` (
  `role_id` int unsigned NOT NULL,
  `model_type` varchar(255) CHARACTER SET utf8mb4 COLLATE utf8mb4_unicode_ci NOT NULL,
  `model_id` bigint unsigned NOT NULL,
  PRIMARY KEY (`role_id`,`model_id`,`model_type`),
  KEY `model_has_roles_model_id_model_type_index` (`model_id`,`model_type`)
) ENGINE=InnoDB DEFAULT CHARSET=utf8mb4 COLLATE=utf8mb4_unicode_ci;

--
-- Dumping data for table `model_has_roles`
--

INSERT INTO `model_has_roles` VALUES (1,'App\\Laravue\\Models\\User',1);

--
-- Table structure for table `modules`
--

CREATE TABLE `modules` (
  `id` bigint unsigned NOT NULL AUTO_INCREMENT,
  `name` varchar(255) CHARACTER SET utf8mb4 COLLATE utf8mb4_unicode_ci NOT NULL,
  `table_name` varchar(255) CHARACTER SET utf8mb4 COLLATE utf8mb4_unicode_ci DEFAULT NULL,
  `table_field` text CHARACTER SET utf8mb4 COLLATE utf8mb4_unicode_ci,
  `status` tinyint(1) NOT NULL DEFAULT '0',
  `created_at` timestamp NULL DEFAULT NULL,
  `updated_at` timestamp NULL DEFAULT NULL,
  PRIMARY KEY (`id`)
) ENGINE=InnoDB AUTO_INCREMENT=12 DEFAULT CHARSET=utf8mb4 COLLATE=utf8mb4_unicode_ci;

--
-- Dumping data for table `modules`
--

INSERT INTO `modules` VALUES (1,'Setting','settings','group:string::general|tab:string::all|slug:string|name:string|content:string:nullable|example:string:nullable|rule:string:nullable|is_activated:boolean::true|is_deleted:boolean::false',1,'2020-05-17 00:29:00','2020-05-17 00:29:00'),(4,'Menu','menus','name:string|slug:string:nullable|type:string::text|link:string:nullable|order:integer:0|is_activated:boolean::true|is_deleted:boolean::false',1,'2020-07-29 20:41:04','2020-07-29 20:41:04'),(6,'Slider','sliders','name:string|slug:string:nullable|position:string:nullable|size:integer::0|autoplay:boolean::true|autoplaySpeed:string:nullable|speed:string:nullable|slidesToShow:integer::1|slidesToScroll:integer::1|infinite:boolean::true|fade:boolean::true|dots:boolean::false|arrows:boolean::false|pauseOnHover:boolean::false|pauseOnFocus:boolean::false|is_activated:boolean::true|is_deleted:boolean::false',1,'2020-07-30 22:21:59','2020-07-30 22:21:59'),(7,'Article','articles','title:string|slug:string:nullable|description:text:nullable|content:text:nullable|thumbnail:string:nullable|category_id:integer:nullable|user_id:integer:nullable|publish_at:datetime:nullable|is_published:boolean::false|is_activated:boolean::true|is_deleted:boolean::false',1,'2020-08-03 21:00:30','2020-08-03 21:00:30'),(8,'FortuneTeller','fortune_tellers','number:integer::0|name:string|display_name:string:nullable|gender:boolean::true|age:integer::0|phone_number:string:nullable|email:string:nullable|address:string:nullable|avatar:string:nullable|cost:float::0|consultation_minutes:string:nullable|performance:string:nullable|use_scry:string:nullable|consultation_genre:string:nullable|good_consultation:string:nullable|commitment:string:nullable|boom:string:nullable|message:string:nullable|user_id:integer:nullable|is_activated:boolean::true|is_deleted:boolean::false',1,'2020-08-09 21:05:51','2020-08-09 21:05:51'),(9,'FortuneMethod','fortune_methods','name:string|slug:string:nullable|description:text:nullable|is_activated:boolean::true|is_deleted:boolean::false',1,'2020-08-16 21:20:53','2020-08-16 21:20:53'),(10,'Consultation','consultations','name:string|slug:string:nullable|description:text:nullable|is_activated:boolean::true|is_deleted:boolean::false',1,'2020-08-16 21:22:03','2020-08-16 21:22:03'),(11,'Schedule','schedules','work_date:datetime:nullable|description:text:nullable|is_activated:boolean::true|is_deleted:boolean::false',1,'2020-08-16 23:23:52','2020-08-16 23:23:52');

--
-- Table structure for table `notifies`
--

CREATE TABLE `notifies` (
  `id` bigint unsigned NOT NULL AUTO_INCREMENT,
  `content` varchar(255) CHARACTER SET utf8mb4 COLLATE utf8mb4_unicode_ci DEFAULT NULL,
  `module` varchar(255) CHARACTER SET utf8mb4 COLLATE utf8mb4_unicode_ci DEFAULT NULL,
  `item_id` varchar(255) CHARACTER SET utf8mb4 COLLATE utf8mb4_unicode_ci DEFAULT NULL,
  `item_content` text CHARACTER SET utf8mb4 COLLATE utf8mb4_unicode_ci,
  `is_read` smallint NOT NULL DEFAULT '0',
  `is_check` smallint NOT NULL DEFAULT '0',
  `created_at` timestamp NULL DEFAULT NULL,
  `updated_at` timestamp NULL DEFAULT NULL,
  PRIMARY KEY (`id`)
) ENGINE=InnoDB DEFAULT CHARSET=utf8mb4 COLLATE=utf8mb4_unicode_ci;

--
-- Dumping data for table `notifies`
--


--
-- Table structure for table `order_by_mail_forms`
--

CREATE TABLE `order_by_mail_forms` (
  `id` bigint unsigned NOT NULL AUTO_INCREMENT,
  `name` varchar(255) CHARACTER SET utf8mb4 COLLATE utf8mb4_unicode_ci NOT NULL,
  `phone_number` varchar(255) CHARACTER SET utf8mb4 COLLATE utf8mb4_unicode_ci NOT NULL,
  `email` varchar(255) CHARACTER SET utf8mb4 COLLATE utf8mb4_unicode_ci NOT NULL,
  `code` varchar(255) CHARACTER SET utf8mb4 COLLATE utf8mb4_unicode_ci DEFAULT NULL,
  `attach_file` varchar(255) CHARACTER SET utf8mb4 COLLATE utf8mb4_unicode_ci DEFAULT NULL,
  `question` text CHARACTER SET utf8mb4 COLLATE utf8mb4_unicode_ci,
  `status` smallint NOT NULL DEFAULT '0',
  `created_at` timestamp NULL DEFAULT NULL,
  `updated_at` timestamp NULL DEFAULT NULL,
  PRIMARY KEY (`id`)
) ENGINE=InnoDB DEFAULT CHARSET=utf8mb4 COLLATE=utf8mb4_unicode_ci;

--
-- Dumping data for table `order_by_mail_forms`
--


--
-- Table structure for table `order_details`
--

CREATE TABLE `order_details` (
  `id` bigint unsigned NOT NULL AUTO_INCREMENT,
  `order_id` bigint unsigned DEFAULT NULL,
  `product_id` bigint unsigned DEFAULT NULL,
  `product_detail_id` bigint unsigned DEFAULT NULL,
  `product_name` varchar(255) CHARACTER SET utf8mb4 COLLATE utf8mb4_unicode_ci DEFAULT NULL,
  `product_image` varchar(255) CHARACTER SET utf8mb4 COLLATE utf8mb4_unicode_ci DEFAULT NULL,
  `product_type` varchar(255) CHARACTER SET utf8mb4 COLLATE utf8mb4_unicode_ci DEFAULT NULL,
  `order_method` varchar(255) CHARACTER SET utf8mb4 COLLATE utf8mb4_unicode_ci DEFAULT NULL,
  `discount` double(5,2) DEFAULT NULL,
  `catalog_price` double(15,3) DEFAULT NULL,
  `price` double(15,3) DEFAULT NULL,
  `tax` double(15,2) DEFAULT NULL,
  `shipping_cost` double(15,3) DEFAULT NULL,
  `shipping_date` date DEFAULT NULL,
  `wear_date` date DEFAULT NULL,
  `preferred_delivery_time` varchar(255) CHARACTER SET utf8mb4 COLLATE utf8mb4_unicode_ci DEFAULT NULL COMMENT 'Preferred delivery time slot (e.g., 14:00-16:00)',
  `height` varchar(255) CHARACTER SET utf8mb4 COLLATE utf8mb4_unicode_ci DEFAULT NULL,
  `hip` varchar(255) CHARACTER SET utf8mb4 COLLATE utf8mb4_unicode_ci DEFAULT NULL,
  `foot` varchar(255) CHARACTER SET utf8mb4 COLLATE utf8mb4_unicode_ci DEFAULT NULL,
  `safe_pack` double(15,2) DEFAULT NULL,
  `tabi` double(15,2) DEFAULT NULL,
  `towel` double(15,2) DEFAULT NULL,
  `free_options` varchar(255) CHARACTER SET utf8mb4 COLLATE utf8mb4_unicode_ci DEFAULT NULL,
  `quantity` int NOT NULL,
  `total_price` double(15,3) DEFAULT NULL,
  `created_at` timestamp NULL DEFAULT NULL,
  `updated_at` timestamp NULL DEFAULT NULL,
  PRIMARY KEY (`id`)
) ENGINE=InnoDB AUTO_INCREMENT=76 DEFAULT CHARSET=utf8mb4 COLLATE=utf8mb4_unicode_ci;

--
-- Dumping data for table `order_details`
--

INSERT INTO `order_details` VALUES (1,1,21,228,'P99999','6ecea5c44e6db4e9fd0346940211ed9b.png',NULL,'2',10.00,33334.000,30000.000,NULL,16500.000,NULL,NULL,NULL,NULL,NULL,NULL,NULL,NULL,NULL,NULL,1,49500.000,'2023-04-10 13:23:24','2023-04-10 13:23:24'),(2,1,20,206,'30000','7284458558e9b65fbd08d1a9334f2b42.png',NULL,'1',10.00,33334.000,30000.000,NULL,16500.000,NULL,NULL,NULL,NULL,NULL,NULL,NULL,NULL,NULL,NULL,1,49500.000,'2023-04-10 13:23:24','2023-04-10 13:23:24');

--
-- Table structure for table `orders`
--

CREATE TABLE `orders` (
  `id` bigint unsigned NOT NULL AUTO_INCREMENT,
  `code` varchar(255) CHARACTER SET utf8mb4 COLLATE utf8mb4_unicode_ci DEFAULT NULL,
  `type` varchar(255) CHARACTER SET utf8mb4 COLLATE utf8mb4_unicode_ci DEFAULT NULL,
  `user_id` bigint unsigned DEFAULT NULL,
  `total_price` double(15,3) DEFAULT NULL,
  `estimated_delivery_date` datetime DEFAULT NULL,
  `wearing_date` date DEFAULT NULL,
  `rental_days` int DEFAULT '5',
  `option_price` double(15,3) DEFAULT '0.000',
  `shipping_cost` double(15,3) DEFAULT '0.000',
  `payment_method` smallint NOT NULL DEFAULT '1',
  `note` text CHARACTER SET utf8mb4 COLLATE utf8mb4_unicode_ci,
  `status` smallint NOT NULL DEFAULT '0',
  `provisional_created_at` timestamp NULL DEFAULT NULL COMMENT 'Thời điểm tạo đặt chỗ tạm thời',
  `provisional_expires_at` timestamp NULL DEFAULT NULL COMMENT 'Thời điểm hết hạn đặt chỗ tạm thời',
  `identity_verification_required` tinyint(1) NOT NULL DEFAULT '0' COMMENT 'Yêu cầu xác minh danh tính cho đơn hàng này',
  `auto_cancelled` tinyint(1) NOT NULL DEFAULT '0' COMMENT 'Đơn hàng bị hủy tự động do quá hạn',
  `auto_cancelled_at` timestamp NULL DEFAULT NULL COMMENT 'Thời điểm bị hủy tự động',
  `cancellation_reason` varchar(500) CHARACTER SET utf8mb4 COLLATE utf8mb4_unicode_ci DEFAULT NULL COMMENT 'Lý do hủy đơn hàng',
  `identity_verification_completed_at` timestamp NULL DEFAULT NULL,
  `payment_status` smallint NOT NULL DEFAULT '0',
  `payment_token` varchar(255) CHARACTER SET utf8mb4 COLLATE utf8mb4_unicode_ci DEFAULT NULL,
  `payment_token_expires_at` timestamp NULL DEFAULT NULL,
  `payment_error` text CHARACTER SET utf8mb4 COLLATE utf8mb4_unicode_ci,
  `is_activated` smallint NOT NULL DEFAULT '1',
  `is_deleted` smallint NOT NULL DEFAULT '0',
  `created_at` timestamp NULL DEFAULT NULL,
  `updated_at` timestamp NULL DEFAULT NULL,
  PRIMARY KEY (`id`),
  KEY `orders_provisional_expires_at_index` (`provisional_expires_at`),
  KEY `orders_is_provisional_provisional_expires_at_index` (`provisional_expires_at`)
) ENGINE=InnoDB AUTO_INCREMENT=62 DEFAULT CHARSET=utf8mb4 COLLATE=utf8mb4_unicode_ci;

--
-- Dumping data for table `orders`
--

INSERT INTO `orders` VALUES (1,'185674163224198','user',119,99000.000,NULL,NULL,5,0.000,0.000,1,'test',0,NULL,NULL,0,0,NULL,NULL,NULL,0,NULL,NULL,NULL,1,1,'2023-04-10 13:23:24','2023-10-26 20:16:03');

--
-- Table structure for table `pages`
--

CREATE TABLE `pages` (
  `id` bigint unsigned NOT NULL AUTO_INCREMENT,
  `title` varchar(255) CHARACTER SET utf8mb4 COLLATE utf8mb4_unicode_ci NOT NULL,
  `slug` varchar(255) CHARACTER SET utf8mb4 COLLATE utf8mb4_unicode_ci NOT NULL,
  `description` text CHARACTER SET utf8mb4 COLLATE utf8mb4_unicode_ci,
  `content` longtext CHARACTER SET utf8mb4 COLLATE utf8mb4_unicode_ci,
  `thumbnail` varchar(255) CHARACTER SET utf8mb4 COLLATE utf8mb4_unicode_ci DEFAULT NULL,
  `group` smallint NOT NULL DEFAULT '0',
  `user_id` bigint unsigned DEFAULT NULL,
  `is_activated` smallint NOT NULL DEFAULT '1',
  `is_deleted` smallint NOT NULL DEFAULT '0',
  `created_at` timestamp NULL DEFAULT NULL,
  `updated_at` timestamp NULL DEFAULT NULL,
  PRIMARY KEY (`id`)
) ENGINE=InnoDB AUTO_INCREMENT=28 DEFAULT CHARSET=utf8mb4 COLLATE=utf8mb4_unicode_ci;

--
-- Dumping data for table `pages`
--

INSERT INTO `pages` VALUES (1,'送料について','about-shipping-cost','Description of 送料について','<h3 style=\"text-align: center;\"><span style=\"color: #ff0000;\">これはテスト記事の内容です。管理者で変更してください。</span></h3>\n<p>&nbsp;</p>\n<h2 style=\"text-align: center;\">送料</h2>\n<p>&nbsp;</p>\n<p><span style=\"font-weight: 400;\">商品の金額に応じて、送料を設けております。</span></p>\n<p><span style=\"font-weight: 400;\">また、「北海道・沖縄・離島」にお届けの場合は、送料無料の商品でも、別途送料をいただいておりますのでご了承ください。</span></p>\n<table style=\"border-collapse: collapse; width: 100%;\" border=\"1\">\n<tbody>\n<tr>\n<td style=\"width: 33.3333%; text-align: center;\">\n<p><span style=\"font-size: 12pt;\"><strong>レンタル料金</strong></span></p>\n<p><span style=\"font-size: 8pt;\">（税抜き）</span></p>\n</td>\n<td style=\"width: 33.3333%; text-align: center;\">\n<p><span style=\"font-size: 12pt;\"><strong>往復送料</strong></span></p>\n<p><span style=\"font-size: 8pt;\">（本州・四国・九州）</span></p>\n</td>\n<td style=\"width: 33.3333%; text-align: center;\">\n<p><span style=\"font-size: 12pt;\"><strong>往復送料</strong></span></p>\n<p><span style=\"font-size: 8pt;\">（北海道・沖縄・離島）</span></p>\n</td>\n</tr>\n<tr>\n<td style=\"width: 33.3333%; text-align: center;\">\n<p>88,000円</p>\n</td>\n<td style=\"width: 33.3333%; text-align: center;\">\n<p>無料</p>\n</td>\n<td style=\"width: 33.3333%; text-align: center;\">3,000円</td>\n</tr>\n<tr>\n<td style=\"width: 33.3333%; text-align: center;\">\n<p>58,000円</p>\n</td>\n<td style=\"width: 33.3333%; text-align: center;\">無料</td>\n<td style=\"width: 33.3333%; text-align: center;\">3,000円</td>\n</tr>\n<tr>\n<td style=\"width: 33.3333%; text-align: center;\">\n<p>38,000円</p>\n</td>\n<td style=\"width: 33.3333%; text-align: center;\">無料</td>\n<td style=\"width: 33.3333%; text-align: center;\">3,000円</td>\n</tr>\n<tr>\n<td style=\"width: 33.3333%; text-align: center;\">\n<p>19,800円</p>\n</td>\n<td style=\"width: 33.3333%; text-align: center;\">3,000円</td>\n<td style=\"width: 33.3333%; text-align: center;\">6,000円</td>\n</tr>\n<tr>\n<td style=\"width: 33.3333%; text-align: center;\">\n<p>9,800円</p>\n</td>\n<td style=\"width: 33.3333%; text-align: center;\">3,000円</td>\n<td style=\"width: 33.3333%; text-align: center;\">6,000円</td>\n</tr>\n</tbody>\n</table>',NULL,0,1,1,0,'2025-02-22 02:55:28','2025-02-22 02:55:28'),(2,'利用ガイド','usage-guide','Description of 利用ガイド','<h3 style=\"text-align: center;\"><span style=\"color: #ff0000;\">これはテスト記事の内容です。管理者で変更してください。</span></h3>\n<p>&nbsp;</p>\n<p><span style=\"color: #b78e49;\">新規会員登録をされる前に、下記ご利用規約をよくお読みください。</span></p>\n<p><span style=\"color: #504b43;\">規約には、本サービスを使用するに当たってのあなたの権利と義務が規定されております。</span></p>\n<p>&nbsp;</p>\n<p><span style=\"color: #ada69a;\">第1条（会員）</span></p>\n<p>&nbsp;</p>\n<p><span style=\"color: #000000;\">1. 会員資格</span></p>\n<p><span style=\"color: #504b43;\">本規約に同意の上、所定の入会申込みをされたお客様は、所定の登録手続完了後に会員としての資格を有します。会員登録手続は、会員となるご本人が行ってください。代理による登録は一切認められません。なお、過去に会員資格が取り消された方やその他当社が相応しくないと判断した方からの会員申込はお断りする場合があります。</span></p>\n<p>&nbsp;</p>\n<p><span style=\"color: #000000;\">2.&nbsp;会員情報の入力</span></p>\n<p><span style=\"color: #504b43;\">会員登録手続の際には、入力上の注意をよく読み、所定の入力フォームに必要事項を正確に入力してください。会員情報の登録において、特殊記号・旧漢字・ローマ数字などはご使用になれません。これらの文字が登録された場合は当社にて変更致します。</span></p>',NULL,0,1,1,0,'2024-06-24 15:55:23','2024-06-24 15:55:23'),(3,'レンタルの流れ','rental-process','Description of レンタルの流れ','<h3 style=\"text-align: center;\"><span style=\"color: #ff0000;\">これはテスト記事の内容です。管理者で変更してください。</span></h3>\n<p>&nbsp;</p>\n<p><span style=\"color: #b78e49;\">新規会員登録をされる前に、下記ご利用規約をよくお読みください。</span></p>\n<p><span style=\"color: #504b43;\">規約には、本サービスを使用するに当たってのあなたの権利と義務が規定されております。</span></p>\n<p>&nbsp;</p>\n<p><span style=\"color: #ada69a;\">第1条（会員）</span></p>\n<p>&nbsp;</p>\n<p><span style=\"color: #000000;\">1. 会員資格</span></p>\n<p><span style=\"color: #504b43;\">本規約に同意の上、所定の入会申込みをされたお客様は、所定の登録手続完了後に会員としての資格を有します。会員登録手続は、会員となるご本人が行ってください。代理による登録は一切認められません。なお、過去に会員資格が取り消された方やその他当社が相応しくないと判断した方からの会員申込はお断りする場合があります。</span></p>\n<p>&nbsp;</p>\n<p><span style=\"color: #000000;\">2.&nbsp;会員情報の入力</span></p>\n<p><span style=\"color: #504b43;\">会員登録手続の際には、入力上の注意をよく読み、所定の入力フォームに必要事項を正確に入力してください。会員情報の登録において、特殊記号・旧漢字・ローマ数字などはご使用になれません。これらの文字が登録された場合は当社にて変更致します。</span></p>',NULL,0,1,1,0,'2024-06-24 15:55:32','2024-06-24 15:55:32'),(4,'よくある質問','faq','Description of よくある質問','<p><strong><span style=\"color: #b78e49;\">Q. 着物レンタルサービスって何ですか？</span></strong></p>\n<p>&nbsp;</p>\n<p><span style=\"color: #504b43;\">A.&nbsp;着物レンタルサービスは、特別な行事やイベントで着物を着たい方向けのサービスです。レンタル業者から着物を借りて、着付けや返却まで利用できます。</span></p>\n<p>&nbsp;</p>\n<p><strong><span style=\"color: #b78e49;\">Q. どんな種類の着物がレンタルできますか？</span></strong></p>\n<p>&nbsp;</p>\n<p><span style=\"color: #504b43;\">A. &nbsp;多くの着物レンタルサービスでは、振袖や訪問着、留袖などの正絹やポリエステル素材の着物をレンタルできます。季節や目的に合わせて選ぶことができます。</span></p>\n<p>&nbsp;</p>\n<p><strong><span style=\"color: #b78e49;\">Q. 着物のレンタル料金はどのくらいですか？</span></strong></p>\n<p>&nbsp;</p>\n<p><span style=\"color: #504b43;\">A. レンタル料金は、着物の種類や素材、レンタル期間によって異なります。一般的には、&yen;10,000から&yen;30,000程度が相場となっていますが、レンタル業者によって異なりますので、事前に確認が必要です。</span></p>\n<p>&nbsp;</p>\n<p><strong><span style=\"color: #b78e49;\">Q. 着物のサイズはどうやって選べますか？</span></strong></p>\n<p>&nbsp;</p>\n<p><span style=\"color: #504b43;\">A. 着物のサイズは、身長や体型に合わせて選ぶことができます。</span></p>\n<p>&nbsp;</p>\n<p><strong><span style=\"color: #b78e49;\">Q.&nbsp;着物の返却方法はどうなっていますか？</span></strong></p>\n<p>&nbsp;</p>\n<p><span style=\"color: #504b43;\">A. 着物の返却方法は、レンタル業者によって異なります。一般的には、指定された日時までに業者に返却する必要があります。返却時には、着物が汚れていないか、破損していないかを確認されることがあります。</span></p>\n<p>&nbsp;</p>\n<p>&nbsp;</p>',NULL,0,1,1,1,'2024-06-24 15:17:57','2024-07-21 20:07:02'),(5,'利用規約','terms-of-service','Description of 利用規約','<p><span style=\"color: #b78e49;\">新規会員登録をされる前に、下記ご利用規約をよくお読みください。</span></p>\n<p><span style=\"color: #504b43;\">規約には、本サービスを使用するに当たってのあなたの権利と義務が規定されております。</span></p>\n<p>&nbsp;</p>\n<p><span style=\"color: #ada69a;\">第1条（会員）</span></p>\n<p>&nbsp;</p>\n<p><span style=\"color: #000000;\">1. 会員資格</span></p>\n<p><span style=\"color: #504b43;\">本規約に同意の上、所定の入会申込みをされたお客様は、所定の登録手続完了後に会員としての資格を有します。会員登録手続は、会員となるご本人が行ってください。代理による登録は一切認められません。なお、過去に会員資格が取り消された方やその他当社が相応しくないと判断した方からの会員申込はお断りする場合があります。</span></p>\n<p>&nbsp;</p>\n<p><span style=\"color: #000000;\">2.&nbsp;会員情報の入力</span></p>\n<p><span style=\"color: #504b43;\">会員登録手続の際には、入力上の注意をよく読み、所定の入力フォームに必要事項を正確に入力してください。会員情報の登録において、特殊記号・旧漢字・ローマ数字などはご使用になれません。これらの文字が登録された場合は当社にて変更致します。</span></p>',NULL,0,1,1,0,'2024-06-24 14:53:18','2024-06-24 14:53:18'),(6,'プライバシーポリシー','privacy-policy','Description of プライバシーポリシー','<h3 style=\"text-align: center;\"><span style=\"color: #ff0000;\">これはテスト記事の内容です。管理者で変更してください。</span></h3>\n<p>&nbsp;</p>\n<p><span style=\"color: #b78e49;\">新規会員登録をされる前に、下記ご利用規約をよくお読みください。</span></p>\n<p><span style=\"color: #504b43;\">規約には、本サービスを使用するに当たってのあなたの権利と義務が規定されております。</span></p>\n<p>&nbsp;</p>\n<p><span style=\"color: #ada69a;\">第1条（会員）</span></p>\n<p>&nbsp;</p>\n<p><span style=\"color: #000000;\">1. 会員資格</span></p>\n<p><span style=\"color: #504b43;\">本規約に同意の上、所定の入会申込みをされたお客様は、所定の登録手続完了後に会員としての資格を有します。会員登録手続は、会員となるご本人が行ってください。代理による登録は一切認められません。なお、過去に会員資格が取り消された方やその他当社が相応しくないと判断した方からの会員申込はお断りする場合があります。</span></p>\n<p>&nbsp;</p>\n<p><span style=\"color: #000000;\">2.&nbsp;会員情報の入力</span></p>\n<p><span style=\"color: #504b43;\">会員登録手続の際には、入力上の注意をよく読み、所定の入力フォームに必要事項を正確に入力してください。会員情報の登録において、特殊記号・旧漢字・ローマ数字などはご使用になれません。これらの文字が登録された場合は当社にて変更致します。</span></p>',NULL,0,1,1,0,'2024-06-24 15:55:47','2024-06-24 15:55:47'),(7,'特定商取引法に基づく表記','specified-commercial-transactions-law','Description of 特定商取引法に基づく表記','<h3 style=\"text-align: center;\"><span style=\"color: #ff0000;\">これはテスト記事の内容です。管理者で変更してください。</span></h3>\n<p>&nbsp;</p>\n<p><span style=\"color: #b78e49;\">販売業者名</span></p>\n<p>株式会社　もろふじ</p>\n<p>&nbsp;</p>\n<p><span style=\"color: #b78e49;\">WebサイトURL</span></p>\n<pre class=\"moz-quote-pre\"><a class=\"moz-txt-link-freetext\" href=\"http://kirei-kimono.jp/tokutei/\">http://kirei-kimono.jp/</a><br /><br /></pre>\n<p>運営責任者</p>\n<p>&nbsp;</p>\n<p><span style=\"color: #b78e49;\"><span style=\"color: #b78e49;\"><span style=\"color: #b78e49;\">WebサイトURL</span></span></span></p>\n<p><span style=\"color: #b78e49;\"><span style=\"color: #b78e49;\"><span style=\"color: #b78e49;\"><span style=\"color: #b78e49;\">WebサイトURL</span></span></span></span></p>\n<p>&nbsp;</p>\n<p>&nbsp;</p>\n<table class=\"CustomPageTable\">\n<tbody>\n<tr>\n<th>販売業者名</th>\n<td>株式会社　もろふじ</td>\n</tr>\n<tr>\n<th>URL</th>\n<td>\n<pre class=\"moz-quote-pre\"><a class=\"moz-txt-link-freetext\" href=\"http://kirei-kimono.jp/tokutei/\">http://kirei-kimono.jp/</a></pre>\n</td>\n</tr>\n<tr>\n<th>運営責任者</th>\n<td>諸藤三富</td>\n</tr>\n<tr>\n<th>所在地</th>\n<td>福岡県柳川市袋町16-2</td>\n</tr>\n<tr>\n<th>電話番号</th>\n<td>0944-88-9107</td>\n</tr>\n<tr>\n<th>価格について</th>\n<td>税込表記</td>\n</tr>\n<tr>\n<th>商品以外の必要金額</th>\n<td>・送料（北海道・沖縄・離島の場合） ・銀行振込手数料 ・代金引換手数料(500円)</td>\n</tr>\n<tr>\n<th>申込みの有効期限</th>\n<td>基本　7日以内</td>\n</tr>\n<tr>\n<th>お支払対応方法</th>\n<td>・銀行振込 ・クレジットカード(※ご来店の場合のみ) ・ご利用日が1週間以内の場合のみ代金引換利用可（ヤマト運輸の宅急便コレクト）</td>\n</tr>\n<tr>\n<th>お支払期限</th>\n<td>ご予約成立後、基本７日以内。</td>\n</tr>\n<tr>\n<th>キャンセル料</th>\n<td>適用が優先される順に表記しております。 １．弊社発送後（来店当日） 100％ ２．お届け（来店）予定日の10日前より 50％ ３．ご予約成立の14日後から 10％ ※返金の際の振込手数料は、お客様負担となります。 ※商品発送日は、地域により異なりますのでご注意下さい。 ※クレジットカード払いでキャンセル料が発生する場合、一律５％の手数料がかかります。 その場合、銀行振込での返金となります。 ※オーダーレンタルやご購入の場合はお申込み７日以降、又は、お仕立ての加工に入った場合のキャンセルは原則できません。</td>\n</tr>\n<tr>\n<th>レンタル期間と引き渡し時期</th>\n<td>4泊5日(ご利用日の3日前又は2日前にお届け。ご利用日当日または翌日に返却) ※成人式の場合、12月下旬からお届け可能。返却はご利用日または翌日。</td>\n</tr>\n<tr>\n<th>返品期限</th>\n<td>ご利用日の前のみ受付。配送の場合、お届け日に連絡。電話またはファックスのみ。</td>\n</tr>\n<tr>\n<th>返品送料</th>\n<td>お客様ご都合による返品の場合、お客様負担</td>\n</tr>\n<tr>\n<th>返品、交換について</th>\n<td>・不良品、又はご注文いただいたものと異なる商品が届けられた場合 （着払いにて返品後、良品と交換もしくは返金となります）</td>\n</tr>\n<tr>\n<th>紛失</th>\n<td>商品を紛失された時は、商品代金の実費を請求させていただきます。</td>\n</tr>\n</tbody>\n</table>',NULL,0,1,1,0,'2024-07-24 08:49:48','2024-07-24 08:49:48'),(8,'会社情報','about-us','Description of 会社情報','<table style=\"width: 100%; border-collapse: collapse;\" border=\"0\">\n<tbody>\n<tr>\n<td style=\"width: 50%;\"><span style=\"color: #333333;\"><strong>社名</strong></span></td>\n<td style=\"width: 50%; text-align: right;\"><span style=\"color: #333333;\"><strong>株式会社もろふじ</strong></span></td>\n</tr>\n<tr>\n<td style=\"width: 50%;\"><span style=\"color: #333333;\"><strong>創業</strong></span></td>\n<td style=\"width: 50%; text-align: right;\"><span style=\"color: #333333;\">1967年８月（昭和42年）</span></td>\n</tr>\n<tr>\n<td style=\"width: 50%;\"><span style=\"color: #333333;\"><strong>本社所在地</strong></span></td>\n<td style=\"width: 50%; text-align: right;\">\n<p><span style=\"color: #333333;\">〒832-0044　福岡県柳川市袋町16-2</span></p>\n<p><span style=\"color: #333333;\">TEL:0944-88-9107</span></p>\n</td>\n</tr>\n<tr>\n<td style=\"width: 50%;\"><span style=\"color: #333333;\"><strong>代表</strong></span></td>\n<td style=\"width: 50%; text-align: right;\"><span style=\"color: #333333;\">代表取締役社長　&nbsp;諸藤三富</span></td>\n</tr>\n<tr>\n<td style=\"width: 50%;\"><span style=\"color: #333333;\"><strong>資本金</strong></span></td>\n<td style=\"width: 50%; text-align: right;\"><span style=\"color: #333333;\">&nbsp;3,000万円</span></td>\n</tr>\n<tr>\n<td style=\"width: 50%;\"><span style=\"color: #333333;\"><strong>事業所</strong></span></td>\n<td style=\"width: 50%; text-align: right;\">\n<p><span style=\"color: #333333;\">&nbsp;呉服のもろふじ　柳川本店</span></p>\n<p><span style=\"color: #333333;\">佐賀店</span></p>\n<p><span style=\"color: #333333;\">飯塚店</span></p>\n<p><span style=\"color: #333333;\">伊都店</span></p>\n<p><span style=\"color: #333333;\">春日店</span></p>\n</td>\n</tr>\n<tr>\n<td style=\"width: 50%;\">&nbsp;</td>\n<td style=\"width: 50%; text-align: right;\"><span style=\"color: #333333;\">morofuji 小郡店</span></td>\n</tr>\n<tr>\n<td style=\"width: 50%;\">&nbsp;</td>\n<td style=\"width: 50%; text-align: right;\"><span style=\"color: #333333;\">わらびルリアン福岡三越店 </span></td>\n</tr>\n</tbody>\n</table>\n<p>&nbsp;</p>\n<p><iframe style=\"border: 0;\" src=\"https://www.google.com/maps/embed?pb=!1m18!1m12!1m3!1d1619.8561155431219!2d139.76140459381133!3d35.70869849607881!2m3!1f0!2f0!3f0!3m2!1i1024!2i768!4f13.1!3m3!1m2!1s0x60188c3b328e67ed%3A0x9bf65f99434d27db!2zRmFjdWx0eSBvZiBNZWRpY2luZSBCbGRnLjMsIDctY2jFjW1lLTMtMy0xIEhvbmfFjSwg5paH5Lqs5Yy6IEJ1bmt5byBDaXR5LCBUb2t5byAxMTMtMDAzMywgSmFwYW4!5e0!3m2!1sen!2s!4v1719267987638!5m2!1sen!2s\" width=\"100%\" height=\"400\" allowfullscreen=\"allowfullscreen\"></iframe></p>',NULL,0,1,1,0,'2025-02-22 03:10:56','2025-02-22 03:10:56'),(9,'お問い合わせ','inquiry','Description of お問い合わせ','<h3 style=\"text-align: center;\"><span style=\"color: #ff0000;\">これはテスト記事の内容です。管理者で変更してください。</span></h3>\n<p>&nbsp;</p>\n<p><span style=\"color: #b78e49;\">新規会員登録をされる前に、下記ご利用規約をよくお読みください。</span></p>\n<p><span style=\"color: #504b43;\">規約には、本サービスを使用するに当たってのあなたの権利と義務が規定されております。</span></p>\n<p>&nbsp;</p>\n<p><span style=\"color: #ada69a;\">第1条（会員）</span></p>\n<p>&nbsp;</p>\n<p><span style=\"color: #000000;\">1. 会員資格</span></p>\n<p><span style=\"color: #504b43;\">本規約に同意の上、所定の入会申込みをされたお客様は、所定の登録手続完了後に会員としての資格を有します。会員登録手続は、会員となるご本人が行ってください。代理による登録は一切認められません。なお、過去に会員資格が取り消された方やその他当社が相応しくないと判断した方からの会員申込はお断りする場合があります。</span></p>\n<p>&nbsp;</p>\n<p><span style=\"color: #000000;\">2.&nbsp;会員情報の入力</span></p>\n<p><span style=\"color: #504b43;\">会員登録手続の際には、入力上の注意をよく読み、所定の入力フォームに必要事項を正確に入力してください。会員情報の登録において、特殊記号・旧漢字・ローマ数字などはご使用になれません。これらの文字が登録された場合は当社にて変更致します。</span></p>',NULL,0,1,1,0,'2024-06-24 15:56:23','2024-06-24 15:56:23'),(10,'Tokutei','tokutei','Description of Tokutei','<h3 style=\"text-align: center;\"><span style=\"color: #ff0000;\">これはテスト記事の内容です。管理者で変更してください。</span></h3>\n<p>&nbsp;</p>\n<p><span style=\"color: #b78e49;\">新規会員登録をされる前に、下記ご利用規約をよくお読みください。</span></p>\n<p><span style=\"color: #504b43;\">規約には、本サービスを使用するに当たってのあなたの権利と義務が規定されております。</span></p>\n<p>&nbsp;</p>\n<p><span style=\"color: #ada69a;\">第1条（会員）</span></p>\n<p>&nbsp;</p>\n<p><span style=\"color: #000000;\">1. 会員資格</span></p>\n<p><span style=\"color: #504b43;\">本規約に同意の上、所定の入会申込みをされたお客様は、所定の登録手続完了後に会員としての資格を有します。会員登録手続は、会員となるご本人が行ってください。代理による登録は一切認められません。なお、過去に会員資格が取り消された方やその他当社が相応しくないと判断した方からの会員申込はお断りする場合があります。</span></p>\n<p>&nbsp;</p>\n<p><span style=\"color: #000000;\">2.&nbsp;会員情報の入力</span></p>\n<p><span style=\"color: #504b43;\">会員登録手続の際には、入力上の注意をよく読み、所定の入力フォームに必要事項を正確に入力してください。会員情報の登録において、特殊記号・旧漢字・ローマ数字などはご使用になれません。これらの文字が登録された場合は当社にて変更致します。</span></p>',NULL,0,1,1,0,'2024-06-24 15:56:36','2024-06-24 15:56:36'),(11,'Privacy','privacy','Description of Privacy','<h3 style=\"text-align: center;\"><span style=\"color: #ff0000;\">これはテスト記事の内容です。管理者で変更してください。</span></h3>\n<p>&nbsp;</p>\n<p><span style=\"color: #b78e49;\">新規会員登録をされる前に、下記ご利用規約をよくお読みください。</span></p>\n<p><span style=\"color: #504b43;\">規約には、本サービスを使用するに当たってのあなたの権利と義務が規定されております。</span></p>\n<p>&nbsp;</p>\n<p><span style=\"color: #ada69a;\">第1条（会員）</span></p>\n<p>&nbsp;</p>\n<p><span style=\"color: #000000;\">1. 会員資格</span></p>\n<p><span style=\"color: #504b43;\">本規約に同意の上、所定の入会申込みをされたお客様は、所定の登録手続完了後に会員としての資格を有します。会員登録手続は、会員となるご本人が行ってください。代理による登録は一切認められません。なお、過去に会員資格が取り消された方やその他当社が相応しくないと判断した方からの会員申込はお断りする場合があります。</span></p>\n<p>&nbsp;</p>\n<p><span style=\"color: #000000;\">2.&nbsp;会員情報の入力</span></p>\n<p><span style=\"color: #504b43;\">会員登録手続の際には、入力上の注意をよく読み、所定の入力フォームに必要事項を正確に入力してください。会員情報の登録において、特殊記号・旧漢字・ローマ数字などはご使用になれません。これらの文字が登録された場合は当社にて変更致します。</span></p>',NULL,0,1,1,0,'2024-06-24 15:56:48','2024-06-24 15:56:48'),(12,'Tos','tos','Description of Tos','<h3 style=\"text-align: center;\"><span style=\"color: #ff0000;\">これはテスト記事の内容です。管理者で変更してください。</span></h3>\n<p>&nbsp;</p>\n<p><span style=\"color: #b78e49;\">新規会員登録をされる前に、下記ご利用規約をよくお読みください。</span></p>\n<p><span style=\"color: #504b43;\">規約には、本サービスを使用するに当たってのあなたの権利と義務が規定されております。</span></p>\n<p>&nbsp;</p>\n<p><span style=\"color: #ada69a;\">第1条（会員）</span></p>\n<p>&nbsp;</p>\n<p><span style=\"color: #000000;\">1. 会員資格</span></p>\n<p><span style=\"color: #504b43;\">本規約に同意の上、所定の入会申込みをされたお客様は、所定の登録手続完了後に会員としての資格を有します。会員登録手続は、会員となるご本人が行ってください。代理による登録は一切認められません。なお、過去に会員資格が取り消された方やその他当社が相応しくないと判断した方からの会員申込はお断りする場合があります。</span></p>\n<p>&nbsp;</p>\n<p><span style=\"color: #000000;\">2.&nbsp;会員情報の入力</span></p>\n<p><span style=\"color: #504b43;\">会員登録手続の際には、入力上の注意をよく読み、所定の入力フォームに必要事項を正確に入力してください。会員情報の登録において、特殊記号・旧漢字・ローマ数字などはご使用になれません。これらの文字が登録された場合は当社にて変更致します。</span></p>',NULL,0,1,1,0,'2024-06-24 15:56:58','2024-06-24 15:56:58'),(13,'利用規約01','register','利用規約（シェアリングサービス オーナー様用）','<h2>シェアリングサービス利用規約（オーナー様用）</h2>\n\n<h3>第1条　目的および適用</h3>\n<p>この利用規約（以下「本規約」とする）は、株式会社もろふじ（以下「当社」とする）が提供するきもの保管シェアリングサービス「着麗（キレイ）」（以下「本サービス」とする）の利用条件を定めるものであり、本サービスの利用者に適用されます。</p>\n<p>利用を希望される方は本規約の内容に同意した上で、本サービスをご利用下さい。</p>\n\n<h3>第2条　本サービスの内容</h3>\n<p>本サービスは、自己の所有する着物（以下、「所有アイテム」という）を有償で貸し出すことを希望する方（以下、「オーナー」という）からの申込を受け、当社での査定後、その所有アイテムを当社が借り受け、本サービスを利用する第三者（以下「レンタルユーザー」という）にレンタルし、当社が得た利用料金の一部を対価としてオーナーに還元するサービスです。</p>\n<p>概要は以下の通りです。</p>\n<p>1）オーナー希望者は所定の情報を、サイト上からご登録申請頂きます。<br>\n　　※貸し出しを希望する所有アイテムの情報や写真登録等は当社にて行います.</p>\n<p>2）オーナー希望者は貸し出しを希望する所有アイテムを当社支店窓口にお持ち頂くか、郵送（郵送の場合、当該送付物が配送中に生じた損害について、当社は一切の責任を負いません）にてお送り頂きます。</p>\n<p>3）当社は、オーナー希望者よりご提供頂いた登録情報、ならびに所有アイテムを拝見した上で査定を行い、所有アイテムの査定内容を通知します。</p>\n<p>4）査定によって、レンタルユーザー利用規約に基づき以下の適用レンタルプランのいずれかのプランでレンタルユーザーにレンタルすることになりますが、査定によっては以下のレンタルプランの適用外となり、お預かりできない場合もございます。</p>\n<ul>\n<li>9,800プラン</li>\n<li>19,800プラン</li>\n<li>38,000プラン</li>\n<li>58,000プラン</li>\n<li>88,000プラン</li>\n</ul>\n<p>5）オーナー希望者が、査定の内容及び本規約に同意頂ける場合は、同意書に署名捺印、口座番号等の追加情報をご提供頂きます。</p>\n<p>6）オーナー所有アイテムをレンタルユーザーにレンタルすることにより、当該オーナーにその利用料の一部を預託使用料としてお支払いします。</p>\n\n<h3>第3条　オーナー登録申請</h3>\n<p>1. 本サービスの利用を希望するお客様は、当社が運営するウェブサイト（http://kirei-kimono.jp/、以下「本サイト」とする）上での入力その他の所定の方法に従い、定められた情報を当社に提供することにより、オーナー登録の申請をしなければなりません。</p>\n<p>2. 申請があった場合、当社所定の査定基準に従って査定を行います。次のいずれかに該当する方は、オーナーになることはできません。</p>\n<p>1）有効な電子メールアドレスを所有していない方<br>\n2）本規約にご同意頂けない方<br>\n3）本人名義の銀行口座を開設されていない方<br>\n4）申込者より提供された情報の全部または一部に誤りまたは記載漏れがあった場合<br>\n5）過去に本サービスの利用契約を取り消され、又は解除されている方<br>\n6）過去に着麗（キレイ）サービスの利用料金等の支払を遅滞又は商品の返却を遅延したことがある方<br>\n7）日本在住でない方<br>\n8）未成年者で親権者の同意が得られない方<br>\n9）暴力団等の構成員又は反社会的組織と何らかの関係のある方<br>\n10）その他当社が着麗（キレイ）オーナーとして不適当と判断した場合</p>\n<p>3. 当社がオーナー登録の申請を承認しなかった場合であっても、その理由をお客様には開示致しません。</p>\n<p>4. オーナーが第2項のいずれかに該当することがオーナー登録承認後に判明した場合は、当社の判断により、オーナー登録の承認を取り消し、何らの通知催告なく利用契約を解除することができるものとします。</p>\n\n<h3>第4条　査定</h3>\n<p>1. オーナー希望者より当社に到着（持ち込みもしくは郵送）した所有アイテムに対して、当社の基準により実物確認による査定を行います。査定の結果、当社がオーナー登録申請を承認する場合は、当該オーナー希望者に対して、所有アイテムに対する適用レンタルプランの査定金額等をお伝えします。</p>\n<p>2. 査定途中で所有アイテムに手入加工が必要と判断される場合は、査定結果と合わせてオーナー希望者に通知いたします。手入加工に同意いただける場合は、預託開始前に当社で手入加工を行い、その費用はオーナー希望者にお支払いいただきます。</p>\n<p>3. 査定金額等に同意頂けない場合は、本サイトのお問い合わせより取下げ手続を行って下さい。持ち込みの場合は即日、郵送の場合は概ね1週間程度でお預かりした所有アイテムの返却手続を行います。7日以内に取下げ手続きがなされない場合、又は4項の追加情報のご提供がなされない場合は、申請を取り下げたものとみなします。</p>\n<p>4. 査定金額等及び次条に定める条件に同意いただける場合は、7日以内に同意書に署名捺印、口座番号等の追加情報をご提供頂き、当社がオーナーから借り受けた所有アイテム（以下「オーナーアイテム」という）としてお預かり致します。</p>\n\n<h3>第5条　貸し出し（当社借り受け）条件</h3>\n<p>1. オーナーは当社に対してのオーナーアイテム貸し出しは、契約締結の日から1年間と致します。オーナより解約の申し出がない限りその後は1年毎の自動更新と致します。貸し出し期間中、当社がオーナーアイテムを本サービスにおいて独占的に使用・収益（オーナーアイテムをレンタルユーザー利用規約に基づきレンタルユーザーにレンタルし、当社の売上とする）することを了承するものとします。また、当社はオーナーアイテムについて、本サービスの提供に必要な限りで使用・収益を行い、善良な管理者の注意をもって適切に管理致します。</p>\n<p>2. オーナーアイテムの使用収益に対する対価（アイテム使用料）とその支払い条件については、第6条の通りとします。</p>\n<p>3. オーナーアイテムはレンタル中か否かにかかわらず、オーナー登録申請承認後、6ヶ月経過するまでは返却いたしません。6ヶ月経過後にオーナーアイテムの返却を希望される場合は、本サイトのお問い合わせより返却申請を行って下さい。</p>\n<p>4. 前項にかかわらず、返却申請のあったオーナーアイテムがレンタルユーザーにレンタル中であった場合、当社から当該レンタル中のレンタルユーザーに対する返還要求は行いません。レンタルユーザーの意思によるレンタル終了後に、お手入を完了させた上で返却手続を行いますので、返却申請から返却まで2か月以上かかる場合がありますので予めご留意下さい。また、返却申請後、相当期間経過した場合であっても、第8条1項の返還不能事象には含まないものとします。</p>\n<p>5. レンタル開始可能となった日から1年を経過する日までにレンタルユーザーからのレンタル申請がなく、かつ当社がオーナーアイテムの借り受けを終了することを希望する場合は、当該オーナーに契約終了の旨を通知することで、いつでもオーナーアイテムを返却し、契約を終了できるものとします。</p>\n\n<h3>第6条　使用料のお支払い</h3>\n<p>1. オーナーアイテムがレンタルユーザーにレンタル実行された場合、レンタル実行1回毎に該当する適用レンタルプランの区分に応じて、下記のアイテム使用料をお支払いします。</p>\n<ul>\n<li>9,800プラン：1,000円（税込）</li>\n<li>19,800プラン：1,500円（税込）</li>\n<li>38,000プラン：3,000円（税込）</li>\n<li>58,000プラン：5,000円（税込）</li>\n<li>88,000プラン：8,000円（税込）</li>\n</ul>\n<p>2. 振込手数料250円を差し引いた金額を振込致します。</p>\n<p>3. お支払い期日はオーナーアイテムがレンタルされた月の翌月20日となります。</p>\n\n<h3>第7条　禁止事項</h3>\n<p>1. オーナーはオーナー登録中は下記の事項を行うことを禁止します。</p>\n<p>1）オーナーアイテムの所有権その他の権利について、譲渡、担保提供、その他の処分行為を行うこと<br>\n2）レンタル中のレンタルユーザーに対して直接に返却や売買の交渉等を行うこと<br>\n3）利用契約上の地位又は本規約に基づく権利義務について、第三者への貸与または譲渡、担保提供、その他の処分行為を行うこと</p>\n<p>2. 前項に違反した場合に、オーナーアイテムに関して当社が第三者より何らかの請求を受けたときは、オーナーは当社に代わってその請求額の全額を負担するものとします。</p>\n\n<h3>第8条　損害賠償の予定</h3>\n<p>1. 当社又はレンタルユーザーの責めに帰すべき事由により、オーナーアイテムの返還が紛失、盗難及び重大な破損等（以下、「返還不能事象」という）により不可能となった際に当社指定の保険会社による損害賠償責任額を上限として、オーナーは当社に対して損害賠償請求できるものとします。なお、返還不能事象が発生していない場合、オーナーからの査定金額による買取請求には応じられません。</p>\n<p>2. レンタル中又は当社保管中に、レンタルユーザー又は当社の責めに帰すべき事由により、オーナーアイテムに軽微な破損、汚損または商品価値を低下させる事象（以下「破損等」とする。）が発生した場合、当社は、修理を行った上でオーナーアイテムの借り受けを継続するか、修理を行わずに当社指定の保険会社による損害賠償責任額をお支払いするか、オーナーの承諾なく選択できるものとします。修理を行わずに当社指定の保険会社による損害賠償責任額をお支払いした場合、全損の場合以外はオーナーに返却することとし、全損が否かの判断は当社が行うものとします。</p>\n<p>3. 当社よりオーナーアイテムを返却した場合、到着後ただちに開封することとし、開封時点で破損等が生じていたときは、到着後3日以内に、所定の方法で当社にその旨ご連絡下さい。3日経過後は、オーナーアイテム返却時には破損等が生じていなかったものとみなします。</p>\n\n<h3>第9条　通知方法</h3>\n<p>1. 当社によるオーナー登録申請の承認、登録完了、利用契約の解除、その他の当社からオーナーへの通知は、登録された電子メールアドレス宛にその旨を通知するものとします。</p>\n<p>2. 前項の通知については、オーナーのメールの受領の有無に関わらず、登録アドレス宛に当社より電子メールを送信した時点で、到達したものとみなします。</p>\n<p>3. 当社は、オーナーに対してEメール、その他の方法により本サービスの運営に必要な情報その他の情報（広告・告知を含む）の提供を行うことがあります。オーナーが情報提供を希望しない場合は、所定の方法に従い、ご連絡頂ければ情報提供を停止致します。但し、即時の停止をお約束する限りではありません。また、本サービスの運営に必要な情報提供につきましては、オーナーの希望により停止することはできません。</p>\n<p>4. 前各項にかかわらず、返却不能又は破損等の事態における連絡等に際しては、ご登録頂いた携帯電話又はご住所宛に、当社又は当社と関連する第三者からご連絡をさせて頂く場合があります。</p>\n\n<h3>第10条　オーナー登録情報</h3>\n<p>1. 当社は本サービスを運営するにあたり、オーナーから以下の情報（以下「オーナー情報」とする）を取得します。</p>\n<p>1）会員登録申請時及びオーナー登録時の内容（変更のお申し出の内容を含む）</p>\n<ul>\n<li>氏名</li>\n<li>性別</li>\n<li>生年月日</li>\n<li>住所（自宅住所）</li>\n<li>電話番号</li>\n<li>電子メールアドレス</li>\n<li>勤務先</li>\n<li>銀行口座情報（オーナー名義の口座に限る）</li>\n<li>身分証明書</li>\n<li>その他当社が定める入力フォームに入力する情報及び画像</li>\n</ul>\n<p>2）本サービスの利用に関連して取得する情報</p>\n<ul>\n<li>本サイトおよび本サービスの利用履歴情報等</li>\n</ul>\n<p>3）オーナーが本サイトへアクセスしたことを契機としてCookie等により自動的に取得する情報</p>\n<ul>\n<li>IPアドレス、ドメイン名、ブラウザの種類及びバージョン、OSバージョン、使用言語、場所</li>\n<li>本サイト上の閲覧履歴・検索履歴等の行動履歴情報</li>\n<li>端末情報（PC、携帯電話、スマートフォン、携帯キャリア、機種情報、個体識別情報など）</li>\n<li>広告ID（IDFA・Advertising ID）</li>\n</ul>\n<p>4）ログインID等、個人別に付与された番号・記号その他の符号</p>\n<p>5）当社がオーナーよりご意見、ご要望、お問合せ等を受けた場合における当該お問合せ等の内容、氏名、電子メールアドレス、その他のお問合せ等への対応に必要な情報</p>\n<p>6）その他当社が適法に取得または保有する個人情報</p>\n<p>2. オーナーの登録手続の際には、入力上の注意をよく読み、所定の入力フォームに必要事項を正確に入力してください。オーナーは登録される情報が真実かつ正確な情報であり、虚偽または偽りがないことを約束するものとします。</p>\n\n<h3>第11条　オーナー情報の利用目的</h3>\n<p>1. 前条に記載するオーナー情報の利用目的は以下の通りです。</p>\n<p>1）本サービスの円滑な運営およびサービス内容の向上のため<br>\n2）本サービス及び当店又は関連会社が提供するサービスに関するキャンペーン、アンケート等の実施または情報提供のため<br>\n3）オーナーからのご意見、ご要望、お問合せ等に対し適切に対応するため<br>\n4）本人確認、商品アイテムの保管状況の確認および不正利用の防止・調査のため<br>\n5）当社からの請求又はお支払い等のため<br>\n6）当社と業務委託等の関係にある事業者により、本サービスの一部を提供するため<br>\n7）当社の広告の配信その他の情報を提供するため<br>\n8）マーケティングデータの測定・分析のため<br>\n9）その他上記各号に準ずる目的のため</p>\n<p>2. オーナー情報については、原則としてオーナーの事前の同意なく第三者に対して開示することはありません。オーナー情報の取扱いについては、本規約のほか、別途定める個人情報保護方針をご確認下さい。</p>\n\n<h3>第12条　登録情報の変更</h3>\n<p>オーナーが、オーナー登録日以降に住所その他の登録情報に変更があった場合は、速やかに本サイトよりご変更内容を申請下さい。</p>\n<p>また、住所変更につきましては、変更後の住所が確認できる身分証明書をアップロードして頂きます。</p>\n\n<h3>第13条　サービスの利用停止</h3>\n<p>1. オーナーがサービスの利用停止を希望する場合は、本サイトより利用停止申請を行って下さい。当社より手続完了の通知を発信した時点をもって正式に利用契約は停止されます。</p>\n<p>2. 前項にかかわらず、申請時に、オーナーアイテムがレンタル中のときは、利用停止はできません。</p>\n\n<h3>第14条　利用契約解除手続き</h3>\n<p>1. オーナーが、本規約第7条の禁止事項に違反したとき、または次のいずれかに該当すると当社が認めたときは、当社は当該オーナーに対して事前の通知・催告なく本サービスの利用契約を解除することができるものとします。</p>\n<p>1）オーナーの破産、民事再生、会社更生手続、又は特別清算の申立てがあったとき、若しくは仮差押、仮処分、強制執行、任意競売の申立て又は滞納処分があったとき。<br>\n2）登録情報が不正確または虚偽であることが判明し、訂正を依頼したにもかかわらず速やかに登録情報の訂正が行われない場合<br>\n3）オーナーが登録情報の変更手続きを怠り、オーナーの連絡先が当社に不明となった場合<br>\n4）本規約が遵守されない虞が高まったと当社が判断した場合<br>\n5）本サービス提供の継続により、当社またはユーザーに著しい支障が生じる虞があると当社が判断した場合<br>\n6）第3条第2項のいずれかに該当することがオーナー登録承認後に判明した場合<br>\n7）その他当社が、オーナーとして不適当と判断した場合</p>\n<p>2. 本条第1項に該当するオーナーの行為によって、当社が損害を受けたときは、本サービスの利用停止または利用契約解除の如何にかかわらず、当社は、オーナーに対して前項以外の損害の賠償を請求できるものとします。</p>\n\n<h3>第15条　クッキー（Cookie）を利用した閲覧履歴等の収集・利用について</h3>\n<p>1. Cookie（クッキー）の利用<br>\n当社は、本条第2項に定める事項を実施するために、Cookie（クッキー）を利用しています。Cookieとは、保管ユーザーによるインターネットの効率的な利用のために、どのページを訪れたか等の情報を記録するファイルのことであり、保管ユーザー個人を識別することはありません。</p>\n<p>2. 閲覧履歴の分析<br>\n当社は、オーナーによる本サイトおよび本サービスの閲覧履歴ならびにレンダーの端末情報等を、Google Inc. が提供するGoogle Analytics機能によって、サービスの向上・改善、新規サービスの検討のために収集し利用します。当社が当該機能を利用し、閲覧履歴や端末情報等を収集することを希望しない方は、以下のURLからオプトアウト手続きを行ってください。</p>\n\n<h3>第16条　Cookie（クッキー）受け入れ拒否</h3>\n<p>1. オーナーは、ブラウザの設定を変更することによってCookieの受け入れを拒否することができます。また、ブラウザの「クッキー・フォルダ」に保存されているCookieを削除することもできます。ただし、Cookie機能を無効化または削除すると、本サイトの一部の機能が使用できなくなることがあるため、オーナーはこれにつきあらかじめ了承したうえで任意で拒否設定または削除を行って下さい。</p>\n<p>2. Cookieの取り扱いはブラウザによって異なるため、オーナーの責任において、ブラウザのヘルプ機能等により「クッキー」についての項目を確認し、設定するものとします。</p>\n\n<h3>第17条　サービス提供の中断・終了</h3>\n<p>1. 当社は、次のいずれかに該当する場合、本サービスの提供を中断又は終了できるものとします。</p>\n<p>1）本サービスのシステムの保守を定期的にまたは緊急に行う場合<br>\n2）戦争、暴動、騒乱、労働争議、地震、噴火、洪水、津波、火災、停電その他の非常事態により、本サービスの提供が通常通りできない場合<br>\n3）法令上の理由、セキュリティ上の理由、システム上の理由その他合理的な理由により本サービスの提供が困難になった場合<br>\n4）その他、当社がやむを得ない事由により本サービスの提供の中断又は終了が必要と判断した場合</p>\n<p>2. 当社は、前項により、本サービスを中断又は終了するときは、あらかじめその旨をオーナーに通知するものとします。ただし、緊急時のやむを得ない場合は、この限りではありません。</p>\n<p>3. 当社は、当社が管理または使用するサーバーに保存しているデータについて、安全性の確保に努めます。</p>\n<p>4. 当社は、提供するサービスの一部または全部の保守や改良などが生じた場合、当社が管理または利用・使用するサーバーにオーナーが保存しているデータを含む運営・運用に関わる全てのデータを、必要な範囲で複製・移転などをすることができるものとします。</p>\n<p>5. 本サービスの中断、システム障害または通信環境の障害などの発生により、オーナーが被ったいかなる損害についても、当社は一切の責任を負わないものとします。</p>\n\n<h3>第18条　免責事項</h3>\n<p>1. 本サービス利用負担にかかる配送事業者の故意又は過失に基づく商品アイテムの遅配、誤配、未達、外装の汚損、破損について、当社は一切の責任を負いません。</p>\n<p>2. 当社は、明示的・黙示的であるかに関わらず、本サービスに関するいかなる種類の表明も保証もいたしません。</p>\n\n<h3>第19条　本規約の改定</h3>\n<p>1. 当社は、当社が必要と判断した場合は、本規約の内容を随時変更または追加できるものとします。変更後の利用規約については、本サイト上において掲示します。</p>\n<p>2. オーナーは、本規約の変更後も本サービスの利用を継続するときは、変更後の規約に同意したものとみなされます。オーナーは、最新の本規約をご確認の上、本サービスをご利用下さい。</p>\n\n<h3>第20条　準拠法および管轄裁判所</h3>\n<p>1. 本規約およびその他の利用規約等の準拠法は、日本法とします。</p>\n<p>2. オーナーと当社の間で裁判上の紛争が生じた場合、当社本社を管轄する簡易裁判所又は地方裁判所を専属的合意管轄裁判所とします。</p>\n\n<p>お問い合わせ先<br>\n本サービスに関するお問い合わせは下記にて承ります。<br>\n株式会社もろふじ　保管シェアリングサービス着麗　事業部<br>\n〒832-0044　福岡県柳川市袋町16-2　電話番号　0944-75-1755<br>\nメールアドレス　kirei@0944724272.com</p>',NULL,2,1,1,0,'2024-07-21 20:09:52','2026-03-04 08:07:19'),(14,'利用規約02','register','利用規約（レンタルサービス レンタル ユーザー様用）','<h2>レンタルサービス利用規約（レンタルユーザー様用）</h2>\n\n<h3>第1条　目的および適用</h3>\n<p>この利用規約（以下「本規約」とする）は、株式会社もろふじ（以下「当社」とする）が提供するきもの保管シェアリングサービス「着麗（キレイ）」（以下「本サービス」とする）の利用条件を定めるものであり、本サービスの利用者に適用されます。</p>\n<p>利用を希望される方は本規約の内容に同意した上で、本サービスをご利用下さい。</p>\n\n<h3>第2条　本サービスの概要</h3>\n<p>本サービスは、当社が運営する本サイトを通じて提供する、着物等のアイテム（以下「商品アイテム」とする）のレンタルサービスをいい、以下の概要によるものとします。</p>\n<p>1）本サービスの利用を希望される方は、レンタル申込フォームに必要な情報（画像を含む）および本人確認のための書類画像を当社にご提供いただきます。なお、ご利用可能な本人確認書類につきましては、当社が定める書類に限ります。</p>\n<p>2）当社は、利用者よりご提供いただいた登録情報および本人確認書類等に基づき審査を行います。</p>\n<p>3）レンタルユーザーは、商品アイテムを選択し、当該商品アイテムに応じた利用料金をクレジット決済による支払い、もしくは当社の指定口座に振込を行うことにより、レンタルすることができます。</p>\n<p>4）レンタルユーザーよりレンタル申請のあった商品アイテムは、各商品アイテムに応じた利用料金の決済後、ご指定の期間に登録されたご住所宛に配送します。</p>\n\n<h3>第3条　レンタル申込条件</h3>\n<p>1. 本サービスの利用を希望するお客様は、本規約を遵守することに同意し、当社が運営するウェブサイト（http://kirei-kimono.jp/、以下「本サイト」とする）上での入力その他の所定の方法に従い、定められた情報を当社に提供することにより、レンタル申込の申請をしなければなりません。申請があった場合、当社は、当社所定の審査基準に従って審査を行います。</p>\n<p>2. 次のいずれかに該当する方は、レンタル申込をすることはできません。</p>\n<p>1）有効な電子メールアドレスを所有していない方<br>\n2）本規約にご同意いただけない方<br>\n3）レンタル申込時に登録されたクレジットカードが有効でない場合　または申込者本人名義のクレジットカードでない場合<br>\n4）申込者より提供された情報の全部または一部に誤りまたは記載漏れがあった場合<br>\n5）過去に本規約違反などにより本サービスの利用契約を取り消され又は解除されている方<br>\n6）過去に本サービスの利用料金等の支払を遅滞または商品の返却を遅延したことがある方<br>\n7）日本在住でない方または希望する商品アイテムのお届け先が日本国内でない方<br>\n8）未成年で親権者の同意が得られない方<br>\n9）暴力団等の構成員または反社会的組織と何らかの関係のある方<br>\n10）その他当社が不適当と判断した場合</p>\n<p>3. レンタル申込の申請を承認しなかった場合であっても、その理由をお客様には通知致しません。</p>\n<p>4. レンタルユーザーが第2項各号のいずれかに該当することがレンタル申込承認後に判明した場合は、当社の判断により、レンタル利用の承認取消しを行うことができるものとします。</p>\n<p>5. レンタルユーザーは、レンタル利用契約を締結しようとする場合、当該レンタル利用契約に先立って、自己の責任で商品アイテムの賃借その他利用契約から生ずる損害賠償義務を保証する当社指定の保険に加入するものとします。</p>\n\n<h3>第4条　レンタル申込情報</h3>\n<p>1. 当社は本サービスを運営するにあたり、レンタルユーザーから以下の情報（以下「レンタルユーザー情報」とする）を取得します。</p>\n<p>1）レンタル申込時の登録内容（変更のお申し出の内容を含む）</p>\n<ul>\n<li>氏名</li>\n<li>性別</li>\n<li>生年月日</li>\n<li>住所に関する情報</li>\n<li>電話番号</li>\n<li>電子メールアドレス</li>\n<li>勤務先に関する情報</li>\n<li>サイズ情報（身長・バスト・ヒップ）</li>\n<li>身分証明書</li>\n<li>添付された本人確認書類に記載の事項</li>\n<li>その他当社が定める入力フォームに入力する情報および画像</li>\n</ul>\n<p>2）レンタルユーザーによる本サービスの利用に関連して取得する情報</p>\n<ul>\n<li>本サイトおよび本サービスの利用履歴情報等</li>\n</ul>\n<p>3）ユーザーが本サイトへアクセスしたことを契機としてCookie等により自動的に取得する情報</p>\n<ul>\n<li>IPアドレス、ドメイン名、ブラウザの種類およびバージョン、OSバージョン、使用言語、場所</li>\n<li>本サイト上の閲覧履歴・検索履歴等の行動履歴情報</li>\n<li>端末情報（PC、携帯電話、スマートフォン、携帯キャリア、機種情報、個体識別情報など）</li>\n<li>広告ID（IDFA・Advertising ID）</li>\n</ul>\n<p>4）ログインID等、個人別に付与された番号・記号その他の符号</p>\n<p>5）当社がレンタルユーザーよりご意見、ご要望、お問合せ等を受けた場合における当該お問合せ等の内容、氏名、電子メールアドレス、その他のお問合せ等への対応に必要な情報</p>\n<p>6）その他当社が適法に取得または保有する個人情報</p>\n<p>2. レンタルユーザーのレンタル申込手続の際には、入力上の注意をよく読み、所定の入力フォームに必要事項を正確に入力してください。レンタルユーザーは本サービスにて登録される情報が真実かつ正確な情報であり、虚偽または偽りがないことを約束するものとします。</p>\n<p>3. ご登録いただいた電話番号宛に、当社より本人確認のご連絡を致します。その際、住所や生年月日等の本人情報の確認をさせていただきますので、必ずご回答いただきますようお願い致します。電話での本人情報の確認がとれない場合は、レンタル申込が完了せず、本サービスの利用はできませんので、予めご了承下さい。</p>\n\n<h3>第5条　ユーザー情報の利用目的</h3>\n<p>1. 前条に記載する個人情報の利用目的は以下の通りです。</p>\n<p>1）申込審査並びに本サービスの円滑な運営およびサービス内容の向上のため<br>\n2）本サービスに関するキャンペーン、アンケート等の実施または情報提供のため<br>\n3）レンタルユーザーからのご意見、ご要望、お問合せ等に対し適切に対応するため<br>\n4）本人確認、商品アイテムの保管状況の確認または不正利用の防止・調査のため<br>\n5）ご利用代金または賠償金等のご請求等のため<br>\n6）当社と業務委託等の関係にある事業者により、本サービスの一部を提供するため<br>\n7）当社の広告の配信その他の情報を提供するため<br>\n8）マーケティングデータの測定・分析のため<br>\n9）その他上記各号に準ずる目的のため</p>\n<p>2. レンタルユーザー情報については、原則としてレンタルユーザーの事前の同意なく第三者に対して開示することはありません。レンタルユーザー情報の取扱いについては、本規約のほか、別途定めるプライバシーポリシーをご確認下さい。</p>\n\n<h3>第6条　レンタル期間と延滞料金</h3>\n<p>1. 商品アイテムのレンタル期間は共通でお届け日を1日目として5泊6日と致します。</p>\n<p>2. レンタル期間の終了日までに、当社指定の配送業者を利用し、商品アイテムに同梱の説明内容に従って、直ちに返却してください。返却が遅れる場合には、まず当社へご連絡ください。</p>\n<p>3. 商品アイテムの返却に遅延が生じた場合、以下のように対応し、延滞料金を請求させて頂きます。</p>\n<p>1）返却の確認ができない場合【返却依頼メール】を送信致します。<br>\n2）お客様のご都合にて、商品の返却が遅れた場合、1日につきお支払金額の10％を別途請求致します。請求額はお客様の返却確認後に延滞料を計算し【延滞料請求メール】を送信致します。<br>\n3）ご連絡が取れない場合、弁護士に相談の上ご返却いただけるよう手続き致します。<br>\n4）返却日を14日経過した場合には、返却がされていない商品について、商品ごとに設定した金額に加え、違約金として、金10万円を請求させていただきます。<br>\n5）お客様と連絡が取れない場合もしくは30日経過した場合には当社の従業員等がご自宅まで引取に伺います。その際は引取の成否にかかわらず、訪問にかかる経費を請求させていただきます。</p>\n\n<h3>第7条　利用料金</h3>\n<p>1. 本サービスの利用料金は、各商品アイテムの料金プラン毎に異なります。具体的内容については、本サイトにてご確認下さい。</p>\n<p>2. 本サービスの利用料金は、クレジットカード決済　もしくは当社の指定口座へのお振込みによりお支払いいただきます。</p>\n\n<h3>第8条　商品アイテムの選択</h3>\n<p>1. レンタルユーザーがレンタルを行うには、レンタル可能な商品アイテムから商品を選択し、レンタル申込フォームよりレンタルの申請を行って下さい。</p>\n<p>2. 利用料金は、選択した商品アイテムの料金プランにより決まります。具体的内容については、本サイトにてご確認下さい。</p>\n\n<h3>第9条　禁止行為</h3>\n<p>1. ユーザーが下記に掲げる行為や表現（以下「禁止事項」とする）を行うことを禁止します。</p>\n<p>1）商品アイテムの一部または全部を修理、交換または分解する行為<br>\n2）破損等により商品アイテムの商品価値を低下させる行為。ただし、商品アイテムの破損・汚損が、通常使用に伴うものであると当社が判断した場合には、当該破損・汚損についてはレンタルユーザーに対する賠償金を求めません。<br>\n3）商品アイテムを第三者に利用させる行為および第三者に販売、貸与、質入等をする行為<br>\n4）虚偽のユーザー情報を申告する行為及び登録情報の変更を怠る行為<br>\n5）本サービスの提供の趣旨に反して、不正な目的で商品アイテムを利用・使用する行為<br>\n6）商品アイテムを海外へ持ち出す行為<br>\n7）当社が利用するサーバーに負担をかける行為、不正にアクセスする行為およびデータの改ざん行為<br>\n8）本サービスの運営業務またはシステムを妨害することとなる行為<br>\n9）コンピューターウィルス等の有害なプログラムまたはそれらに関連するリンクや情報などを、提供、推奨、斡旋または開示などする行為<br>\n10）個人情報や履歴情報などを、無断で収集したり蓄積・改変したりする行為<br>\n11）本サービスを利用して、反社会的勢力等に対し、直接または間接に利益を提供する行為<br>\n12）法令、公序良俗または社会通念等に反する行為<br>\n13）当社指定の配送業者以外での商品アイテムの返却<br>\n14）その他前各号に準じて、当社が不適当と判断する行為</p>\n<p>2. レンタルユーザーが前項に掲げる禁止事項を行った場合、当該レンタルユーザーとの利用契約を解除します。利用契約解除によりレンタルユーザーに発生した損害については、当社は一切の責任を負いません。</p>\n\n<h3>第10条　商品アイテムの配送、保管および返却</h3>\n<p>1. 商品アイテムの配送および返却は、当社の指定する配送業者のみが取り扱うものとし、返却する際は、必ず当社から送付した段ボール箱、及び着払い伝票を使用してください。</p>\n<p>2. 商品アイテムの到着後は、破損、汚損等により当該商品アイテムの商品価値を低下させることのないよう、善良な管理者の注意をもって管理し、誠実にお取り扱い下さい。また、配送時の段ボールは商品アイテムの返却時にもご利用いただきますので、破棄、破損または紛失等されないようご注意下さい。万が一、紛失等された場合は、当社までご連絡願います。</p>\n<p>3. ユーザーは、返却にあたり商品アイテム以外の物を入れないように注意してください。万が一、商品アイテム以外の物が同梱されていた場合、当社はユーザーに対して同梱物を通知する義務および保管する義務を負いません。また、同梱物に生じた損害について、当社は一切の責任を負いません。</p>\n<p>4. 当社より商品アイテムの発送後、宛先不明や長期間の不在などにより、商品アイテムの差し戻しがあった場合は、住所変更手続きの完了とレンタルユーザーからの新たなレンタルの申請が無い限り、再発送は行いません。</p>\n\n<h3>第11条　通知方法</h3>\n<p>1. 当社によるレンタル申込の承認その他の当社からレンタルユーザーへの通知は、登録された電子メールアドレス宛にその旨を通知するものとします。</p>\n<p>2. 前項の通知については、ユーザーのメールの確認の有無に関わらず、登録アドレス宛に当社より電子メールを送信した時点で、到達したものとみなします。</p>\n<p>3. 当社は、レンタルユーザーに対してメールマガジン、Eメール、その他の方法により本サービスの運営に必要な情報その他の情報（広告・告知を含む）の提供を行います。レンタルユーザーが情報提供を希望しない場合は、所定の方法に従い、ご連絡いただければ情報提供を停止致します。但し、即時の停止をお約束する限りではありません。また、本サービスの運営に必要な情報提供につきましては、レンタルユーザーの希望により停止することはできません。</p>\n<p>4. 前各項にかかわらず、盗難および紛失等の事態における本規約に基づくご請求に際しては、ご登録いただいた携帯電話またはご住所宛に、当社または当社と関連する先からご連絡をさせていただく場合があります。</p>\n\n<h3>第12条　住所等の登録情報の変更義務</h3>\n<p>1. 住所、電話番号、メールアドレス等のレンタルユーザーの登録情報に変更が生じた場合は、本サイトのお問い合わせより、必ず登録内容の変更を申請下さい。</p>\n\n<h3>第13条　商品アイテムの破損、盗難、紛失時の対応</h3>\n<p>1. 当社より発送した商品アイテムが到着した際、到着後ただちに開封することとし、開封した時点で破損その他の不具合が生じていたときは、到着後すぐに、所定の方法で当社にその旨ご連絡下さい。着用後にご連絡いただいた場合は、ユーザーの過失によるものとみなすことがあります。</p>\n<p>2. 商品アイテム到着後、返却手続き完了までの間に、以下のいずれかに該当する事態が発生した場合は、直ちに当社にその旨を連絡すると共に、当社からの指示に従って下さい。</p>\n<p>1）ユーザーが商品アイテムを使用中または保管中に発生した事故・不注意・火災等によって商品アイテム全体もしくはその一部が破損・汚損した場合。<br>\n2）商品アイテムが盗難にあった場合。<br>\n3）商品アイテムを紛失した場合。<br>\n4）商品アイテムを置き忘れた場合。</p>\n<p>3. 盗難および紛失については、被害状況または紛失時の状況を速やかに当社に報告すると共に、最寄りの警察に被害届または紛失届等を提出して下さい。また、当社または当社と関連する先からの調査および指示に従い、必要な書類等を速やかにご提出下さい。</p>\n\n<h3>第14条　損害賠償</h3>\n<p>1. 当社から商品アイテムの返却を請求したにもかかわらず、返却請求から1週間以内に商品アイテムの返却がない場合（紛失、盗難。以下「紛失等」とする）、当社は、レンタルユーザーに対し、本規約に基づき、賠償金の支払いを請求します。</p>\n<p>2. 商品アイテムの返却がなされた場合であっても、当該商品に会員の故意・重過失によると思われる破損・汚損等の商品価値を低下させる事象（以下「破損等」とする）が発生していた場合は、レンタルユーザーに対し、賠償金の支払いを求めます。但し、商品アイテムの破損・汚損等が、通常の使用に伴うものであると当社が判断した場合には、当該破損等についてレンタルユーザーに対する賠償金の請求は致しません。</p>\n<p>3. 本規約に基づく請求の有無および請求金額は、以下の区分により、当社指定の保険会社の査定によって決定致します。</p>\n<p>1）修繕が必要な破損等の場合<br>\n　　適正な修繕にかかる費用または破損等による当社の損失相当額をご負担いただきます。</p>\n<p>2）修繕不可能な破損等または紛失等の場合<br>\n　　完全に修繕することが不可能な破損等がある場合、または商品アイテムの紛失等により返却不能となった場合は、当該商品アイテムについて当社指定の保険会社による査定の後、ご請求させて頂きます。</p>\n<p>4. 前各項の定めに従い当社において賠償金のご請求が必要であると判断した場合、レンタルユーザーに対して、本規約の事象が認められる旨、および賠償金のご請求金額を通知いたします。</p>\n\n<h3>第15条　サービス提供の中断</h3>\n<p>1. 当社は、次のいずれかに該当する場合、本サービスの提供を中断できるものとします。</p>\n<p>1）本サービスのシステムの保守を定期的にまたは緊急に行う場合<br>\n2）戦争、暴動、騒乱、労働争議、地震、噴火、洪水、津波、火災、停電その他の非常事態により、本サービスの提供が通常通りできない場合<br>\n3）法令上の理由、セキュリティ上の理由、システム上の理由その他合理的な理由によりに本サービスの提供が困難になった場合<br>\n4）その他、当社がやむを得ない事由により本サービスの提供の中断が必要と判断した場合</p>\n<p>2. 当社は、前項により、本サービスを中断するときは、あらかじめその旨をユーザーに通知するものとします。ただし、緊急時のやむを得ない場合は、この限りではありません。</p>\n<p>3. 当社は、ユーザーが、当社が管理または使用するサーバーに保存しているデータについて、安全性の確保に努めます。</p>\n<p>4. 当社は、提供するサービスの一部または全部の保守や改良などが生じた場合、当社が管理または利用・使用するサーバーにユーザーが保存しているデータを含む運営・運用に関わる全てのデータを、必要な範囲で複製・移転などをすることができるものとします。</p>\n<p>5. 本サービスの中断や、システム障害または通信環境の障害などの発生により、ユーザーが被ったいかなる損害についても、当社は一切の責任を負わないものとします。</p>\n\n<h3>第16条　Cookie（クッキー）を利用した閲覧履歴等の収集・利用について</h3>\n<p>1. Cookie（クッキー）の利用<br>\n当社は、本条第2項に定める事項を実施するために、Cookie（クッキー）を利用しています。Cookieとは、保管ユーザーによるインターネットの効率的な利用のために、どのページを訪れたか等の情報を記録するファイルのことであり、保管ユーザー個人を識別することはありません。</p>\n<p>2. 閲覧履歴の分析<br>\n当社は、オーナーによる本サイトおよび本サービスの閲覧履歴ならびにレンダーの端末情報等を、Google Inc. が提供するGoogle Analytics機能によって、サービスの向上・改善、新規サービスの検討のために収集し利用します。当社が当該機能を利用し、閲覧履歴や端末情報等を収集することを希望しない方は、以下のURLからオプトアウト手続きを行ってください。</p>\n\n<h3>第17条　Cookie（クッキー）受け入れ拒否</h3>\n<p>1. レンタルユーザーは、ブラウザの設定を変更することによってCookie（クッキー）の受け入れを拒否することができます。また、ブラウザの「クッキー・フォルダ」に保存されているCookie（クッキー）を削除することもできます。</p>\n<p>2. ただし、Cookie機能を無効化または削除すると、本サイトの一部の機能が使用できなくなることがあるため、レンタルユーザーはこれにつき予め了承したうえで任意で拒否設定または削除を行って下さい。</p>\n\n<h3>第18条　免責事項</h3>\n<p>1. 本サービス利用者の負担にかかる配送事業者の故意または過失に基づく商品アイテムの遅配、誤配、未達、外装の汚損、破損について、当社は一切の責任を負いません。</p>\n<p>2. 当社は、明示的・黙示的であるかに関わらず、本サービス及び商品アイテムに関するいかなる種類の表明も保証もいたしません。</p>\n<p>3. 当社は、本サービスに関連して生じたレンタルユーザー又は第三者の直接的及び間接的損害について、予見可能性の有無にかかわらず一切の責任を負いません。但し、当社に故意又は重過失が存在した場合又は消費者契約法が適用される場合を除くものとします。</p>\n<p>4. 本サービスの利用に関して当社が損害賠償責任を負う場合、レンタルユーザーが支払った利用料金の総額を限度額として賠償責任を負うものとします。</p>\n\n<h3>第19条　利用契約上の地位の譲渡</h3>\n<p>1. レンタルユーザーは、当社の書面による事前の承諾なく、利用契約上の地位または本規約に基づく権利義務について、第三者への貸与または譲渡、担保設定、その他の処分をすることはできません。</p>\n\n<h3>第20条　本規約の改定</h3>\n<p>1. 当社は、当社が必要と判断した場合は、本規約の内容を随時変更または追加できるものとします。変更後の利用規約については、本サイト上において掲示します。</p>\n<p>2. レンタルユーザーは、本規約の変更後も本サービスの利用を継続するときは、変更後の規約に同意したものとみなされます。レンタルユーザーは、最新の本規約をご確認の上、本サービスをご利用下さい。</p>\n\n<h3>第21条　準拠法および管轄裁判所</h3>\n<p>1. 本規約およびその他の利用規約等の準拠法は、日本法とします。</p>\n<p>2. レンタルユーザーと当社の間で裁判上の紛争が生じた場合、当社本社を管轄する簡易裁判所又は地方裁判所を専属的合意管轄裁判所とします。</p>\n\n<p>お問い合わせ先<br>\n本サービスに関するお問い合わせは下記にて承ります。<br>\n株式会社もろふじ　保管シェアリングサービス着麗　事業部<br>\n〒832-0044　福岡県柳川市袋町16-2　電話番号　0944-75-1755<br>\nメールアドレス　kirei@0944724272.com</p>',NULL,2,1,1,0,'2024-07-21 20:10:32','2026-03-04 08:07:19'),(15,'利用規約03','register','利用規約（保管サービス 保管 ユーザー様用）','<h2>保管サービス利用規約（保管ユーザー様用）</h2>\n\n<h3>第1条　目的および適用</h3>\n<p>この利用規約（以下「本規約」とする）は、株式会社もろふじ（以下「当社」とする）が提供するきもの保管シェアリングサービス「着麗（キレイ）」（以下「本サービス」とする）の利用条件を定めるものであり、本サービスの利用者に適用されます。</p>\n<p>利用を希望される方は本規約の内容に同意した上で、本サービスをご利用下さい。</p>\n\n<h3>第2条　本サービスの内容</h3>\n<p>本サービスは、自己の所有する着物（以下、「所有アイテム」という）を当社の保管スペースに有償でする保管するサービスです。</p>\n<p>概要は以下の通りです。</p>\n<p>1）所有アイテムの保管を希望されるお客様（以下、「保管ユーザー」という）は所定の情報を、サイト上からご登録申請頂きます。<br>\n　　※保管を希望する所有アイテムの情報や写真登録等は当社にて行います.</p>\n<p>2）保管ユーザーは保管を希望する所有アイテムを当社支店窓口にお持ち頂くか、郵送（郵送の場合、当該送付物が配送中に生じた損害について、当社は一切の責任を負いません）にてお送り頂きます。</p>\n<p>3）保管できる所有アイテムは着物類、帯類、長襦袢類などの、市販の「着物たとう紙」に包むことが出来るもので、且つカビ類などの菌が付着していないものとします。</p>\n<p>4）保管利用料は市販の「着物たとう紙」1枚につき1点を包んだ所有アイテムを3点1セットとし、1セットあたり1年間6,600円（税込み）とします。1年間の途中で解約された場合であっても、月割りによる返金等は一切致しません。</p>\n<p>5）保管利用料のお支払いは本サイト内でご登録頂いたクレジットカードでの決済のみとします。</p>\n<p>6）本サービスは保管ユーザーから利用停止申請が行われない限り、自動更新されご登録頂いたクレジットカードにて決済されます。</p>\n<p>7）保管ユーザーは所有アイテムを自由に出し入れし利用することができますが、その際郵送による配送を希望される場合、実際にかかった費用を請求させて頂きます。</p>\n\n<h3>第3条　サービスの利用停止</h3>\n<p>1. 保管ユーザーがサービスの利用停止を希望する場合は、本サイトより利用停止申請を行って下さい。利用停止申請を受け取り、当社より手続完了の通知を発信した時点をもって正式に利用契約は停止されます。</p>\n<p>2. 利用契約が停止された場合、7日以内に所有アイテムをご登録頂いている住所宛てにご返却させて頂きます。</p>\n\n<h3>第4条　保管ユーザー登録申請</h3>\n<p>1. 本サービスの利用を希望するお客様は、当社が運営するウェブサイト（http://kirei-kimono.jp/、以下「本サイト」とする）上での入力その他の所定の方法に従い、定められた情報を当社に提供することにより、保管ユーザー登録の申請をしなければなりません。</p>\n<p>2. 次のいずれかに該当する方は、保管ユーザーになることはできません。</p>\n<p>1）有効な電子メールアドレスを所有していない方<br>\n2）本規約にご同意頂けない方<br>\n3）申込者より提供された情報の全部または一部に誤りまたは記載漏れがあった場合<br>\n4）過去に本サービスの利用契約を解除されている方<br>\n5）過去に本サービスの利用料金等の支払を遅滞又は商品の返却を遅延したことがある方<br>\n6）日本在住でない方<br>\n7）未成年者で親権者の同意が得られない方<br>\n8）暴力団等の構成員又は反社会的組織と何らかの関係のある方<br>\n9）その他当社が着麗（キレイ）保管ユーザーとして不適当と判断した場合</p>\n\n<h3>第5条　損害賠償の予定</h3>\n<p>1. 当社の責めに帰すべき事由により、所有アイテムの返還が紛失、盗難及び重大な破損等（以下、「返還不能事象」という）により不可能となった際に当社指定の保険会社による損害賠償責任額を上限として、保管ユーザーは当社に対して損害賠償請求できるものとします。なお、返還不能事象が発生していない場合、保管ユーザーからの査定金額による買取請求には応じられません。</p>\n<p>2. 当社より所有アイテムを返却した場合に、到着後ただちに開封することとし、開封時点で破損等が生じていたときは、到着後3日以内に、所定の方法で当社にその旨ご連絡下さい。3日経過後は、所有アイテム返却時には破損等が生じていなかったものとみなします。</p>\n\n<h3>第6条　通知方法</h3>\n<p>1. 当社による保管ユーザー登録申請の承認、登録完了、利用契約の解除、その他の当社から保管ユーザーへの通知は、登録された電子メールアドレス宛にその旨を通知するものとします。</p>\n<p>2. 前項の通知については、保管ユーザーのメールの受領の有無に関わらず、登録アドレス宛に当社より電子メールを送信した時点で、到達したものとみなします。</p>\n<p>3. 当社は、保管ユーザーに対してEメール、その他の方法により本サービスの運営に必要な情報その他の情報（広告・告知を含む）の提供を行うことがあります。保管ユーザーが情報提供を希望しない場合は、所定の方法に従い、ご連絡頂ければ情報提供を停止致します。但し、即時の停止をお約束する限りではありません。また、本サービスの運営に必要な情報提供につきましては、保管ユーザーの希望により停止することはできません。</p>\n<p>4. 前各項にかかわらず、返却不能又は破損等の事態における連絡等に際しては、ご登録頂いた携帯電話又はご住所宛に、当社又は当社と関連する第三者からご連絡をさせて頂く場合があります。</p>\n\n<h3>第7条　保管ユーザー登録情報</h3>\n<p>1. 当社は本サービスを運営するにあたり、保管ユーザーから以下の情報（以下「保管ユーザー情報」とする）を取得します。</p>\n<p>1）会員登録申請時及び保管ユーザー登録時の内容（変更のお申し出の内容を含む）</p>\n<ul>\n<li>氏名</li>\n<li>性別</li>\n<li>生年月日</li>\n<li>住所（自宅住所）</li>\n<li>電話番号</li>\n<li>電子メールアドレス</li>\n<li>身分証明書</li>\n<li>その他当社が定める入力フォームに入力する情報及び画像</li>\n</ul>\n<p>2）本サービスの利用に関連して取得する情報</p>\n<ul>\n<li>本サイトおよび本サービスの利用履歴情報等</li>\n</ul>\n<p>3）保管ユーザーが本サイトへアクセスしたことを契機としてCookie等により自動的に取得する情報</p>\n<ul>\n<li>IPアドレス、ドメイン名、ブラウザの種類及びバージョン、OSバージョン、使用言語、場所</li>\n<li>本サイト上の閲覧履歴・検索履歴等の行動履歴情報</li>\n<li>端末情報（PC、携帯電話、スマートフォン、携帯キャリア、機種情報、個体識別情報など）</li>\n<li>広告ID（IDFA・Advertising ID）</li>\n</ul>\n<p>4）ログインID等、個人別に付与された番号・記号その他の符号</p>\n<p>5）当社が保管ユーザーよりご意見、ご要望、お問合せ等を受けた場合における当該お問合せ等の内容、氏名、電子メールアドレス、その他のお問合せ等への対応に必要な情報</p>\n<p>6）その他当社が適法に取得または保有する個人情報</p>\n<p>2. 保管ユーザーの登録手続の際には、入力上の注意をよく読み、所定の入力フォームに必要事項を正確に入力してください。保管ユーザーは登録される情報が真実かつ正確な情報であり、虚偽または偽りがないことを約束するものとします。</p>\n\n<h3>第8条　保管ユーザー情報の利用目的</h3>\n<p>1. 前条に記載する保管ユーザー情報の利用目的は以下の通りです。</p>\n<p>1）本サービスの円滑な運営およびサービス内容の向上のため<br>\n2）本サービス及び当店又は関連会社が提供するサービスに関するキャンペーン、アンケート等の実施または情報提供のため<br>\n3）保管ユーザーからのご意見、ご要望、お問合せ等に対し適切に対応するため<br>\n4）本人確認、商品アイテムの保管状況の確認および不正利用の防止・調査のため<br>\n5）当社からの請求又はお支払い等のため<br>\n6）当社と業務委託等の関係にある事業者により、本サービスの一部を提供するため<br>\n7）当社の広告の配信その他の情報を提供するため<br>\n8）マーケティングデータの測定・分析のため<br>\n9）その他上記各号に準ずる目的のため</p>\n<p>2. 保管ユーザー情報については、原則として保管ユーザーの事前の同意なく第三者に対して開示することはありません。保管ユーザー情報の取扱いについては、本規約のほか、別途定める個人情報保護方針をご確認下さい。</p>\n\n<h3>第9条　登録情報の変更</h3>\n<p>保管ユーザーが、保管ユーザー登録日以降に住所その他の登録情報に変更があった場合は、速やかに本サイトよりご変更内容を申請して下さい。</p>\n<p>また、住所変更につきましては、変更後の住所が確認できる身分証明書をアップロードして頂きます。</p>\n\n<h3>第10条　利用契約解除手続き</h3>\n<p>1. 保管ユーザーが、次のいずれかに該当すると当社が認めたときは、当社は当該保管ユーザーに対して事前の通知・催告なく本サービスの利用契約を解除することができるものとします。</p>\n<p>1）保管ユーザーの破産、民事再生、会社更生手続、又は特別清算の申立てがあったとき、若しくは仮差押、仮処分、強制執行、任意競売の申立て又は滞納処分があったとき。<br>\n2）登録情報が不正確または虚偽であることが判明し、訂正を依頼したにもかかわらず速やかに登録情報の訂正が行われない場合<br>\n3）保管ユーザーが登録情報の変更手続きを怠り、保管ユーザーの連絡先が当社に不明となった場合<br>\n4）本規約が遵守されない虞が高まったと当社が判断した場合<br>\n5）第4条第2項のいずれかに該当することが保管ユーザー登録承認後に判明した場合<br>\n6）その他当社が、保管ユーザーとして不適当と判断した場合</p>\n<p>2. 本条第1項に該当する保管ユーザーの行為によって、当社が損害を受けたときは、本サービスの利用停止または利用契約解除の如何にかかわらず、当社は、保管ユーザーに対して前項以外の損害の賠償を請求できるものとします。</p>\n\n<h3>第11条　クッキー（Cookie）を利用した閲覧履歴等の収集・利用について</h3>\n<p>1. Cookie（クッキー）の利用<br>\n当社は、本条第2項に定める事項を実施するために、Cookie（クッキー）を利用しています。Cookieとは、保管ユーザーによるインターネットの効率的な利用のために、どのページを訪れたか等の情報を記録するファイルのことであり、保管ユーザー個人を識別することはありません。</p>\n<p>2. 閲覧履歴の分析<br>\n当社は、オーナーによる本サイトおよび本サービスの閲覧履歴ならびにレンダーの端末情報等を、Google Inc. が提供するGoogle Analytics機能によって、サービスの向上・改善、新規サービスの検討のために収集し利用します。当社が当該機能を利用し、閲覧履歴や端末情報等を収集することを希望しない方は、以下のURLからオプトアウト手続きを行ってください。</p>\n\n<h3>第12条　Cookie（クッキー）受け入れ拒否</h3>\n<p>1. 保管ユーザーは、ブラウザの設定を変更することによってCookieの受け入れを拒否することができます。また、ブラウザの「クッキー・フォルダ」に保存されているCookieを削除することもできます。ただし、Cookie機能を無効化または削除すると、本サイトの一部の機能が使用できなくなることがあるため、保管ユーザーはこれにつきあらかじめ了承したうえで任意で拒否設定または削除を行って下さい。</p>\n<p>2. Cookieの取り扱いはブラウザによって異なるため、保管ユーザーの責任において、ブラウザのヘルプ機能等により「クッキー」についての項目を確認し、設定するものとします。</p>\n\n<h3>第13条　サービス提供の中断・終了</h3>\n<p>1. 当社は、次のいずれかに該当する場合、本サービスの提供を中断又は終了できるものとします。</p>\n<p>1）本サービスのシステムの保守を定期的にまたは緊急に行う場合<br>\n2）戦争、暴動、騒乱、労働争議、地震、噴火、洪水、津波、火災、停電その他の非常事態により、本サービスの提供が通常通りできない場合<br>\n3）法令上の理由、セキュリティ上の理由、システム上の理由その他合理的な理由により本サービスの提供が困難になった場合<br>\n4）その他、当社がやむを得ない事由により、本サービスの提供の中断又は終了が必要と判断した場合</p>\n<p>2. 当社は、前項により、本サービスを中断又は終了するときは、あらかじめその旨を保管ユーザーに通知するものとします。ただし、緊急時のやむを得ない場合は、この限りではありません。</p>\n<p>3. 当社は、当社が管理または使用するサーバーに保存しているデータについて、安全性の確保に努めます。</p>\n<p>4. 当社は、提供するサービスの一部または全部の保守や改良などが生じた場合、当社が管理または利用・使用するサーバーに保管ユーザーが保存しているデータを含む運営・運用に関わる全てのデータを、必要な範囲で複製・移転などをすることができるものとします。</p>\n<p>5. 本サービスの中断、システム障害または通信環境の障害などの発生により、オーナーが被ったいかなる損害についても、当社は一切の責任を負わないものとします。</p>\n\n<h3>第14条　免責事項</h3>\n<p>1. 本サービス利用利用者の負担にかかる配送事業者の故意又は過失に基づく商品アイテムの遅配、誤配、未達、外装の汚損、破損について、当社は一切の責任を負いません。</p>\n<p>2. 当社は、明示的・黙示的であるかに関わらず、本サービスに関するいかなる種類の表明も保証もいたしません。</p>\n\n<h3>第15条　本規約の改定</h3>\n<p>1. 当社は、当社が必要と判断した場合は、本規約の内容を随時変更または追加できるものとします。変更後の利用規約については、本サイト上において掲示します。</p>\n<p>2. 保管ユーザーは、本規約の変更後も本サービスの利用を継続するときは、変更後の規約に同意したものとみなされます。保管ユーザーは、最新の本規約をご確認の上、本サービスをご利用下さい。</p>\n\n<h3>第16条　準拠法および管轄裁判所</h3>\n<p>1. 本規約およびその他の利用規約等の準拠法は、日本法とします。</p>\n<p>2. 保管ユーザーと当社の間で裁判上の紛争が生じた場合、当社本社を管轄する簡易裁判所又は地方裁判所を専属的合意管轄裁判所とします。</p>\n\n<p>お問い合わせ先<br>\n本サービスに関するお問い合わせは下記にて承ります。<br>\n株式会社もろふじ　保管シェアリングサービス着麗　事業部<br>\n〒832-0044　福岡県柳川市袋町16-2　電話番号　0944-75-1755<br>\nメールアドレス　kirei@0944724272.com</p>',NULL,2,1,1,0,'2024-07-21 20:11:08','2026-03-04 08:07:19'),(16,'お支払い方法について','about-payment-methods','お支払い方法について','<h3 style=\"text-align: center;\"><span style=\"color: #ff0000;\">これはテスト記事の内容です。管理者で変更してください。</span></h3>\n<p>&nbsp;</p>\n<p><span style=\"color: #b78e49;\">新規会員登録をされる前に、下記ご利用規約をよくお読みください。</span></p>\n<p><span style=\"color: #504b43;\">規約には、本サービスを使用するに当たってのあなたの権利と義務が規定されております。</span></p>\n<p>&nbsp;</p>\n<p><span style=\"color: #ada69a;\">第1条（会員）</span></p>\n<p>&nbsp;</p>\n<p><span style=\"color: #000000;\">1. 会員資格</span></p>\n<p><span style=\"color: #504b43;\">本規約に同意の上、所定の入会申込みをされたお客様は、所定の登録手続完了後に会員としての資格を有します。会員登録手続は、会員となるご本人が行ってください。代理による登録は一切認められません。なお、過去に会員資格が取り消された方やその他当社が相応しくないと判断した方からの会員申込はお断りする場合があります。</span></p>\n<p>&nbsp;</p>\n<p><span style=\"color: #000000;\">2.&nbsp;会員情報の入力</span></p>\n<p><span style=\"color: #504b43;\">会員登録手続の際には、入力上の注意をよく読み、所定の入力フォームに必要事項を正確に入力してください。会員情報の登録において、特殊記号・旧漢字・ローマ数字などはご使用になれません。これらの文字が登録された場合は当社にて変更致します。</span></p>',NULL,0,1,1,0,'2024-07-21 20:13:52','2024-07-21 20:13:52'),(17,'納品書・領収書について','about-invoices-and-receipts','納品書・領収書について','<h3 style=\"text-align: center;\"><span style=\"color: #ff0000;\">これはテスト記事の内容です。管理者で変更してください。</span></h3>\n<p>&nbsp;</p>\n<p><span style=\"color: #b78e49;\">新規会員登録をされる前に、下記ご利用規約をよくお読みください。</span></p>\n<p><span style=\"color: #504b43;\">規約には、本サービスを使用するに当たってのあなたの権利と義務が規定されております。</span></p>\n<p>&nbsp;</p>\n<p><span style=\"color: #ada69a;\">第1条（会員）</span></p>\n<p>&nbsp;</p>\n<p><span style=\"color: #000000;\">1. 会員資格</span></p>\n<p><span style=\"color: #504b43;\">本規約に同意の上、所定の入会申込みをされたお客様は、所定の登録手続完了後に会員としての資格を有します。会員登録手続は、会員となるご本人が行ってください。代理による登録は一切認められません。なお、過去に会員資格が取り消された方やその他当社が相応しくないと判断した方からの会員申込はお断りする場合があります。</span></p>\n<p>&nbsp;</p>\n<p><span style=\"color: #000000;\">2.&nbsp;会員情報の入力</span></p>\n<p><span style=\"color: #504b43;\">会員登録手続の際には、入力上の注意をよく読み、所定の入力フォームに必要事項を正確に入力してください。会員情報の登録において、特殊記号・旧漢字・ローマ数字などはご使用になれません。これらの文字が登録された場合は当社にて変更致します。</span></p>',NULL,0,1,1,0,'2024-07-21 20:14:36','2024-07-21 20:14:36'),(18,'配送・送料について','about-shipping-and-delivery-fees','配送・送料について','<h3 style=\"text-align: center;\"><span style=\"color: #ff0000;\">これはテスト記事の内容です。管理者で変更してください。</span></h3>\n<p>&nbsp;</p>\n<p><span style=\"color: #b78e49;\">新規会員登録をされる前に、下記ご利用規約をよくお読みください。</span></p>\n<p><span style=\"color: #504b43;\">規約には、本サービスを使用するに当たってのあなたの権利と義務が規定されております。</span></p>\n<p>&nbsp;</p>\n<p><span style=\"color: #ada69a;\">第1条（会員）</span></p>\n<p>&nbsp;</p>\n<p><span style=\"color: #000000;\">1. 会員資格</span></p>\n<p><span style=\"color: #504b43;\">本規約に同意の上、所定の入会申込みをされたお客様は、所定の登録手続完了後に会員としての資格を有します。会員登録手続は、会員となるご本人が行ってください。代理による登録は一切認められません。なお、過去に会員資格が取り消された方やその他当社が相応しくないと判断した方からの会員申込はお断りする場合があります。</span></p>\n<p>&nbsp;</p>\n<p><span style=\"color: #000000;\">2.&nbsp;会員情報の入力</span></p>\n<p><span style=\"color: #504b43;\">会員登録手続の際には、入力上の注意をよく読み、所定の入力フォームに必要事項を正確に入力してください。会員情報の登録において、特殊記号・旧漢字・ローマ数字などはご使用になれません。これらの文字が登録された場合は当社にて変更致します。</span></p>',NULL,0,1,1,0,'2024-07-21 20:15:09','2024-07-21 20:15:09'),(19,'返品・交換について','about-returns-and-exchanges','返品・交換について','<h3 style=\"text-align: center;\"><span style=\"color: #ff0000;\">これはテスト記事の内容です。管理者で変更してください。</span></h3>\n<p>&nbsp;</p>\n<p><span style=\"color: #b78e49;\">新規会員登録をされる前に、下記ご利用規約をよくお読みください。</span></p>\n<p><span style=\"color: #504b43;\">規約には、本サービスを使用するに当たってのあなたの権利と義務が規定されております。</span></p>\n<p>&nbsp;</p>\n<p><span style=\"color: #ada69a;\">第1条（会員）</span></p>\n<p>&nbsp;</p>\n<p><span style=\"color: #000000;\">1. 会員資格</span></p>\n<p><span style=\"color: #504b43;\">本規約に同意の上、所定の入会申込みをされたお客様は、所定の登録手続完了後に会員としての資格を有します。会員登録手続は、会員となるご本人が行ってください。代理による登録は一切認められません。なお、過去に会員資格が取り消された方やその他当社が相応しくないと判断した方からの会員申込はお断りする場合があります。</span></p>\n<p>&nbsp;</p>\n<p><span style=\"color: #000000;\">2.&nbsp;会員情報の入力</span></p>\n<p><span style=\"color: #504b43;\">会員登録手続の際には、入力上の注意をよく読み、所定の入力フォームに必要事項を正確に入力してください。会員情報の登録において、特殊記号・旧漢字・ローマ数字などはご使用になれません。これらの文字が登録された場合は当社にて変更致します。</span></p>',NULL,0,1,1,0,'2024-07-21 20:15:38','2024-07-21 20:15:38'),(20,'着物返却申請のご案内','return-application','着物返却申請のご案内','<p>&nbsp;</p>\n<div class=\"cl-preview-section\">\n<p style=\"text-align: center;\"><span style=\"color: #052796;\">お客様がご利用中の着物の返却申請を承りました。<br />スムーズな返却手続きのため、以下の手順に従ってください。</span></p>\n</div>\n<div class=\"cl-preview-section\">\n<h2>&nbsp;</h2>\n<h2 id=\"返却手続きの流れ\" style=\"text-align: center;\">返却手続きの流れ</h2>\n<p>&nbsp;</p>\n<p>&nbsp;</p>\n</div>\n<div class=\"cl-preview-section\">\n<ol>\n<li><strong>電話でのお申し込み</strong>:<br />返却手続きは電話にて承っております。お手数ですが、以下の番号までお電話ください。<br />📞 返却受付専用ダイヤル：0120-XXX-XXX<br />受付時間：平日 10:00～18:00</li>\n</ol>\n</div>\n<p>&nbsp;</p>\n<p>&nbsp;</p>\n<div class=\"cl-preview-section\">\n<ol>\n<li><strong>必要情報の準備</strong>:<br />お電話の際、以下の情報をお手元にご用意ください。\n<ul>\n<li>お客様のお名前</li>\n<li>ご契約番号</li>\n<li>レンタル商品名（着物の種類、柄など）</li>\n<li>ご希望の返却日</li>\n</ul>\n</li>\n</ol>\n</div>\n<p>&nbsp;</p>\n<p>&nbsp;</p>\n<div class=\"cl-preview-section\">\n<ol>\n<li><strong>返却方法の確認</strong>:<br />電話にて、返却方法（宅配便での返送か店頭持ち込みか）をご相談させていただきます。</li>\n</ol>\n</div>\n<p>&nbsp;</p>\n<p>&nbsp;</p>\n<div class=\"cl-preview-section\">\n<ol>\n<li><strong>返却完了</strong>:<br />ご返却いただいた商品を確認後、返却処理を完了いたします。<br />ご不明な点がございましたら、お気軽にお電話でお問い合わせください。<br />今後ともKIREIをご愛顧いただきますよう、よろしくお願い申し上げます。</li>\n</ol>\n</div>\n<p>&nbsp;</p>',NULL,0,1,1,0,'2024-10-03 10:37:52','2024-10-03 10:37:52'),(21,'きものシェアリング申請のご案内','start-sharing','きものシェアリング申請のご案内','<div class=\"cl-preview-section\">\n<p style=\"text-align: center;\">&nbsp;</p>\n<p id=\"きものシェアリング申請のご案内\" style=\"text-align: center;\"><span style=\"text-align: left; font-size: 14px; color: #0805a6;\">お客様の大切な着物をKIREIのレンタルサービスで他の<br />お客様にシェアする機会をご検討いただき、<br />ありがとうございます。<br />以下に申請手続きの流れをご説明いたします。</span></p>\n</div>\n<h2>&nbsp;</h2>\n<p>&nbsp;</p>\n<div class=\"cl-preview-section\">\n<h2 id=\"きものシェアリング申請の手順\" style=\"text-align: center;\">きものシェアリング申請の手順</h2>\n<p>&nbsp;</p>\n</div>\n<div class=\"cl-preview-section\">\n<ol>\n<li><strong>電話でのお申し込み</strong>:<br />きものシェアリングのお申し込みは電話にて承っております。以下の番号までお電話ください。<br />📞 きものシェアリング専用ダイヤル：0120-XXX-XXX<br />受付時間：平日 10:00～18:00</li>\n<li>&nbsp;</li>\n<li><strong>必要情報の準備</strong>:<br />お電話の際、以下の情報をお手元にご用意ください。\n<ul>\n<li>お客様のお名前</li>\n<li>ご契約番号</li>\n<li>シェアしたい着物の詳細（種類、柄、サイズなど）</li>\n<li>着物の状態（購入時期、着用回数など）</li>\n</ul>\n</li>\n<li>&nbsp;</li>\n<li><strong>シェアリング条件の確認</strong>:<br />電話にて、以下の点についてご相談させていただきます。\n<ul>\n<li>レンタル料金の設定と収益分配</li>\n<li>シェアリング期間</li>\n<li>着物のメンテナンス方法</li>\n</ul>\n</li>\n<li>&nbsp;</li>\n<li><strong>審査と契約</strong>:<br />お申し込み内容を審査後、契約書類をお送りいたします。</li>\n<li>&nbsp;</li>\n<li><strong>シェアリング開始</strong>:<br />契約完了後、お客様の着物をKIREIのレンタルラインナップに追加いたします。</li>\n</ol>\n</div>\n<h2>&nbsp;</h2>\n<p>&nbsp;</p>\n<div class=\"cl-preview-section\">\n<h2 id=\"シェアリングのメリット\" style=\"text-align: center;\">シェアリングのメリット</h2>\n<p>&nbsp;</p>\n</div>\n<div class=\"cl-preview-section\">\n<ul>\n<li>着物の有効活用</li>\n<li>追加収入の機会</li>\n<li>KIREIによる適切な管理と保管<br />ご不明な点やご質問がございましたら、お気軽にお電話でお問い合わせください。<br />きものシェアリングを通じて、より多くの方に日本の伝統美をお楽しみいただけることを楽しみにしております。</li>\n</ul>\n</div>',NULL,0,1,1,0,'2024-10-03 10:35:09','2024-10-03 10:35:09'),(25,'シェアリングサービス利用規約（オーナー様用）','terms-owner',NULL,'<h2>シェアリングサービス利用規約（オーナー様用）</h2>\n\n<h3>第1条　目的および適用</h3>\n<p>この利用規約（以下「本規約」とする）は、株式会社もろふじ（以下「当社」とする）が提供するきもの保管シェアリングサービス「着麗（キレイ）」（以下「本サービス」とする）の利用条件を定めるものであり、本サービスの利用者に適用されます。</p>\n<p>利用を希望される方は本規約の内容に同意した上で、本サービスをご利用下さい。</p>\n\n<h3>第2条　本サービスの内容</h3>\n<p>本サービスは、自己の所有する着物（以下、「所有アイテム」という）を有償で貸し出すことを希望する方（以下、「オーナー」という）からの申込を受け、当社での査定後、その所有アイテムを当社が借り受け、本サービスを利用する第三者（以下「レンタルユーザー」という）にレンタルし、当社が得た利用料金の一部を対価としてオーナーに還元するサービスです。</p>\n<p>概要は以下の通りです。</p>\n<p>1）オーナー希望者は所定の情報を、サイト上からご登録申請頂きます。<br>\n　　※貸し出しを希望する所有アイテムの情報や写真登録等は当社にて行います.</p>\n<p>2）オーナー希望者は貸し出しを希望する所有アイテムを当社支店窓口にお持ち頂くか、郵送（郵送の場合、当該送付物が配送中に生じた損害について、当社は一切の責任を負いません）にてお送り頂きます。</p>\n<p>3）当社は、オーナー希望者よりご提供頂いた登録情報、ならびに所有アイテムを拝見した上で査定を行い、所有アイテムの査定内容を通知します。</p>\n<p>4）査定によって、レンタルユーザー利用規約に基づき以下の適用レンタルプランのいずれかのプランでレンタルユーザーにレンタルすることになりますが、査定によっては以下のレンタルプランの適用外となり、お預かりできない場合もございます。</p>\n<ul>\n<li>9,800プラン</li>\n<li>19,800プラン</li>\n<li>38,000プラン</li>\n<li>58,000プラン</li>\n<li>88,000プラン</li>\n</ul>\n<p>5）オーナー希望者が、査定の内容及び本規約に同意頂ける場合は、同意書に署名捺印、口座番号等の追加情報をご提供頂きます。</p>\n<p>6）オーナー所有アイテムをレンタルユーザーにレンタルすることにより、当該オーナーにその利用料の一部を預託使用料としてお支払いします。</p>\n\n<h3>第3条　オーナー登録申請</h3>\n<p>1. 本サービスの利用を希望するお客様は、当社が運営するウェブサイト（http://kirei-kimono.jp/、以下「本サイト」とする）上での入力その他の所定の方法に従い、定められた情報を当社に提供することにより、オーナー登録の申請をしなければなりません。</p>\n<p>2. 申請があった場合、当社所定の査定基準に従って査定を行います。次のいずれかに該当する方は、オーナーになることはできません。</p>\n<p>1）有効な電子メールアドレスを所有していない方<br>\n2）本規約にご同意頂けない方<br>\n3）本人名義の銀行口座を開設されていない方<br>\n4）申込者より提供された情報の全部または一部に誤りまたは記載漏れがあった場合<br>\n5）過去に本サービスの利用契約を取り消され、又は解除されている方<br>\n6）過去に着麗（キレイ）サービスの利用料金等の支払を遅滞又は商品の返却を遅延したことがある方<br>\n7）日本在住でない方<br>\n8）未成年者で親権者の同意が得られない方<br>\n9）暴力団等の構成員又は反社会的組織と何らかの関係のある方<br>\n10）その他当社が着麗（キレイ）オーナーとして不適当と判断した場合</p>\n<p>3. 当社がオーナー登録の申請を承認しなかった場合であっても、その理由をお客様には開示致しません。</p>\n<p>4. オーナーが第2項のいずれかに該当することがオーナー登録承認後に判明した場合は、当社の判断により、オーナー登録の承認を取り消し、何らの通知催告なく利用契約を解除することができるものとします。</p>\n\n<h3>第4条　査定</h3>\n<p>1. オーナー希望者より当社に到着（持ち込みもしくは郵送）した所有アイテムに対して、当社の基準により実物確認による査定を行います。査定の結果、当社がオーナー登録申請を承認する場合は、当該オーナー希望者に対して、所有アイテムに対する適用レンタルプランの査定金額等をお伝えします。</p>\n<p>2. 査定途中で所有アイテムに手入加工が必要と判断される場合は、査定結果と合わせてオーナー希望者に通知いたします。手入加工に同意いただける場合は、預託開始前に当社で手入加工を行い、その費用はオーナー希望者にお支払いいただきます。</p>\n<p>3. 査定金額等に同意頂けない場合は、本サイトのお問い合わせより取下げ手続を行って下さい。持ち込みの場合は即日、郵送の場合は概ね1週間程度でお預かりした所有アイテムの返却手続を行います。7日以内に取下げ手続きがなされない場合、又は4項の追加情報のご提供がなされない場合は、申請を取り下げたものとみなします。</p>\n<p>4. 査定金額等及び次条に定める条件に同意いただける場合は、7日以内に同意書に署名捺印、口座番号等の追加情報をご提供頂き、当社がオーナーから借り受けた所有アイテム（以下「オーナーアイテム」という）としてお預かり致します。</p>\n\n<h3>第5条　貸し出し（当社借り受け）条件</h3>\n<p>1. オーナーは当社に対してのオーナーアイテム貸し出しは、契約締結の日から1年間と致します。オーナより解約の申し出がない限りその後は1年毎の自動更新と致します。貸し出し期間中、当社がオーナーアイテムを本サービスにおいて独占的に使用・収益（オーナーアイテムをレンタルユーザー利用規約に基づきレンタルユーザーにレンタルし、当社の売上とする）することを了承するものとします。また、当社はオーナーアイテムについて、本サービスの提供に必要な限りで使用・収益を行い、善良な管理者の注意をもって適切に管理致します。</p>\n<p>2. オーナーアイテムの使用収益に対する対価（アイテム使用料）とその支払い条件については、第6条の通りとします。</p>\n<p>3. オーナーアイテムはレンタル中か否かにかかわらず、オーナー登録申請承認後、6ヶ月経過するまでは返却いたしません。6ヶ月経過後にオーナーアイテムの返却を希望される場合は、本サイトのお問い合わせより返却申請を行って下さい。</p>\n<p>4. 前項にかかわらず、返却申請のあったオーナーアイテムがレンタルユーザーにレンタル中であった場合、当社から当該レンタル中のレンタルユーザーに対する返還要求は行いません。レンタルユーザーの意思によるレンタル終了後に、お手入を完了させた上で返却手続を行いますので、返却申請から返却まで2か月以上かかる場合がありますので予めご留意下さい。また、返却申請後、相当期間経過した場合であっても、第8条1項の返還不能事象には含まないものとします。</p>\n<p>5. レンタル開始可能となった日から1年を経過する日までにレンタルユーザーからのレンタル申請がなく、かつ当社がオーナーアイテムの借り受けを終了することを希望する場合は、当該オーナーに契約終了の旨を通知することで、いつでもオーナーアイテムを返却し、契約を終了できるものとします。</p>\n\n<h3>第6条　使用料のお支払い</h3>\n<p>1. オーナーアイテムがレンタルユーザーにレンタル実行された場合、レンタル実行1回毎に該当する適用レンタルプランの区分に応じて、下記のアイテム使用料をお支払いします。</p>\n<ul>\n<li>9,800プラン：1,000円（税込）</li>\n<li>19,800プラン：1,500円（税込）</li>\n<li>38,000プラン：3,000円（税込）</li>\n<li>58,000プラン：5,000円（税込）</li>\n<li>88,000プラン：8,000円（税込）</li>\n</ul>\n<p>2. 振込手数料250円を差し引いた金額を振込致します。</p>\n<p>3. お支払い期日はオーナーアイテムがレンタルされた月の翌月20日となります。</p>\n\n<h3>第7条　禁止事項</h3>\n<p>1. オーナーはオーナー登録中は下記の事項を行うことを禁止します。</p>\n<p>1）オーナーアイテムの所有権その他の権利について、譲渡、担保提供、その他の処分行為を行うこと<br>\n2）レンタル中のレンタルユーザーに対して直接に返却や売買の交渉等を行うこと<br>\n3）利用契約上の地位又は本規約に基づく権利義務について、第三者への貸与または譲渡、担保提供、その他の処分行為を行うこと</p>\n<p>2. 前項に違反した場合に、オーナーアイテムに関して当社が第三者より何らかの請求を受けたときは、オーナーは当社に代わってその請求額の全額を負担するものとします。</p>\n\n<h3>第8条　損害賠償の予定</h3>\n<p>1. 当社又はレンタルユーザーの責めに帰すべき事由により、オーナーアイテムの返還が紛失、盗難及び重大な破損等（以下、「返還不能事象」という）により不可能となった際に当社指定の保険会社による損害賠償責任額を上限として、オーナーは当社に対して損害賠償請求できるものとします。なお、返還不能事象が発生していない場合、オーナーからの査定金額による買取請求には応じられません。</p>\n<p>2. レンタル中又は当社保管中に、レンタルユーザー又は当社の責めに帰すべき事由により、オーナーアイテムに軽微な破損、汚損または商品価値を低下させる事象（以下「破損等」とする。）が発生した場合、当社は、修理を行った上でオーナーアイテムの借り受けを継続するか、修理を行わずに当社指定の保険会社による損害賠償責任額をお支払いするか、オーナーの承諾なく選択できるものとします。修理を行わずに当社指定の保険会社による損害賠償責任額をお支払いした場合、全損の場合以外はオーナーに返却することとし、全損が否かの判断は当社が行うものとします。</p>\n<p>3. 当社よりオーナーアイテムを返却した場合、到着後ただちに開封することとし、開封時点で破損等が生じていたときは、到着後3日以内に、所定の方法で当社にその旨ご連絡下さい。3日経過後は、オーナーアイテム返却時には破損等が生じていなかったものとみなします。</p>\n\n<h3>第9条　通知方法</h3>\n<p>1. 当社によるオーナー登録申請の承認、登録完了、利用契約の解除、その他の当社からオーナーへの通知は、登録された電子メールアドレス宛にその旨を通知するものとします。</p>\n<p>2. 前項の通知については、オーナーのメールの受領の有無に関わらず、登録アドレス宛に当社より電子メールを送信した時点で、到達したものとみなします。</p>\n<p>3. 当社は、オーナーに対してEメール、その他の方法により本サービスの運営に必要な情報その他の情報（広告・告知を含む）の提供を行うことがあります。オーナーが情報提供を希望しない場合は、所定の方法に従い、ご連絡頂ければ情報提供を停止致します。但し、即時の停止をお約束する限りではありません。また、本サービスの運営に必要な情報提供につきましては、オーナーの希望により停止することはできません。</p>\n<p>4. 前各項にかかわらず、返却不能又は破損等の事態における連絡等に際しては、ご登録頂いた携帯電話又はご住所宛に、当社又は当社と関連する第三者からご連絡をさせて頂く場合があります。</p>\n\n<h3>第10条　オーナー登録情報</h3>\n<p>1. 当社は本サービスを運営するにあたり、オーナーから以下の情報（以下「オーナー情報」とする）を取得します。</p>\n<p>1）会員登録申請時及びオーナー登録時の内容（変更のお申し出の内容を含む）</p>\n<ul>\n<li>氏名</li>\n<li>性別</li>\n<li>生年月日</li>\n<li>住所（自宅住所）</li>\n<li>電話番号</li>\n<li>電子メールアドレス</li>\n<li>勤務先</li>\n<li>銀行口座情報（オーナー名義の口座に限る）</li>\n<li>身分証明書</li>\n<li>その他当社が定める入力フォームに入力する情報及び画像</li>\n</ul>\n<p>2）本サービスの利用に関連して取得する情報</p>\n<ul>\n<li>本サイトおよび本サービスの利用履歴情報等</li>\n</ul>\n<p>3）オーナーが本サイトへアクセスしたことを契機としてCookie等により自動的に取得する情報</p>\n<ul>\n<li>IPアドレス、ドメイン名、ブラウザの種類及びバージョン、OSバージョン、使用言語、場所</li>\n<li>本サイト上の閲覧履歴・検索履歴等の行動履歴情報</li>\n<li>端末情報（PC、携帯電話、スマートフォン、携帯キャリア、機種情報、個体識別情報など）</li>\n<li>広告ID（IDFA・Advertising ID）</li>\n</ul>\n<p>4）ログインID等、個人別に付与された番号・記号その他の符号</p>\n<p>5）当社がオーナーよりご意見、ご要望、お問合せ等を受けた場合における当該お問合せ等の内容、氏名、電子メールアドレス、その他のお問合せ等への対応に必要な情報</p>\n<p>6）その他当社が適法に取得または保有する個人情報</p>\n<p>2. オーナーの登録手続の際には、入力上の注意をよく読み、所定の入力フォームに必要事項を正確に入力してください。オーナーは登録される情報が真実かつ正確な情報であり、虚偽または偽りがないことを約束するものとします。</p>\n\n<h3>第11条　オーナー情報の利用目的</h3>\n<p>1. 前条に記載するオーナー情報の利用目的は以下の通りです。</p>\n<p>1）本サービスの円滑な運営およびサービス内容の向上のため<br>\n2）本サービス及び当店又は関連会社が提供するサービスに関するキャンペーン、アンケート等の実施または情報提供のため<br>\n3）オーナーからのご意見、ご要望、お問合せ等に対し適切に対応するため<br>\n4）本人確認、商品アイテムの保管状況の確認および不正利用の防止・調査のため<br>\n5）当社からの請求又はお支払い等のため<br>\n6）当社と業務委託等の関係にある事業者により、本サービスの一部を提供するため<br>\n7）当社の広告の配信その他の情報を提供するため<br>\n8）マーケティングデータの測定・分析のため<br>\n9）その他上記各号に準ずる目的のため</p>\n<p>2. オーナー情報については、原則としてオーナーの事前の同意なく第三者に対して開示することはありません。オーナー情報の取扱いについては、本規約のほか、別途定める個人情報保護方針をご確認下さい。</p>\n\n<h3>第12条　登録情報の変更</h3>\n<p>オーナーが、オーナー登録日以降に住所その他の登録情報に変更があった場合は、速やかに本サイトよりご変更内容を申請下さい。</p>\n<p>また、住所変更につきましては、変更後の住所が確認できる身分証明書をアップロードして頂きます。</p>\n\n<h3>第13条　サービスの利用停止</h3>\n<p>1. オーナーがサービスの利用停止を希望する場合は、本サイトより利用停止申請を行って下さい。当社より手続完了の通知を発信した時点をもって正式に利用契約は停止されます。</p>\n<p>2. 前項にかかわらず、申請時に、オーナーアイテムがレンタル中のときは、利用停止はできません。</p>\n\n<h3>第14条　利用契約解除手続き</h3>\n<p>1. オーナーが、本規約第7条の禁止事項に違反したとき、または次のいずれかに該当すると当社が認めたときは、当社は当該オーナーに対して事前の通知・催告なく本サービスの利用契約を解除することができるものとします。</p>\n<p>1）オーナーの破産、民事再生、会社更生手続、又は特別清算の申立てがあったとき、若しくは仮差押、仮処分、強制執行、任意競売の申立て又は滞納処分があったとき。<br>\n2）登録情報が不正確または虚偽であることが判明し、訂正を依頼したにもかかわらず速やかに登録情報の訂正が行われない場合<br>\n3）オーナーが登録情報の変更手続きを怠り、オーナーの連絡先が当社に不明となった場合<br>\n4）本規約が遵守されない虞が高まったと当社が判断した場合<br>\n5）本サービス提供の継続により、当社またはユーザーに著しい支障が生じる虞があると当社が判断した場合<br>\n6）第3条第2項のいずれかに該当することがオーナー登録承認後に判明した場合<br>\n7）その他当社が、オーナーとして不適当と判断した場合</p>\n<p>2. 本条第1項に該当するオーナーの行為によって、当社が損害を受けたときは、本サービスの利用停止または利用契約解除の如何にかかわらず、当社は、オーナーに対して前項以外の損害の賠償を請求できるものとします。</p>\n\n<h3>第15条　クッキー（Cookie）を利用した閲覧履歴等の収集・利用について</h3>\n<p>1. Cookie（クッキー）の利用<br>\n当社は、本条第2項に定める事項を実施するために、Cookie（クッキー）を利用しています。Cookieとは、保管ユーザーによるインターネットの効率的な利用のために、どのページを訪れたか等の情報を記録するファイルのことであり、保管ユーザー個人を識別することはありません。</p>\n<p>2. 閲覧履歴の分析<br>\n当社は、オーナーによる本サイトおよび本サービスの閲覧履歴ならびにレンダーの端末情報等を、Google Inc. が提供するGoogle Analytics機能によって、サービスの向上・改善、新規サービスの検討のために収集し利用します。当社が当該機能を利用し、閲覧履歴や端末情報等を収集することを希望しない方は、以下のURLからオプトアウト手続きを行ってください。</p>\n\n<h3>第16条　Cookie（クッキー）受け入れ拒否</h3>\n<p>1. オーナーは、ブラウザの設定を変更することによってCookieの受け入れを拒否することができます。また、ブラウザの「クッキー・フォルダ」に保存されているCookieを削除することもできます。ただし、Cookie機能を無効化または削除すると、本サイトの一部の機能が使用できなくなることがあるため、オーナーはこれにつきあらかじめ了承したうえで任意で拒否設定または削除を行って下さい。</p>\n<p>2. Cookieの取り扱いはブラウザによって異なるため、オーナーの責任において、ブラウザのヘルプ機能等により「クッキー」についての項目を確認し、設定するものとします。</p>\n\n<h3>第17条　サービス提供の中断・終了</h3>\n<p>1. 当社は、次のいずれかに該当する場合、本サービスの提供を中断又は終了できるものとします。</p>\n<p>1）本サービスのシステムの保守を定期的にまたは緊急に行う場合<br>\n2）戦争、暴動、騒乱、労働争議、地震、噴火、洪水、津波、火災、停電その他の非常事態により、本サービスの提供が通常通りできない場合<br>\n3）法令上の理由、セキュリティ上の理由、システム上の理由その他合理的な理由により本サービスの提供が困難になった場合<br>\n4）その他、当社がやむを得ない事由により本サービスの提供の中断又は終了が必要と判断した場合</p>\n<p>2. 当社は、前項により、本サービスを中断又は終了するときは、あらかじめその旨をオーナーに通知するものとします。ただし、緊急時のやむを得ない場合は、この限りではありません。</p>\n<p>3. 当社は、当社が管理または使用するサーバーに保存しているデータについて、安全性の確保に努めます。</p>\n<p>4. 当社は、提供するサービスの一部または全部の保守や改良などが生じた場合、当社が管理または利用・使用するサーバーにオーナーが保存しているデータを含む運営・運用に関わる全てのデータを、必要な範囲で複製・移転などをすることができるものとします。</p>\n<p>5. 本サービスの中断、システム障害または通信環境の障害などの発生により、オーナーが被ったいかなる損害についても、当社は一切の責任を負わないものとします。</p>\n\n<h3>第18条　免責事項</h3>\n<p>1. 本サービス利用負担にかかる配送事業者の故意又は過失に基づく商品アイテムの遅配、誤配、未達、外装の汚損、破損について、当社は一切の責任を負いません。</p>\n<p>2. 当社は、明示的・黙示的であるかに関わらず、本サービスに関するいかなる種類の表明も保証もいたしません。</p>\n\n<h3>第19条　本規約の改定</h3>\n<p>1. 当社は、当社が必要と判断した場合は、本規約の内容を随時変更または追加できるものとします。変更後の利用規約については、本サイト上において掲示します。</p>\n<p>2. オーナーは、本規約の変更後も本サービスの利用を継続するときは、変更後の規約に同意したものとみなされます。オーナーは、最新の本規約をご確認の上、本サービスをご利用下さい。</p>\n\n<h3>第20条　準拠法および管轄裁判所</h3>\n<p>1. 本規約およびその他の利用規約等の準拠法は、日本法とします。</p>\n<p>2. オーナーと当社の間で裁判上の紛争が生じた場合、当社本社を管轄する簡易裁判所又は地方裁判所を専属的合意管轄裁判所とします。</p>\n\n<p>お問い合わせ先<br>\n本サービスに関するお問い合わせは下記にて承ります。<br>\n株式会社もろふじ　保管シェアリングサービス着麗　事業部<br>\n〒832-0044　福岡県柳川市袋町16-2　電話番号　0944-75-1755<br>\nメールアドレス　kirei@0944724272.com</p>',NULL,0,NULL,1,0,'2026-03-04 08:07:19','2026-03-04 08:07:19'),(26,'レンタルサービス利用規約（レンタルユーザー様用）','terms-rental',NULL,'<h2>レンタルサービス利用規約（レンタルユーザー様用）</h2>\n\n<h3>第1条　目的および適用</h3>\n<p>この利用規約（以下「本規約」とする）は、株式会社もろふじ（以下「当社」とする）が提供するきもの保管シェアリングサービス「着麗（キレイ）」（以下「本サービス」とする）の利用条件を定めるものであり、本サービスの利用者に適用されます。</p>\n<p>利用を希望される方は本規約の内容に同意した上で、本サービスをご利用下さい。</p>\n\n<h3>第2条　本サービスの概要</h3>\n<p>本サービスは、当社が運営する本サイトを通じて提供する、着物等のアイテム（以下「商品アイテム」とする）のレンタルサービスをいい、以下の概要によるものとします。</p>\n<p>1）本サービスの利用を希望される方は、レンタル申込フォームに必要な情報（画像を含む）および本人確認のための書類画像を当社にご提供いただきます。なお、ご利用可能な本人確認書類につきましては、当社が定める書類に限ります。</p>\n<p>2）当社は、利用者よりご提供いただいた登録情報および本人確認書類等に基づき審査を行います。</p>\n<p>3）レンタルユーザーは、商品アイテムを選択し、当該商品アイテムに応じた利用料金をクレジット決済による支払い、もしくは当社の指定口座に振込を行うことにより、レンタルすることができます。</p>\n<p>4）レンタルユーザーよりレンタル申請のあった商品アイテムは、各商品アイテムに応じた利用料金の決済後、ご指定の期間に登録されたご住所宛に配送します。</p>\n\n<h3>第3条　レンタル申込条件</h3>\n<p>1. 本サービスの利用を希望するお客様は、本規約を遵守することに同意し、当社が運営するウェブサイト（http://kirei-kimono.jp/、以下「本サイト」とする）上での入力その他の所定の方法に従い、定められた情報を当社に提供することにより、レンタル申込の申請をしなければなりません。申請があった場合、当社は、当社所定の審査基準に従って審査を行います。</p>\n<p>2. 次のいずれかに該当する方は、レンタル申込をすることはできません。</p>\n<p>1）有効な電子メールアドレスを所有していない方<br>\n2）本規約にご同意いただけない方<br>\n3）レンタル申込時に登録されたクレジットカードが有効でない場合　または申込者本人名義のクレジットカードでない場合<br>\n4）申込者より提供された情報の全部または一部に誤りまたは記載漏れがあった場合<br>\n5）過去に本規約違反などにより本サービスの利用契約を取り消され又は解除されている方<br>\n6）過去に本サービスの利用料金等の支払を遅滞または商品の返却を遅延したことがある方<br>\n7）日本在住でない方または希望する商品アイテムのお届け先が日本国内でない方<br>\n8）未成年で親権者の同意が得られない方<br>\n9）暴力団等の構成員または反社会的組織と何らかの関係のある方<br>\n10）その他当社が不適当と判断した場合</p>\n<p>3. レンタル申込の申請を承認しなかった場合であっても、その理由をお客様には通知致しません。</p>\n<p>4. レンタルユーザーが第2項各号のいずれかに該当することがレンタル申込承認後に判明した場合は、当社の判断により、レンタル利用の承認取消しを行うことができるものとします。</p>\n<p>5. レンタルユーザーは、レンタル利用契約を締結しようとする場合、当該レンタル利用契約に先立って、自己の責任で商品アイテムの賃借その他利用契約から生ずる損害賠償義務を保証する当社指定の保険に加入するものとします。</p>\n\n<h3>第4条　レンタル申込情報</h3>\n<p>1. 当社は本サービスを運営するにあたり、レンタルユーザーから以下の情報（以下「レンタルユーザー情報」とする）を取得します。</p>\n<p>1）レンタル申込時の登録内容（変更のお申し出の内容を含む）</p>\n<ul>\n<li>氏名</li>\n<li>性別</li>\n<li>生年月日</li>\n<li>住所に関する情報</li>\n<li>電話番号</li>\n<li>電子メールアドレス</li>\n<li>勤務先に関する情報</li>\n<li>サイズ情報（身長・バスト・ヒップ）</li>\n<li>身分証明書</li>\n<li>添付された本人確認書類に記載の事項</li>\n<li>その他当社が定める入力フォームに入力する情報および画像</li>\n</ul>\n<p>2）レンタルユーザーによる本サービスの利用に関連して取得する情報</p>\n<ul>\n<li>本サイトおよび本サービスの利用履歴情報等</li>\n</ul>\n<p>3）ユーザーが本サイトへアクセスしたことを契機としてCookie等により自動的に取得する情報</p>\n<ul>\n<li>IPアドレス、ドメイン名、ブラウザの種類およびバージョン、OSバージョン、使用言語、場所</li>\n<li>本サイト上の閲覧履歴・検索履歴等の行動履歴情報</li>\n<li>端末情報（PC、携帯電話、スマートフォン、携帯キャリア、機種情報、個体識別情報など）</li>\n<li>広告ID（IDFA・Advertising ID）</li>\n</ul>\n<p>4）ログインID等、個人別に付与された番号・記号その他の符号</p>\n<p>5）当社がレンタルユーザーよりご意見、ご要望、お問合せ等を受けた場合における当該お問合せ等の内容、氏名、電子メールアドレス、その他のお問合せ等への対応に必要な情報</p>\n<p>6）その他当社が適法に取得または保有する個人情報</p>\n<p>2. レンタルユーザーのレンタル申込手続の際には、入力上の注意をよく読み、所定の入力フォームに必要事項を正確に入力してください。レンタルユーザーは本サービスにて登録される情報が真実かつ正確な情報であり、虚偽または偽りがないことを約束するものとします。</p>\n<p>3. ご登録いただいた電話番号宛に、当社より本人確認のご連絡を致します。その際、住所や生年月日等の本人情報の確認をさせていただきますので、必ずご回答いただきますようお願い致します。電話での本人情報の確認がとれない場合は、レンタル申込が完了せず、本サービスの利用はできませんので、予めご了承下さい。</p>\n\n<h3>第5条　ユーザー情報の利用目的</h3>\n<p>1. 前条に記載する個人情報の利用目的は以下の通りです。</p>\n<p>1）申込審査並びに本サービスの円滑な運営およびサービス内容の向上のため<br>\n2）本サービスに関するキャンペーン、アンケート等の実施または情報提供のため<br>\n3）レンタルユーザーからのご意見、ご要望、お問合せ等に対し適切に対応するため<br>\n4）本人確認、商品アイテムの保管状況の確認または不正利用の防止・調査のため<br>\n5）ご利用代金または賠償金等のご請求等のため<br>\n6）当社と業務委託等の関係にある事業者により、本サービスの一部を提供するため<br>\n7）当社の広告の配信その他の情報を提供するため<br>\n8）マーケティングデータの測定・分析のため<br>\n9）その他上記各号に準ずる目的のため</p>\n<p>2. レンタルユーザー情報については、原則としてレンタルユーザーの事前の同意なく第三者に対して開示することはありません。レンタルユーザー情報の取扱いについては、本規約のほか、別途定めるプライバシーポリシーをご確認下さい。</p>\n\n<h3>第6条　レンタル期間と延滞料金</h3>\n<p>1. 商品アイテムのレンタル期間は共通でお届け日を1日目として5泊6日と致します。</p>\n<p>2. レンタル期間の終了日までに、当社指定の配送業者を利用し、商品アイテムに同梱の説明内容に従って、直ちに返却してください。返却が遅れる場合には、まず当社へご連絡ください。</p>\n<p>3. 商品アイテムの返却に遅延が生じた場合、以下のように対応し、延滞料金を請求させて頂きます。</p>\n<p>1）返却の確認ができない場合【返却依頼メール】を送信致します。<br>\n2）お客様のご都合にて、商品の返却が遅れた場合、1日につきお支払金額の10％を別途請求致します。請求額はお客様の返却確認後に延滞料を計算し【延滞料請求メール】を送信致します。<br>\n3）ご連絡が取れない場合、弁護士に相談の上ご返却いただけるよう手続き致します。<br>\n4）返却日を14日経過した場合には、返却がされていない商品について、商品ごとに設定した金額に加え、違約金として、金10万円を請求させていただきます。<br>\n5）お客様と連絡が取れない場合もしくは30日経過した場合には当社の従業員等がご自宅まで引取に伺います。その際は引取の成否にかかわらず、訪問にかかる経費を請求させていただきます。</p>\n\n<h3>第7条　利用料金</h3>\n<p>1. 本サービスの利用料金は、各商品アイテムの料金プラン毎に異なります。具体的内容については、本サイトにてご確認下さい。</p>\n<p>2. 本サービスの利用料金は、クレジットカード決済　もしくは当社の指定口座へのお振込みによりお支払いいただきます。</p>\n\n<h3>第8条　商品アイテムの選択</h3>\n<p>1. レンタルユーザーがレンタルを行うには、レンタル可能な商品アイテムから商品を選択し、レンタル申込フォームよりレンタルの申請を行って下さい。</p>\n<p>2. 利用料金は、選択した商品アイテムの料金プランにより決まります。具体的内容については、本サイトにてご確認下さい。</p>\n\n<h3>第9条　禁止行為</h3>\n<p>1. ユーザーが下記に掲げる行為や表現（以下「禁止事項」とする）を行うことを禁止します。</p>\n<p>1）商品アイテムの一部または全部を修理、交換または分解する行為<br>\n2）破損等により商品アイテムの商品価値を低下させる行為。ただし、商品アイテムの破損・汚損が、通常使用に伴うものであると当社が判断した場合には、当該破損・汚損についてはレンタルユーザーに対する賠償金を求めません。<br>\n3）商品アイテムを第三者に利用させる行為および第三者に販売、貸与、質入等をする行為<br>\n4）虚偽のユーザー情報を申告する行為及び登録情報の変更を怠る行為<br>\n5）本サービスの提供の趣旨に反して、不正な目的で商品アイテムを利用・使用する行為<br>\n6）商品アイテムを海外へ持ち出す行為<br>\n7）当社が利用するサーバーに負担をかける行為、不正にアクセスする行為およびデータの改ざん行為<br>\n8）本サービスの運営業務またはシステムを妨害することとなる行為<br>\n9）コンピューターウィルス等の有害なプログラムまたはそれらに関連するリンクや情報などを、提供、推奨、斡旋または開示などする行為<br>\n10）個人情報や履歴情報などを、無断で収集したり蓄積・改変したりする行為<br>\n11）本サービスを利用して、反社会的勢力等に対し、直接または間接に利益を提供する行為<br>\n12）法令、公序良俗または社会通念等に反する行為<br>\n13）当社指定の配送業者以外での商品アイテムの返却<br>\n14）その他前各号に準じて、当社が不適当と判断する行為</p>\n<p>2. レンタルユーザーが前項に掲げる禁止事項を行った場合、当該レンタルユーザーとの利用契約を解除します。利用契約解除によりレンタルユーザーに発生した損害については、当社は一切の責任を負いません。</p>\n\n<h3>第10条　商品アイテムの配送、保管および返却</h3>\n<p>1. 商品アイテムの配送および返却は、当社の指定する配送業者のみが取り扱うものとし、返却する際は、必ず当社から送付した段ボール箱、及び着払い伝票を使用してください。</p>\n<p>2. 商品アイテムの到着後は、破損、汚損等により当該商品アイテムの商品価値を低下させることのないよう、善良な管理者の注意をもって管理し、誠実にお取り扱い下さい。また、配送時の段ボールは商品アイテムの返却時にもご利用いただきますので、破棄、破損または紛失等されないようご注意下さい。万が一、紛失等された場合は、当社までご連絡願います。</p>\n<p>3. ユーザーは、返却にあたり商品アイテム以外の物を入れないように注意してください。万が一、商品アイテム以外の物が同梱されていた場合、当社はユーザーに対して同梱物を通知する義務および保管する義務を負いません。また、同梱物に生じた損害について、当社は一切の責任を負いません。</p>\n<p>4. 当社より商品アイテムの発送後、宛先不明や長期間の不在などにより、商品アイテムの差し戻しがあった場合は、住所変更手続きの完了とレンタルユーザーからの新たなレンタルの申請が無い限り、再発送は行いません。</p>\n\n<h3>第11条　通知方法</h3>\n<p>1. 当社によるレンタル申込の承認その他の当社からレンタルユーザーへの通知は、登録された電子メールアドレス宛にその旨を通知するものとします。</p>\n<p>2. 前項の通知については、ユーザーのメールの確認の有無に関わらず、登録アドレス宛に当社より電子メールを送信した時点で、到達したものとみなします。</p>\n<p>3. 当社は、レンタルユーザーに対してメールマガジン、Eメール、その他の方法により本サービスの運営に必要な情報その他の情報（広告・告知を含む）の提供を行います。レンタルユーザーが情報提供を希望しない場合は、所定の方法に従い、ご連絡いただければ情報提供を停止致します。但し、即時の停止をお約束する限りではありません。また、本サービスの運営に必要な情報提供につきましては、レンタルユーザーの希望により停止することはできません。</p>\n<p>4. 前各項にかかわらず、盗難および紛失等の事態における本規約に基づくご請求に際しては、ご登録いただいた携帯電話またはご住所宛に、当社または当社と関連する先からご連絡をさせていただく場合があります。</p>\n\n<h3>第12条　住所等の登録情報の変更義務</h3>\n<p>1. 住所、電話番号、メールアドレス等のレンタルユーザーの登録情報に変更が生じた場合は、本サイトのお問い合わせより、必ず登録内容の変更を申請下さい。</p>\n\n<h3>第13条　商品アイテムの破損、盗難、紛失時の対応</h3>\n<p>1. 当社より発送した商品アイテムが到着した際、到着後ただちに開封することとし、開封した時点で破損その他の不具合が生じていたときは、到着後すぐに、所定の方法で当社にその旨ご連絡下さい。着用後にご連絡いただいた場合は、ユーザーの過失によるものとみなすことがあります。</p>\n<p>2. 商品アイテム到着後、返却手続き完了までの間に、以下のいずれかに該当する事態が発生した場合は、直ちに当社にその旨を連絡すると共に、当社からの指示に従って下さい。</p>\n<p>1）ユーザーが商品アイテムを使用中または保管中に発生した事故・不注意・火災等によって商品アイテム全体もしくはその一部が破損・汚損した場合。<br>\n2）商品アイテムが盗難にあった場合。<br>\n3）商品アイテムを紛失した場合。<br>\n4）商品アイテムを置き忘れた場合。</p>\n<p>3. 盗難および紛失については、被害状況または紛失時の状況を速やかに当社に報告すると共に、最寄りの警察に被害届または紛失届等を提出して下さい。また、当社または当社と関連する先からの調査および指示に従い、必要な書類等を速やかにご提出下さい。</p>\n\n<h3>第14条　損害賠償</h3>\n<p>1. 当社から商品アイテムの返却を請求したにもかかわらず、返却請求から1週間以内に商品アイテムの返却がない場合（紛失、盗難。以下「紛失等」とする）、当社は、レンタルユーザーに対し、本規約に基づき、賠償金の支払いを請求します。</p>\n<p>2. 商品アイテムの返却がなされた場合であっても、当該商品に会員の故意・重過失によると思われる破損・汚損等の商品価値を低下させる事象（以下「破損等」とする）が発生していた場合は、レンタルユーザーに対し、賠償金の支払いを求めます。但し、商品アイテムの破損・汚損等が、通常の使用に伴うものであると当社が判断した場合には、当該破損等についてレンタルユーザーに対する賠償金の請求は致しません。</p>\n<p>3. 本規約に基づく請求の有無および請求金額は、以下の区分により、当社指定の保険会社の査定によって決定致します。</p>\n<p>1）修繕が必要な破損等の場合<br>\n　　適正な修繕にかかる費用または破損等による当社の損失相当額をご負担いただきます。</p>\n<p>2）修繕不可能な破損等または紛失等の場合<br>\n　　完全に修繕することが不可能な破損等がある場合、または商品アイテムの紛失等により返却不能となった場合は、当該商品アイテムについて当社指定の保険会社による査定の後、ご請求させて頂きます。</p>\n<p>4. 前各項の定めに従い当社において賠償金のご請求が必要であると判断した場合、レンタルユーザーに対して、本規約の事象が認められる旨、および賠償金のご請求金額を通知いたします。</p>\n\n<h3>第15条　サービス提供の中断</h3>\n<p>1. 当社は、次のいずれかに該当する場合、本サービスの提供を中断できるものとします。</p>\n<p>1）本サービスのシステムの保守を定期的にまたは緊急に行う場合<br>\n2）戦争、暴動、騒乱、労働争議、地震、噴火、洪水、津波、火災、停電その他の非常事態により、本サービスの提供が通常通りできない場合<br>\n3）法令上の理由、セキュリティ上の理由、システム上の理由その他合理的な理由によりに本サービスの提供が困難になった場合<br>\n4）その他、当社がやむを得ない事由により本サービスの提供の中断が必要と判断した場合</p>\n<p>2. 当社は、前項により、本サービスを中断するときは、あらかじめその旨をユーザーに通知するものとします。ただし、緊急時のやむを得ない場合は、この限りではありません。</p>\n<p>3. 当社は、ユーザーが、当社が管理または使用するサーバーに保存しているデータについて、安全性の確保に努めます。</p>\n<p>4. 当社は、提供するサービスの一部または全部の保守や改良などが生じた場合、当社が管理または利用・使用するサーバーにユーザーが保存しているデータを含む運営・運用に関わる全てのデータを、必要な範囲で複製・移転などをすることができるものとします。</p>\n<p>5. 本サービスの中断や、システム障害または通信環境の障害などの発生により、ユーザーが被ったいかなる損害についても、当社は一切の責任を負わないものとします。</p>\n\n<h3>第16条　Cookie（クッキー）を利用した閲覧履歴等の収集・利用について</h3>\n<p>1. Cookie（クッキー）の利用<br>\n当社は、本条第2項に定める事項を実施するために、Cookie（クッキー）を利用しています。Cookieとは、保管ユーザーによるインターネットの効率的な利用のために、どのページを訪れたか等の情報を記録するファイルのことであり、保管ユーザー個人を識別することはありません。</p>\n<p>2. 閲覧履歴の分析<br>\n当社は、オーナーによる本サイトおよび本サービスの閲覧履歴ならびにレンダーの端末情報等を、Google Inc. が提供するGoogle Analytics機能によって、サービスの向上・改善、新規サービスの検討のために収集し利用します。当社が当該機能を利用し、閲覧履歴や端末情報等を収集することを希望しない方は、以下のURLからオプトアウト手続きを行ってください。</p>\n\n<h3>第17条　Cookie（クッキー）受け入れ拒否</h3>\n<p>1. レンタルユーザーは、ブラウザの設定を変更することによってCookie（クッキー）の受け入れを拒否することができます。また、ブラウザの「クッキー・フォルダ」に保存されているCookie（クッキー）を削除することもできます。</p>\n<p>2. ただし、Cookie機能を無効化または削除すると、本サイトの一部の機能が使用できなくなることがあるため、レンタルユーザーはこれにつき予め了承したうえで任意で拒否設定または削除を行って下さい。</p>\n\n<h3>第18条　免責事項</h3>\n<p>1. 本サービス利用者の負担にかかる配送事業者の故意または過失に基づく商品アイテムの遅配、誤配、未達、外装の汚損、破損について、当社は一切の責任を負いません。</p>\n<p>2. 当社は、明示的・黙示的であるかに関わらず、本サービス及び商品アイテムに関するいかなる種類の表明も保証もいたしません。</p>\n<p>3. 当社は、本サービスに関連して生じたレンタルユーザー又は第三者の直接的及び間接的損害について、予見可能性の有無にかかわらず一切の責任を負いません。但し、当社に故意又は重過失が存在した場合又は消費者契約法が適用される場合を除くものとします。</p>\n<p>4. 本サービスの利用に関して当社が損害賠償責任を負う場合、レンタルユーザーが支払った利用料金の総額を限度額として賠償責任を負うものとします。</p>\n\n<h3>第19条　利用契約上の地位の譲渡</h3>\n<p>1. レンタルユーザーは、当社の書面による事前の承諾なく、利用契約上の地位または本規約に基づく権利義務について、第三者への貸与または譲渡、担保設定、その他の処分をすることはできません。</p>\n\n<h3>第20条　本規約の改定</h3>\n<p>1. 当社は、当社が必要と判断した場合は、本規約の内容を随時変更または追加できるものとします。変更後の利用規約については、本サイト上において掲示します。</p>\n<p>2. レンタルユーザーは、本規約の変更後も本サービスの利用を継続するときは、変更後の規約に同意したものとみなされます。レンタルユーザーは、最新の本規約をご確認の上、本サービスをご利用下さい。</p>\n\n<h3>第21条　準拠法および管轄裁判所</h3>\n<p>1. 本規約およびその他の利用規約等の準拠法は、日本法とします。</p>\n<p>2. レンタルユーザーと当社の間で裁判上の紛争が生じた場合、当社本社を管轄する簡易裁判所又は地方裁判所を専属的合意管轄裁判所とします。</p>\n\n<p>お問い合わせ先<br>\n本サービスに関するお問い合わせは下記にて承ります。<br>\n株式会社もろふじ　保管シェアリングサービス着麗　事業部<br>\n〒832-0044　福岡県柳川市袋町16-2　電話番号　0944-75-1755<br>\nメールアドレス　kirei@0944724272.com</p>',NULL,0,NULL,1,0,'2026-03-04 08:07:19','2026-03-04 08:07:19'),(27,'保管サービス利用規約（保管ユーザー様用）','terms-storage',NULL,'<h2>保管サービス利用規約（保管ユーザー様用）</h2>\n\n<h3>第1条　目的および適用</h3>\n<p>この利用規約（以下「本規約」とする）は、株式会社もろふじ（以下「当社」とする）が提供するきもの保管シェアリングサービス「着麗（キレイ）」（以下「本サービス」とする）の利用条件を定めるものであり、本サービスの利用者に適用されます。</p>\n<p>利用を希望される方は本規約の内容に同意した上で、本サービスをご利用下さい。</p>\n\n<h3>第2条　本サービスの内容</h3>\n<p>本サービスは、自己の所有する着物（以下、「所有アイテム」という）を当社の保管スペースに有償でする保管するサービスです。</p>\n<p>概要は以下の通りです。</p>\n<p>1）所有アイテムの保管を希望されるお客様（以下、「保管ユーザー」という）は所定の情報を、サイト上からご登録申請頂きます。<br>\n　　※保管を希望する所有アイテムの情報や写真登録等は当社にて行います.</p>\n<p>2）保管ユーザーは保管を希望する所有アイテムを当社支店窓口にお持ち頂くか、郵送（郵送の場合、当該送付物が配送中に生じた損害について、当社は一切の責任を負いません）にてお送り頂きます。</p>\n<p>3）保管できる所有アイテムは着物類、帯類、長襦袢類などの、市販の「着物たとう紙」に包むことが出来るもので、且つカビ類などの菌が付着していないものとします。</p>\n<p>4）保管利用料は市販の「着物たとう紙」1枚につき1点を包んだ所有アイテムを3点1セットとし、1セットあたり1年間6,600円（税込み）とします。1年間の途中で解約された場合であっても、月割りによる返金等は一切致しません。</p>\n<p>5）保管利用料のお支払いは本サイト内でご登録頂いたクレジットカードでの決済のみとします。</p>\n<p>6）本サービスは保管ユーザーから利用停止申請が行われない限り、自動更新されご登録頂いたクレジットカードにて決済されます。</p>\n<p>7）保管ユーザーは所有アイテムを自由に出し入れし利用することができますが、その際郵送による配送を希望される場合、実際にかかった費用を請求させて頂きます。</p>\n\n<h3>第3条　サービスの利用停止</h3>\n<p>1. 保管ユーザーがサービスの利用停止を希望する場合は、本サイトより利用停止申請を行って下さい。利用停止申請を受け取り、当社より手続完了の通知を発信した時点をもって正式に利用契約は停止されます。</p>\n<p>2. 利用契約が停止された場合、7日以内に所有アイテムをご登録頂いている住所宛てにご返却させて頂きます。</p>\n\n<h3>第4条　保管ユーザー登録申請</h3>\n<p>1. 本サービスの利用を希望するお客様は、当社が運営するウェブサイト（http://kirei-kimono.jp/、以下「本サイト」とする）上での入力その他の所定の方法に従い、定められた情報を当社に提供することにより、保管ユーザー登録の申請をしなければなりません。</p>\n<p>2. 次のいずれかに該当する方は、保管ユーザーになることはできません。</p>\n<p>1）有効な電子メールアドレスを所有していない方<br>\n2）本規約にご同意頂けない方<br>\n3）申込者より提供された情報の全部または一部に誤りまたは記載漏れがあった場合<br>\n4）過去に本サービスの利用契約を解除されている方<br>\n5）過去に本サービスの利用料金等の支払を遅滞又は商品の返却を遅延したことがある方<br>\n6）日本在住でない方<br>\n7）未成年者で親権者の同意が得られない方<br>\n8）暴力団等の構成員又は反社会的組織と何らかの関係のある方<br>\n9）その他当社が着麗（キレイ）保管ユーザーとして不適当と判断した場合</p>\n\n<h3>第5条　損害賠償の予定</h3>\n<p>1. 当社の責めに帰すべき事由により、所有アイテムの返還が紛失、盗難及び重大な破損等（以下、「返還不能事象」という）により不可能となった際に当社指定の保険会社による損害賠償責任額を上限として、保管ユーザーは当社に対して損害賠償請求できるものとします。なお、返還不能事象が発生していない場合、保管ユーザーからの査定金額による買取請求には応じられません。</p>\n<p>2. 当社より所有アイテムを返却した場合に、到着後ただちに開封することとし、開封時点で破損等が生じていたときは、到着後3日以内に、所定の方法で当社にその旨ご連絡下さい。3日経過後は、所有アイテム返却時には破損等が生じていなかったものとみなします。</p>\n\n<h3>第6条　通知方法</h3>\n<p>1. 当社による保管ユーザー登録申請の承認、登録完了、利用契約の解除、その他の当社から保管ユーザーへの通知は、登録された電子メールアドレス宛にその旨を通知するものとします。</p>\n<p>2. 前項の通知については、保管ユーザーのメールの受領の有無に関わらず、登録アドレス宛に当社より電子メールを送信した時点で、到達したものとみなします。</p>\n<p>3. 当社は、保管ユーザーに対してEメール、その他の方法により本サービスの運営に必要な情報その他の情報（広告・告知を含む）の提供を行うことがあります。保管ユーザーが情報提供を希望しない場合は、所定の方法に従い、ご連絡頂ければ情報提供を停止致します。但し、即時の停止をお約束する限りではありません。また、本サービスの運営に必要な情報提供につきましては、保管ユーザーの希望により停止することはできません。</p>\n<p>4. 前各項にかかわらず、返却不能又は破損等の事態における連絡等に際しては、ご登録頂いた携帯電話又はご住所宛に、当社又は当社と関連する第三者からご連絡をさせて頂く場合があります。</p>\n\n<h3>第7条　保管ユーザー登録情報</h3>\n<p>1. 当社は本サービスを運営するにあたり、保管ユーザーから以下の情報（以下「保管ユーザー情報」とする）を取得します。</p>\n<p>1）会員登録申請時及び保管ユーザー登録時の内容（変更のお申し出の内容を含む）</p>\n<ul>\n<li>氏名</li>\n<li>性別</li>\n<li>生年月日</li>\n<li>住所（自宅住所）</li>\n<li>電話番号</li>\n<li>電子メールアドレス</li>\n<li>身分証明書</li>\n<li>その他当社が定める入力フォームに入力する情報及び画像</li>\n</ul>\n<p>2）本サービスの利用に関連して取得する情報</p>\n<ul>\n<li>本サイトおよび本サービスの利用履歴情報等</li>\n</ul>\n<p>3）保管ユーザーが本サイトへアクセスしたことを契機としてCookie等により自動的に取得する情報</p>\n<ul>\n<li>IPアドレス、ドメイン名、ブラウザの種類及びバージョン、OSバージョン、使用言語、場所</li>\n<li>本サイト上の閲覧履歴・検索履歴等の行動履歴情報</li>\n<li>端末情報（PC、携帯電話、スマートフォン、携帯キャリア、機種情報、個体識別情報など）</li>\n<li>広告ID（IDFA・Advertising ID）</li>\n</ul>\n<p>4）ログインID等、個人別に付与された番号・記号その他の符号</p>\n<p>5）当社が保管ユーザーよりご意見、ご要望、お問合せ等を受けた場合における当該お問合せ等の内容、氏名、電子メールアドレス、その他のお問合せ等への対応に必要な情報</p>\n<p>6）その他当社が適法に取得または保有する個人情報</p>\n<p>2. 保管ユーザーの登録手続の際には、入力上の注意をよく読み、所定の入力フォームに必要事項を正確に入力してください。保管ユーザーは登録される情報が真実かつ正確な情報であり、虚偽または偽りがないことを約束するものとします。</p>\n\n<h3>第8条　保管ユーザー情報の利用目的</h3>\n<p>1. 前条に記載する保管ユーザー情報の利用目的は以下の通りです。</p>\n<p>1）本サービスの円滑な運営およびサービス内容の向上のため<br>\n2）本サービス及び当店又は関連会社が提供するサービスに関するキャンペーン、アンケート等の実施または情報提供のため<br>\n3）保管ユーザーからのご意見、ご要望、お問合せ等に対し適切に対応するため<br>\n4）本人確認、商品アイテムの保管状況の確認および不正利用の防止・調査のため<br>\n5）当社からの請求又はお支払い等のため<br>\n6）当社と業務委託等の関係にある事業者により、本サービスの一部を提供するため<br>\n7）当社の広告の配信その他の情報を提供するため<br>\n8）マーケティングデータの測定・分析のため<br>\n9）その他上記各号に準ずる目的のため</p>\n<p>2. 保管ユーザー情報については、原則として保管ユーザーの事前の同意なく第三者に対して開示することはありません。保管ユーザー情報の取扱いについては、本規約のほか、別途定める個人情報保護方針をご確認下さい。</p>\n\n<h3>第9条　登録情報の変更</h3>\n<p>保管ユーザーが、保管ユーザー登録日以降に住所その他の登録情報に変更があった場合は、速やかに本サイトよりご変更内容を申請して下さい。</p>\n<p>また、住所変更につきましては、変更後の住所が確認できる身分証明書をアップロードして頂きます。</p>\n\n<h3>第10条　利用契約解除手続き</h3>\n<p>1. 保管ユーザーが、次のいずれかに該当すると当社が認めたときは、当社は当該保管ユーザーに対して事前の通知・催告なく本サービスの利用契約を解除することができるものとします。</p>\n<p>1）保管ユーザーの破産、民事再生、会社更生手続、又は特別清算の申立てがあったとき、若しくは仮差押、仮処分、強制執行、任意競売の申立て又は滞納処分があったとき。<br>\n2）登録情報が不正確または虚偽であることが判明し、訂正を依頼したにもかかわらず速やかに登録情報の訂正が行われない場合<br>\n3）保管ユーザーが登録情報の変更手続きを怠り、保管ユーザーの連絡先が当社に不明となった場合<br>\n4）本規約が遵守されない虞が高まったと当社が判断した場合<br>\n5）第4条第2項のいずれかに該当することが保管ユーザー登録承認後に判明した場合<br>\n6）その他当社が、保管ユーザーとして不適当と判断した場合</p>\n<p>2. 本条第1項に該当する保管ユーザーの行為によって、当社が損害を受けたときは、本サービスの利用停止または利用契約解除の如何にかかわらず、当社は、保管ユーザーに対して前項以外の損害の賠償を請求できるものとします。</p>\n\n<h3>第11条　クッキー（Cookie）を利用した閲覧履歴等の収集・利用について</h3>\n<p>1. Cookie（クッキー）の利用<br>\n当社は、本条第2項に定める事項を実施するために、Cookie（クッキー）を利用しています。Cookieとは、保管ユーザーによるインターネットの効率的な利用のために、どのページを訪れたか等の情報を記録するファイルのことであり、保管ユーザー個人を識別することはありません。</p>\n<p>2. 閲覧履歴の分析<br>\n当社は、オーナーによる本サイトおよび本サービスの閲覧履歴ならびにレンダーの端末情報等を、Google Inc. が提供するGoogle Analytics機能によって、サービスの向上・改善、新規サービスの検討のために収集し利用します。当社が当該機能を利用し、閲覧履歴や端末情報等を収集することを希望しない方は、以下のURLからオプトアウト手続きを行ってください。</p>\n\n<h3>第12条　Cookie（クッキー）受け入れ拒否</h3>\n<p>1. 保管ユーザーは、ブラウザの設定を変更することによってCookieの受け入れを拒否することができます。また、ブラウザの「クッキー・フォルダ」に保存されているCookieを削除することもできます。ただし、Cookie機能を無効化または削除すると、本サイトの一部の機能が使用できなくなることがあるため、保管ユーザーはこれにつきあらかじめ了承したうえで任意で拒否設定または削除を行って下さい。</p>\n<p>2. Cookieの取り扱いはブラウザによって異なるため、保管ユーザーの責任において、ブラウザのヘルプ機能等により「クッキー」についての項目を確認し、設定するものとします。</p>\n\n<h3>第13条　サービス提供の中断・終了</h3>\n<p>1. 当社は、次のいずれかに該当する場合、本サービスの提供を中断又は終了できるものとします。</p>\n<p>1）本サービスのシステムの保守を定期的にまたは緊急に行う場合<br>\n2）戦争、暴動、騒乱、労働争議、地震、噴火、洪水、津波、火災、停電その他の非常事態により、本サービスの提供が通常通りできない場合<br>\n3）法令上の理由、セキュリティ上の理由、システム上の理由その他合理的な理由により本サービスの提供が困難になった場合<br>\n4）その他、当社がやむを得ない事由により、本サービスの提供の中断又は終了が必要と判断した場合</p>\n<p>2. 当社は、前項により、本サービスを中断又は終了するときは、あらかじめその旨を保管ユーザーに通知するものとします。ただし、緊急時のやむを得ない場合は、この限りではありません。</p>\n<p>3. 当社は、当社が管理または使用するサーバーに保存しているデータについて、安全性の確保に努めます。</p>\n<p>4. 当社は、提供するサービスの一部または全部の保守や改良などが生じた場合、当社が管理または利用・使用するサーバーに保管ユーザーが保存しているデータを含む運営・運用に関わる全てのデータを、必要な範囲で複製・移転などをすることができるものとします。</p>\n<p>5. 本サービスの中断、システム障害または通信環境の障害などの発生により、オーナーが被ったいかなる損害についても、当社は一切の責任を負わないものとします。</p>\n\n<h3>第14条　免責事項</h3>\n<p>1. 本サービス利用利用者の負担にかかる配送事業者の故意又は過失に基づく商品アイテムの遅配、誤配、未達、外装の汚損、破損について、当社は一切の責任を負いません。</p>\n<p>2. 当社は、明示的・黙示的であるかに関わらず、本サービスに関するいかなる種類の表明も保証もいたしません。</p>\n\n<h3>第15条　本規約の改定</h3>\n<p>1. 当社は、当社が必要と判断した場合は、本規約の内容を随時変更または追加できるものとします。変更後の利用規約については、本サイト上において掲示します。</p>\n<p>2. 保管ユーザーは、本規約の変更後も本サービスの利用を継続するときは、変更後の規約に同意したものとみなされます。保管ユーザーは、最新の本規約をご確認の上、本サービスをご利用下さい。</p>\n\n<h3>第16条　準拠法および管轄裁判所</h3>\n<p>1. 本規約およびその他の利用規約等の準拠法は、日本法とします。</p>\n<p>2. 保管ユーザーと当社の間で裁判上の紛争が生じた場合、当社本社を管轄する簡易裁判所又は地方裁判所を専属的合意管轄裁判所とします。</p>\n\n<p>お問い合わせ先<br>\n本サービスに関するお問い合わせは下記にて承ります。<br>\n株式会社もろふじ　保管シェアリングサービス着麗　事業部<br>\n〒832-0044　福岡県柳川市袋町16-2　電話番号　0944-75-1755<br>\nメールアドレス　kirei@0944724272.com</p>',NULL,0,NULL,1,0,'2026-03-04 08:07:19','2026-03-04 08:07:19');

--
-- Table structure for table `password_resets`
--

CREATE TABLE `password_resets` (
  `email` varchar(255) CHARACTER SET utf8mb4 COLLATE utf8mb4_unicode_ci NOT NULL,
  `token` varchar(255) CHARACTER SET utf8mb4 COLLATE utf8mb4_unicode_ci NOT NULL,
  `created_at` timestamp NULL DEFAULT NULL,
  KEY `password_resets_email_index` (`email`)
) ENGINE=InnoDB DEFAULT CHARSET=utf8mb4 COLLATE=utf8mb4_unicode_ci;

--
-- Dumping data for table `password_resets`
--


--
-- Table structure for table `payments`
--

CREATE TABLE `payments` (
  `id` bigint unsigned NOT NULL AUTO_INCREMENT,
  `order_id` int DEFAULT NULL,
  `type` varchar(255) CHARACTER SET utf8mb4 COLLATE utf8mb4_unicode_ci DEFAULT '0',
  `provider` varchar(255) CHARACTER SET utf8mb4 COLLATE utf8mb4_unicode_ci NOT NULL,
  `payment_method` varchar(255) CHARACTER SET utf8mb4 COLLATE utf8mb4_unicode_ci DEFAULT NULL,
  `customer` varchar(255) CHARACTER SET utf8mb4 COLLATE utf8mb4_unicode_ci DEFAULT NULL,
  `funding` varchar(255) CHARACTER SET utf8mb4 COLLATE utf8mb4_unicode_ci DEFAULT NULL,
  `brand` varchar(255) CHARACTER SET utf8mb4 COLLATE utf8mb4_unicode_ci DEFAULT NULL,
  `network` varchar(255) CHARACTER SET utf8mb4 COLLATE utf8mb4_unicode_ci DEFAULT NULL,
  `country` varchar(255) CHARACTER SET utf8mb4 COLLATE utf8mb4_unicode_ci DEFAULT NULL,
  `last4` varchar(255) CHARACTER SET utf8mb4 COLLATE utf8mb4_unicode_ci DEFAULT NULL,
  `exp_month` varchar(255) CHARACTER SET utf8mb4 COLLATE utf8mb4_unicode_ci DEFAULT NULL,
  `exp_year` varchar(255) CHARACTER SET utf8mb4 COLLATE utf8mb4_unicode_ci DEFAULT NULL,
  `failure_code` varchar(255) CHARACTER SET utf8mb4 COLLATE utf8mb4_unicode_ci DEFAULT NULL,
  `failure_message` varchar(255) CHARACTER SET utf8mb4 COLLATE utf8mb4_unicode_ci DEFAULT NULL,
  `code` varchar(255) CHARACTER SET utf8mb4 COLLATE utf8mb4_unicode_ci NOT NULL,
  `total` double(15,3) DEFAULT NULL,
  `amount_captured` double(15,3) DEFAULT NULL,
  `amount_refunded` double(15,3) DEFAULT NULL,
  `application_fee` double(15,3) DEFAULT NULL,
  `application_fee_amount` double(15,3) DEFAULT NULL,
  `currency` varchar(255) CHARACTER SET utf8mb4 COLLATE utf8mb4_unicode_ci DEFAULT NULL,
  `content` longtext CHARACTER SET utf8mb4 COLLATE utf8mb4_unicode_ci,
  `customer_info` longtext CHARACTER SET utf8mb4 COLLATE utf8mb4_unicode_ci,
  `error_content` longtext CHARACTER SET utf8mb4 COLLATE utf8mb4_unicode_ci,
  `finished_at` datetime DEFAULT NULL,
  `status` smallint NOT NULL DEFAULT '0',
  `is_activated` smallint NOT NULL DEFAULT '1',
  `is_deleted` smallint NOT NULL DEFAULT '0',
  `created_at` timestamp NULL DEFAULT NULL,
  `updated_at` timestamp NULL DEFAULT NULL,
  PRIMARY KEY (`id`)
) ENGINE=InnoDB AUTO_INCREMENT=14 DEFAULT CHARSET=utf8mb4 COLLATE=utf8mb4_unicode_ci;

--
-- Dumping data for table `payments`
--


--
-- Table structure for table `permissions`
--

CREATE TABLE `permissions` (
  `id` int unsigned NOT NULL AUTO_INCREMENT,
  `name` varchar(255) CHARACTER SET utf8mb4 COLLATE utf8mb4_unicode_ci NOT NULL,
  `guard_name` varchar(255) CHARACTER SET utf8mb4 COLLATE utf8mb4_unicode_ci NOT NULL,
  `created_at` timestamp NULL DEFAULT NULL,
  `updated_at` timestamp NULL DEFAULT NULL,
  PRIMARY KEY (`id`)
) ENGINE=InnoDB AUTO_INCREMENT=594 DEFAULT CHARSET=utf8mb4 COLLATE=utf8mb4_unicode_ci;

--
-- Dumping data for table `permissions`
--

INSERT INTO `permissions` VALUES (2,'view-menu-permission','api','2020-04-10 00:46:21','2020-04-10 00:46:21'),(7,'view-menu-administrator','api','2020-04-10 00:46:21','2020-04-10 00:46:21'),(15,'manage-permission','api','2020-04-10 00:46:21','2020-04-10 00:46:21'),(16,'manage-user','api','2020-04-10 00:46:22','2020-04-10 00:46:22'),(17,'manage-article','api','2020-04-10 00:46:22','2020-04-10 00:46:22'),(35,'view-menu-keyword','api','2020-04-26 05:30:56','2020-04-26 05:30:56'),(36,'manage-keyword','api','2020-04-26 05:30:56','2020-04-26 05:30:56'),(37,'manage-keyword-only','api','2020-04-26 05:30:56','2020-04-26 05:30:56'),(38,'manage-keyword-create','api','2020-04-26 05:30:56','2020-04-26 05:30:56'),(39,'manage-keyword-edit','api','2020-04-26 05:30:56','2020-04-26 05:30:56'),(40,'manage-keyword-delete','api','2020-04-26 05:30:56','2020-04-26 05:30:56'),(47,'view-menu-setting','api','2020-04-26 11:13:20','2020-04-26 11:13:20'),(48,'manage-setting','api','2020-04-26 11:13:20','2020-04-26 11:13:20'),(49,'manage-setting-only','api','2020-04-26 11:13:20','2020-04-26 11:13:20'),(50,'manage-setting-create','api','2020-04-26 11:13:20','2020-04-26 11:13:20'),(51,'manage-setting-edit','api','2020-04-26 11:13:20','2020-04-26 11:13:20'),(52,'manage-setting-delete','api','2020-04-26 11:13:20','2020-04-26 11:13:20'),(59,'view-menu-article','api','2020-05-07 21:01:56','2020-05-07 21:01:56'),(60,'manage-article-only','api','2020-05-07 21:01:56','2020-05-07 21:01:56'),(61,'manage-article-create','api','2020-05-07 21:01:56','2020-05-07 21:01:56'),(62,'manage-article-edit','api','2020-05-07 21:01:56','2020-05-07 21:01:56'),(63,'manage-article-delete','api','2020-05-07 21:01:56','2020-05-07 21:01:56'),(143,'manage-user-only','api','2021-01-14 07:27:05','2021-01-14 07:27:05'),(144,'manage-user-create','api','2021-01-14 07:27:05','2021-01-14 07:27:05'),(145,'manage-user-edit','api','2021-01-14 07:27:05','2021-01-14 07:27:05'),(146,'manage-user-delete','api','2021-01-14 07:27:05','2021-01-14 07:27:05'),(156,'manage-dashboard-article','api','2021-01-17 20:21:25','2021-01-17 20:21:25'),(158,'manage-dashboard-keyword','api','2021-01-17 20:21:25','2021-01-17 20:21:25'),(159,'manage-dashboard-user','api','2021-01-17 20:21:25','2021-01-17 20:21:25'),(163,'view-menu-user','api','2021-02-03 01:38:59','2021-02-03 01:38:59'),(176,'manage-media','api','2021-05-18 03:20:26','2021-05-18 03:20:26'),(177,'manage-media-only','api','2021-05-18 03:20:26','2021-05-18 03:20:26'),(178,'manage-media-create','api','2021-05-18 03:20:27','2021-05-18 03:20:27'),(179,'manage-media-edit','api','2021-05-18 03:20:27','2021-05-18 03:20:27'),(180,'manage-media-delete','api','2021-05-18 03:20:27','2021-05-18 03:20:27'),(205,'view-menu-category','api','2021-06-02 05:28:09','2021-06-02 05:28:09'),(206,'manage-category','api','2021-06-02 05:28:09','2021-06-02 05:28:09'),(207,'manage-category-only','api','2021-06-02 05:28:09','2021-06-02 05:28:09'),(208,'manage-category-create','api','2021-06-02 05:28:09','2021-06-02 05:28:09'),(209,'manage-category-edit','api','2021-06-02 05:28:09','2021-06-02 05:28:09'),(210,'manage-category-delete','api','2021-06-02 05:28:10','2021-06-02 05:28:10'),(220,'view-menu-question','api','2022-09-05 22:37:09','2022-09-05 22:37:09'),(221,'manage-question','api','2022-09-05 22:37:09','2022-09-05 22:37:09'),(222,'manage-question-only','api','2022-09-05 22:37:09','2022-09-05 22:37:09'),(223,'manage-question-create','api','2022-09-05 22:37:09','2022-09-05 22:37:09'),(224,'manage-question-edit','api','2022-09-05 22:37:09','2022-09-05 22:37:09'),(225,'manage-question-delete','api','2022-09-05 22:37:09','2022-09-05 22:37:09'),(232,'manage-dashboard-question','api','2022-09-05 22:37:09','2022-09-05 22:37:09'),(234,'manage-dashboard-category','api','2022-09-06 11:24:58','2022-09-06 11:24:58'),(235,'view-menu-faq','api','2022-09-15 00:03:30','2022-09-15 00:03:30'),(236,'manage-faq','api','2022-09-15 00:03:30','2022-09-15 00:03:30'),(237,'manage-faq-only','api','2022-09-15 00:03:30','2022-09-15 00:03:30'),(238,'manage-faq-create','api','2022-09-15 00:03:30','2022-09-15 00:03:30'),(239,'manage-faq-edit','api','2022-09-15 00:03:30','2022-09-15 00:03:30'),(240,'manage-faq-delete','api','2022-09-15 00:03:30','2022-09-15 00:03:30'),(241,'manage-dashboard-faq','api','2022-09-15 00:03:30','2022-09-15 00:03:30'),(369,'view-menu-seo','api','2022-11-17 02:32:15','2022-11-17 02:32:15'),(370,'manage-seo','api','2022-11-17 02:32:15','2022-11-17 02:32:15'),(371,'manage-seo-only','api','2022-11-17 02:32:15','2022-11-17 02:32:15'),(372,'manage-seo-create','api','2022-11-17 02:32:15','2022-11-17 02:32:15'),(373,'manage-seo-edit','api','2022-11-17 02:32:15','2022-11-17 02:32:15'),(374,'manage-seo-delete','api','2022-11-17 02:32:15','2022-11-17 02:32:15'),(458,'manage-dashboard-seo','api','2022-11-17 02:32:17','2022-11-17 02:32:17'),(468,'manage-user-group','api','2023-02-22 16:42:35','2023-02-22 16:42:35'),(469,'view-menu-contact','api','2023-02-22 16:42:35','2023-02-22 16:42:35'),(470,'manage-contact','api','2023-02-22 16:42:35','2023-02-22 16:42:35'),(471,'manage-contact-only','api','2023-02-22 16:42:35','2023-02-22 16:42:35'),(472,'manage-contact-create','api','2023-02-22 16:42:35','2023-02-22 16:42:35'),(473,'manage-contact-edit','api','2023-02-22 16:42:35','2023-02-22 16:42:35'),(474,'manage-contact-delete','api','2023-02-22 16:42:35','2023-02-22 16:42:35'),(475,'manage-article-group','api','2023-02-22 16:42:35','2023-02-22 16:42:35'),(476,'manage-article-owner','api','2023-02-22 16:42:36','2023-02-22 16:42:36'),(477,'manage-article-store','api','2023-02-22 16:42:36','2023-02-22 16:42:36'),(478,'manage-article-teller','api','2023-02-22 16:42:36','2023-02-22 16:42:36'),(485,'view-menu-slider','api','2023-02-22 16:42:36','2023-02-22 16:42:36'),(486,'manage-slider','api','2023-02-22 16:42:36','2023-02-22 16:42:36'),(487,'manage-slider-only','api','2023-02-22 16:42:36','2023-02-22 16:42:36'),(488,'manage-slider-create','api','2023-02-22 16:42:36','2023-02-22 16:42:36'),(489,'manage-slider-edit','api','2023-02-22 16:42:36','2023-02-22 16:42:36'),(490,'manage-slider-delete','api','2023-02-22 16:42:36','2023-02-22 16:42:36'),(497,'view-menu-menu','api','2023-02-22 16:42:36','2023-02-22 16:42:36'),(498,'manage-menu','api','2023-02-22 16:42:36','2023-02-22 16:42:36'),(499,'manage-menu-only','api','2023-02-22 16:42:36','2023-02-22 16:42:36'),(500,'manage-menu-create','api','2023-02-22 16:42:36','2023-02-22 16:42:36'),(501,'manage-menu-edit','api','2023-02-22 16:42:36','2023-02-22 16:42:36'),(502,'manage-menu-delete','api','2023-02-22 16:42:36','2023-02-22 16:42:36'),(503,'manage-dashboard-contact','api','2023-02-22 16:42:36','2023-02-22 16:42:36'),(506,'view-menu-media','api','2023-02-22 16:42:36','2023-02-22 16:42:36'),(507,'view-menu-product','api','2023-02-22 17:06:18','2023-02-22 17:06:18'),(508,'manage-product','api','2023-02-22 17:06:18','2023-02-22 17:06:18'),(509,'manage-product-only','api','2023-02-22 17:06:18','2023-02-22 17:06:18'),(510,'manage-product-create','api','2023-02-22 17:06:18','2023-02-22 17:06:18'),(511,'manage-product-edit','api','2023-02-22 17:06:18','2023-02-22 17:06:18'),(512,'manage-product-delete','api','2023-02-22 17:06:18','2023-02-22 17:06:18'),(513,'manage-dashboard-product','api','2023-02-22 17:06:18','2023-02-22 17:06:18'),(514,'view-menu-order','api','2023-04-10 14:39:51','2023-04-10 14:39:51'),(515,'manage-order','api','2023-04-10 14:39:51','2023-04-10 14:39:51'),(516,'manage-order-only','api','2023-04-10 14:39:51','2023-04-10 14:39:51'),(517,'manage-order-create','api','2023-04-10 14:39:52','2023-04-10 14:39:52'),(518,'manage-order-edit','api','2023-04-10 14:39:52','2023-04-10 14:39:52'),(519,'manage-order-delete','api','2023-04-10 14:39:52','2023-04-10 14:39:52'),(520,'manage-dashboard-order','api','2023-04-10 14:39:52','2023-04-10 14:39:52'),(521,'view-menu-payment','api','2023-04-11 04:15:20','2023-04-11 04:15:20'),(522,'manage-payment','api','2023-04-11 04:15:20','2023-04-11 04:15:20'),(523,'manage-payment-only','api','2023-04-11 04:15:20','2023-04-11 04:15:20'),(524,'manage-payment-create','api','2023-04-11 04:15:20','2023-04-11 04:15:20'),(525,'manage-payment-edit','api','2023-04-11 04:15:20','2023-04-11 04:15:20'),(526,'manage-payment-delete','api','2023-04-11 04:15:20','2023-04-11 04:15:20'),(527,'view-menu-scene','api','2023-11-26 04:49:31','2023-11-26 04:49:31'),(528,'manage-scene','api','2023-11-26 04:49:31','2023-11-26 04:49:31'),(529,'manage-scene-only','api','2023-11-26 04:49:31','2023-11-26 04:49:31'),(530,'manage-scene-create','api','2023-11-26 04:49:31','2023-11-26 04:49:31'),(531,'manage-scene-edit','api','2023-11-26 04:49:31','2023-11-26 04:49:31'),(532,'manage-scene-delete','api','2023-11-26 04:49:31','2023-11-26 04:49:31'),(533,'view-menu-condition','api','2023-11-26 04:49:31','2023-11-26 04:49:31'),(534,'manage-condition','api','2023-11-26 04:49:31','2023-11-26 04:49:31'),(535,'manage-condition-only','api','2023-11-26 04:49:31','2023-11-26 04:49:31'),(536,'manage-condition-create','api','2023-11-26 04:49:31','2023-11-26 04:49:31'),(537,'manage-condition-edit','api','2023-11-26 04:49:31','2023-11-26 04:49:31'),(538,'manage-condition-delete','api','2023-11-26 04:49:31','2023-11-26 04:49:31'),(539,'manage-dashboard-scene','api','2023-11-26 04:49:31','2023-11-26 04:49:31'),(540,'manage-dashboard-condition','api','2023-11-26 04:49:31','2023-11-26 04:49:31'),(541,'manage-dashboard-payment','api','2023-11-26 04:49:31','2023-11-26 04:49:31'),(542,'manage-product-owner','api','2023-12-28 11:09:12','2023-12-28 11:09:12'),(543,'view-menu-color','api','2024-02-22 15:37:03','2024-02-22 15:37:03'),(544,'manage-color','api','2024-02-22 15:37:03','2024-02-22 15:37:03'),(545,'manage-color-only','api','2024-02-22 15:37:03','2024-02-22 15:37:03'),(546,'manage-color-create','api','2024-02-22 15:37:03','2024-02-22 15:37:03'),(547,'manage-color-edit','api','2024-02-22 15:37:03','2024-02-22 15:37:03'),(548,'manage-color-delete','api','2024-02-22 15:37:03','2024-02-22 15:37:03'),(549,'manage-dashboard-color','api','2024-02-22 15:37:03','2024-02-22 15:37:03'),(550,'view-menu-page','api','2024-06-19 03:14:09','2024-06-19 03:14:09'),(551,'manage-page','api','2024-06-19 03:14:09','2024-06-19 03:14:09'),(552,'manage-page-only','api','2024-06-19 03:14:09','2024-06-19 03:14:09'),(553,'manage-page-create','api','2024-06-19 03:14:09','2024-06-19 03:14:09'),(554,'manage-page-edit','api','2024-06-19 03:14:09','2024-06-19 03:14:09'),(555,'manage-page-delete','api','2024-06-19 03:14:09','2024-06-19 03:14:09'),(556,'manage-dashboard-page','api','2024-06-19 03:14:09','2024-06-19 03:14:09'),(557,'view-menu-area','api','2024-12-04 06:14:38','2024-12-04 06:14:38'),(558,'manage-area','api','2024-12-04 06:14:38','2024-12-04 06:14:38'),(559,'manage-area-only','api','2024-12-04 06:14:38','2024-12-04 06:14:38'),(560,'manage-area-create','api','2024-12-04 06:14:38','2024-12-04 06:14:38'),(561,'manage-area-edit','api','2024-12-04 06:14:38','2024-12-04 06:14:38'),(562,'manage-area-delete','api','2024-12-04 06:14:38','2024-12-04 06:14:38'),(563,'view-menu-shipping','api','2024-12-04 06:14:39','2024-12-04 06:14:39'),(564,'manage-shipping','api','2024-12-04 06:14:39','2024-12-04 06:14:39'),(565,'manage-shipping-only','api','2024-12-04 06:14:39','2024-12-04 06:14:39'),(566,'manage-shipping-create','api','2024-12-04 06:14:39','2024-12-04 06:14:39'),(567,'manage-shipping-edit','api','2024-12-04 06:14:39','2024-12-04 06:14:39'),(568,'manage-shipping-delete','api','2024-12-04 06:14:39','2024-12-04 06:14:39'),(569,'manage-dashboard-area','api','2024-12-04 06:14:39','2024-12-04 06:14:39'),(570,'manage-dashboard-shipping','api','2024-12-04 06:14:39','2024-12-04 06:14:39'),(571,'view-menu-template','api','2024-12-23 16:38:20','2024-12-23 16:38:20'),(572,'manage-template','api','2024-12-23 16:38:20','2024-12-23 16:38:20'),(573,'manage-template-only','api','2024-12-23 16:38:20','2024-12-23 16:38:20'),(574,'manage-template-create','api','2024-12-23 16:38:20','2024-12-23 16:38:20'),(575,'manage-template-edit','api','2024-12-23 16:38:20','2024-12-23 16:38:20'),(576,'manage-template-delete','api','2024-12-23 16:38:20','2024-12-23 16:38:20'),(577,'manage-dashboard-template','api','2024-12-23 16:38:20','2024-12-23 16:38:20'),(578,'view-menu-accessory','api','2025-06-16 23:51:17','2025-06-16 23:51:17'),(579,'manage-accessory','api','2025-06-16 23:51:17','2025-06-16 23:51:17'),(580,'manage-accessory-only','api','2025-06-16 23:51:17','2025-06-16 23:51:17'),(581,'manage-accessory-create','api','2025-06-16 23:51:17','2025-06-16 23:51:17'),(582,'manage-accessory-edit','api','2025-06-16 23:51:17','2025-06-16 23:51:17'),(583,'manage-accessory-delete','api','2025-06-16 23:51:17','2025-06-16 23:51:17'),(584,'view-menu-accessory-category','api','2025-06-16 23:51:17','2025-06-16 23:51:17'),(585,'manage-accessory-category','api','2025-06-16 23:51:17','2025-06-16 23:51:17'),(586,'manage-accessory-category-only','api','2025-06-16 23:51:17','2025-06-16 23:51:17'),(587,'manage-accessory-category-create','api','2025-06-16 23:51:17','2025-06-16 23:51:17'),(588,'manage-accessory-category-edit','api','2025-06-16 23:51:17','2025-06-16 23:51:17'),(589,'manage-accessory-category-delete','api','2025-06-16 23:51:17','2025-06-16 23:51:17'),(590,'manage-dashboard-accessory','api','2025-06-16 23:51:17','2025-06-16 23:51:17'),(591,'manage-dashboard-accessory-category','api','2025-06-16 23:51:17','2025-06-16 23:51:17'),(592,'view-menu-identity-verification','api','2025-11-28 06:22:53','2025-11-28 06:22:53'),(593,'manage-identity-verification','api','2025-11-28 06:22:53','2025-11-28 06:22:53');

--
-- Table structure for table `personal_access_tokens`
--

CREATE TABLE `personal_access_tokens` (
  `id` bigint unsigned NOT NULL AUTO_INCREMENT,
  `tokenable_type` varchar(255) CHARACTER SET utf8mb4 COLLATE utf8mb4_unicode_ci NOT NULL,
  `tokenable_id` bigint unsigned NOT NULL,
  `name` varchar(255) CHARACTER SET utf8mb4 COLLATE utf8mb4_unicode_ci NOT NULL,
  `token` varchar(64) CHARACTER SET utf8mb4 COLLATE utf8mb4_unicode_ci NOT NULL,
  `abilities` text CHARACTER SET utf8mb4 COLLATE utf8mb4_unicode_ci,
  `last_used_at` timestamp NULL DEFAULT NULL,
  `created_at` timestamp NULL DEFAULT NULL,
  `updated_at` timestamp NULL DEFAULT NULL,
  PRIMARY KEY (`id`),
  UNIQUE KEY `personal_access_tokens_token_unique` (`token`),
  KEY `personal_access_tokens_tokenable_type_tokenable_id_index` (`tokenable_type`,`tokenable_id`)
) ENGINE=InnoDB AUTO_INCREMENT=1669 DEFAULT CHARSET=utf8mb4 COLLATE=utf8mb4_unicode_ci;

--
-- Dumping data for table `personal_access_tokens`
--


--
-- Table structure for table `pricing_rule_detail_items`
--

CREATE TABLE `pricing_rule_detail_items` (
  `id` bigint unsigned NOT NULL AUTO_INCREMENT,
  `pricing_rule_detail_id` int NOT NULL,
  `product_option_id` int NOT NULL,
  `created_at` timestamp NULL DEFAULT NULL,
  `updated_at` timestamp NULL DEFAULT NULL,
  PRIMARY KEY (`id`)
) ENGINE=InnoDB DEFAULT CHARSET=utf8mb4 COLLATE=utf8mb4_unicode_ci;

--
-- Dumping data for table `pricing_rule_detail_items`
--


--
-- Table structure for table `pricing_rule_details`
--

CREATE TABLE `pricing_rule_details` (
  `id` bigint unsigned NOT NULL AUTO_INCREMENT,
  `pricing_rule_id` int NOT NULL,
  `price` double(15,2) DEFAULT NULL,
  `created_at` timestamp NULL DEFAULT NULL,
  `updated_at` timestamp NULL DEFAULT NULL,
  PRIMARY KEY (`id`)
) ENGINE=InnoDB DEFAULT CHARSET=utf8mb4 COLLATE=utf8mb4_unicode_ci;

--
-- Dumping data for table `pricing_rule_details`
--


--
-- Table structure for table `pricing_rule_options`
--

CREATE TABLE `pricing_rule_options` (
  `id` bigint unsigned NOT NULL AUTO_INCREMENT,
  `pricing_rule_id` int DEFAULT NULL,
  `option_id` int DEFAULT NULL,
  `option_detail_id` int DEFAULT NULL,
  `created_at` timestamp NULL DEFAULT NULL,
  `updated_at` timestamp NULL DEFAULT NULL,
  PRIMARY KEY (`id`)
) ENGINE=InnoDB DEFAULT CHARSET=utf8mb4 COLLATE=utf8mb4_unicode_ci;

--
-- Dumping data for table `pricing_rule_options`
--


--
-- Table structure for table `pricing_rules`
--

CREATE TABLE `pricing_rules` (
  `id` bigint unsigned NOT NULL AUTO_INCREMENT,
  `product_id` int DEFAULT NULL,
  `price` double(15,2) DEFAULT NULL,
  `created_at` timestamp NULL DEFAULT NULL,
  `updated_at` timestamp NULL DEFAULT NULL,
  PRIMARY KEY (`id`)
) ENGINE=InnoDB DEFAULT CHARSET=utf8mb4 COLLATE=utf8mb4_unicode_ci;

--
-- Dumping data for table `pricing_rules`
--


--
-- Table structure for table `product_accessories`
--

CREATE TABLE `product_accessories` (
  `id` bigint unsigned NOT NULL AUTO_INCREMENT,
  `product_id` bigint unsigned NOT NULL,
  `accessory_id` bigint unsigned NOT NULL,
  `created_at` timestamp NULL DEFAULT NULL,
  `updated_at` timestamp NULL DEFAULT NULL,
  PRIMARY KEY (`id`),
  UNIQUE KEY `product_accessories_product_id_accessory_id_unique` (`product_id`,`accessory_id`),
  KEY `product_accessories_accessory_id_foreign` (`accessory_id`),
  CONSTRAINT `product_accessories_accessory_id_foreign` FOREIGN KEY (`accessory_id`) REFERENCES `accessories` (`id`) ON DELETE CASCADE,
  CONSTRAINT `product_accessories_product_id_foreign` FOREIGN KEY (`product_id`) REFERENCES `products` (`id`) ON DELETE CASCADE
) ENGINE=InnoDB AUTO_INCREMENT=13 DEFAULT CHARSET=utf8mb4 COLLATE=utf8mb4_unicode_ci;

--
-- Dumping data for table `product_accessories`
--


--
-- Table structure for table `product_categories`
--

CREATE TABLE `product_categories` (
  `id` bigint unsigned NOT NULL AUTO_INCREMENT,
  `product_id` int NOT NULL,
  `category_id` int NOT NULL,
  `created_at` timestamp NULL DEFAULT NULL,
  `updated_at` timestamp NULL DEFAULT NULL,
  PRIMARY KEY (`id`)
) ENGINE=InnoDB AUTO_INCREMENT=204 DEFAULT CHARSET=utf8mb4 COLLATE=utf8mb4_unicode_ci;

--
-- Dumping data for table `product_categories`
--


--
-- Table structure for table `product_colors`
--

CREATE TABLE `product_colors` (
  `id` bigint unsigned NOT NULL AUTO_INCREMENT,
  `product_id` int NOT NULL,
  `color_id` int NOT NULL,
  `created_at` timestamp NULL DEFAULT NULL,
  `updated_at` timestamp NULL DEFAULT NULL,
  PRIMARY KEY (`id`)
) ENGINE=InnoDB AUTO_INCREMENT=150 DEFAULT CHARSET=utf8mb4 COLLATE=utf8mb4_unicode_ci;

--
-- Dumping data for table `product_colors`
--


--
-- Table structure for table `product_detail_option_details`
--

CREATE TABLE `product_detail_option_details` (
  `id` bigint unsigned NOT NULL AUTO_INCREMENT,
  `product_detail_id` bigint unsigned DEFAULT NULL,
  `product_option_detail_id` bigint unsigned DEFAULT NULL,
  `created_at` timestamp NULL DEFAULT NULL,
  `updated_at` timestamp NULL DEFAULT NULL,
  PRIMARY KEY (`id`)
) ENGINE=InnoDB AUTO_INCREMENT=514003 DEFAULT CHARSET=utf8mb4 COLLATE=utf8mb4_unicode_ci;

--
-- Dumping data for table `product_detail_option_details`
--


--
-- Table structure for table `product_details`
--

CREATE TABLE `product_details` (
  `id` bigint unsigned NOT NULL AUTO_INCREMENT,
  `product_id` bigint unsigned DEFAULT NULL,
  `sku` varchar(255) CHARACTER SET utf8mb4 COLLATE utf8mb4_unicode_ci NOT NULL,
  `slug` text CHARACTER SET utf8mb4 COLLATE utf8mb4_unicode_ci,
  `code` varchar(255) CHARACTER SET utf8mb4 COLLATE utf8mb4_unicode_ci DEFAULT NULL,
  `price` double(15,3) DEFAULT NULL,
  `is_activated` smallint NOT NULL DEFAULT '1',
  `is_deleted` smallint NOT NULL DEFAULT '0',
  `position` int NOT NULL DEFAULT '0',
  `created_at` timestamp NULL DEFAULT NULL,
  `updated_at` timestamp NULL DEFAULT NULL,
  PRIMARY KEY (`id`)
) ENGINE=InnoDB AUTO_INCREMENT=75079 DEFAULT CHARSET=utf8mb4 COLLATE=utf8mb4_unicode_ci;

--
-- Dumping data for table `product_details`
--

INSERT INTO `product_details` VALUES (147,1,'92827323_1',NULL,'5268e1eacb7fbbd99b02bc6342d27f49',50000.000,1,0,0,'2023-04-02 03:34:15','2023-04-02 03:34:15'),(148,1,'92827323_2',NULL,'465b7afda1a4ef4266213d0d0d6a17f2',50000.000,1,0,0,'2023-04-02 03:34:15','2023-04-02 03:34:15'),(149,1,'92827323_3',NULL,'cb50688c7a3a2d8bc7c902afcd039b16',50000.000,1,0,0,'2023-04-02 03:34:15','2023-04-02 03:34:15'),(150,1,'92827323_4',NULL,'d264274e6e764f32ebab96ead5323606',50000.000,1,0,0,'2023-04-02 03:34:15','2023-04-02 03:34:15');

--
-- Table structure for table `product_images`
--

CREATE TABLE `product_images` (
  `id` bigint unsigned NOT NULL AUTO_INCREMENT,
  `product_id` bigint unsigned DEFAULT NULL,
  `name` varchar(255) CHARACTER SET utf8mb4 COLLATE utf8mb4_unicode_ci NOT NULL,
  `file_name` varchar(255) CHARACTER SET utf8mb4 COLLATE utf8mb4_unicode_ci NOT NULL,
  `position` int NOT NULL DEFAULT '0',
  `created_at` timestamp NULL DEFAULT NULL,
  `updated_at` timestamp NULL DEFAULT NULL,
  PRIMARY KEY (`id`)
) ENGINE=InnoDB AUTO_INCREMENT=316 DEFAULT CHARSET=utf8mb4 COLLATE=utf8mb4_unicode_ci;

--
-- Dumping data for table `product_images`
--


--
-- Table structure for table `product_keywords`
--

CREATE TABLE `product_keywords` (
  `id` bigint unsigned NOT NULL AUTO_INCREMENT,
  `product_id` int NOT NULL,
  `keyword_id` int NOT NULL,
  `created_at` timestamp NULL DEFAULT NULL,
  `updated_at` timestamp NULL DEFAULT NULL,
  PRIMARY KEY (`id`)
) ENGINE=InnoDB AUTO_INCREMENT=119 DEFAULT CHARSET=utf8mb4 COLLATE=utf8mb4_unicode_ci;

--
-- Dumping data for table `product_keywords`
--


--
-- Table structure for table `product_notes`
--

CREATE TABLE `product_notes` (
  `id` bigint unsigned NOT NULL AUTO_INCREMENT,
  `product_id` bigint unsigned DEFAULT NULL,
  `content` text CHARACTER SET utf8mb4 COLLATE utf8mb4_unicode_ci NOT NULL,
  `is_important` smallint NOT NULL DEFAULT '0',
  `created_at` timestamp NULL DEFAULT NULL,
  `updated_at` timestamp NULL DEFAULT NULL,
  PRIMARY KEY (`id`)
) ENGINE=InnoDB DEFAULT CHARSET=utf8mb4 COLLATE=utf8mb4_unicode_ci;

--
-- Dumping data for table `product_notes`
--


--
-- Table structure for table `product_option_details`
--

CREATE TABLE `product_option_details` (
  `id` bigint unsigned NOT NULL AUTO_INCREMENT,
  `product_option_id` varchar(255) CHARACTER SET utf8mb4 COLLATE utf8mb4_unicode_ci DEFAULT NULL,
  `name` varchar(255) CHARACTER SET utf8mb4 COLLATE utf8mb4_unicode_ci NOT NULL,
  `slug` varchar(255) CHARACTER SET utf8mb4 COLLATE utf8mb4_unicode_ci NOT NULL,
  `image` varchar(255) CHARACTER SET utf8mb4 COLLATE utf8mb4_unicode_ci DEFAULT NULL,
  `description` varchar(255) CHARACTER SET utf8mb4 COLLATE utf8mb4_unicode_ci DEFAULT NULL,
  `position` int NOT NULL DEFAULT '0',
  `is_check` tinyint(1) NOT NULL DEFAULT '1',
  `created_at` timestamp NULL DEFAULT NULL,
  `updated_at` timestamp NULL DEFAULT NULL,
  PRIMARY KEY (`id`),
  UNIQUE KEY `product_option_details_id_unique` (`id`)
) ENGINE=InnoDB AUTO_INCREMENT=1191 DEFAULT CHARSET=utf8mb4 COLLATE=utf8mb4_unicode_ci;

--
-- Dumping data for table `product_option_details`
--


--
-- Table structure for table `product_options`
--

CREATE TABLE `product_options` (
  `id` int unsigned NOT NULL AUTO_INCREMENT,
  `product_id` bigint unsigned DEFAULT NULL,
  `name` varchar(255) CHARACTER SET utf8mb4 COLLATE utf8mb4_unicode_ci NOT NULL,
  `slug` varchar(255) CHARACTER SET utf8mb4 COLLATE utf8mb4_unicode_ci NOT NULL,
  `title` varchar(255) CHARACTER SET utf8mb4 COLLATE utf8mb4_unicode_ci DEFAULT NULL,
  `description` varchar(255) CHARACTER SET utf8mb4 COLLATE utf8mb4_unicode_ci DEFAULT NULL,
  `position` int NOT NULL DEFAULT '0',
  `allow_option` smallint NOT NULL DEFAULT '1',
  `is_template` smallint NOT NULL DEFAULT '0',
  `is_check_all` tinyint(1) NOT NULL DEFAULT '1',
  `is_indeterminate` tinyint(1) NOT NULL DEFAULT '0',
  `created_at` timestamp NULL DEFAULT NULL,
  `updated_at` timestamp NULL DEFAULT NULL,
  PRIMARY KEY (`id`),
  UNIQUE KEY `product_options_id_unique` (`id`)
) ENGINE=InnoDB AUTO_INCREMENT=280 DEFAULT CHARSET=utf8mb4 COLLATE=utf8mb4_unicode_ci;

--
-- Dumping data for table `product_options`
--


--
-- Table structure for table `product_purchase_methods`
--

CREATE TABLE `product_purchase_methods` (
  `id` bigint unsigned NOT NULL AUTO_INCREMENT,
  `product_id` bigint unsigned DEFAULT NULL,
  `name` varchar(255) CHARACTER SET utf8mb4 COLLATE utf8mb4_unicode_ci NOT NULL,
  `slug` varchar(255) CHARACTER SET utf8mb4 COLLATE utf8mb4_unicode_ci DEFAULT NULL,
  `description` varchar(255) CHARACTER SET utf8mb4 COLLATE utf8mb4_unicode_ci DEFAULT NULL,
  `created_at` timestamp NULL DEFAULT NULL,
  `updated_at` timestamp NULL DEFAULT NULL,
  PRIMARY KEY (`id`)
) ENGINE=InnoDB AUTO_INCREMENT=212 DEFAULT CHARSET=utf8mb4 COLLATE=utf8mb4_unicode_ci;

--
-- Dumping data for table `product_purchase_methods`
--


--
-- Table structure for table `product_reviews`
--

CREATE TABLE `product_reviews` (
  `id` bigint unsigned NOT NULL AUTO_INCREMENT,
  `product_id` bigint unsigned DEFAULT NULL,
  `user_id` bigint unsigned DEFAULT NULL,
  `rate` double(3,2) DEFAULT NULL,
  `comment` text CHARACTER SET utf8mb4 COLLATE utf8mb4_unicode_ci,
  `is_activated` smallint NOT NULL DEFAULT '1',
  `is_deleted` smallint NOT NULL DEFAULT '0',
  `created_at` timestamp NULL DEFAULT NULL,
  `updated_at` timestamp NULL DEFAULT NULL,
  PRIMARY KEY (`id`)
) ENGINE=InnoDB DEFAULT CHARSET=utf8mb4 COLLATE=utf8mb4_unicode_ci;

--
-- Dumping data for table `product_reviews`
--


--
-- Table structure for table `product_schedules`
--

CREATE TABLE `product_schedules` (
  `id` bigint unsigned NOT NULL AUTO_INCREMENT,
  `product_id` int NOT NULL,
  `short_date` date NOT NULL,
  `full_date` varchar(255) CHARACTER SET utf8mb4 COLLATE utf8mb4_unicode_ci DEFAULT NULL,
  `note` varchar(255) CHARACTER SET utf8mb4 COLLATE utf8mb4_unicode_ci DEFAULT NULL,
  `created_at` timestamp NULL DEFAULT NULL,
  `updated_at` timestamp NULL DEFAULT NULL,
  PRIMARY KEY (`id`)
) ENGINE=InnoDB AUTO_INCREMENT=149 DEFAULT CHARSET=utf8mb4 COLLATE=utf8mb4_unicode_ci;

--
-- Dumping data for table `product_schedules`
--


--
-- Table structure for table `product_skus`
--

CREATE TABLE `product_skus` (
  `id` bigint unsigned NOT NULL AUTO_INCREMENT,
  `product_id` bigint unsigned NOT NULL,
  `code` varchar(255) CHARACTER SET utf8mb4 COLLATE utf8mb4_unicode_ci NOT NULL,
  `created_at` timestamp NULL DEFAULT NULL,
  `updated_at` timestamp NULL DEFAULT NULL,
  PRIMARY KEY (`id`),
  KEY `product_skus_product_id_code_index` (`product_id`,`code`),
  CONSTRAINT `product_skus_product_id_foreign` FOREIGN KEY (`product_id`) REFERENCES `products` (`id`) ON DELETE CASCADE
) ENGINE=InnoDB AUTO_INCREMENT=29 DEFAULT CHARSET=utf8mb4 COLLATE=utf8mb4_unicode_ci;

--
-- Dumping data for table `product_skus`
--


--
-- Table structure for table `products`
--

CREATE TABLE `products` (
  `id` bigint unsigned NOT NULL AUTO_INCREMENT,
  `code` varchar(255) CHARACTER SET utf8mb4 COLLATE utf8mb4_unicode_ci DEFAULT NULL,
  `type` varchar(255) CHARACTER SET utf8mb4 COLLATE utf8mb4_unicode_ci DEFAULT NULL,
  `category_id` bigint unsigned DEFAULT NULL,
  `scene_id` smallint DEFAULT NULL,
  `manufacturer_id` int DEFAULT NULL,
  `sku` varchar(255) CHARACTER SET utf8mb4 COLLATE utf8mb4_unicode_ci NOT NULL,
  `sku_storage` varchar(50) CHARACTER SET utf8mb4 COLLATE utf8mb4_unicode_ci DEFAULT NULL COMMENT 'Storage ID',
  `storage_cabinet_code` varchar(50) CHARACTER SET utf8mb4 COLLATE utf8mb4_unicode_ci DEFAULT NULL COMMENT 'Mã tủ lưu trữ kimono',
  `owner_id` bigint unsigned DEFAULT NULL COMMENT 'ID chủ sở hữu',
  `name` varchar(255) CHARACTER SET utf8mb4 COLLATE utf8mb4_unicode_ci NOT NULL,
  `slug` varchar(255) CHARACTER SET utf8mb4 COLLATE utf8mb4_unicode_ci NOT NULL,
  `image` varchar(255) CHARACTER SET utf8mb4 COLLATE utf8mb4_unicode_ci DEFAULT NULL,
  `gender` smallint NOT NULL DEFAULT '0',
  `size` varchar(255) CHARACTER SET utf8mb4 COLLATE utf8mb4_unicode_ci DEFAULT NULL,
  `color` varchar(255) CHARACTER SET utf8mb4 COLLATE utf8mb4_unicode_ci DEFAULT NULL,
  `material` varchar(255) CHARACTER SET utf8mb4 COLLATE utf8mb4_unicode_ci DEFAULT NULL,
  `dimension_cm` varchar(255) CHARACTER SET utf8mb4 COLLATE utf8mb4_unicode_ci DEFAULT NULL,
  `dimension_scale` varchar(255) CHARACTER SET utf8mb4 COLLATE utf8mb4_unicode_ci DEFAULT NULL,
  `height` varchar(255) CHARACTER SET utf8mb4 COLLATE utf8mb4_unicode_ci DEFAULT NULL,
  `sleeve` varchar(255) CHARACTER SET utf8mb4 COLLATE utf8mb4_unicode_ci DEFAULT NULL,
  `sleeve_length` varchar(255) CHARACTER SET utf8mb4 COLLATE utf8mb4_unicode_ci DEFAULT NULL,
  `hip` varchar(255) CHARACTER SET utf8mb4 COLLATE utf8mb4_unicode_ci DEFAULT NULL,
  `primary_width` varchar(255) CHARACTER SET utf8mb4 COLLATE utf8mb4_unicode_ci DEFAULT NULL,
  `second_width` varchar(255) CHARACTER SET utf8mb4 COLLATE utf8mb4_unicode_ci DEFAULT NULL,
  `undergarment_length` varchar(255) CHARACTER SET utf8mb4 COLLATE utf8mb4_unicode_ci DEFAULT NULL,
  `explanation` varchar(255) CHARACTER SET utf8mb4 COLLATE utf8mb4_unicode_ci DEFAULT NULL,
  `kimimono` varchar(255) CHARACTER SET utf8mb4 COLLATE utf8mb4_unicode_ci DEFAULT NULL,
  `description` text CHARACTER SET utf8mb4 COLLATE utf8mb4_unicode_ci,
  `price_from` double(15,3) DEFAULT NULL,
  `price_to` double(15,3) DEFAULT NULL,
  `discount` double DEFAULT NULL,
  `discount_type` smallint NOT NULL DEFAULT '0',
  `discount_start_time` datetime DEFAULT NULL,
  `discount_end_time` datetime DEFAULT NULL,
  `regular_price_from` double(15,3) DEFAULT NULL,
  `regular_price_to` double(15,3) DEFAULT NULL,
  `default_price` double(15,2) DEFAULT NULL,
  `standard_construction_fee` double(15,2) DEFAULT NULL,
  `shipping_cost` double(15,2) DEFAULT NULL,
  `note` text CHARACTER SET utf8mb4 COLLATE utf8mb4_unicode_ci,
  `policy` text CHARACTER SET utf8mb4 COLLATE utf8mb4_unicode_ci,
  `possible_delivery_time` int DEFAULT NULL,
  `rank` int unsigned DEFAULT NULL,
  `storage_date` date DEFAULT NULL,
  `wish_list` int NOT NULL DEFAULT '0',
  `view` int NOT NULL DEFAULT '0',
  `preview` varchar(255) CHARACTER SET utf8mb4 COLLATE utf8mb4_unicode_ci DEFAULT NULL,
  `is_allow_faceswap` smallint NOT NULL DEFAULT '0',
  `is_pricing_manual` smallint NOT NULL DEFAULT '0',
  `is_available_in_stock` smallint NOT NULL DEFAULT '1',
  `is_storage_period` smallint NOT NULL DEFAULT '0',
  `order_status` int unsigned NOT NULL DEFAULT '0',
  `status` smallint unsigned NOT NULL DEFAULT '0',
  `is_cleaning_service` smallint NOT NULL DEFAULT '0',
  `is_activated` smallint NOT NULL DEFAULT '1',
  `created_by` smallint NOT NULL DEFAULT '1',
  `is_deleted` smallint NOT NULL DEFAULT '0',
  `created_at` timestamp NULL DEFAULT NULL,
  `updated_at` timestamp NULL DEFAULT NULL,
  PRIMARY KEY (`id`)
) ENGINE=InnoDB AUTO_INCREMENT=127 DEFAULT CHARSET=utf8mb4 COLLATE=utf8mb4_unicode_ci;

--
-- Dumping data for table `products`
--

INSERT INTO `products` VALUES (1,NULL,'1',72,1,NULL,'92827323',NULL,NULL,NULL,'Product 001','product-001','9197befd3aa0cd5ce281606eeae50fb6.png',0,NULL,NULL,NULL,NULL,NULL,NULL,NULL,NULL,NULL,NULL,NULL,NULL,NULL,NULL,'Product 001',27000.000,45000.000,10,0,NULL,NULL,30000.000,50000.000,NULL,NULL,NULL,NULL,NULL,30,NULL,NULL,0,0,NULL,0,0,1,0,0,1,0,1,1,0,'2023-04-01 12:05:43','2023-05-25 13:19:46');

--
-- Table structure for table `role_has_permissions`
--

CREATE TABLE `role_has_permissions` (
  `permission_id` int unsigned NOT NULL,
  `role_id` int unsigned NOT NULL,
  PRIMARY KEY (`permission_id`,`role_id`),
  KEY `role_has_permissions_role_id_foreign` (`role_id`)
) ENGINE=InnoDB DEFAULT CHARSET=utf8mb4 COLLATE=utf8mb4_unicode_ci;

--
-- Dumping data for table `role_has_permissions`
--

INSERT INTO `role_has_permissions` VALUES (2,1),(7,1),(15,1),(16,1),(17,1),(35,1),(36,1),(37,1),(38,1),(39,1),(40,1),(47,1),(48,1),(49,1),(50,1),(51,1),(52,1),(59,1),(60,1),(61,1),(62,1),(63,1),(143,1),(144,1),(145,1),(146,1),(156,1),(158,1),(159,1),(163,1),(176,1),(177,1),(178,1),(179,1),(180,1),(205,1),(206,1),(207,1),(208,1),(209,1),(210,1),(220,1),(221,1),(222,1),(223,1),(224,1),(225,1),(232,1),(234,1),(235,1),(236,1),(237,1),(238,1),(239,1),(240,1),(241,1),(369,1),(370,1),(371,1),(372,1),(373,1),(374,1),(458,1),(468,1),(469,1),(470,1),(471,1),(472,1),(473,1),(474,1),(475,1),(476,1),(477,1),(478,1),(485,1),(486,1),(487,1),(488,1),(489,1),(490,1),(497,1),(498,1),(499,1),(500,1),(501,1),(502,1),(503,1),(506,1),(507,1),(508,1),(509,1),(510,1),(511,1),(512,1),(513,1),(514,1),(515,1),(516,1),(517,1),(518,1),(519,1),(520,1),(521,1),(522,1),(523,1),(524,1),(525,1),(526,1),(527,1),(528,1),(529,1),(530,1),(531,1),(532,1),(533,1),(534,1),(535,1),(536,1),(537,1),(538,1),(539,1),(540,1),(541,1),(542,1),(543,1),(544,1),(545,1),(546,1),(547,1),(548,1),(549,1),(550,1),(551,1),(552,1),(553,1),(554,1),(555,1),(556,1),(557,1),(558,1),(559,1),(560,1),(561,1),(562,1),(563,1),(564,1),(565,1),(566,1),(567,1),(568,1),(569,1),(570,1),(571,1),(572,1),(573,1),(574,1),(575,1),(576,1),(577,1),(578,1),(579,1),(580,1),(581,1),(582,1),(583,1),(584,1),(585,1),(586,1),(587,1),(588,1),(589,1),(590,1),(591,1),(592,1),(593,1),(2,2),(7,2),(16,2),(17,2),(35,2),(36,2),(37,2),(38,2),(39,2),(40,2),(47,2),(48,2),(49,2),(50,2),(51,2),(52,2),(59,2),(60,2),(61,2),(62,2),(63,2),(143,2),(144,2),(145,2),(146,2),(156,2),(158,2),(159,2),(163,2),(176,2),(177,2),(178,2),(179,2),(180,2),(205,2),(206,2),(207,2),(208,2),(209,2),(210,2),(220,2),(221,2),(222,2),(223,2),(224,2),(225,2),(232,2),(234,2),(235,2),(236,2),(237,2),(238,2),(239,2),(240,2),(241,2),(369,2),(370,2),(371,2),(372,2),(373,2),(374,2),(458,2),(468,2),(469,2),(470,2),(471,2),(472,2),(473,2),(474,2),(475,2),(476,2),(477,2),(478,2),(485,2),(486,2),(487,2),(488,2),(489,2),(490,2),(497,2),(498,2),(499,2),(500,2),(501,2),(502,2),(503,2),(506,2),(507,2),(508,2),(509,2),(510,2),(511,2),(512,2),(513,2),(514,2),(515,2),(516,2),(517,2),(518,2),(519,2),(520,2),(521,2),(522,2),(523,2),(524,2),(525,2),(526,2),(527,2),(528,2),(529,2),(530,2),(531,2),(532,2),(533,2),(534,2),(535,2),(536,2),(537,2),(538,2),(539,2),(540,2),(541,2),(542,2),(543,2),(544,2),(545,2),(546,2),(547,2),(548,2),(549,2),(550,2),(551,2),(552,2),(553,2),(554,2),(555,2),(556,2),(557,2),(558,2),(559,2),(560,2),(561,2),(562,2),(563,2),(564,2),(565,2),(566,2),(567,2),(568,2),(569,2),(570,2),(571,2),(572,2),(573,2),(574,2),(575,2),(576,2),(577,2),(578,2),(579,2),(580,2),(581,2),(582,2),(583,2),(584,2),(585,2),(586,2),(587,2),(588,2),(589,2),(590,2),(591,2),(2,3),(7,3),(17,3),(35,3),(47,3),(59,3),(163,3),(177,3),(178,3),(179,3),(205,3),(220,3),(235,3),(369,3),(469,3),(485,3),(497,3),(506,3),(507,3),(514,3),(521,3),(527,3),(533,3),(543,3),(550,3),(557,3),(563,3),(571,3),(578,3),(584,3),(2,4),(177,4),(178,4),(179,4),(542,4),(2,5),(177,5),(178,5),(179,5),(177,6),(178,6),(179,6),(177,7),(178,7),(179,7),(177,8),(178,8),(179,8),(177,9),(178,9),(179,9),(177,10),(178,10),(179,10),(59,11),(60,11),(61,11),(62,11),(63,11),(156,11),(177,11),(178,11),(179,11),(59,12),(60,12),(61,12),(62,12),(156,12),(177,12),(178,12),(179,12),(7,13),(59,13),(60,13),(61,13),(62,13),(63,13),(143,13),(144,13),(145,13),(156,13),(163,13),(177,13),(178,13),(179,13),(59,14),(60,14),(61,14),(62,14),(156,14),(177,14),(178,14),(179,14),(35,15),(37,15),(38,15),(39,15),(158,15),(177,15),(178,15),(179,15),(59,16),(60,16),(61,16),(156,16),(177,16),(178,16),(179,16),(7,17),(37,17),(38,17),(59,17),(60,17),(61,17),(62,17),(143,17),(144,17),(145,17),(156,17),(163,17),(177,17),(178,17),(179,17),(7,18),(37,18),(38,18),(59,18),(60,18),(61,18),(62,18),(143,18),(144,18),(145,18),(156,18),(163,18),(177,18),(178,18),(179,18),(7,19),(37,19),(38,19),(59,19),(60,19),(61,19),(62,19),(143,19),(144,19),(145,19),(156,19),(163,19),(177,19),(178,19),(179,19),(7,20),(37,20),(38,20),(59,20),(60,20),(61,20),(62,20),(143,20),(144,20),(145,20),(156,20),(163,20),(177,20),(178,20),(179,20),(7,21),(37,21),(38,21),(59,21),(60,21),(61,21),(62,21),(143,21),(144,21),(145,21),(156,21),(163,21),(177,21),(178,21),(179,21),(7,22),(37,22),(38,22),(59,22),(60,22),(61,22),(62,22),(143,22),(144,22),(145,22),(156,22),(163,22),(177,22),(178,22),(179,22),(7,23),(37,23),(38,23),(59,23),(60,23),(61,23),(62,23),(143,23),(144,23),(145,23),(156,23),(163,23),(177,23),(178,23),(179,23),(7,24),(37,24),(38,24),(59,24),(60,24),(61,24),(62,24),(143,24),(144,24),(145,24),(156,24),(163,24),(177,24),(178,24),(179,24),(7,25),(37,25),(38,25),(59,25),(60,25),(61,25),(62,25),(143,25),(144,25),(145,25),(156,25),(163,25),(177,25),(178,25),(179,25),(7,26),(37,26),(38,26),(59,26),(60,26),(61,26),(62,26),(143,26),(144,26),(145,26),(156,26),(163,26),(177,26),(178,26),(179,26),(7,27),(37,27),(38,27),(59,27),(60,27),(61,27),(62,27),(143,27),(144,27),(145,27),(156,27),(163,27),(177,27),(178,27),(179,27),(7,28),(37,28),(38,28),(59,28),(60,28),(61,28),(62,28),(143,28),(144,28),(145,28),(156,28),(163,28),(177,28),(178,28),(179,28),(37,29),(38,29),(59,29),(60,29),(61,29),(62,29),(156,29),(163,29),(177,29),(178,29),(179,29),(37,30),(38,30),(59,30),(60,30),(61,30),(62,30),(63,30),(156,30),(177,30),(178,30),(179,30),(207,30),(37,31),(59,31),(60,31),(61,31),(62,31),(156,31),(177,31),(178,31),(179,31),(205,31),(207,31),(208,31),(209,31),(7,32),(37,32),(38,32),(59,32),(60,32),(61,32),(62,32),(143,32),(144,32),(145,32),(156,32),(163,32),(177,32),(178,32),(179,32),(36,33),(37,33),(38,33),(39,33),(40,33),(177,33),(178,33),(179,33),(205,33),(206,33),(207,33),(208,33),(209,33),(210,33),(234,33),(507,33),(508,33),(509,33),(510,33),(511,33),(512,33),(513,33),(521,33),(522,33),(523,33),(524,33),(525,33),(526,33),(527,33),(528,33),(529,33),(530,33),(531,33),(532,33),(533,33),(534,33),(535,33),(536,33),(537,33),(538,33),(539,33),(540,33),(541,33),(542,33);

--
-- Table structure for table `role_meta`
--

CREATE TABLE `role_meta` (
  `id` bigint unsigned NOT NULL AUTO_INCREMENT,
  `role_id` int NOT NULL,
  `description` mediumtext CHARACTER SET utf8mb4 COLLATE utf8mb4_unicode_ci,
  `created_at` timestamp NULL DEFAULT NULL,
  `updated_at` timestamp NULL DEFAULT NULL,
  PRIMARY KEY (`id`)
) ENGINE=InnoDB AUTO_INCREMENT=24 DEFAULT CHARSET=utf8mb4 COLLATE=utf8mb4_unicode_ci;

--
-- Dumping data for table `role_meta`
--

INSERT INTO `role_meta` VALUES (1,11,'Role for store【電話占い】みみずくの砦','2021-01-20 03:11:32','2021-02-19 02:05:18'),(2,12,'Roles for NG store','2021-02-02 02:45:30','2021-02-02 02:57:04'),(3,13,'Store Manage','2021-02-03 01:48:53','2021-05-18 05:43:41'),(4,14,'Store Member','2021-02-03 01:51:44','2021-05-18 05:44:32'),(5,15,NULL,'2021-02-24 04:16:24','2021-05-18 05:43:13'),(6,16,'Group826','2021-04-09 07:39:56','2021-05-18 05:44:54'),(7,17,'Store124','2021-04-23 06:44:39','2021-05-18 05:45:11'),(8,18,'Store1714','2021-04-23 07:02:42','2021-05-18 05:45:58'),(9,19,'Store823','2021-04-23 07:10:38','2021-05-18 05:46:10'),(10,20,'Store826','2021-04-26 01:45:13','2021-05-18 05:46:23'),(11,21,NULL,'2021-05-04 01:44:32','2021-05-18 05:46:37'),(12,22,'占いジャンヌダルク大阪は、大阪府大阪市北区梅田の占い店舗です。','2021-05-07 08:55:26','2021-05-18 05:46:54'),(13,23,NULL,'2021-05-07 09:18:32','2021-05-18 05:47:07'),(14,24,NULL,'2021-05-11 02:20:30','2021-05-18 05:47:22'),(15,25,NULL,'2021-05-11 10:55:14','2021-05-18 05:47:34'),(16,26,NULL,'2021-05-12 12:37:49','2021-05-18 05:47:43'),(17,27,NULL,'2021-05-19 08:46:44','2021-05-19 08:46:44'),(18,28,NULL,'2021-05-25 00:28:57','2021-06-02 01:47:11'),(19,29,'Fortune Teller Own','2021-05-31 10:00:58','2021-05-31 10:03:46'),(20,30,'Asuka Teller','2021-06-05 06:24:49','2021-06-09 02:29:18'),(21,31,'Note Writer','2021-06-08 01:34:46','2021-06-09 03:10:56'),(22,32,NULL,'2021-06-21 05:54:20','2021-06-21 05:54:20'),(23,33,NULL,'2022-10-16 14:05:12','2023-12-28 11:41:04');

--
-- Table structure for table `roles`
--

CREATE TABLE `roles` (
  `id` int unsigned NOT NULL AUTO_INCREMENT,
  `name` varchar(255) CHARACTER SET utf8mb4 COLLATE utf8mb4_unicode_ci NOT NULL,
  `guard_name` varchar(255) CHARACTER SET utf8mb4 COLLATE utf8mb4_unicode_ci NOT NULL,
  `created_at` timestamp NULL DEFAULT NULL,
  `updated_at` timestamp NULL DEFAULT NULL,
  PRIMARY KEY (`id`)
) ENGINE=InnoDB AUTO_INCREMENT=34 DEFAULT CHARSET=utf8mb4 COLLATE=utf8mb4_unicode_ci;

--
-- Dumping data for table `roles`
--

INSERT INTO `roles` VALUES (1,'admin','api','2020-04-10 00:46:21','2020-04-10 00:46:21'),(2,'manager','api','2020-04-10 00:46:21','2020-04-10 00:46:21'),(3,'editor','api','2020-04-10 00:46:21','2020-04-10 00:46:21'),(4,'user','api','2020-04-10 00:46:21','2020-04-10 00:46:21'),(5,'visitor','api','2020-04-10 00:46:21','2020-04-10 00:46:21'),(33,'owner','api','2022-10-16 14:05:12','2022-10-16 14:05:12');

--
-- Table structure for table `rules`
--

CREATE TABLE `rules` (
  `id` bigint unsigned NOT NULL AUTO_INCREMENT,
  `role_id` int unsigned NOT NULL,
  `permission_id` int unsigned NOT NULL,
  `condition_name` varchar(255) CHARACTER SET utf8mb4 COLLATE utf8mb4_unicode_ci NOT NULL,
  `condition_compare` varchar(255) CHARACTER SET utf8mb4 COLLATE utf8mb4_unicode_ci NOT NULL,
  `condition_value` varchar(255) CHARACTER SET utf8mb4 COLLATE utf8mb4_unicode_ci DEFAULT NULL,
  `created_at` timestamp NULL DEFAULT NULL,
  `updated_at` timestamp NULL DEFAULT NULL,
  PRIMARY KEY (`id`)
) ENGINE=InnoDB AUTO_INCREMENT=78 DEFAULT CHARSET=utf8mb4 COLLATE=utf8mb4_unicode_ci;

--
-- Dumping data for table `rules`
--

INSERT INTO `rules` VALUES (1,6,148,'id','is','30','2021-01-14 07:27:15','2021-01-14 07:27:15'),(2,7,148,'id','is','30','2021-01-14 07:27:15','2021-01-14 07:27:15'),(3,8,148,'id','is','30','2021-01-14 07:27:15','2021-01-14 07:27:15'),(4,9,148,'id','is','30','2021-01-14 07:27:15','2021-01-14 07:27:15'),(5,10,148,'id','is','30','2021-01-14 07:27:15','2021-01-14 07:27:15'),(20,12,148,'user_id','is','owner','2021-02-02 02:57:04','2021-02-02 02:57:04'),(25,11,148,'id','is','783','2021-02-19 02:05:18','2021-02-19 02:05:18'),(58,15,148,'user_id','is','owner','2021-05-18 05:43:13','2021-05-18 05:43:13'),(59,13,148,'user_id','is','owner','2021-05-18 05:43:41','2021-05-18 05:43:41'),(61,14,148,'user_id','is','store','2021-05-18 05:44:32','2021-05-18 05:44:32'),(62,16,148,'id','is','826','2021-05-18 05:44:54','2021-05-18 05:44:54'),(63,17,148,'id','is','124','2021-05-18 05:45:11','2021-05-18 05:45:11'),(64,18,148,'id','is','1714','2021-05-18 05:45:58','2021-05-18 05:45:58'),(65,19,148,'id','is','823','2021-05-18 05:46:10','2021-05-18 05:46:10'),(66,20,148,'id','is','826','2021-05-18 05:46:23','2021-05-18 05:46:23'),(67,21,148,'id','in_list','83,84,85','2021-05-18 05:46:37','2021-05-18 05:46:37'),(68,22,148,'id','in_list','1780','2021-05-18 05:46:54','2021-05-18 05:46:54'),(69,23,148,'id','in_list','260','2021-05-18 05:47:07','2021-05-18 05:47:07'),(70,24,148,'id','in_list','1221','2021-05-18 05:47:22','2021-05-18 05:47:22'),(71,25,148,'id','in_list','823,822','2021-05-18 05:47:34','2021-05-18 05:47:34'),(72,26,148,'id','in_list','826,1688','2021-05-18 05:47:43','2021-05-18 05:47:43'),(73,27,148,'id','in_list','1798','2021-05-19 08:46:44','2021-05-19 08:46:44'),(76,28,148,'id','in_list','1795','2021-06-02 01:47:11','2021-06-02 01:47:11'),(77,32,148,'id','in_list','831','2021-06-21 05:54:20','2021-06-21 05:54:20');

--
-- Table structure for table `scenes`
--

CREATE TABLE `scenes` (
  `id` bigint unsigned NOT NULL AUTO_INCREMENT,
  `name` varchar(255) CHARACTER SET utf8mb4 COLLATE utf8mb4_unicode_ci NOT NULL,
  `slug` varchar(255) CHARACTER SET utf8mb4 COLLATE utf8mb4_unicode_ci DEFAULT NULL,
  `image` varchar(255) CHARACTER SET utf8mb4 COLLATE utf8mb4_unicode_ci DEFAULT NULL,
  `parent_id` int DEFAULT NULL,
  `description` tinytext CHARACTER SET utf8mb4 COLLATE utf8mb4_unicode_ci,
  `position` int NOT NULL DEFAULT '0',
  `is_activated` smallint NOT NULL DEFAULT '1',
  `is_deleted` smallint NOT NULL DEFAULT '0',
  `created_at` timestamp NULL DEFAULT NULL,
  `updated_at` timestamp NULL DEFAULT NULL,
  PRIMARY KEY (`id`)
) ENGINE=InnoDB AUTO_INCREMENT=15 DEFAULT CHARSET=utf8mb4 COLLATE=utf8mb4_unicode_ci;

--
-- Dumping data for table `scenes`
--

INSERT INTO `scenes` VALUES (1,'結婚式','wedding',NULL,4,'あああ',1,1,0,'2023-11-26 04:39:34','2024-07-08 16:20:29'),(2,'結納','yuino',NULL,0,NULL,2,1,0,'2023-11-26 04:39:34','2024-07-08 16:20:29'),(3,'お宮参り','omiyamairi',NULL,0,NULL,3,1,0,'2023-11-26 04:39:34','2024-07-08 16:20:29'),(4,'成人式','seijinshiki',NULL,0,NULL,5,1,0,'2023-11-26 04:39:34','2024-07-08 16:20:29'),(5,'卒入学式・卒入園式','ceremony',NULL,0,NULL,4,1,0,'2023-11-26 04:39:34','2024-07-08 16:20:29'),(6,'コンサート・お食事','concert',NULL,0,NULL,6,1,0,'2023-11-26 04:39:34','2024-07-08 16:20:29'),(7,'パーティー','party',NULL,0,NULL,7,1,0,'2023-11-26 04:39:34','2024-07-08 16:20:29'),(8,'七五三','753kimono',NULL,0,NULL,8,1,0,'2023-11-26 04:39:34','2024-07-08 16:20:29'),(9,'お祭り・花火大会','yukata',NULL,0,NULL,9,1,0,'2023-11-26 04:39:34','2024-07-08 16:20:29'),(10,'2222','2222',NULL,0,'2323',0,1,1,'2023-11-26 09:07:55','2023-11-26 09:11:21'),(11,'その他','others',NULL,0,NULL,10,0,0,'2024-06-18 13:09:01','2024-07-08 16:20:30'),(12,'1１あa-','1１あa','2ba587fbc8c9dca76f9c2bbe89c4900a.jpeg',3,'aaa',11,0,0,'2024-07-08 05:04:05','2024-07-08 16:20:30'),(13,'sss','ああああああああああああああああああああああああああああああああああああああああああああああああああああああああああああああああああああああああああaあああああああああああああああああああああああああああああああああああああああああああああああああああああiueoqwe',NULL,0,NULL,12,1,0,'2024-07-08 09:49:54','2024-07-08 16:20:30'),(14,'あああああああああああああああああああああああああああああああああああああああああああああああああああああああああああああああああああああああああああああああああああああああああああああああああああああああああああああああああああああああああああああああああああああああああああああああああああああああああああああああああああああああああああああああああああああああああああああああああああああああああああああああああああああああああああああああああああああああああああああああああああああああああああああああ','あああああああああああああああああああああああああああああああああああああああああああああああああああああああああああああああああああああああああああああああああああああああああああああああああああああああああああああああああああああああああああああああああああああああああああああああああああああああああああああああああああああああああああああああああああああああああああああああああああああああああああああああああああああああああああああああああああああああああああああああああああああああああああああああ',NULL,0,'eeccccccccccccccccccccccccccccccccccccccccccccccccccccccccccccccccccccccccccccccccccccccccccccccccccccccccccccccccccccccccccccccccccccccccccccccccccccccccccccccccccccccccccdddefghigjkiiiiiiiiiikkkkkkkkkkurrrrrrrrrrrtttttttttyyyyyuuuuuuuuuuuuuuuuuuuuuuuあ',13,1,0,'2024-07-08 15:45:11','2024-07-08 16:28:09');

--
-- Table structure for table `seo_formats`
--

CREATE TABLE `seo_formats` (
  `id` bigint unsigned NOT NULL AUTO_INCREMENT,
  `type` text CHARACTER SET utf8mb4 COLLATE utf8mb4_unicode_ci NOT NULL,
  `title` text CHARACTER SET utf8mb4 COLLATE utf8mb4_unicode_ci,
  `keywords` text CHARACTER SET utf8mb4 COLLATE utf8mb4_unicode_ci,
  `description` text CHARACTER SET utf8mb4 COLLATE utf8mb4_unicode_ci,
  `created_at` timestamp NULL DEFAULT NULL,
  `updated_at` timestamp NULL DEFAULT NULL,
  PRIMARY KEY (`id`)
) ENGINE=InnoDB AUTO_INCREMENT=8 DEFAULT CHARSET=utf8mb4 COLLATE=utf8mb4_unicode_ci;

--
-- Dumping data for table `seo_formats`
--

INSERT INTO `seo_formats` VALUES (1,'area','『%title%』の当たると口コミで評判のオススメの占い師｜占いの森 / URAMORI','','『%title%』の的中率の高い・当たると評判のオススメ占い師を口コミ評価レビュー、占い料金、性別、得意な占術・相談お悩み内容などで検索し探せます。','2020-10-16 02:29:37','2020-10-16 02:29:37'),(2,'method','『%title%』の当たると口コミで評判のオススメの占い師｜占いの森 / URAMORI','','『%title%』の的中率の高い・当たると評判のオススメ占い師を口コミ評価レビュー、占い料金、性別、得意な占術・相談お悩み内容などで検索し探せます。','2020-10-16 02:29:37','2020-10-16 02:29:37'),(3,'consultation','『%title%』の当たると口コミで評判のオススメの占い師｜占いの森 / URAMORI','','『%title%』の的中率の高い・当たると評判のオススメ占い師を口コミ評価レビュー、占い料金、性別、得意な占術・相談お悩み内容などで検索し探せます。','2020-10-16 02:29:37','2020-10-16 02:29:37'),(4,'name','『%title%』の当たると口コミで評判のオススメの占い師｜占いの森 / URAMORI','','『%title%』の的中率の高い・当たると評判のオススメ占い師を口コミ評価レビュー、占い料金、性別、得意な占術・相談お悩み内容などで検索し探せます。','2020-10-16 02:29:37','2020-10-16 02:29:37'),(5,'fortune','『%title%』の当たると口コミで評判のオススメの占い師｜占いの森 / URAMORI','','『%title%』の的中率の高い・当たると評判のオススメ占い師を口コミ評価レビュー、占い料金、性別、得意な占術・相談お悩み内容などで検索し探せます。','2020-10-16 02:29:37','2020-10-16 02:29:37'),(6,'note_article','%title%｜占いの森 NOTE',NULL,'%content|160%','2021-06-08 06:53:30','2021-06-08 07:18:06'),(7,'note_feature','%title%｜特集・連載｜占いの森 NOTE',NULL,'占いの森 NOTEの%title%特集ページです。占い師さんに占ってもらう前に、どういう占い師さんか知ってもらうキッカケとなる特集、連載をご紹介します。','2021-06-08 06:53:30','2021-06-08 07:17:42');

--
-- Table structure for table `seo_metas`
--

CREATE TABLE `seo_metas` (
  `id` bigint unsigned NOT NULL AUTO_INCREMENT,
  `uri` varchar(255) CHARACTER SET utf8mb4 COLLATE utf8mb4_unicode_ci NOT NULL,
  `title` varchar(255) CHARACTER SET utf8mb4 COLLATE utf8mb4_unicode_ci DEFAULT NULL,
  `keywords` text CHARACTER SET utf8mb4 COLLATE utf8mb4_unicode_ci,
  `description` text CHARACTER SET utf8mb4 COLLATE utf8mb4_unicode_ci,
  `image` varchar(255) CHARACTER SET utf8mb4 COLLATE utf8mb4_unicode_ci DEFAULT NULL,
  `type` varchar(255) CHARACTER SET utf8mb4 COLLATE utf8mb4_unicode_ci DEFAULT NULL,
  `post_id` int DEFAULT NULL,
  `created_at` timestamp NULL DEFAULT NULL,
  `updated_at` timestamp NULL DEFAULT NULL,
  PRIMARY KEY (`id`)
) ENGINE=InnoDB DEFAULT CHARSET=utf8mb4 COLLATE=utf8mb4_unicode_ci;

--
-- Dumping data for table `seo_metas`
--


--
-- Table structure for table `settings`
--

CREATE TABLE `settings` (
  `id` bigint unsigned NOT NULL AUTO_INCREMENT,
  `group` varchar(255) CHARACTER SET utf8mb4 COLLATE utf8mb4_unicode_ci NOT NULL DEFAULT 'general',
  `tab` varchar(255) CHARACTER SET utf8mb4 COLLATE utf8mb4_unicode_ci NOT NULL DEFAULT 'all',
  `slug` varchar(255) CHARACTER SET utf8mb4 COLLATE utf8mb4_unicode_ci NOT NULL,
  `name` varchar(255) CHARACTER SET utf8mb4 COLLATE utf8mb4_unicode_ci NOT NULL,
  `content` mediumtext CHARACTER SET utf8mb4 COLLATE utf8mb4_unicode_ci,
  `example` varchar(255) CHARACTER SET utf8mb4 COLLATE utf8mb4_unicode_ci DEFAULT NULL,
  `rule` varchar(255) CHARACTER SET utf8mb4 COLLATE utf8mb4_unicode_ci DEFAULT NULL,
  `type` varchar(255) CHARACTER SET utf8mb4 COLLATE utf8mb4_unicode_ci NOT NULL DEFAULT 'text_field',
  `is_publish` smallint NOT NULL DEFAULT '1',
  `is_activated` tinyint(1) NOT NULL DEFAULT '1',
  `is_deleted` tinyint(1) NOT NULL DEFAULT '0',
  `created_at` timestamp NULL DEFAULT NULL,
  `updated_at` timestamp NULL DEFAULT NULL,
  PRIMARY KEY (`id`)
) ENGINE=InnoDB AUTO_INCREMENT=15 DEFAULT CHARSET=utf8mb4 COLLATE=utf8mb4_unicode_ci;

--
-- Dumping data for table `settings`
--

INSERT INTO `settings` VALUES (1,'general','all','site_name','Site Name','KIREI',NULL,'required','text_field',1,1,0,'2022-11-17 02:40:28','2025-06-09 08:36:18'),(2,'general','all','system_name','System Name','KIREI',NULL,'required','text_field',1,1,0,'2022-11-17 02:40:28','2025-06-09 08:36:18'),(3,'general','all','system_email','System Email','kimonofun01@gmail.com',NULL,'required','text_field',1,1,0,'2022-11-17 02:40:28','2025-06-09 08:36:18'),(4,'general','all','admin_email','Admin Email','kimonofun01@gmail.com',NULL,'','text_field',1,1,0,'2022-11-17 02:40:28','2025-06-09 08:36:18'),(5,'general','all','support_email','Support Email','fujiyoshi@gxo.co.jp',NULL,'','text_field',1,1,0,'2022-11-17 02:40:28','2025-06-09 08:36:18'),(6,'general','all','phone_number','Phone Number','03423434343',NULL,'','text_field',1,1,0,'2022-11-17 02:40:28','2025-06-09 08:36:18'),(7,'general','all','company_name','Company','Kimono',NULL,'','text_field',1,1,0,'2022-11-17 02:40:28','2025-06-09 08:36:18'),(8,'general','all','company_address','Address','Tokyo',NULL,'','text_field',1,1,0,'2022-11-17 02:40:28','2025-06-09 08:36:18'),(9,'general','all','company_fax','FAX',NULL,NULL,'','text_field',1,1,0,'2022-11-17 02:40:28','2025-06-09 08:36:18'),(10,'general','all','company_hot_line','Hot Line',NULL,NULL,'','text_field',1,1,0,'2022-11-17 02:40:28','2025-06-09 08:36:18'),(11,'general','all','company_time','Works Time','平日 9：00～18：00',NULL,'','text_field',1,1,0,'2022-11-17 02:40:28','2025-06-09 08:36:18'),(12,'general','all','copy_right','Copyright','Copyright (C) Kimono . All Rights Reserved.',NULL,'','text_field',1,1,0,'2022-11-17 02:40:28','2025-06-09 08:36:18'),(13,'general','all','google_analytics','Google Analytics',NULL,NULL,'','text_area',1,1,0,'2022-11-17 02:40:28','2025-06-09 08:36:18'),(14,'shipping','all','shipping_cost_default','Shipping cost default','10000',NULL,'required','text_field',1,1,0,'2024-12-04 15:55:54','2024-12-04 15:55:54');

--
-- Table structure for table `shipping_costs`
--

CREATE TABLE `shipping_costs` (
  `id` bigint unsigned NOT NULL AUTO_INCREMENT,
  `area_id` bigint unsigned NOT NULL,
  `price` decimal(15,2) NOT NULL DEFAULT '0.00',
  `free_from` decimal(15,2) DEFAULT NULL,
  `description` tinytext CHARACTER SET utf8mb4 COLLATE utf8mb4_unicode_ci,
  `is_activated` smallint unsigned NOT NULL DEFAULT '1',
  `is_deleted` smallint unsigned NOT NULL DEFAULT '0',
  `created_at` timestamp NULL DEFAULT NULL,
  `updated_at` timestamp NULL DEFAULT NULL,
  PRIMARY KEY (`id`)
) ENGINE=InnoDB DEFAULT CHARSET=utf8mb4 COLLATE=utf8mb4_unicode_ci;

--
-- Dumping data for table `shipping_costs`
--


--
-- Table structure for table `slider_details`
--

CREATE TABLE `slider_details` (
  `id` bigint unsigned NOT NULL AUTO_INCREMENT,
  `slider_id` int NOT NULL,
  `name` varchar(255) CHARACTER SET utf8mb4 COLLATE utf8mb4_unicode_ci NOT NULL,
  `title` varchar(255) CHARACTER SET utf8mb4 COLLATE utf8mb4_unicode_ci DEFAULT NULL,
  `image` varchar(255) CHARACTER SET utf8mb4 COLLATE utf8mb4_unicode_ci NOT NULL,
  `origin_image` varchar(255) CHARACTER SET utf8mb4 COLLATE utf8mb4_unicode_ci DEFAULT NULL,
  `sub_image` varchar(255) CHARACTER SET utf8mb4 COLLATE utf8mb4_unicode_ci DEFAULT NULL,
  `description` text CHARACTER SET utf8mb4 COLLATE utf8mb4_unicode_ci,
  `is_line` smallint NOT NULL DEFAULT '1',
  `width` double(8,2) DEFAULT NULL,
  `height` double(8,2) DEFAULT NULL,
  `link` varchar(255) CHARACTER SET utf8mb4 COLLATE utf8mb4_unicode_ci DEFAULT NULL,
  `type_link` smallint NOT NULL DEFAULT '0',
  `color` varchar(255) CHARACTER SET utf8mb4 COLLATE utf8mb4_unicode_ci DEFAULT NULL,
  `stroke` varchar(255) CHARACTER SET utf8mb4 COLLATE utf8mb4_unicode_ci DEFAULT NULL,
  `border` smallint NOT NULL DEFAULT '0',
  `overlay_color` varchar(255) CHARACTER SET utf8mb4 COLLATE utf8mb4_unicode_ci NOT NULL DEFAULT '#FFF',
  `overlay_size` smallint NOT NULL DEFAULT '0',
  `overlay_opacity` smallint NOT NULL DEFAULT '0',
  `is_blur` smallint NOT NULL DEFAULT '0',
  `is_shadow` smallint NOT NULL DEFAULT '0',
  `created_at` timestamp NULL DEFAULT NULL,
  `updated_at` timestamp NULL DEFAULT NULL,
  PRIMARY KEY (`id`)
) ENGINE=InnoDB DEFAULT CHARSET=utf8mb4 COLLATE=utf8mb4_unicode_ci;

--
-- Dumping data for table `slider_details`
--


--
-- Table structure for table `sliders`
--

CREATE TABLE `sliders` (
  `id` bigint unsigned NOT NULL AUTO_INCREMENT,
  `name` varchar(255) CHARACTER SET utf8mb4 COLLATE utf8mb4_unicode_ci NOT NULL,
  `image` varchar(255) CHARACTER SET utf8mb4 COLLATE utf8mb4_unicode_ci DEFAULT NULL,
  `description` mediumtext CHARACTER SET utf8mb4 COLLATE utf8mb4_unicode_ci,
  `url` varchar(255) CHARACTER SET utf8mb4 COLLATE utf8mb4_unicode_ci DEFAULT NULL,
  `is_internal_url` smallint NOT NULL DEFAULT '1',
  `position` smallint NOT NULL DEFAULT '0',
  `group` smallint NOT NULL DEFAULT '0',
  `is_activated` smallint NOT NULL DEFAULT '1',
  `is_deleted` smallint NOT NULL DEFAULT '0',
  `created_at` timestamp NULL DEFAULT NULL,
  `updated_at` timestamp NULL DEFAULT NULL,
  PRIMARY KEY (`id`)
) ENGINE=InnoDB DEFAULT CHARSET=utf8mb4 COLLATE=utf8mb4_unicode_ci;

--
-- Dumping data for table `sliders`
--


--
-- Table structure for table `template_attachments`
--

CREATE TABLE `template_attachments` (
  `id` bigint unsigned NOT NULL AUTO_INCREMENT,
  `template_id` bigint unsigned NOT NULL,
  `title` varchar(255) CHARACTER SET utf8mb4 COLLATE utf8mb4_unicode_ci NOT NULL,
  `file_name` varchar(255) CHARACTER SET utf8mb4 COLLATE utf8mb4_unicode_ci NOT NULL,
  `file_type` varchar(255) CHARACTER SET utf8mb4 COLLATE utf8mb4_unicode_ci NOT NULL,
  `file_size` varchar(255) CHARACTER SET utf8mb4 COLLATE utf8mb4_unicode_ci NOT NULL,
  `file_extension` varchar(255) CHARACTER SET utf8mb4 COLLATE utf8mb4_unicode_ci NOT NULL,
  `created_at` timestamp NULL DEFAULT NULL,
  `updated_at` timestamp NULL DEFAULT NULL,
  PRIMARY KEY (`id`),
  KEY `template_attachments_template_id_foreign` (`template_id`),
  CONSTRAINT `template_attachments_template_id_foreign` FOREIGN KEY (`template_id`) REFERENCES `templates` (`id`) ON DELETE CASCADE
) ENGINE=InnoDB DEFAULT CHARSET=utf8mb4 COLLATE=utf8mb4_unicode_ci;

--
-- Dumping data for table `template_attachments`
--


--
-- Table structure for table `templates`
--

CREATE TABLE `templates` (
  `id` bigint unsigned NOT NULL AUTO_INCREMENT,
  `name` varchar(255) CHARACTER SET utf8mb4 COLLATE utf8mb4_unicode_ci NOT NULL,
  `type` smallint NOT NULL DEFAULT '0',
  `description` tinytext CHARACTER SET utf8mb4 COLLATE utf8mb4_unicode_ci,
  `title` varchar(255) CHARACTER SET utf8mb4 COLLATE utf8mb4_unicode_ci DEFAULT NULL,
  `content` longtext CHARACTER SET utf8mb4 COLLATE utf8mb4_unicode_ci,
  `user_id` bigint unsigned NOT NULL,
  `group` smallint NOT NULL DEFAULT '0',
  `is_activated` smallint NOT NULL DEFAULT '1',
  `is_deleted` smallint NOT NULL DEFAULT '0',
  `created_at` timestamp NULL DEFAULT NULL,
  `updated_at` timestamp NULL DEFAULT NULL,
  PRIMARY KEY (`id`),
  KEY `templates_user_id_foreign` (`user_id`),
  CONSTRAINT `templates_user_id_foreign` FOREIGN KEY (`user_id`) REFERENCES `users` (`id`)
) ENGINE=InnoDB DEFAULT CHARSET=utf8mb4 COLLATE=utf8mb4_unicode_ci;

--
-- Dumping data for table `templates`
--


--
-- Table structure for table `topic_keywords`
--

CREATE TABLE `topic_keywords` (
  `id` bigint unsigned NOT NULL AUTO_INCREMENT,
  `topic_id` int NOT NULL,
  `keyword_id` int NOT NULL,
  `created_at` timestamp NULL DEFAULT NULL,
  `updated_at` timestamp NULL DEFAULT NULL,
  PRIMARY KEY (`id`)
) ENGINE=InnoDB DEFAULT CHARSET=utf8mb4 COLLATE=utf8mb4_unicode_ci;

--
-- Dumping data for table `topic_keywords`
--


--
-- Table structure for table `topics`
--

CREATE TABLE `topics` (
  `id` bigint unsigned NOT NULL AUTO_INCREMENT,
  `code` varchar(255) CHARACTER SET utf8mb4 COLLATE utf8mb4_unicode_ci NOT NULL,
  `title` varchar(255) CHARACTER SET utf8mb4 COLLATE utf8mb4_unicode_ci NOT NULL,
  `thumbnail` varchar(255) CHARACTER SET utf8mb4 COLLATE utf8mb4_unicode_ci DEFAULT NULL,
  `author` varchar(255) CHARACTER SET utf8mb4 COLLATE utf8mb4_unicode_ci DEFAULT NULL,
  `rank_id` int DEFAULT NULL,
  `category_id` int DEFAULT NULL,
  `total_comment` int NOT NULL DEFAULT '0',
  `number_of_views` int NOT NULL DEFAULT '0',
  `seo_robots` varchar(255) CHARACTER SET utf8mb4 COLLATE utf8mb4_unicode_ci DEFAULT NULL,
  `seo_title` varchar(255) CHARACTER SET utf8mb4 COLLATE utf8mb4_unicode_ci DEFAULT NULL,
  `seo_description` text CHARACTER SET utf8mb4 COLLATE utf8mb4_unicode_ci,
  `seo_keywords` text CHARACTER SET utf8mb4 COLLATE utf8mb4_unicode_ci,
  `is_allow_comment` smallint NOT NULL DEFAULT '1',
  `is_activated` smallint NOT NULL DEFAULT '1',
  `is_deleted` smallint NOT NULL DEFAULT '0',
  `created_at` timestamp NULL DEFAULT NULL,
  `updated_at` timestamp NULL DEFAULT NULL,
  PRIMARY KEY (`id`)
) ENGINE=InnoDB DEFAULT CHARSET=utf8mb4 COLLATE=utf8mb4_unicode_ci;

--
-- Dumping data for table `topics`
--


--
-- Table structure for table `user_cards`
--

CREATE TABLE `user_cards` (
  `id` bigint unsigned NOT NULL AUTO_INCREMENT,
  `user_id` bigint unsigned NOT NULL,
  `payjp_card_id` varchar(255) CHARACTER SET utf8mb4 COLLATE utf8mb4_unicode_ci DEFAULT NULL,
  `card_number` varchar(255) CHARACTER SET utf8mb4 COLLATE utf8mb4_unicode_ci DEFAULT NULL,
  `card_name` varchar(255) CHARACTER SET utf8mb4 COLLATE utf8mb4_unicode_ci DEFAULT NULL,
  `card_brand` varchar(255) CHARACTER SET utf8mb4 COLLATE utf8mb4_unicode_ci DEFAULT NULL,
  `card_brand_logo` varchar(255) CHARACTER SET utf8mb4 COLLATE utf8mb4_unicode_ci DEFAULT NULL,
  `card_exp_month` varchar(255) CHARACTER SET utf8mb4 COLLATE utf8mb4_unicode_ci DEFAULT NULL,
  `card_exp_year` varchar(255) CHARACTER SET utf8mb4 COLLATE utf8mb4_unicode_ci DEFAULT NULL,
  `card_cvc` varchar(255) CHARACTER SET utf8mb4 COLLATE utf8mb4_unicode_ci DEFAULT NULL,
  `card_last_four` varchar(255) CHARACTER SET utf8mb4 COLLATE utf8mb4_unicode_ci DEFAULT NULL,
  `card_fingerprint` varchar(255) CHARACTER SET utf8mb4 COLLATE utf8mb4_unicode_ci DEFAULT NULL,
  `card_funding` varchar(255) CHARACTER SET utf8mb4 COLLATE utf8mb4_unicode_ci DEFAULT NULL,
  `is_default` smallint NOT NULL DEFAULT '0',
  `is_activated` smallint NOT NULL DEFAULT '1',
  `is_deleted` smallint NOT NULL DEFAULT '0',
  `created_at` timestamp NULL DEFAULT NULL,
  `updated_at` timestamp NULL DEFAULT NULL,
  PRIMARY KEY (`id`),
  KEY `user_cards_user_id_foreign` (`user_id`),
  CONSTRAINT `user_cards_user_id_foreign` FOREIGN KEY (`user_id`) REFERENCES `users` (`id`)
) ENGINE=InnoDB AUTO_INCREMENT=17 DEFAULT CHARSET=utf8mb4 COLLATE=utf8mb4_unicode_ci;

--
-- Dumping data for table `user_cards`
--


--
-- Table structure for table `user_payment_histories`
--

CREATE TABLE `user_payment_histories` (
  `id` bigint unsigned NOT NULL AUTO_INCREMENT,
  `user_id` bigint unsigned NOT NULL,
  `type` smallint unsigned NOT NULL DEFAULT '0',
  `order_id` bigint unsigned DEFAULT NULL,
  `payment_id` bigint unsigned DEFAULT NULL,
  `amount` double(15,2) DEFAULT NULL,
  `bank_name` varchar(255) CHARACTER SET utf8mb4 COLLATE utf8mb4_unicode_ci DEFAULT NULL,
  `bank_code` varchar(255) CHARACTER SET utf8mb4 COLLATE utf8mb4_unicode_ci DEFAULT NULL,
  `bank_branch_name` varchar(255) CHARACTER SET utf8mb4 COLLATE utf8mb4_unicode_ci DEFAULT NULL,
  `bank_branch_code` varchar(255) CHARACTER SET utf8mb4 COLLATE utf8mb4_unicode_ci DEFAULT NULL,
  `bank_account_type` varchar(255) CHARACTER SET utf8mb4 COLLATE utf8mb4_unicode_ci DEFAULT NULL,
  `bank_account_number` varchar(255) CHARACTER SET utf8mb4 COLLATE utf8mb4_unicode_ci DEFAULT NULL,
  `bank_holder_name` varchar(255) CHARACTER SET utf8mb4 COLLATE utf8mb4_unicode_ci DEFAULT NULL,
  `payment_status` smallint unsigned NOT NULL DEFAULT '1',
  `created_at` timestamp NULL DEFAULT NULL,
  `updated_at` timestamp NULL DEFAULT NULL,
  PRIMARY KEY (`id`)
) ENGINE=InnoDB AUTO_INCREMENT=15 DEFAULT CHARSET=utf8mb4 COLLATE=utf8mb4_unicode_ci;

--
-- Dumping data for table `user_payment_histories`
--


--
-- Table structure for table `user_types`
--

CREATE TABLE `user_types` (
  `id` bigint unsigned NOT NULL AUTO_INCREMENT,
  `user_id` bigint unsigned NOT NULL,
  `type` smallint unsigned NOT NULL,
  `created_at` timestamp NULL DEFAULT NULL,
  `updated_at` timestamp NULL DEFAULT NULL,
  PRIMARY KEY (`id`),
  KEY `user_types_user_id_foreign` (`user_id`),
  CONSTRAINT `user_types_user_id_foreign` FOREIGN KEY (`user_id`) REFERENCES `users` (`id`) ON DELETE CASCADE
) ENGINE=InnoDB AUTO_INCREMENT=74 DEFAULT CHARSET=utf8mb4 COLLATE=utf8mb4_unicode_ci;

--
-- Dumping data for table `user_types`
--


--
-- Table structure for table `user_wishlists`
--

CREATE TABLE `user_wishlists` (
  `id` bigint unsigned NOT NULL AUTO_INCREMENT,
  `user_id` bigint unsigned DEFAULT NULL,
  `product_id` bigint unsigned DEFAULT NULL,
  `created_at` timestamp NULL DEFAULT NULL,
  `updated_at` timestamp NULL DEFAULT NULL,
  PRIMARY KEY (`id`)
) ENGINE=InnoDB AUTO_INCREMENT=14 DEFAULT CHARSET=utf8mb4 COLLATE=utf8mb4_unicode_ci;

--
-- Dumping data for table `user_wishlists`
--


--
-- Table structure for table `users`
--

CREATE TABLE `users` (
  `id` bigint unsigned NOT NULL AUTO_INCREMENT,
  `name` varchar(255) CHARACTER SET utf8mb4 COLLATE utf8mb4_unicode_ci NOT NULL,
  `full_name` varchar(255) CHARACTER SET utf8mb4 COLLATE utf8mb4_unicode_ci DEFAULT NULL,
  `furigana_name` varchar(255) CHARACTER SET utf8mb4 COLLATE utf8mb4_unicode_ci DEFAULT NULL,
  `furigana_last_name` varchar(255) CHARACTER SET utf8mb4 COLLATE utf8mb4_unicode_ci DEFAULT NULL,
  `furigana_first_name` varchar(255) CHARACTER SET utf8mb4 COLLATE utf8mb4_unicode_ci DEFAULT NULL,
  `last_name` varchar(255) CHARACTER SET utf8mb4 COLLATE utf8mb4_unicode_ci DEFAULT NULL,
  `first_name` varchar(255) CHARACTER SET utf8mb4 COLLATE utf8mb4_unicode_ci DEFAULT NULL,
  `username` varchar(255) CHARACTER SET utf8mb4 COLLATE utf8mb4_unicode_ci DEFAULT NULL,
  `email` varchar(255) CHARACTER SET utf8mb4 COLLATE utf8mb4_unicode_ci NOT NULL,
  `email2` varchar(255) CHARACTER SET utf8mb4 COLLATE utf8mb4_unicode_ci DEFAULT NULL,
  `email_verified_at` timestamp NULL DEFAULT NULL,
  `verify_code` varchar(255) CHARACTER SET utf8mb4 COLLATE utf8mb4_unicode_ci DEFAULT NULL,
  `verify_card` smallint unsigned NOT NULL DEFAULT '0',
  `verify_created_at` datetime DEFAULT NULL,
  `email_subscribe` smallint DEFAULT NULL,
  `email_format` smallint DEFAULT NULL,
  `password` varchar(255) CHARACTER SET utf8mb4 COLLATE utf8mb4_unicode_ci NOT NULL,
  `remember_token` varchar(100) CHARACTER SET utf8mb4 COLLATE utf8mb4_unicode_ci DEFAULT NULL,
  `avatar` varchar(255) CHARACTER SET utf8mb4 COLLATE utf8mb4_unicode_ci DEFAULT NULL,
  `gender` int NOT NULL DEFAULT '1',
  `career` varchar(255) CHARACTER SET utf8mb4 COLLATE utf8mb4_unicode_ci DEFAULT NULL,
  `date_of_birth` date DEFAULT NULL,
  `age` varchar(255) CHARACTER SET utf8mb4 COLLATE utf8mb4_unicode_ci NOT NULL DEFAULT '1',
  `post_code` varchar(255) CHARACTER SET utf8mb4 COLLATE utf8mb4_unicode_ci DEFAULT NULL,
  `district` varchar(255) CHARACTER SET utf8mb4 COLLATE utf8mb4_unicode_ci DEFAULT NULL,
  `city` varchar(255) CHARACTER SET utf8mb4 COLLATE utf8mb4_unicode_ci DEFAULT NULL,
  `address` mediumtext CHARACTER SET utf8mb4 COLLATE utf8mb4_unicode_ci,
  `address2` mediumtext CHARACTER SET utf8mb4 COLLATE utf8mb4_unicode_ci,
  `line_id` varchar(255) CHARACTER SET utf8mb4 COLLATE utf8mb4_unicode_ci DEFAULT NULL,
  `phone_number` varchar(255) CHARACTER SET utf8mb4 COLLATE utf8mb4_unicode_ci DEFAULT NULL,
  `fax_number` varchar(255) CHARACTER SET utf8mb4 COLLATE utf8mb4_unicode_ci DEFAULT NULL,
  `mobile_tel` varchar(255) CHARACTER SET utf8mb4 COLLATE utf8mb4_unicode_ci DEFAULT NULL,
  `emg_tel` varchar(255) CHARACTER SET utf8mb4 COLLATE utf8mb4_unicode_ci DEFAULT NULL,
  `point` int NOT NULL DEFAULT '0',
  `point_rate` int NOT NULL DEFAULT '1000',
  `driver_license` varchar(255) CHARACTER SET utf8mb4 COLLATE utf8mb4_unicode_ci DEFAULT NULL,
  `insurance_card` varchar(255) CHARACTER SET utf8mb4 COLLATE utf8mb4_unicode_ci DEFAULT NULL,
  `number_card` varchar(255) CHARACTER SET utf8mb4 COLLATE utf8mb4_unicode_ci DEFAULT NULL,
  `shipping_post_code` varchar(255) CHARACTER SET utf8mb4 COLLATE utf8mb4_unicode_ci DEFAULT NULL,
  `shipping_city` varchar(255) CHARACTER SET utf8mb4 COLLATE utf8mb4_unicode_ci DEFAULT NULL,
  `shipping_district` varchar(255) CHARACTER SET utf8mb4 COLLATE utf8mb4_unicode_ci DEFAULT NULL,
  `shipping_address` varchar(255) CHARACTER SET utf8mb4 COLLATE utf8mb4_unicode_ci DEFAULT NULL,
  `shipping_address2` varchar(255) CHARACTER SET utf8mb4 COLLATE utf8mb4_unicode_ci DEFAULT NULL,
  `height` double(5,2) DEFAULT NULL,
  `sleeve` double(5,2) DEFAULT NULL,
  `waist` double(5,2) DEFAULT NULL,
  `bank_name` varchar(255) CHARACTER SET utf8mb4 COLLATE utf8mb4_unicode_ci DEFAULT NULL,
  `bank_code` varchar(255) CHARACTER SET utf8mb4 COLLATE utf8mb4_unicode_ci DEFAULT NULL,
  `bank_branch_name` varchar(255) CHARACTER SET utf8mb4 COLLATE utf8mb4_unicode_ci DEFAULT NULL,
  `bank_branch_code` varchar(255) CHARACTER SET utf8mb4 COLLATE utf8mb4_unicode_ci DEFAULT NULL,
  `bank_account_type` varchar(255) CHARACTER SET utf8mb4 COLLATE utf8mb4_unicode_ci DEFAULT NULL,
  `bank_account_number` varchar(255) CHARACTER SET utf8mb4 COLLATE utf8mb4_unicode_ci DEFAULT NULL,
  `bank_holder_name` varchar(255) CHARACTER SET utf8mb4 COLLATE utf8mb4_unicode_ci DEFAULT NULL,
  `introduction` text CHARACTER SET utf8mb4 COLLATE utf8mb4_unicode_ci,
  `slug` varchar(255) CHARACTER SET utf8mb4 COLLATE utf8mb4_unicode_ci DEFAULT NULL,
  `reminder_question` smallint DEFAULT NULL,
  `reminder_answer` varchar(255) CHARACTER SET utf8mb4 COLLATE utf8mb4_unicode_ci DEFAULT NULL,
  `reset_password_time` datetime DEFAULT NULL,
  `reset_password_code` varchar(255) CHARACTER SET utf8mb4 COLLATE utf8mb4_unicode_ci DEFAULT NULL,
  `login_url` varchar(255) CHARACTER SET utf8mb4 COLLATE utf8mb4_unicode_ci NOT NULL DEFAULT 'history',
  `is_temp` smallint NOT NULL DEFAULT '0',
  `is_deleted` smallint NOT NULL DEFAULT '0',
  `is_activated` smallint NOT NULL DEFAULT '1',
  `created_by` int NOT NULL DEFAULT '1',
  `created_at` timestamp NULL DEFAULT NULL,
  `updated_at` timestamp NULL DEFAULT NULL,
  `payjp_customer_id` varchar(255) CHARACTER SET utf8mb4 COLLATE utf8mb4_unicode_ci DEFAULT NULL,
  `identity_status` enum('not_submitted','pending','approved','rejected') CHARACTER SET utf8mb4 COLLATE utf8mb4_unicode_ci NOT NULL DEFAULT 'not_submitted' COMMENT 'Trạng thái xác minh danh tính',
  `identity_submitted_at` timestamp NULL DEFAULT NULL COMMENT 'Thời điểm nộp giấy tờ',
  `identity_approved_at` timestamp NULL DEFAULT NULL COMMENT 'Thời điểm được duyệt',
  `identity_rejected_at` timestamp NULL DEFAULT NULL COMMENT 'Thời điểm bị từ chối',
  `identity_rejection_count` tinyint unsigned NOT NULL DEFAULT '0' COMMENT 'Số lần bị từ chối',
  `identity_rejection_reason` text CHARACTER SET utf8mb4 COLLATE utf8mb4_unicode_ci COMMENT 'Lý do từ chối',
  `driver_license_front` varchar(500) CHARACTER SET utf8mb4 COLLATE utf8mb4_unicode_ci DEFAULT NULL COMMENT 'Ảnh mặt trước bằng lái xe',
  `driver_license_back` varchar(500) CHARACTER SET utf8mb4 COLLATE utf8mb4_unicode_ci DEFAULT NULL COMMENT 'Ảnh mặt sau bằng lái xe',
  `my_number_card_front` varchar(500) CHARACTER SET utf8mb4 COLLATE utf8mb4_unicode_ci DEFAULT NULL COMMENT 'Ảnh mặt trước thẻ My Number',
  `identity_document_type` enum('driver_license','my_number_card') CHARACTER SET utf8mb4 COLLATE utf8mb4_unicode_ci DEFAULT NULL COMMENT 'Loại giấy tờ sử dụng để xác minh',
  PRIMARY KEY (`id`),
  UNIQUE KEY `users_email_unique` (`email`),
  KEY `users_identity_status_index` (`identity_status`)
) ENGINE=InnoDB AUTO_INCREMENT=136 DEFAULT CHARSET=utf8mb4 COLLATE=utf8mb4_unicode_ci;

--
-- Dumping data for table `users`
--

INSERT INTO `users` VALUES (1,'川嶋 亜希子 様','川嶋 亜希子 様','川嶋 亜希子 様','川嶋 亜希子 様','川嶋 亜希子 様','川嶋 亜希子 様','川嶋 亜希子 様','F6KH678821J4','admin@admin.dev','2222@gmailc.om',NULL,'123456',1,'2026-03-16 13:14:00',1,1,'$2y$10$gWrufyOVUZJN5V13YZCPLO29/RpemSylxbx8PVd26ruG/EhBr6tNm',NULL,'avatar.png',1,'2','1986-01-17','2','1600012','新宿区','東京都','南元町111-115',NULL,NULL,'03123456789','0312345678','031234567933','0312345678',0,1000,'76c82a735f4c926e48cfbda90afbb56a.jpg','0d6489dff02c521d847c20305875908d.jpg','2a523e022f10f1e83856f14373f99fa9.jpg','222','2222','222','2555','222',300.00,88.00,122.00,'福岡','0177','本店営業部','100','0','1234567','RYO FUJIYOSHI','2322 2323','F6KH678821J4',2,'2222',NULL,NULL,'/',0,0,1,1,'2020-04-10 00:46:22','2026-03-16 06:14:00','cus_a8da0364d07e99426b7ef92c51a5','not_submitted',NULL,NULL,NULL,0,NULL,NULL,NULL,NULL,NULL);

--
-- Dumping routines for database 'moro_temp'
--


