(74596,77,'565652_31462','565652_31462','67a39c52b6e0213bc84c4d2aa89d9692',111.000,1,0,0,'2023-06-12 19:05:13','2023-06-12 19:05:13'),(74597,77,'565652_31463','565652_31463','1efdaaad54fcaab8ced5dff70d249796',111.000,1,0,0,'2023-06-12 19:05:13','2023-06-12 19:05:13'),(74598,77,'565652_31464','565652_31464','c27e98704170746f3dbbdfff6787e5e7',111.000,1,0,0,'2023-06-12 19:05:13','2023-06-12 19:05:13'),(74599,77,'565652_31465','565652_31465','ec73328873e7c008a25ae26eeaa5819e',111.000,1,0,0,'2023-06-12 19:05:13','2023-06-12 19:05:13'),(74600,77,'565652_31466','565652_31466','562f0c9c35892128695f9b11331c0346',111.000,1,0,0,'2023-06-12 19:05:13','2023-06-12 19:05:13'),(74601,77,'565652_31467','565652_31467','a2240123e31fea40982a4b30092c2c79',111.000,1,0,0,'2023-06-12 19:05:13','2023-06-12 19:05:13'),(74602,77,'565652_31468','565652_31468','bf65213ab8d33416bea748eb50ee505c',111.000,1,0,0,'2023-06-12 19:05:13','2023-06-12 19:05:13'),(74603,77,'565652_31469','565652_31469','ba5b5ab0e67f44d480d33ad939f485fb',111.000,1,0,0,'2023-06-12 19:05:13','2023-06-12 19:05:13'),(74604,77,'565652_31470','565652_31470','e597445dbf5126ba144d8944b3cc0095',111.000,1,0,0,'2023-06-12 19:05:13','2023-06-12 19:05:13'),(74605,77,'565652_31471','565652_31471','5238a47c5ef16a305f77b0128ca46617',111.000,1,0,0,'2023-06-12 19:05:13','2023-06-12 19:05:13'),(74606,77,'565652_31472','565652_31472','258fcfeeb4775df5de64bd7fc3db1125',111.000,1,0,0,'2023-06-12 19:05:13','2023-06-12 19:05:13'),(74607,77,'565652_31473','565652_31473','0589f54e04db42ea6afbcd3fc191df75',111.000,1,0,0,'2023-06-12 19:05:13','2023-06-12 19:05:13'),(74608,77,'565652_31474','565652_31474','b631f6761f8fd91d464a514fbd196800',111.000,1,0,0,'2023-06-12 19:05:13','2023-06-12 19:05:13'),(74609,77,'565652_31475','565652_31475','b86c871c0ad204a25f7fa445f362fe09',111.000,1,0,0,'2023-06-12 19:05:13','2023-06-12 19:05:13'),(74610,77,'565652_31476','565652_31476','53de448634bd76fed7ca5ccb0b0297a3',111.000,1,0,0,'2023-06-12 19:05:14','2023-06-12 19:05:14'),(74611,77,'565652_31477','565652_31477','55c29e11de7e68ede007d3fce176d8c1',111.000,1,0,0,'2023-06-12 19:05:14','2023-06-12 19:05:14'),(74612,77,'565652_31478','565652_31478','daacd9ff2751d10f162dfeca81a2cb6e',111.000,1,0,0,'2023-06-12 19:05:14','2023-06-12 19:05:14'),(74613,77,'565652_31479','565652_31479','3519cbc0f6b43a71a2bb48a4263c1ee9',111.000,1,0,0,'2023-06-12 19:05:14','2023-06-12 19:05:14'),(74614,77,'565652_31480','565652_31480','b9dc9a5201af58bb09ca8f7a42e64c14',111.000,1,0,0,'2023-06-12 19:05:14','2023-06-12 19:05:14'),(74615,77,'565652_31481','565652_31481','840651859b9442a16ba30ee57be4ec0f',111.000,1,0,0,'2023-06-12 19:05:14','2023-06-12 19:05:14'),(74616,77,'565652_31482','565652_31482','5acc1c996b9a38ad2924b18f90a4c452',111.000,1,0,0,'2023-06-12 19:05:14','2023-06-12 19:05:14'),(74617,77,'565652_31483','565652_31483','6972d7683903767126d1baa4a9199de8',111.000,1,0,0,'2023-06-12 19:05:14','2023-06-12 19:05:14'),(74618,77,'565652_31484','565652_31484','cbde0301d77e981a5a9d94fd7f6439a3',111.000,1,0,0,'2023-06-12 19:05:14','2023-06-12 19:05:14'),(74619,77,'565652_31485','565652_31485','a8e5585ff15f763f9fd329fdf464b0ba',111.000,1,0,0,'2023-06-12 19:05:14','2023-06-12 19:05:14'),(74620,77,'565652_31486','565652_31486','8ec726325749e64ea8c0ebb941408729',111.000,1,0,0,'2023-06-12 19:05:14','2023-06-12 19:05:14'),(74621,77,'565652_31487','565652_31487','a5193e4b39692d408504a76732f51364',111.000,1,0,0,'2023-06-12 19:05:14','2023-06-12 19:05:14'),(74622,77,'565652_31488','565652_31488','751de808d11d621114fc0d86a7821f1d',111.000,1,0,0,'2023-06-12 19:05:14','2023-06-12 19:05:14'),(74623,77,'565652_31489','565652_31489','17c429353cf5fb0e5344f429163e6b7b',111.000,1,0,0,'2023-06-12 19:05:14','2023-06-12 19:05:14'),(74624,77,'565652_31490','565652_31490','8c33dbde96fb93426fe097c94d6ea4ba',111.000,1,0,0,'2023-06-12 19:05:14','2023-06-12 19:05:14'),(74625,77,'565652_31491','565652_31491','c0d810b8dbe93f2b15b838f453260478',111.000,1,0,0,'2023-06-12 19:05:14','2023-06-12 19:05:14'),(74626,77,'565652_31492','565652_31492','8dcc5eddcc214f2e1c4cf670857a62ae',111.000,1,0,0,'2023-06-12 19:05:14','2023-06-12 19:05:14'),(74627,77,'565652_31493','565652_31493','931baf5b7ff1a98fa3704aa6fcdb8f2e',111.000,1,0,0,'2023-06-12 19:05:14','2023-06-12 19:05:14'),(74628,77,'565652_31494','565652_31494','77cb49e4d7885e8166385c1c61005beb',111.000,1,0,0,'2023-06-12 19:05:14','2023-06-12 19:05:14'),(74629,77,'565652_31495','565652_31495','15a47b0ee0303bc2879dd275121e04c8',111.000,1,0,0,'2023-06-12 19:05:14','2023-06-12 19:05:14'),(74630,77,'565652_31496','565652_31496','dd3eb21cae99aedb06f5250ebe60259b',111.000,1,0,0,'2023-06-12 19:05:14','2023-06-12 19:05:14'),(74631,77,'565652_31497','565652_31497','7340e2b5b333111c317f49fdbb5c48dc',111.000,1,0,0,'2023-06-12 19:05:14','2023-06-12 19:05:14'),(74632,77,'565652_31498','565652_31498','f6009a42e220b0e71726efb74e6e6f59',111.000,1,0,0,'2023-06-12 19:05:14','2023-06-12 19:05:14'),(74633,77,'565652_31499','565652_31499','239b3312d3488ef9073703be5080a565',111.000,1,0,0,'2023-06-12 19:05:14','2023-06-12 19:05:14'),(74634,77,'565652_31500','565652_31500','4a810ee602ba6207e57c8d331dd44f71',111.000,1,0,0,'2023-06-12 19:05:14','2023-06-12 19:05:14'),(74635,77,'565652_31501','565652_31501','c7946aa42e4eed1522c184b8cbeb9eda',111.000,1,0,0,'2023-06-12 19:05:15','2023-06-12 19:05:15'),(74636,77,'565652_31502','565652_31502','f28aacb9e6b8a70892af2e9a10080d5d',111.000,1,0,0,'2023-06-12 19:05:15','2023-06-12 19:05:15'),(74637,77,'565652_31503','565652_31503','7cedccfd84800a0e0f14944402e660a2',111.000,1,0,0,'2023-06-12 19:05:15','2023-06-12 19:05:15'),(74638,77,'565652_31504','565652_31504','d4dc15513332d3d8a177c0041cd27a6a',111.000,1,0,0,'2023-06-12 19:05:15','2023-06-12 19:05:15'),(74639,77,'565652_31505','565652_31505','b3d5eae9a38bf4c1195137365ea7ec83',111.000,1,0,0,'2023-06-12 19:05:15','2023-06-12 19:05:15'),(74640,77,'565652_31506','565652_31506','c684203ec6e8a4203a0c345afd344e60',111.000,1,0,0,'2023-06-12 19:05:15','2023-06-12 19:05:15'),(74641,77,'565652_31507','565652_31507','7d611eb85e629c3ff2a8cfb58332822b',111.000,1,0,0,'2023-06-12 19:05:15','2023-06-12 19:05:15'),(74642,77,'565652_31508','565652_31508','3396453f31088857a8b1f651f5591817',111.000,1,0,0,'2023-06-12 19:05:15','2023-06-12 19:05:15'),(74643,77,'565652_31509','565652_31509','fce421cd778fcb4a75c5db8b784e063d',111.000,1,0,0,'2023-06-12 19:05:15','2023-06-12 19:05:15'),(74644,77,'565652_31510','565652_31510','3acd0aa278c91af34e733c739fec14ce',111.000,1,0,0,'2023-06-12 19:05:15','2023-06-12 19:05:15'),(74645,77,'565652_31511','565652_31511','5960c7147e3aba397b774f00ccb92584',111.000,1,0,0,'2023-06-12 19:05:15','2023-06-12 19:05:15'),(74646,77,'565652_31512','565652_31512','8d3e3a9656479501d5c3021d7af47f6a',111.000,1,0,0,'2023-06-12 19:05:15','2023-06-12 19:05:15'),(74647,77,'565652_31513','565652_31513','2518115cd7270c1a99455c2946b5e8b5',111.000,1,0,0,'2023-06-12 19:05:15','2023-06-12 19:05:15'),(74648,77,'565652_31514','565652_31514','98aec4d37b4025818f205ee242fef0d4',111.000,1,0,0,'2023-06-12 19:05:15','2023-06-12 19:05:15'),(74649,77,'565652_31515','565652_31515','102a64a3867bb7d7202d9d5230cf9703',111.000,1,0,0,'2023-06-12 19:05:15','2023-06-12 19:05:15'),(74650,77,'565652_31516','565652_31516','acee29ace5a31f975dc9076de7ed1695',111.000,1,0,0,'2023-06-12 19:05:15','2023-06-12 19:05:15'),(74651,77,'565652_31517','565652_31517','4e2089b850fcba4a843a8a3774e59a0e',111.000,1,0,0,'2023-06-12 19:05:15','2023-06-12 19:05:15'),(74652,77,'565652_31518','565652_31518','37db274942d837dec287019e57da94cd',111.000,1,0,0,'2023-06-12 19:05:15','2023-06-12 19:05:15'),(74653,77,'565652_31519','565652_31519','062f1014e45d4a30850a386d7aa1f937',111.000,1,0,0,'2023-06-12 19:05:15','2023-06-12 19:05:15'),(74654,77,'565652_31520','565652_31520','8640c54a9c58bf0deea506167610a9e7',111.000,1,0,0,'2023-06-12 19:05:15','2023-06-12 19:05:15'),(74655,77,'565652_31521','565652_31521','d9dc870b5ad219f29302b3f1aad4017d',111.000,1,0,0,'2023-06-12 19:05:15','2023-06-12 19:05:15'),(74656,77,'565652_31522','565652_31522','0cef8ae5fd9dce9d1c99762ff31ec589',111.000,1,0,0,'2023-06-12 19:05:15','2023-06-12 19:05:15'),(74657,77,'565652_31523','565652_31523','1623c2fbc9b349c9e7462e95df7d5a69',111.000,1,0,0,'2023-06-12 19:05:15','2023-06-12 19:05:15'),(74658,77,'565652_31524','565652_31524','7f7171cb3fcbd89f57e70474aa2d15fd',111.000,1,0,0,'2023-06-12 19:05:15','2023-06-12 19:05:15'),(74659,77,'565652_31525','565652_31525','4ef7b4c98091a72a94009235d741648a',111.000,1,0,0,'2023-06-12 19:05:16','2023-06-12 19:05:16'),(74660,77,'565652_31526','565652_31526','5d05af96a273cff7750f05f6a69fd58b',111.000,1,0,0,'2023-06-12 19:05:16','2023-06-12 19:05:16'),(74661,77,'565652_31527','565652_31527','b6c3cf9227f65a4c3f6711f109f15898',111.000,1,0,0,'2023-06-12 19:05:16','2023-06-12 19:05:16'),(74662,77,'565652_31528','565652_31528','2c02d3575f25b7f63e9dd6255c09df33',111.000,1,0,0,'2023-06-12 19:05:16','2023-06-12 19:05:16'),(74663,77,'565652_31529','565652_31529','5c52c32445ac96176c4d5a14c78e3fd1',111.000,1,0,0,'2023-06-12 19:05:16','2023-06-12 19:05:16'),(74664,77,'565652_31530','565652_31530','b34d0be4f9c7a380f733df0e185a77d0',111.000,1,0,0,'2023-06-12 19:05:16','2023-06-12 19:05:16'),(74665,77,'565652_31531','565652_31531','416b156937df1867877b5ee1a82c2c24',111.000,1,0,0,'2023-06-12 19:05:16','2023-06-12 19:05:16'),(74666,77,'565652_31532','565652_31532','3ac37936d715e230f3c1950102fc33a1',111.000,1,0,0,'2023-06-12 19:05:16','2023-06-12 19:05:16'),(74667,77,'565652_31533','565652_31533','0f84f296fe8fd875bfee0cac2a5cae35',111.000,1,0,0,'2023-06-12 19:05:16','2023-06-12 19:05:16'),(74668,77,'565652_31534','565652_31534','90f0bbfa91056a5fe0102fe21176f450',111.000,1,0,0,'2023-06-12 19:05:16','2023-06-12 19:05:16'),(74669,77,'565652_31535','565652_31535','73c49527f45f7b48275d8e92be7b1c1e',111.000,1,0,0,'2023-06-12 19:05:16','2023-06-12 19:05:16'),(74670,77,'565652_31536','565652_31536','150078b0281badd055661e52a517135e',111.000,1,0,0,'2023-06-12 19:05:16','2023-06-12 19:05:16'),(74671,77,'565652_31537','565652_31537','d1fd9d7b383c42f55a5b22d22b213628',111.000,1,0,0,'2023-06-12 19:05:16','2023-06-12 19:05:16'),(74672,77,'565652_31538','565652_31538','3d40acf09483bd95250a10c43d642e16',111.000,1,0,0,'2023-06-12 19:05:16','2023-06-12 19:05:16'),(74673,77,'565652_31539','565652_31539','1636b7bfdd3d0db5f0d9269ee7646986',111.000,1,0,0,'2023-06-12 19:05:16','2023-06-12 19:05:16'),(74674,77,'565652_31540','565652_31540','a81a7cc64fc4c3cbec6b20cc4ccec9a1',111.000,1,0,0,'2023-06-12 19:05:16','2023-06-12 19:05:16'),(74675,77,'565652_31541','565652_31541','3d77d8e01336bd786f7b73137f05f1e9',111.000,1,0,0,'2023-06-12 19:05:16','2023-06-12 19:05:16'),(74676,77,'565652_31542','565652_31542','70905565163c8644952585f44a1bbb23',111.000,1,0,0,'2023-06-12 19:05:16','2023-06-12 19:05:16'),(74677,77,'565652_31543','565652_31543','a8a48a00c8299b38953c1bca8fbe0f42',111.000,1,0,0,'2023-06-12 19:05:16','2023-06-12 19:05:16'),(74678,77,'565652_31544','565652_31544','973baa5c4fd4152e15053d9d278bd277',111.000,1,0,0,'2023-06-12 19:05:16','2023-06-12 19:05:16'),(74679,77,'565652_31545','565652_31545','7658b0f65d40cb60d2f8d77f25dbbbb0',111.000,1,0,0,'2023-06-12 19:05:16','2023-06-12 19:05:16'),(74680,77,'565652_31546','565652_31546','f1c61b989fed884d3261ba94c57ebb51',111.000,1,0,0,'2023-06-12 19:05:16','2023-06-12 19:05:16'),(74681,77,'565652_31547','565652_31547','0c5c5d2d7bba86042c5db2ba11ac7e5c',111.000,1,0,0,'2023-06-12 19:05:16','2023-06-12 19:05:16'),(74682,77,'565652_31548','565652_31548','6a66075d0393e90011b0cbfa4e159e60',111.000,1,0,0,'2023-06-12 19:05:16','2023-06-12 19:05:16'),(74683,77,'565652_31549','565652_31549','eb7f6fc9addbe70d6a1b6dd8edf9799c',111.000,1,0,0,'2023-06-12 19:05:17','2023-06-12 19:05:17'),(74684,77,'565652_31550','565652_31550','af80fbedc2227edc723786f8c4997d64',111.000,1,0,0,'2023-06-12 19:05:17','2023-06-12 19:05:17'),(74685,77,'565652_31551','565652_31551','e3f92ddd3bc6a2e438a3ce2515a0ee9e',111.000,1,0,0,'2023-06-12 19:05:17','2023-06-12 19:05:17'),(74686,77,'565652_31552','565652_31552','63f967b660d94bdbcb6f6ab8e60d31c8',111.000,1,0,0,'2023-06-12 19:05:17','2023-06-12 19:05:17'),(74687,77,'565652_31553','565652_31553','cee3dcff18de2a44f0536cfd04605662',111.000,1,0,0,'2023-06-12 19:05:17','2023-06-12 19:05:17'),(74688,77,'565652_31554','565652_31554','98aaaaecfcffb58cff86b80f350650b4',111.000,1,0,0,'2023-06-12 19:05:17','2023-06-12 19:05:17'),(74689,77,'565652_31555','565652_31555','276aa96ad4db3d487800390463f5acf9',111.000,1,0,0,'2023-06-12 19:05:17','2023-06-12 19:05:17'),(74690,77,'565652_31556','565652_31556','bdaa7cb98bf5e6e8632b2a509dc34fa9',111.000,1,0,0,'2023-06-12 19:05:17','2023-06-12 19:05:17'),(74691,77,'565652_31557','565652_31557','686f9617da8b6b3c2c665fa9679d3326',111.000,1,0,0,'2023-06-12 19:05:17','2023-06-12 19:05:17'),(74692,77,'565652_31558','565652_31558','c43f4b5d643234d1501249a52433f31f',111.000,1,0,0,'2023-06-12 19:05:17','2023-06-12 19:05:17'),(74693,77,'565652_31559','565652_31559','c9c9cada506d4f8f9109aacdd7e689ea',111.000,1,0,0,'2023-06-12 19:05:17','2023-06-12 19:05:17'),(74694,77,'565652_31560','565652_31560','e62932521ab43d8eae650541d922dccd',111.000,1,0,0,'2023-06-12 19:05:17','2023-06-12 19:05:17'),(74695,77,'565652_31561','565652_31561','ed1683752bf21f0a9d05753d9725fd7a',111.000,1,0,0,'2023-06-12 19:05:17','2023-06-12 19:05:17'),(74696,77,'565652_31562','565652_31562','f19de6d3b821b85f359ad6c2acb6ddc3',111.000,1,0,0,'2023-06-12 19:05:17','2023-06-12 19:05:17'),(74697,77,'565652_31563','565652_31563','8397897994829600a908917a9d3cf265',111.000,1,0,0,'2023-06-12 19:05:17','2023-06-12 19:05:17'),(74698,77,'565652_31564','565652_31564','af6320290ccc9e1007a9fad6bdf8dbf5',111.000,1,0,0,'2023-06-12 19:05:17','2023-06-12 19:05:17'),(74699,77,'565652_31565','565652_31565','525dada486f329be7d09de1803286aed',111.000,1,0,0,'2023-06-12 19:05:17','2023-06-12 19:05:17'),(74700,77,'565652_31566','565652_31566','a4d4384b0ae73f11d5350334ad84eb58',111.000,1,0,0,'2023-06-12 19:05:17','2023-06-12 19:05:17'),(74701,77,'565652_31567','565652_31567','7ff05d97564839f5ee2e90410b37ef13',111.000,1,0,0,'2023-06-12 19:05:17','2023-06-12 19:05:17'),(74702,77,'565652_31568','565652_31568','03fca89016737f4ed7144846afbfe64e',111.000,1,0,0,'2023-06-12 19:05:17','2023-06-12 19:05:17'),(74703,77,'565652_31569','565652_31569','1ecfbe57be7020aafadc701533f9753a',111.000,1,0,0,'2023-06-12 19:05:17','2023-06-12 19:05:17'),(74704,77,'565652_31570','565652_31570','1b2ef5447e0efcb1e2a00399526a314b',111.000,1,0,0,'2023-06-12 19:05:17','2023-06-12 19:05:17'),(74705,77,'565652_31571','565652_31571','fd48b4271796b4fb1fcae6bc150b229c',111.000,1,0,0,'2023-06-12 19:05:17','2023-06-12 19:05:17'),(74706,77,'565652_31572','565652_31572','7c0d83ad3c91f4cb9b9d3a9992dc9b68',111.000,1,0,0,'2023-06-12 19:05:18','2023-06-12 19:05:18'),(74707,77,'565652_31573','565652_31573','cbe42dfc22be06394124f9c7dfc277f8',111.000,1,0,0,'2023-06-12 19:05:18','2023-06-12 19:05:18'),(74708,77,'565652_31574','565652_31574','93b9a9c65c669ecd2f5a4cfccbbeed76',111.000,1,0,0,'2023-06-12 19:05:18','2023-06-12 19:05:18'),(74709,77,'565652_31575','565652_31575','0efe467db3c46c6f49502a5d3052b585',111.000,1,0,0,'2023-06-12 19:05:18','2023-06-12 19:05:18'),(74710,77,'565652_31576','565652_31576','b30768e4163cb8d5b4b56e23f2cef8ea',111.000,1,0,0,'2023-06-12 19:05:18','2023-06-12 19:05:18'),(74711,77,'565652_31577','565652_31577','79cc75e12fb29cde801d5562193f9a68',111.000,1,0,0,'2023-06-12 19:05:18','2023-06-12 19:05:18'),(74712,77,'565652_31578','565652_31578','04eaf183c6c3ee5279fc37f30fc35171',111.000,1,0,0,'2023-06-12 19:05:18','2023-06-12 19:05:18'),(74713,77,'565652_31579','565652_31579','c97d12d678861edeb22ab0d3363559fc',111.000,1,0,0,'2023-06-12 19:05:18','2023-06-12 19:05:18'),(74714,77,'565652_31580','565652_31580','3445601dee3a6a4572eb1c8104b5602e',111.000,1,0,0,'2023-06-12 19:05:18','2023-06-12 19:05:18'),(74715,77,'565652_31581','565652_31581','818e81edfb55ee43a566c0cd8e757a11',111.000,1,0,0,'2023-06-12 19:05:18','2023-06-12 19:05:18'),(74716,77,'565652_31582','565652_31582','af7ea0a6fb862c19c75242a6a5a0b388',111.000,1,0,0,'2023-06-12 19:05:18','2023-06-12 19:05:18'),(74717,77,'565652_31583','565652_31583','957a8835b5286fb8e24125f0f5d7182d',111.000,1,0,0,'2023-06-12 19:05:18','2023-06-12 19:05:18'),(74718,77,'565652_31584','565652_31584','53c23b5af188bd441a1e1e88c873e841',111.000,1,0,0,'2023-06-12 19:05:18','2023-06-12 19:05:18'),(74719,77,'565652_31585','565652_31585','c5d29459f2542067044711ef5adbd1f7',111.000,1,0,0,'2023-06-12 19:05:18','2023-06-12 19:05:18'),(74720,77,'565652_31586','565652_31586','13aace44f28b3eb606adbbadb37db7dc',111.000,1,0,0,'2023-06-12 19:05:18','2023-06-12 19:05:18'),(74721,77,'565652_31587','565652_31587','8c5dfd01de6623da36a5d0e7232b8edd',111.000,1,0,0,'2023-06-12 19:05:18','2023-06-12 19:05:18'),(74722,77,'565652_31588','565652_31588','a66be1310a57a65e24aa761de0960a22',111.000,1,0,0,'2023-06-12 19:05:18','2023-06-12 19:05:18'),(74723,77,'565652_31589','565652_31589','f409b552f413e34df594debfb54f1696',111.000,1,0,0,'2023-06-12 19:05:18','2023-06-12 19:05:18'),(74724,77,'565652_31590','565652_31590','2c7b777aa2489b112ce7094fdd8b98d4',111.000,1,0,0,'2023-06-12 19:05:18','2023-06-12 19:05:18'),(74725,77,'565652_31591','565652_31591','037789f9e84bd7f53634a60985b45d34',111.000,1,0,0,'2023-06-12 19:05:18','2023-06-12 19:05:18'),(74726,77,'565652_31592','565652_31592','14cfe88a419de77733090ca3a4ab3075',111.000,1,0,0,'2023-06-12 19:05:18','2023-06-12 19:05:18'),(74727,77,'565652_31593','565652_31593','2623ab74ed9832dd0e7ad6bb9f540baa',111.000,1,0,0,'2023-06-12 19:05:18','2023-06-12 19:05:18'),(74728,77,'565652_31594','565652_31594','a18c037b8e22f9d632b3095ef36677de',111.000,1,0,0,'2023-06-12 19:05:18','2023-06-12 19:05:18'),(74729,77,'565652_31595','565652_31595','16187425bc3c604a79de57742dd03db8',111.000,1,0,0,'2023-06-12 19:05:18','2023-06-12 19:05:18'),(74730,77,'565652_31596','565652_31596','8a885a3773fa9bb1ec4dcbf50cccb36d',111.000,1,0,0,'2023-06-12 19:05:19','2023-06-12 19:05:19'),(74731,77,'565652_31597','565652_31597','59c1bbd84bf68dcb180a9c654c627c6a',111.000,1,0,0,'2023-06-12 19:05:19','2023-06-12 19:05:19'),(74732,77,'565652_31598','565652_31598','802eba4774b3b6c069b6cdf103c7243d',111.000,1,0,0,'2023-06-12 19:05:19','2023-06-12 19:05:19'),(74733,77,'565652_31599','565652_31599','0bd28048542d979f77202ee24f34ff66',111.000,1,0,0,'2023-06-12 19:05:19','2023-06-12 19:05:19'),(74734,77,'565652_31600','565652_31600','d35b22be75246a5198d3311ce82ede94',111.000,1,0,0,'2023-06-12 19:05:19','2023-06-12 19:05:19'),(74735,77,'565652_31601','565652_31601','33bcb1fb2b0c33af93de658d695a2b88',111.000,1,0,0,'2023-06-12 19:05:19','2023-06-12 19:05:19'),(74736,77,'565652_31602','565652_31602','f6f8098a13bd7ab28a8dbb074843ade0',111.000,1,0,0,'2023-06-12 19:05:19','2023-06-12 19:05:19'),(74737,77,'565652_31603','565652_31603','303f9b95ec5df933381b4e7493b31829',111.000,1,0,0,'2023-06-12 19:05:19','2023-06-12 19:05:19'),(74738,77,'565652_31604','565652_31604','da827346e18c23ec9c94f305b65e762b',111.000,1,0,0,'2023-06-12 19:05:19','2023-06-12 19:05:19'),(74739,77,'565652_31605','565652_31605','ac2d0825b1f0e447f8f001229675415d',111.000,1,0,0,'2023-06-12 19:05:19','2023-06-12 19:05:19'),(74740,77,'565652_31606','565652_31606','7f33789701561162f465d5db1c2edd56',111.000,1,0,0,'2023-06-12 19:05:19','2023-06-12 19:05:19'),(74741,77,'565652_31607','565652_31607','727a93cb4c5a4962bf4a2b2b991c2b1f',111.000,1,0,0,'2023-06-12 19:05:19','2023-06-12 19:05:19'),(74742,77,'565652_31608','565652_31608','12294e1219bff2a5cc464c721b5b6e6a',111.000,1,0,0,'2023-06-12 19:05:19','2023-06-12 19:05:19'),(74743,77,'565652_31609','565652_31609','8e9f63aa028dd657c309f0eddfd9d0b8',111.000,1,0,0,'2023-06-12 19:05:19','2023-06-12 19:05:19'),(74744,77,'565652_31610','565652_31610','5a3bbff79f74e725eff67936001f696b',111.000,1,0,0,'2023-06-12 19:05:19','2023-06-12 19:05:19'),(74745,77,'565652_31611','565652_31611','9bfb29480d80d8b4d2dfd58e81473f45',111.000,1,0,0,'2023-06-12 19:05:19','2023-06-12 19:05:19'),(74746,77,'565652_31612','565652_31612','61b234643c871f1f23202d7044c2b88e',111.000,1,0,0,'2023-06-12 19:05:19','2023-06-12 19:05:19'),(74747,77,'565652_31613','565652_31613','129066fdc64f79aa5a6de0f558bdfe04',111.000,1,0,0,'2023-06-12 19:05:19','2023-06-12 19:05:19'),(74748,77,'565652_31614','565652_31614','bb7e03defa3d6ccc1e20ccfe35da6d04',111.000,1,0,0,'2023-06-12 19:05:19','2023-06-12 19:05:19'),(74749,77,'565652_31615','565652_31615','8fec0759e43e40c86afdecb077c6fec7',111.000,1,0,0,'2023-06-12 19:05:19','2023-06-12 19:05:19'),(74750,77,'565652_31616','565652_31616','9f1165b6410bdda82ea333e8a7713d08',111.000,1,0,0,'2023-06-12 19:05:19','2023-06-12 19:05:19'),(74751,77,'565652_31617','565652_31617','8f7b6d12dfea09b9fa856d700a5b2197',111.000,1,0,0,'2023-06-12 19:05:19','2023-06-12 19:05:19'),(74752,77,'565652_31618','565652_31618','a61e4415afc32719e80f0f799d7a8716',111.000,1,0,0,'2023-06-12 19:05:19','2023-06-12 19:05:19'),(74753,77,'565652_31619','565652_31619','4f93c6789d3cf1865a6fadced9c8aab7',111.000,1,0,0,'2023-06-12 19:05:20','2023-06-12 19:05:20'),(74754,77,'565652_31620','565652_31620','78b39649a6b0bd3b7517f14037dcf322',111.000,1,0,0,'2023-06-12 19:05:20','2023-06-12 19:05:20'),(74755,77,'565652_31621','565652_31621','175be990b3f3e805c472d315b45366a0',111.000,1,0,0,'2023-06-12 19:05:20','2023-06-12 19:05:20'),(74756,77,'565652_31622','565652_31622','807aa56d79cb75dbe8441ab896e0472d',111.000,1,0,0,'2023-06-12 19:05:20','2023-06-12 19:05:20'),(74757,77,'565652_31623','565652_31623','e30eb0d07cb8e76317e38763b41193d5',111.000,1,0,0,'2023-06-12 19:05:20','2023-06-12 19:05:20'),(74758,77,'565652_31624','565652_31624','2afe7010e7bf690816454809a048c83b',111.000,1,0,0,'2023-06-12 19:05:20','2023-06-12 19:05:20'),(74759,77,'565652_31625','565652_31625','ea8dfaa21850dbde8459e3d2101063a8',111.000,1,0,0,'2023-06-12 19:05:20','2023-06-12 19:05:20'),(74760,77,'565652_31626','565652_31626','df4aaeb2161360d4e8ddd30c21f8c47a',111.000,1,0,0,'2023-06-12 19:05:20','2023-06-12 19:05:20'),(74761,77,'565652_31627','565652_31627','a1825e93ccb649a312c2f1274dbf894f',111.000,1,0,0,'2023-06-12 19:05:20','2023-06-12 19:05:20'),(74762,77,'565652_31628','565652_31628','fb95ae93bc0ec2c6500ff52a50bf5e28',111.000,1,0,0,'2023-06-12 19:05:20','2023-06-12 19:05:20'),(74763,77,'565652_31629','565652_31629','d70379811df65c6a81a3fdff30f50fb9',111.000,1,0,0,'2023-06-12 19:05:20','2023-06-12 19:05:20'),(74764,77,'565652_31630','565652_31630','9a49e9f7c53337c0f193a3e10e4d9f05',111.000,1,0,0,'2023-06-12 19:05:20','2023-06-12 19:05:20'),(74765,77,'565652_31631','565652_31631','e98b468daf3fd0d5b83aa2b45a050f22',111.000,1,0,0,'2023-06-12 19:05:20','2023-06-12 19:05:20'),(74766,77,'565652_31632','565652_31632','b8a77470cc0b32bfab0dbacea41286ca',111.000,1,0,0,'2023-06-12 19:05:20','2023-06-12 19:05:20'),(74767,77,'565652_31633','565652_31633','72142115102094672c4843aab722b2ec',111.000,1,0,0,'2023-06-12 19:05:20','2023-06-12 19:05:20'),(74768,77,'565652_31634','565652_31634','899a13eade5326354ab57e28f40c5cd2',111.000,1,0,0,'2023-06-12 19:05:20','2023-06-12 19:05:20'),(74769,77,'565652_31635','565652_31635','0c883e6f9ed4bfe3e0c36b01ec55463b',111.000,1,0,0,'2023-06-12 19:05:20','2023-06-12 19:05:20'),(74770,77,'565652_31636','565652_31636','377c474fb4cebad0f17ae24e528a1276',111.000,1,0,0,'2023-06-12 19:05:20','2023-06-12 19:05:20'),(74771,77,'565652_31637','565652_31637','33156dda086ca78f8c63e5a61b484ee4',111.000,1,0,0,'2023-06-12 19:05:20','2023-06-12 19:05:20'),(74772,77,'565652_31638','565652_31638','8759fbbae626795752231f2d981e3dbd',111.000,1,0,0,'2023-06-12 19:05:20','2023-06-12 19:05:20'),(74773,77,'565652_31639','565652_31639','b7fcda1b767a99e9ce0046bf4ea125d5',111.000,1,0,0,'2023-06-12 19:05:20','2023-06-12 19:05:20'),(74774,77,'565652_31640','565652_31640','47a50d6bf3719352aca0d362cc2ebf99',111.000,1,0,0,'2023-06-12 19:05:20','2023-06-12 19:05:20'),(74775,77,'565652_31641','565652_31641','8cc34577b9a271dcc5b636805314d515',111.000,1,0,0,'2023-06-12 19:05:21','2023-06-12 19:05:21'),(74776,77,'565652_31642','565652_31642','ed85eb2c66f46797b0449a0ab6257a15',111.000,1,0,0,'2023-06-12 19:05:21','2023-06-12 19:05:21'),(74777,77,'565652_31643','565652_31643','e78b7fa13900e44cf9b3623b4b731ed3',111.000,1,0,0,'2023-06-12 19:05:21','2023-06-12 19:05:21'),(74778,77,'565652_31644','565652_31644','2811da9b251b36ae5c1da3ebd1bdebe8',111.000,1,0,0,'2023-06-12 19:05:21','2023-06-12 19:05:21'),(74779,77,'565652_31645','565652_31645','6d2e7877a8a2fe6a33aa1cad9212ac21',111.000,1,0,0,'2023-06-12 19:05:21','2023-06-12 19:05:21'),(74780,77,'565652_31646','565652_31646','f64b82678a8cce45a2a08d279a26fa08',111.000,1,0,0,'2023-06-12 19:05:21','2023-06-12 19:05:21'),(74781,77,'565652_31647','565652_31647','d8342668b62fc36e2f6d8c2f61e41c41',111.000,1,0,0,'2023-06-12 19:05:21','2023-06-12 19:05:21'),(74782,77,'565652_31648','565652_31648','e55fea54797b73cf579f2193e4a8a778',111.000,1,0,0,'2023-06-12 19:05:21','2023-06-12 19:05:21'),(74783,77,'565652_31649','565652_31649','cc8ea2e43ea47c96fc3b037d7951e9d1',111.000,1,0,0,'2023-06-12 19:05:21','2023-06-12 19:05:21'),(74784,77,'565652_31650','565652_31650','2d2e1e7a1b15640715ad1e52862840ee',111.000,1,0,0,'2023-06-12 19:05:21','2023-06-12 19:05:21'),(74785,77,'565652_31651','565652_31651','13e1f71aa5bd0d7f1f0d02072132df1a',111.000,1,0,0,'2023-06-12 19:05:21','2023-06-12 19:05:21'),(74786,77,'565652_31652','565652_31652','45d014ea98f9dbff59dd758c909b7bf8',111.000,1,0,0,'2023-06-12 19:05:21','2023-06-12 19:05:21'),(74787,77,'565652_31653','565652_31653','78dbf6d6119c861715ebbd0ced493664',111.000,1,0,0,'2023-06-12 19:05:21','2023-06-12 19:05:21'),(74788,77,'565652_31654','565652_31654','6160b75f96ce91abb7a51a165024d723',111.000,1,0,0,'2023-06-12 19:05:21','2023-06-12 19:05:21'),(74789,77,'565652_31655','565652_31655','1ee03d262cae293d66f8c27e4b512000',111.000,1,0,0,'2023-06-12 19:05:21','2023-06-12 19:05:21'),(74790,77,'565652_31656','565652_31656','a073d198b1274485e9a28c7a19b0f4f1',111.000,1,0,0,'2023-06-12 19:05:21','2023-06-12 19:05:21'),(74791,77,'565652_31657','565652_31657','c161ea2395477c7c8f7be6d69060db91',111.000,1,0,0,'2023-06-12 19:05:21','2023-06-12 19:05:21'),(74792,77,'565652_31658','565652_31658','7713bfdd45a071db080b088c1836dfb4',111.000,1,0,0,'2023-06-12 19:05:21','2023-06-12 19:05:21'),(74793,77,'565652_31659','565652_31659','fd4e7cfbe68c2b3a87b414ec1802c384',111.000,1,0,0,'2023-06-12 19:05:21','2023-06-12 19:05:21'),(74794,77,'565652_31660','565652_31660','fa90e8acdeceb9d2d5fce958c89c8a49',111.000,1,0,0,'2023-06-12 19:05:21','2023-06-12 19:05:21'),(74795,77,'565652_31661','565652_31661','17e1ca36bd18d1429441c1fabb79899d',111.000,1,0,0,'2023-06-12 19:05:21','2023-06-12 19:05:21'),(74796,77,'565652_31662','565652_31662','8606ffe93ae61fd7b0696ee6b6983e29',111.000,1,0,0,'2023-06-12 19:05:21','2023-06-12 19:05:21'),(74797,77,'565652_31663','565652_31663','ffe7433c721a9266d5b87036832fce2d',111.000,1,0,0,'2023-06-12 19:05:21','2023-06-12 19:05:21'),(74798,77,'565652_31664','565652_31664','cbf41fdc3a5a1c291a1cb9e1062d856b',111.000,1,0,0,'2023-06-12 19:05:21','2023-06-12 19:05:21'),(74799,77,'565652_31665','565652_31665','6ce125f168cbcad0c42ceafd08506590',111.000,1,0,0,'2023-06-12 19:05:22','2023-06-12 19:05:22'),(74800,77,'565652_31666','565652_31666','ee5dad26d1cce050ae5f1a7fbe16afe3',111.000,1,0,0,'2023-06-12 19:05:22','2023-06-12 19:05:22'),(74801,77,'565652_31667','565652_31667','243de837beed426cf5fc8de6d62edc8d',111.000,1,0,0,'2023-06-12 19:05:22','2023-06-12 19:05:22'),(74802,77,'565652_31668','565652_31668','4cf5dc48608c168e12c778136a8fe146',111.000,1,0,0,'2023-06-12 19:05:22','2023-06-12 19:05:22'),(74803,77,'565652_31669','565652_31669','685237321826fc033928c9a0a2fab7b1',111.000,1,0,0,'2023-06-12 19:05:22','2023-06-12 19:05:22'),(74804,77,'565652_31670','565652_31670','b820f28a10c5d005148b843b078706ed',111.000,1,0,0,'2023-06-12 19:05:22','2023-06-12 19:05:22'),(74805,77,'565652_31671','565652_31671','a03afba9214f01e021fca3adc430a71f',111.000,1,0,0,'2023-06-12 19:05:22','2023-06-12 19:05:22'),(74806,77,'565652_31672','565652_31672','c2e9ea85de2f6f0915477e5e3d099932',111.000,1,0,0,'2023-06-12 19:05:22','2023-06-12 19:05:22'),(74807,77,'565652_31673','565652_31673','c8b682a01c7f2ecc04ba34981defeb30',111.000,1,0,0,'2023-06-12 19:05:22','2023-06-12 19:05:22'),(74808,77,'565652_31674','565652_31674','09d4c62715ac8df4236b98d112ad6471',111.000,1,0,0,'2023-06-12 19:05:22','2023-06-12 19:05:22'),(74809,77,'565652_31675','565652_31675','3ecacc2b2043e604c23025394a1873bf',111.000,1,0,0,'2023-06-12 19:05:22','2023-06-12 19:05:22'),(74810,77,'565652_31676','565652_31676','733fad1d8c1d50c30200333e002c8dd6',111.000,1,0,0,'2023-06-12 19:05:22','2023-06-12 19:05:22'),(74811,77,'565652_31677','565652_31677','213ac8eea043941d0c7ce0b50ac93a2e',111.000,1,0,0,'2023-06-12 19:05:22','2023-06-12 19:05:22'),(74812,77,'565652_31678','565652_31678','957997c4c790c8a5e53670ab471fc4d7',111.000,1,0,0,'2023-06-12 19:05:22','2023-06-12 19:05:22'),(74813,77,'565652_31679','565652_31679','d0ba0b3f417844530f18c639de7cf4d0',111.000,1,0,0,'2023-06-12 19:05:22','2023-06-12 19:05:22'),(74814,77,'565652_31680','565652_31680','4dda87b3aea4a4ca97fb48c933762d19',111.000,1,0,0,'2023-06-12 19:05:22','2023-06-12 19:05:22'),(74815,77,'565652_31681','565652_31681','3640ce9336f831028ceccff210461342',111.000,1,0,0,'2023-06-12 19:05:22','2023-06-12 19:05:22'),(74816,77,'565652_31682','565652_31682','e72c0772458926484838599762ea60a1',111.000,1,0,0,'2023-06-12 19:05:22','2023-06-12 19:05:22'),(74817,77,'565652_31683','565652_31683','ffa661d77599d467a9a1ff1d7b23b695',111.000,1,0,0,'2023-06-12 19:05:22','2023-06-12 19:05:22'),(74818,77,'565652_31684','565652_31684','584fe7d38e324e08c28ba095db59a1cc',111.000,1,0,0,'2023-06-12 19:05:22','2023-06-12 19:05:22'),(74819,77,'565652_31685','565652_31685','4a8a2fe2665e87e109e46d66da7fa35e',111.000,1,0,0,'2023-06-12 19:05:22','2023-06-12 19:05:22'),(74820,77,'565652_31686','565652_31686','6b990a582b67572bf0a60b93c4a7ba4b',111.000,1,0,0,'2023-06-12 19:05:22','2023-06-12 19:05:22'),(74821,77,'565652_31687','565652_31687','8a03802cceb3e4057dad6bb766f85e43',111.000,1,0,0,'2023-06-12 19:05:22','2023-06-12 19:05:22'),(74822,77,'565652_31688','565652_31688','601b062f1e3cbde9b47a2575cfb993c8',111.000,1,0,0,'2023-06-12 19:05:22','2023-06-12 19:05:22'),(74823,77,'565652_31689','565652_31689','03e3b99beb707770db326aad8ed52812',111.000,1,0,0,'2023-06-12 19:05:22','2023-06-12 19:05:22'),(74824,77,'565652_31690','565652_31690','3e1f032882ba4e65bf6913da94c414a5',111.000,1,0,0,'2023-06-12 19:05:23','2023-06-12 19:05:23'),(74825,77,'565652_31691','565652_31691','f9ddcd6b5fc3fba2a1c972e8460e5b9d',111.000,1,0,0,'2023-06-12 19:05:23','2023-06-12 19:05:23'),(74826,77,'565652_31692','565652_31692','e3b6a6415e6dcbf5e5b077ee7f91db2d',111.000,1,0,0,'2023-06-12 19:05:23','2023-06-12 19:05:23'),(74827,77,'565652_31693','565652_31693','cc200bb2ed298cb78d572b3025430b6c',111.000,1,0,0,'2023-06-12 19:05:23','2023-06-12 19:05:23'),(74828,77,'565652_31694','565652_31694','087e8d78d62a51a59fce893db74217de',111.000,1,0,0,'2023-06-12 19:05:23','2023-06-12 19:05:23'),(74829,77,'565652_31695','565652_31695','f371e54e4db8d333070fd3bb84405116',111.000,1,0,0,'2023-06-12 19:05:23','2023-06-12 19:05:23'),(74830,77,'565652_31696','565652_31696','71cdbaf2032197c4d161eec5a4c6a552',111.000,1,0,0,'2023-06-12 19:05:23','2023-06-12 19:05:23'),(74831,77,'565652_31697','565652_31697','675ea222f319ecc9ce71becf65ceb3a5',111.000,1,0,0,'2023-06-12 19:05:23','2023-06-12 19:05:23'),(74832,77,'565652_31698','565652_31698','bad0ac102dc21f1f0fef82cde24fe8e6',111.000,1,0,0,'2023-06-12 19:05:23','2023-06-12 19:05:23'),(74833,77,'565652_31699','565652_31699','b0197fc7b45b5f812314bd3f7bfb7bf0',111.000,1,0,0,'2023-06-12 19:05:23','2023-06-12 19:05:23'),(74834,77,'565652_31700','565652_31700','2460b39f03c0f9b57e68a2c93f70baed',111.000,1,0,0,'2023-06-12 19:05:23','2023-06-12 19:05:23'),(74835,77,'565652_31701','565652_31701','a2c331925093e41273aa8ebb8f14cdf6',111.000,1,0,0,'2023-06-12 19:05:23','2023-06-12 19:05:23'),(74836,77,'565652_31702','565652_31702','96c021b02e96fd172133c4e69fc04ae2',111.000,1,0,0,'2023-06-12 19:05:23','2023-06-12 19:05:23'),(74837,77,'565652_31703','565652_31703','f49ab7ab4b2205407331ee4b7f8bd24c',111.000,1,0,0,'2023-06-12 19:05:23','2023-06-12 19:05:23'),(74838,77,'565652_31704','565652_31704','c62408abe17d26a80e1257959b238990',111.000,1,0,0,'2023-06-12 19:05:23','2023-06-12 19:05:23'),(74839,77,'565652_31705','565652_31705','74d3d60651908ccd3a7ba70a8ba266d9',111.000,1,0,0,'2023-06-12 19:05:23','2023-06-12 19:05:23'),(74840,77,'565652_31706','565652_31706','a37221184e0574555607c4dc1c6ede9c',111.000,1,0,0,'2023-06-12 19:05:23','2023-06-12 19:05:23'),(74841,77,'565652_31707','565652_31707','ebfe4379e179582d97875e95cc957547',111.000,1,0,0,'2023-06-12 19:05:23','2023-06-12 19:05:23'),(74842,77,'565652_31708','565652_31708','6b00c711d9af0085be1760fcf498b747',111.000,1,0,0,'2023-06-12 19:05:23','2023-06-12 19:05:23'),(74843,77,'565652_31709','565652_31709','ad0ff640bf18490775eac88775a1fb65',111.000,1,0,0,'2023-06-12 19:05:23','2023-06-12 19:05:23'),(74844,77,'565652_31710','565652_31710','d73900f3f14aaaa5710be02536cfebd6',111.000,1,0,0,'2023-06-12 19:05:23','2023-06-12 19:05:23'),(74845,77,'565652_31711','565652_31711','22102b1df8c67b8ad1a80d4205abf692',111.000,1,0,0,'2023-06-12 19:05:23','2023-06-12 19:05:23'),(74846,77,'565652_31712','565652_31712','6ce4ddb3a404c1d6760256c753dd085f',111.000,1,0,0,'2023-06-12 19:05:23','2023-06-12 19:05:23'),(74847,77,'565652_31713','565652_31713','b794528dcb0eeb76c846d3580f6df62b',111.000,1,0,0,'2023-06-12 19:05:24','2023-06-12 19:05:24'),(74848,77,'565652_31714','565652_31714','6efa47e60925cc0fc5c2c097a32b47b8',111.000,1,0,0,'2023-06-12 19:05:24','2023-06-12 19:05:24'),(74849,77,'565652_31715','565652_31715','9bf6abd03bc56e6e46fb06c9ba7d55a1',111.000,1,0,0,'2023-06-12 19:05:24','2023-06-12 19:05:24'),(74850,77,'565652_31716','565652_31716','221dbc10d789513acdf2c731494840da',111.000,1,0,0,'2023-06-12 19:05:24','2023-06-12 19:05:24'),(74851,77,'565652_31717','565652_31717','c2a40c3218c23af193eee31af13902e1',111.000,1,0,0,'2023-06-12 19:05:24','2023-06-12 19:05:24'),(74852,77,'565652_31718','565652_31718','51d08b82a6bee2394ecd413470b5a8c9',111.000,1,0,0,'2023-06-12 19:05:24','2023-06-12 19:05:24'),(74853,77,'565652_31719','565652_31719','7edf06dd6d6c9a3f6923b61c4ddac461',111.000,1,0,0,'2023-06-12 19:05:24','2023-06-12 19:05:24'),(74854,77,'565652_31720','565652_31720','6a4e45c8d4e2fc60d46b3561e854e07c',111.000,1,0,0,'2023-06-12 19:05:24','2023-06-12 19:05:24'),(74855,77,'565652_31721','565652_31721','8a7aca62aa9f0eb7567952045a996d90',111.000,1,0,0,'2023-06-12 19:05:24','2023-06-12 19:05:24'),(74856,77,'565652_31722','565652_31722','0473eb2b302124b857b16fdb9058b5a7',111.000,1,0,0,'2023-06-12 19:05:24','2023-06-12 19:05:24'),(74857,77,'565652_31723','565652_31723','2eb6a16c240dc10cb4d08be07643f73e',111.000,1,0,0,'2023-06-12 19:05:24','2023-06-12 19:05:24'),(74858,77,'565652_31724','565652_31724','787d5464566fc9de3dae0c403a45ac05',111.000,1,0,0,'2023-06-12 19:05:24','2023-06-12 19:05:24'),(74859,77,'565652_31725','565652_31725','c4cf40324ba9b858b55e86f622d86e39',111.000,1,0,0,'2023-06-12 19:05:24','2023-06-12 19:05:24'),(74860,77,'565652_31726','565652_31726','0b9ba5940b7e0b5dab5b5e497734559a',111.000,1,0,0,'2023-06-12 19:05:24','2023-06-12 19:05:24'),(74861,77,'565652_31727','565652_31727','61ad9a8f41b1ea53d95ad9affa8c16b4',111.000,1,0,0,'2023-06-12 19:05:24','2023-06-12 19:05:24'),(74862,77,'565652_31728','565652_31728','003af43f3ea79aacf6b1c7946ad6e12d',111.000,1,0,0,'2023-06-12 19:05:24','2023-06-12 19:05:24'),(74863,77,'565652_31729','565652_31729','bd7c7e24f57effe97d992992571b8265',111.000,1,0,0,'2023-06-12 19:05:24','2023-06-12 19:05:24'),(74864,77,'565652_31730','565652_31730','3b3573a470f1ae671c9f218348295de1',111.000,1,0,0,'2023-06-12 19:05:24','2023-06-12 19:05:24'),(74865,77,'565652_31731','565652_31731','d41233723e2f0442a49c8e10eefb4ca4',111.000,1,0,0,'2023-06-12 19:05:24','2023-06-12 19:05:24'),(74866,77,'565652_31732','565652_31732','59dfe31680d21af0768771bda5f7bca0',111.000,1,0,0,'2023-06-12 19:05:24','2023-06-12 19:05:24'),(74867,77,'565652_31733','565652_31733','211db9cb3fef472a13d34ec153be4840',111.000,1,0,0,'2023-06-12 19:05:24','2023-06-12 19:05:24'),(74868,77,'565652_31734','565652_31734','9c5887b0a582bbcb686be09a4c387c2e',111.000,1,0,0,'2023-06-12 19:05:24','2023-06-12 19:05:24'),(74869,77,'565652_31735','565652_31735','2e8f5d28b4d647e8ed781dde1a73adf1',111.000,1,0,0,'2023-06-12 19:05:25','2023-06-12 19:05:25'),(74870,77,'565652_31736','565652_31736','4840ab3d812c99bd0f1a6fa2123a9f7f',111.000,1,0,0,'2023-06-12 19:05:25','2023-06-12 19:05:25'),(74871,77,'565652_31737','565652_31737','6c20b6ab09a53758b3d8f391ca1ebec5',111.000,1,0,0,'2023-06-12 19:05:25','2023-06-12 19:05:25'),(74872,77,'565652_31738','565652_31738','fa3ff92e2b3d2e714b983a7a6646f144',111.000,1,0,0,'2023-06-12 19:05:25','2023-06-12 19:05:25'),(74873,77,'565652_31739','565652_31739','f690902baa1c2bbb1250165b4886e8b3',111.000,1,0,0,'2023-06-12 19:05:25','2023-06-12 19:05:25'),(74874,77,'565652_31740','565652_31740','6d0ed4a196429b9a6382a5091cbca996',111.000,1,0,0,'2023-06-12 19:05:25','2023-06-12 19:05:25'),(74875,77,'565652_31741','565652_31741','f8127e2be480170e3cc31e6a2c9a315a',111.000,1,0,0,'2023-06-12 19:05:25','2023-06-12 19:05:25'),(74876,77,'565652_31742','565652_31742','6beff70eab2928fad4cc39fa753aece0',111.000,1,0,0,'2023-06-12 19:05:25','2023-06-12 19:05:25'),(74877,77,'565652_31743','565652_31743','058b472e7afcc0c6bef1517fed36b29c',111.000,1,0,0,'2023-06-12 19:05:25','2023-06-12 19:05:25'),(74878,77,'565652_31744','565652_31744','03999f20dd0d80fa7e76b50f0a9c73b1',111.000,1,0,0,'2023-06-12 19:05:25','2023-06-12 19:05:25'),(74879,77,'565652_31745','565652_31745','08942b3fc583181232c5fba703ff8578',111.000,1,0,0,'2023-06-12 19:05:25','2023-06-12 19:05:25'),(74880,77,'565652_31746','565652_31746','7f4cc754c5755fa23e8eadad44421ed5',111.000,1,0,0,'2023-06-12 19:05:25','2023-06-12 19:05:25'),(74881,77,'565652_31747','565652_31747','b0d49e06beeb35529a43e458d3485b54',111.000,1,0,0,'2023-06-12 19:05:25','2023-06-12 19:05:25'),(74882,77,'565652_31748','565652_31748','f1add306938f9a6b27e516e16a38d483',111.000,1,0,0,'2023-06-12 19:05:25','2023-06-12 19:05:25'),(74883,77,'565652_31749','565652_31749','367d9d76374e5063318fd0ae1fb54821',111.000,1,0,0,'2023-06-12 19:05:25','2023-06-12 19:05:25'),(74884,77,'565652_31750','565652_31750','5b934ab5c943253af8d8cf2ed0b15561',111.000,1,0,0,'2023-06-12 19:05:25','2023-06-12 19:05:25'),(74885,77,'565652_31751','565652_31751','82a54faf0e8a8729048315ecec08d681',111.000,1,0,0,'2023-06-12 19:05:25','2023-06-12 19:05:25'),(74886,77,'565652_31752','565652_31752','45202ece352fdbe991dd9cbae55c5c3c',111.000,1,0,0,'2023-06-12 19:05:25','2023-06-12 19:05:25'),(74887,77,'565652_31753','565652_31753','94fba9c8c46c56738513afa4fb9d425c',111.000,1,0,0,'2023-06-12 19:05:25','2023-06-12 19:05:25'),(74888,77,'565652_31754','565652_31754','2085a904d7e034183d764cac2c13bc64',111.000,1,0,0,'2023-06-12 19:05:25','2023-06-12 19:05:25'),(74889,77,'565652_31755','565652_31755','c9c256fdb9562949ae4e820792434cbe',111.000,1,0,0,'2023-06-12 19:05:26','2023-06-12 19:05:26'),(74890,77,'565652_31756','565652_31756','954db5f85f852d1bb8a66970ae81dd8b',111.000,1,0,0,'2023-06-12 19:05:26','2023-06-12 19:05:26'),(74891,77,'565652_31757','565652_31757','833a55a8396f7fd403fbae30d19869ec',111.000,1,0,0,'2023-06-12 19:05:26','2023-06-12 19:05:26'),(74892,77,'565652_31758','565652_31758','402884db46e03e563757877e7c703957',111.000,1,0,0,'2023-06-12 19:05:26','2023-06-12 19:05:26'),(74893,77,'565652_31759','565652_31759','4deed1d20c72b66ac596e0a629b64d46',111.000,1,0,0,'2023-06-12 19:05:26','2023-06-12 19:05:26'),(74894,77,'565652_31760','565652_31760','34da33697a1b6c9945ff9b52a0c18190',111.000,1,0,0,'2023-06-12 19:05:26','2023-06-12 19:05:26'),(74895,77,'565652_31761','565652_31761','90cb8ba18df5450198ba4b9e6cfca858',111.000,1,0,0,'2023-06-12 19:05:26','2023-06-12 19:05:26'),(74896,77,'565652_31762','565652_31762','8979e5cd05a11425a373db8c5fb912d8',111.000,1,0,0,'2023-06-12 19:05:26','2023-06-12 19:05:26'),(74897,77,'565652_31763','565652_31763','c1926ba542eb19de1b1c6126825dd47d',111.000,1,0,0,'2023-06-12 19:05:26','2023-06-12 19:05:26'),(74898,77,'565652_31764','565652_31764','d95e085d4115cd06fd07b8181c3b6d01',111.000,1,0,0,'2023-06-12 19:05:26','2023-06-12 19:05:26'),(74899,77,'565652_31765','565652_31765','9067c3bcdac51c58b3d326952cdba277',111.000,1,0,0,'2023-06-12 19:05:26','2023-06-12 19:05:26'),(74900,77,'565652_31766','565652_31766','4fdaea53d8b8c50e04f2e3b15e431a02',111.000,1,0,0,'2023-06-12 19:05:26','2023-06-12 19:05:26'),(74901,77,'565652_31767','565652_31767','3b2a383ee181e83b9f81b9671d1cca0b',111.000,1,0,0,'2023-06-12 19:05:26','2023-06-12 19:05:26'),(74902,77,'565652_31768','565652_31768','a0ae50bf2aa5767de6b22a743469e601',111.000,1,0,0,'2023-06-12 19:05:26','2023-06-12 19:05:26'),(74903,77,'565652_31769','565652_31769','3b717ddf66b62250a91cf100baa66398',111.000,1,0,0,'2023-06-12 19:05:26','2023-06-12 19:05:26'),(74904,77,'565652_31770','565652_31770','55e3e6f1e035539f3eec1e2b0bb9acd9',111.000,1,0,0,'2023-06-12 19:05:26','2023-06-12 19:05:26'),(74905,77,'565652_31771','565652_31771','0fcd02c990acad3cee301d62ee32ae08',111.000,1,0,0,'2023-06-12 19:05:26','2023-06-12 19:05:26'),(74906,77,'565652_31772','565652_31772','7d83b943368da08e374f5a19c19c5da8',111.000,1,0,0,'2023-06-12 19:05:26','2023-06-12 19:05:26'),(74907,77,'565652_31773','565652_31773','9cbc521141bdcd3d9d0f4c52e736b59e',111.000,1,0,0,'2023-06-12 19:05:26','2023-06-12 19:05:26'),(74908,77,'565652_31774','565652_31774','de26ba96e0385c0dab86aabd3e355672',111.000,1,0,0,'2023-06-12 19:05:26','2023-06-12 19:05:26'),(74909,77,'565652_31775','565652_31775','434947b3e3c2632d4dc6d8821b983583',111.000,1,0,0,'2023-06-12 19:05:27','2023-06-12 19:05:27'),(74910,77,'565652_31776','565652_31776','c0a44eeec67820040068152f8e70a9df',111.000,1,0,0,'2023-06-12 19:05:27','2023-06-12 19:05:27'),(74911,77,'565652_31777','565652_31777','6c33a03b2d76991a7fd4fef1378c641d',111.000,1,0,0,'2023-06-12 19:05:27','2023-06-12 19:05:27'),(74912,77,'565652_31778','565652_31778','96e841887dbd414518fd9718c22aebe3',111.000,1,0,0,'2023-06-12 19:05:27','2023-06-12 19:05:27'),(74913,77,'565652_31779','565652_31779','04815884d8e316e6caf79f59729d31ea',111.000,1,0,0,'2023-06-12 19:05:27','2023-06-12 19:05:27'),(74914,77,'565652_31780','565652_31780','a751737f7946ff59b9bf7287b890301a',111.000,1,0,0,'2023-06-12 19:05:27','2023-06-12 19:05:27'),(74915,77,'565652_31781','565652_31781','592fcc2b707bbb9aa3496405e7a001d3',111.000,1,0,0,'2023-06-12 19:05:27','2023-06-12 19:05:27'),(74916,77,'565652_31782','565652_31782','d650dd0be57e31dfc011ade5e9b6cede',111.000,1,0,0,'2023-06-12 19:05:27','2023-06-12 19:05:27'),(74917,77,'565652_31783','565652_31783','af668b24f56218599c2b5ab36c5312d3',111.000,1,0,0,'2023-06-12 19:05:27','2023-06-12 19:05:27'),(74918,77,'565652_31784','565652_31784','4c41154642ed2fa4a1f0c3b431d04903',111.000,1,0,0,'2023-06-12 19:05:27','2023-06-12 19:05:27'),(74919,77,'565652_31785','565652_31785','acc758449bf1f72c820bfa4ef73214b6',111.000,1,0,0,'2023-06-12 19:05:27','2023-06-12 19:05:27'),(74920,77,'565652_31786','565652_31786','d737c394eb962a28017e6bffe4059a35',111.000,1,0,0,'2023-06-12 19:05:27','2023-06-12 19:05:27'),(74921,77,'565652_31787','565652_31787','d618b3d2420b820e0961251044487800',111.000,1,0,0,'2023-06-12 19:05:27','2023-06-12 19:05:27'),(74922,77,'565652_31788','565652_31788','56d1b5d7112b7128e09d871d88a74d40',111.000,1,0,0,'2023-06-12 19:05:27','2023-06-12 19:05:27'),(74923,77,'565652_31789','565652_31789','d6131a9b545c375257580f046d960b60',111.000,1,0,0,'2023-06-12 19:05:27','2023-06-12 19:05:27'),(74924,77,'565652_31790','565652_31790','378745dfd5c12302b0cb2463e26f1f8f',111.000,1,0,0,'2023-06-12 19:05:27','2023-06-12 19:05:27'),(74925,77,'565652_31791','565652_31791','7afd879d29de1618bc54087edefe8c01',111.000,1,0,0,'2023-06-12 19:05:27','2023-06-12 19:05:27'),(74926,77,'565652_31792','565652_31792','9d28b82fe07c0655638343269e9d1eb3',111.000,1,0,0,'2023-06-12 19:05:27','2023-06-12 19:05:27'),(74927,77,'565652_31793','565652_31793','7ad2da9843c850d1fc1737106ccd9a5f',111.000,1,0,0,'2023-06-12 19:05:27','2023-06-12 19:05:27'),(74928,77,'565652_31794','565652_31794','04f45f3b54b68418f9170c2898aef2cd',111.000,1,0,0,'2023-06-12 19:05:27','2023-06-12 19:05:27'),(74929,77,'565652_31795','565652_31795','a98251a2aee39a6b965f57f6c0cc8ffb',111.000,1,0,0,'2023-06-12 19:05:27','2023-06-12 19:05:27'),(74930,77,'565652_31796','565652_31796','4b69b31c63916ab01083570a7b43e791',111.000,1,0,0,'2023-06-12 19:05:28','2023-06-12 19:05:28'),(74931,77,'565652_31797','565652_31797','ffb78544ba418cf13802f9083c67c564',111.000,1,0,0,'2023-06-12 19:05:28','2023-06-12 19:05:28'),(74932,77,'565652_31798','565652_31798','c5b77c6ea1b39e2d4a6a49f36602c65f',111.000,1,0,0,'2023-06-12 19:05:28','2023-06-12 19:05:28'),(74933,77,'565652_31799','565652_31799','9d14fd7fc4b382b24399cdc4fdaf091e',111.000,1,0,0,'2023-06-12 19:05:28','2023-06-12 19:05:28'),(74934,77,'565652_31800','565652_31800','7ae69e8b5756a5dbdbfc6fbdd10b8c20',111.000,1,0,0,'2023-06-12 19:05:28','2023-06-12 19:05:28'),(74935,77,'565652_31801','565652_31801','25bdca5766b224babdf85571fbb6942f',111.000,1,0,0,'2023-06-12 19:05:28','2023-06-12 19:05:28'),(74936,77,'565652_31802','565652_31802','74a026aac085c701fa76b0ea5ded8eaf',111.000,1,0,0,'2023-06-12 19:05:28','2023-06-12 19:05:28'),(74937,77,'565652_31803','565652_31803','95e283cf2aa418e81f4bc06da0315c8c',111.000,1,0,0,'2023-06-12 19:05:28','2023-06-12 19:05:28'),(74938,77,'565652_31804','565652_31804','0ef7e9da882179126529b0e74690b646',111.000,1,0,0,'2023-06-12 19:05:28','2023-06-12 19:05:28'),(74939,77,'565652_31805','565652_31805','8616cf53427f79b5c7e99ffa703cf0a7',111.000,1,0,0,'2023-06-12 19:05:28','2023-06-12 19:05:28'),(74940,77,'565652_31806','565652_31806','3d9dfd5cf8546a31157a58fc897a2451',111.000,1,0,0,'2023-06-12 19:05:28','2023-06-12 19:05:28'),(74941,77,'565652_31807','565652_31807','2ce0334b74575bf74e29b9be267eb476',111.000,1,0,0,'2023-06-12 19:05:28','2023-06-12 19:05:28'),(74942,77,'565652_31808','565652_31808','460293dc8c2003a2f6a065df5002f574',111.000,1,0,0,'2023-06-12 19:05:28','2023-06-12 19:05:28'),(74943,77,'565652_31809','565652_31809','28b4c07b450e22182e144db97c73a14f',111.000,1,0,0,'2023-06-12 19:05:28','2023-06-12 19:05:28'),(74944,77,'565652_31810','565652_31810','98ccaf1cb7276afd8900c449edaf1a98',111.000,1,0,0,'2023-06-12 19:05:28','2023-06-12 19:05:28'),(74945,77,'565652_31811','565652_31811','e33b506c4cda0005a112af1cc65c935a',111.000,1,0,0,'2023-06-12 19:05:28','2023-06-12 19:05:28'),(74946,77,'565652_31812','565652_31812','070bc81e5482ce7b863b3d43a715a843',111.000,1,0,0,'2023-06-12 19:05:28','2023-06-12 19:05:28'),(74947,77,'565652_31813','565652_31813','de0e2889e1490e62f0fac5e362024be6',111.000,1,0,0,'2023-06-12 19:05:28','2023-06-12 19:05:28'),(74948,77,'565652_31814','565652_31814','e70f61d991d6665fd99659bb67cf7f71',111.000,1,0,0,'2023-06-12 19:05:28','2023-06-12 19:05:28'),(74949,77,'565652_31815','565652_31815','041f57e4e407fd8475793fa9d14f6924',111.000,1,0,0,'2023-06-12 19:05:28','2023-06-12 19:05:28'),(74950,77,'565652_31816','565652_31816','06bebb6216adc6607ab1d5cf5d08290f',111.000,1,0,0,'2023-06-12 19:05:28','2023-06-12 19:05:28'),(74951,77,'565652_31817','565652_31817','515103f7ff42e2eccdec064a2910572e',111.000,1,0,0,'2023-06-12 19:05:29','2023-06-12 19:05:29'),(74952,77,'565652_31818','565652_31818','7804edd66f826c07de9ddd04503cbaba',111.000,1,0,0,'2023-06-12 19:05:29','2023-06-12 19:05:29'),(74953,77,'565652_31819','565652_31819','39a1980be54d17f4dec34427a0bebada',111.000,1,0,0,'2023-06-12 19:05:29','2023-06-12 19:05:29'),(74954,77,'565652_31820','565652_31820','84e49c3e70c45c4138062a327f7ecfb3',111.000,1,0,0,'2023-06-12 19:05:29','2023-06-12 19:05:29'),(74955,77,'565652_31821','565652_31821','12e8909e410958c14bcf5ad87db76da8',111.000,1,0,0,'2023-06-12 19:05:29','2023-06-12 19:05:29'),(74956,77,'565652_31822','565652_31822','db142ccc1e785cdce2c98c5b243e0e4b',111.000,1,0,0,'2023-06-12 19:05:29','2023-06-12 19:05:29'),(74957,77,'565652_31823','565652_31823','0d72a62421a9083163d53a8d596c8d31',111.000,1,0,0,'2023-06-12 19:05:29','2023-06-12 19:05:29'),(74958,77,'565652_31824','565652_31824','b27ac9f70b2a86b877ab56b026a1bf5e',111.000,1,0,0,'2023-06-12 19:05:29','2023-06-12 19:05:29'),(74959,77,'565652_31825','565652_31825','8993f577a6aa39e1d59aa78cd2ba8384',111.000,1,0,0,'2023-06-12 19:05:29','2023-06-12 19:05:29'),(74960,77,'565652_31826','565652_31826','c01097bb88cc48e1cd4d0adac98a767d',111.000,1,0,0,'2023-06-12 19:05:29','2023-06-12 19:05:29'),(74961,77,'565652_31827','565652_31827','4154a7398071455a1528fa282dc10ef1',111.000,1,0,0,'2023-06-12 19:05:29','2023-06-12 19:05:29'),(74962,77,'565652_31828','565652_31828','6797d301981ad4ab0afd2e697c937b46',111.000,1,0,0,'2023-06-12 19:05:29','2023-06-12 19:05:29'),(74963,77,'565652_31829','565652_31829','e45ac5cb99f1402ebb51717a4b98daa5',111.000,1,0,0,'2023-06-12 19:05:29','2023-06-12 19:05:29'),(74964,77,'565652_31830','565652_31830','5879977e568adb03bb769b090b8aca72',111.000,1,0,0,'2023-06-12 19:05:29','2023-06-12 19:05:29'),(74965,77,'565652_31831','565652_31831','199e5f357ab9496327063d17020944bb',111.000,1,0,0,'2023-06-12 19:05:29','2023-06-12 19:05:29'),(74966,77,'565652_31832','565652_31832','f801422432681d2a4fffa9d0d014a3e7',111.000,1,0,0,'2023-06-12 19:05:29','2023-06-12 19:05:29'),(74967,77,'565652_31833','565652_31833','5fcb6942506ae147131e07c624981089',111.000,1,0,0,'2023-06-12 19:05:29','2023-06-12 19:05:29'),(74968,77,'565652_31834','565652_31834','d3c7db498cbc1c69060141a152fbea50',111.000,1,0,0,'2023-06-12 19:05:29','2023-06-12 19:05:29'),(74969,77,'565652_31835','565652_31835','3366b311a8be2a7a87fb4acf0affdcea',111.000,1,0,0,'2023-06-12 19:05:29','2023-06-12 19:05:29'),(74970,77,'565652_31836','565652_31836','23233e6fb1c3e37a9ae9e44f13250ad9',111.000,1,0,0,'2023-06-12 19:05:29','2023-06-12 19:05:29'),(74971,77,'565652_31837','565652_31837','474d8025b09b55ae60174bd2b92aa827',111.000,1,0,0,'2023-06-12 19:05:29','2023-06-12 19:05:29'),(74972,77,'565652_31838','565652_31838','d542b4fabc6aa650c004ffe22392834f',111.000,1,0,0,'2023-06-12 19:05:30','2023-06-12 19:05:30'),(74973,77,'565652_31839','565652_31839','012b6c513636998f37cc98ec3e491194',111.000,1,0,0,'2023-06-12 19:05:30','2023-06-12 19:05:30'),(74974,77,'565652_31840','565652_31840','d6660dc5090f7bd974616e011176956f',111.000,1,0,0,'2023-06-12 19:05:30','2023-06-12 19:05:30'),(74975,77,'565652_31841','565652_31841','8d27426f3396efe648a3efdeb976d991',111.000,1,0,0,'2023-06-12 19:05:30','2023-06-12 19:05:30'),(74976,77,'565652_31842','565652_31842','8d577e115f7e8b98a7cd58983adc665c',111.000,1,0,0,'2023-06-12 19:05:30','2023-06-12 19:05:30'),(74977,77,'565652_31843','565652_31843','b2f98df9a0dc14f0a38f246ae0e04ac1',111.000,1,0,0,'2023-06-12 19:05:30','2023-06-12 19:05:30'),(74978,77,'565652_31844','565652_31844','1417e5500b8aab341d8371520d87f0d7',111.000,1,0,0,'2023-06-12 19:05:30','2023-06-12 19:05:30'),(74979,77,'565652_31845','565652_31845','e4fdd9b4f1480b2b1c35ef0b63698c79',111.000,1,0,0,'2023-06-12 19:05:30','2023-06-12 19:05:30'),(74980,77,'565652_31846','565652_31846','72c3ef6c4100529e0738b23361f5d33c',111.000,1,0,0,'2023-06-12 19:05:30','2023-06-12 19:05:30'),(74981,77,'565652_31847','565652_31847','6fc2a46341abb39dca23830684837be0',111.000,1,0,0,'2023-06-12 19:05:30','2023-06-12 19:05:30'),(74982,77,'565652_31848','565652_31848','6cb69a48787a784a1a70a93bf394108f',111.000,1,0,0,'2023-06-12 19:05:30','2023-06-12 19:05:30'),(74983,77,'565652_31849','565652_31849','2df08ab988f54fd8b2b73c167aaf0eca',111.000,1,0,0,'2023-06-12 19:05:30','2023-06-12 19:05:30'),(74984,77,'565652_31850','565652_31850','f7b0224a43828e122e7b0f08e249be13',111.000,1,0,0,'2023-06-12 19:05:30','2023-06-12 19:05:30'),(74985,77,'565652_31851','565652_31851','f833c6eb3d30487f02d9a47be77f12c8',111.000,1,0,0,'2023-06-12 19:05:30','2023-06-12 19:05:30'),(74986,77,'565652_31852','565652_31852','45efb5450418ce907950279ad12fddf7',111.000,1,0,0,'2023-06-12 19:05:30','2023-06-12 19:05:30'),(74987,77,'565652_31853','565652_31853','a7cca0612f9dc9d520c97f96fe355251',111.000,1,0,0,'2023-06-12 19:05:30','2023-06-12 19:05:30'),(74988,77,'565652_31854','565652_31854','1083178da4a738f235159c26eb5bc2d5',111.000,1,0,0,'2023-06-12 19:05:30','2023-06-12 19:05:30'),(74989,77,'565652_31855','565652_31855','85a7c0b971786b44106aa7d9a3279ad2',111.000,1,0,0,'2023-06-12 19:05:30','2023-06-12 19:05:30'),(74990,77,'565652_31856','565652_31856','e07712bab35c796844e91637f4ce6761',111.000,1,0,0,'2023-06-12 19:05:30','2023-06-12 19:05:30'),(74991,77,'565652_31857','565652_31857','285922efd5bf43b114009de3f833a2a4',111.000,1,0,0,'2023-06-12 19:05:30','2023-06-12 19:05:30'),(74992,77,'565652_31858','565652_31858','72ffe47dac887e87086a06b8be0b3d67',111.000,1,0,0,'2023-06-12 19:05:30','2023-06-12 19:05:30'),(74993,77,'565652_31859','565652_31859','9dc3c1d0dcac379f9e2ca7932db7fc13',111.000,1,0,0,'2023-06-12 19:05:31','2023-06-12 19:05:31'),(74994,77,'565652_31860','565652_31860','7ee4c5aebcd0fe5f8987281098c661f8',111.000,1,0,0,'2023-06-12 19:05:31','2023-06-12 19:05:31'),(74995,77,'565652_31861','565652_31861','6c9a876577466fbce0c873c43c5459d2',111.000,1,0,0,'2023-06-12 19:05:31','2023-06-12 19:05:31'),(74996,77,'565652_31862','565652_31862','60a16fc79072325c88c9df21cae23b5c',111.000,1,0,0,'2023-06-12 19:05:31','2023-06-12 19:05:31'),(74997,77,'565652_31863','565652_31863','a936b59f4cc3aef2d2b2c43c49ab4b82',111.000,1,0,0,'2023-06-12 19:05:31','2023-06-12 19:05:31'),(74998,77,'565652_31864','565652_31864','3847b152917480ca0eb4e15da3f45fed',111.000,1,0,0,'2023-06-12 19:05:31','2023-06-12 19:05:31'),(74999,77,'565652_31865','565652_31865','4cb4879e41da61232848e49700f9f57b',111.000,1,0,0,'2023-06-12 19:05:31','2023-06-12 19:05:31'),(75000,77,'565652_31866','565652_31866','5d6f255a77417cece3395afd0ddfa7d0',111.000,1,0,0,'2023-06-12 19:05:31','2023-06-12 19:05:31'),(75001,77,'565652_31867','565652_31867','a1be668b42f41432cc95a61854b3a24d',111.000,1,0,0,'2023-06-12 19:05:31','2023-06-12 19:05:31'),(75002,77,'565652_31868','565652_31868','04d819c6d1566358d98d733cd792e1ee',111.000,1,0,0,'2023-06-12 19:05:31','2023-06-12 19:05:31'),(75003,77,'565652_31869','565652_31869','9f257a5e79f799bb14288f44eb3f5629',111.000,1,0,0,'2023-06-12 19:05:31','2023-06-12 19:05:31'),(75004,77,'565652_31870','565652_31870','8ff7cb66c0e758749bcf80576e8c885f',111.000,1,0,0,'2023-06-12 19:05:31','2023-06-12 19:05:31'),(75005,77,'565652_31871','565652_31871','e6a8f04d99ca956983df22a713501f23',111.000,1,0,0,'2023-06-12 19:05:31','2023-06-12 19:05:31'),(75006,77,'565652_31872','565652_31872','d5eef0deacb5ebe8ee69750db2e02e78',111.000,1,0,0,'2023-06-12 19:05:31','2023-06-12 19:05:31'),(75007,77,'565652_31873','565652_31873','b1de9fa235c57158908487b25821a380',111.000,1,0,0,'2023-06-12 19:05:31','2023-06-12 19:05:31'),(75008,77,'565652_31874','565652_31874','48c39e78cfc23bce70e01a135928dd7e',111.000,1,0,0,'2023-06-12 19:05:31','2023-06-12 19:05:31'),(75009,77,'565652_31875','565652_31875','b4474941b5ef9dfd9fc9d000ad265aab',111.000,1,0,0,'2023-06-12 19:05:31','2023-06-12 19:05:31'),(75010,77,'565652_31876','565652_31876','1ae1c6b59d4d9d906607002db4b683c4',111.000,1,0,0,'2023-06-12 19:05:31','2023-06-12 19:05:31'),(75011,77,'565652_31877','565652_31877','1657e5fed0294bd4b68d4bbe280b8ee2',111.000,1,0,0,'2023-06-12 19:05:31','2023-06-12 19:05:31'),(75012,77,'565652_31878','565652_31878','5fb36d1f089e5e59dc3fe54ea6916b04',111.000,1,0,0,'2023-06-12 19:05:31','2023-06-12 19:05:31'),(75013,77,'565652_31879','565652_31879','b819ace74fbd3cff8141adeadf280c83',111.000,1,0,0,'2023-06-12 19:05:31','2023-06-12 19:05:31'),(75014,77,'565652_31880','565652_31880','07d9de44955eefbedb01582761489ffa',111.000,1,0,0,'2023-06-12 19:05:31','2023-06-12 19:05:31'),(75015,77,'565652_31881','565652_31881','e57f31b3067a64146aebefbf479e29f5',111.000,1,0,0,'2023-06-12 19:05:32','2023-06-12 19:05:32'),(75016,77,'565652_31882','565652_31882','d854c667be7786f123452423f5875793',111.000,1,0,0,'2023-06-12 19:05:32','2023-06-12 19:05:32'),(75017,77,'565652_31883','565652_31883','14ba1990b4b5b16bcd67cc4aa42718d5',111.000,1,0,0,'2023-06-12 19:05:32','2023-06-12 19:05:32'),(75018,77,'565652_31884','565652_31884','d8064add2226bffcf876a0e613fef06b',111.000,1,0,0,'2023-06-12 19:05:32','2023-06-12 19:05:32'),(75019,77,'565652_31885','565652_31885','d7683beae80638e53a656ba70583aae4',111.000,1,0,0,'2023-06-12 19:05:32','2023-06-12 19:05:32'),(75020,77,'565652_31886','565652_31886','bf1cd1135f9957b4172b917ca9244519',111.000,1,0,0,'2023-06-12 19:05:32','2023-06-12 19:05:32'),(75021,77,'565652_31887','565652_31887','a4c60ad90183259f7bd3833a6f86485a',111.000,1,0,0,'2023-06-12 19:05:32','2023-06-12 19:05:32'),(75022,77,'565652_31888','565652_31888','68efe3f7ecc084f66651c04aee7cbc80',111.000,1,0,0,'2023-06-12 19:05:32','2023-06-12 19:05:32'),(75023,77,'565652_31889','565652_31889','eb104a979cbbb0e25cb9065c0e3aeefb',111.000,1,0,0,'2023-06-12 19:05:32','2023-06-12 19:05:32'),(75024,77,'565652_31890','565652_31890','b1eae34a34aacb23539f2f2812a81e94',111.000,1,0,0,'2023-06-12 19:05:32','2023-06-12 19:05:32'),(75025,77,'565652_31891','565652_31891','c3af8db9b741026c5e215e9c864d9eb6',111.000,1,0,0,'2023-06-12 19:05:32','2023-06-12 19:05:32'),(75026,77,'565652_31892','565652_31892','7a937afe75d850f69aa12d931c122260',111.000,1,0,0,'2023-06-12 19:05:32','2023-06-12 19:05:32'),(75027,77,'565652_31893','565652_31893','787740a305755860bad26c097603b5ca',111.000,1,0,0,'2023-06-12 19:05:32','2023-06-12 19:05:32'),(75028,77,'565652_31894','565652_31894','5a5010683beae084b0312d00eb3e8c8d',111.000,1,0,0,'2023-06-12 19:05:32','2023-06-12 19:05:32'),(75029,77,'565652_31895','565652_31895','2ea642e46237d4a7692f54e9d3eb4a7c',111.000,1,0,0,'2023-06-12 19:05:32','2023-06-12 19:05:32'),(75030,77,'565652_31896','565652_31896','fb32a93e6ab5098d5edd5e5bf3875d43',111.000,1,0,0,'2023-06-12 19:05:32','2023-06-12 19:05:32'),(75031,77,'565652_31897','565652_31897','912d78f02d3a76fc2a3b74b4f61329ec',111.000,1,0,0,'2023-06-12 19:05:32','2023-06-12 19:05:32'),(75032,77,'565652_31898','565652_31898','b8c1d93ef8111d7d00fb84652dcbf0d9',111.000,1,0,0,'2023-06-12 19:05:32','2023-06-12 19:05:32'),(75033,77,'565652_31899','565652_31899','dfcb34db55d525e36b2d61e96a897836',111.000,1,0,0,'2023-06-12 19:05:32','2023-06-12 19:05:32'),(75034,77,'565652_31900','565652_31900','67b4d019cad0cb13debc65ecb7be7e13',111.000,1,0,0,'2023-06-12 19:05:33','2023-06-12 19:05:33'),(75035,77,'565652_31901','565652_31901','178a08233f6e55153c55080885a36f1a',111.000,1,0,0,'2023-06-12 19:05:33','2023-06-12 19:05:33'),(75036,77,'565652_31902','565652_31902','ac1c71080296617af20e4a5aeb3b9571',111.000,1,0,0,'2023-06-12 19:05:33','2023-06-12 19:05:33'),(75037,77,'565652_31903','565652_31903','6e446c0a0ac49f52039e062d0148eb40',111.000,1,0,0,'2023-06-12 19:05:33','2023-06-12 19:05:33'),(75038,77,'565652_31904','565652_31904','31a28f414be5371fad5e86568ffd5f01',111.000,1,0,0,'2023-06-12 19:05:33','2023-06-12 19:05:33'),(75039,77,'565652_31905','565652_31905','1fd28849c17c559088f87beff56c3f5b',111.000,1,0,0,'2023-06-12 19:05:33','2023-06-12 19:05:33'),(75040,77,'565652_31906','565652_31906','74a6ca9803d0497ea9fa6ce1e6ecc6d4',111.000,1,0,0,'2023-06-12 19:05:33','2023-06-12 19:05:33'),(75041,77,'565652_31907','565652_31907','127483afbe63916a9a9955d3e175c268',111.000,1,0,0,'2023-06-12 19:05:33','2023-06-12 19:05:33'),(75042,77,'565652_31908','565652_31908','a2ef2d4ba20f0f98d7b68de931427515',111.000,1,0,0,'2023-06-12 19:05:33','2023-06-12 19:05:33'),(75043,77,'565652_31909','565652_31909','ebb7446ed00acb33853f72a413e15d7d',111.000,1,0,0,'2023-06-12 19:05:33','2023-06-12 19:05:33'),(75044,77,'565652_31910','565652_31910','0dfd0aa07d1514c0b84012160a8a2e44',111.000,1,0,0,'2023-06-12 19:05:33','2023-06-12 19:05:33'),(75045,77,'565652_31911','565652_31911','43e55e180bba938b9c08702bed3342bb',111.000,1,0,0,'2023-06-12 19:05:33','2023-06-12 19:05:33'),(75046,77,'565652_31912','565652_31912','1662b2a2ae0c64edfa1e609e9452e9cf',111.000,1,0,0,'2023-06-12 19:05:33','2023-06-12 19:05:33'),(75047,77,'565652_31913','565652_31913','92cf96688c24d4b301c0a7859daeb52a',111.000,1,0,0,'2023-06-12 19:05:33','2023-06-12 19:05:33'),(75048,77,'565652_31914','565652_31914','769cc2db27fbe18fdc9ad4ce9ca9df3e',111.000,1,0,0,'2023-06-12 19:05:33','2023-06-12 19:05:33'),(75049,77,'565652_31915','565652_31915','69ae9839b2839ac9f51af17f02734277',111.000,1,0,0,'2023-06-12 19:05:33','2023-06-12 19:05:33'),(75050,77,'565652_31916','565652_31916','9d49631e3e7aac5b3b46b386ccd30300',111.000,1,0,0,'2023-06-12 19:05:33','2023-06-12 19:05:33'),(75051,77,'565652_31917','565652_31917','608a709a99746fca9f886dc6c3e3bab5',111.000,1,0,0,'2023-06-12 19:05:33','2023-06-12 19:05:33'),(75052,77,'565652_31918','565652_31918','bd1e6e06d51b88dce6b74e3f2c389fcb',111.000,1,0,0,'2023-06-12 19:05:33','2023-06-12 19:05:33'),(75053,77,'565652_31919','565652_31919','a07010e737c8a5c7fde5282d158f395b',111.000,1,0,0,'2023-06-12 19:05:33','2023-06-12 19:05:33'),(75054,77,'565652_31920','565652_31920','4f463038f2e4869d9b55ffc4bc9e3bff',111.000,1,0,0,'2023-06-12 19:05:33','2023-06-12 19:05:33'),(75055,77,'565652_31921','565652_31921','b4a139c4a83bd28ba33aa5c4a043c831',111.000,1,0,0,'2023-06-12 19:05:34','2023-06-12 19:05:34'),(75056,77,'565652_31922','565652_31922','42b9492669b24220db59b8aa68675eae',111.000,1,0,0,'2023-06-12 19:05:34','2023-06-12 19:05:34'),(75057,77,'565652_31923','565652_31923','a648e745635c054a9386685afdf483d7',111.000,1,0,0,'2023-06-12 19:05:34','2023-06-12 19:05:34'),(75058,77,'565652_31924','565652_31924','d08d32bfc1d3271db90c2080ca0213d5',111.000,1,0,0,'2023-06-12 19:05:34','2023-06-12 19:05:34'),(75059,77,'565652_31925','565652_31925','d0b285ba1dac69c1265076180f9ac0d2',111.000,1,0,0,'2023-06-12 19:05:34','2023-06-12 19:05:34'),(75060,77,'565652_31926','565652_31926','0fd11e856ef3a2287157aa6506990041',111.000,1,0,0,'2023-06-12 19:05:34','2023-06-12 19:05:34'),(75061,77,'565652_31927','565652_31927','ccf8a1fc0831389798a25797e34a77f6',111.000,1,0,0,'2023-06-12 19:05:34','2023-06-12 19:05:34'),(75062,77,'565652_31928','565652_31928','4a2d1a9565df58c380ad75e4d4b381cf',111.000,1,0,0,'2023-06-12 19:05:34','2023-06-12 19:05:34'),(75063,77,'565652_31929','565652_31929','4ef4a458e58af42bdf7ac3e67763ab8e',111.000,1,0,0,'2023-06-12 19:05:34','2023-06-12 19:05:34'),(75064,77,'565652_31930','565652_31930','95505680c5a5528cda7ddf8ce5701ffc',111.000,1,0,0,'2023-06-12 19:05:34','2023-06-12 19:05:34'),(75065,77,'565652_31931','565652_31931','391d3df0e7f0c7ef42cf18b62aa82cbd',111.000,1,0,0,'2023-06-12 19:05:35','2023-06-12 19:05:35'),(75066,77,'565652_31932','565652_31932','61e549ac03a10b3c5a6e2ed2b2046476',111.000,1,0,0,'2023-06-12 19:05:35','2023-06-12 19:05:35'),(75067,77,'565652_31933','565652_31933','ca056b9a68c64d5f862cb5b9ea83e2f8',111.000,1,0,0,'2023-06-12 19:05:35','2023-06-12 19:05:35'),(75068,77,'565652_31934','565652_31934','0b09da7a95d7cc1129c11046a188389a',111.000,1,0,0,'2023-06-12 19:05:35','2023-06-12 19:05:35'),(75069,77,'565652_31935','565652_31935','14524363f13c04de6ee987a411e4b337',111.000,1,0,0,'2023-06-12 19:05:35','2023-06-12 19:05:35'),(75070,77,'565652_31936','565652_31936','a28d5e8237128b422be7545813ddaf6b',111.000,1,0,0,'2023-06-12 19:05:35','2023-06-12 19:05:35'),(75071,77,'565652_31937','565652_31937','d5c676dcb4074b9c48ef6b9159cc1363',111.000,1,0,0,'2023-06-12 19:05:36','2023-06-12 19:05:36'),(75072,77,'565652_31938','565652_31938','82ee2556f4f2889ca3ce178f559ee2ef',111.000,1,0,0,'2023-06-12 19:05:36','2023-06-12 19:05:36'),(75073,77,'565652_31939','565652_31939','11b7aacd0a6a96bd844b92a714f0d52a',111.000,1,0,0,'2023-06-12 19:05:37','2023-06-12 19:05:37'),(75074,77,'565652_31940','565652_31940','99a05bc0783dda3642e705f264d47ce7',111.000,1,0,0,'2023-06-12 19:05:37','2023-06-12 19:05:37'),(75075,77,'565652_31941','565652_31941','f44269a384dec800d39649bd0f4ebb82',111.000,1,0,0,'2023-06-12 19:05:38','2023-06-12 19:05:38'),(75076,77,'565652_31942','565652_31942','b833ded34c43b6f8b7d1d249c009747c',111.000,1,0,0,'2023-06-12 19:05:38','2023-06-12 19:05:38'),(75077,77,'565652_31943','565652_31943','f8cc1c3fb0f6301ea2fa97691555d566',111.000,1,0,0,'2023-06-12 19:05:38','2023-06-12 19:05:38');

--
-- Table structure for table `product_images`
--

CREATE TABLE `product_images` (
  `id` bigint unsigned NOT NULL AUTO_INCREMENT,
  `product_id` bigint unsigned DEFAULT NULL,
  `name` varchar(255) CHARACTER SET utf8mb4 COLLATE utf8mb4_unicode_ci NOT NULL,
  `file_name` varchar(255) CHARACTER SET utf8mb4 COLLATE utf8mb4_unicode_ci NOT NULL,
  `position` int NOT NULL DEFAULT '0',
  `created_at` timestamp NULL DEFAULT NULL,
  `updated_at` timestamp NULL DEFAULT NULL,
  PRIMARY KEY (`id`)
) ENGINE=InnoDB AUTO_INCREMENT=214 DEFAULT CHARSET=utf8mb4 COLLATE=utf8mb4_unicode_ci;

--
-- Dumping data for table `product_images`
--

INSERT INTO `product_images` VALUES (7,22,'142150ea55ebd2e93d17463d53a98cf0.png','142150ea55ebd2e93d17463d53a98cf0.png',0,'2023-04-02 02:59:04','2023-04-02 02:59:04'),(8,22,'432bbd38c63bd3884748554fc3be4450.png','432bbd38c63bd3884748554fc3be4450.png',0,'2023-04-02 02:59:04','2023-04-02 02:59:04'),(9,22,'6c9197996303e0b41c1ddea09cadfadb.png','6c9197996303e0b41c1ddea09cadfadb.png',0,'2023-04-02 02:59:04','2023-04-02 02:59:04'),(10,23,'ce2d26cb6ca3bdff2e970b9b3d31e5ea.png','ce2d26cb6ca3bdff2e970b9b3d31e5ea.png',0,'2023-04-02 03:03:46','2023-04-02 03:03:46'),(11,23,'a7cc98f6f764cdc1e6deb9a396bf3312.png','a7cc98f6f764cdc1e6deb9a396bf3312.png',0,'2023-04-02 03:03:46','2023-04-02 03:03:46'),(12,23,'dc5c47e47e2d0a7006b7bab8cc15858c.png','dc5c47e47e2d0a7006b7bab8cc15858c.png',0,'2023-04-02 03:03:46','2023-04-02 03:03:46'),(13,24,'7ff1c03f872c75995067c406c90c0aab.png','7ff1c03f872c75995067c406c90c0aab.png',0,'2023-04-02 03:06:12','2023-04-02 03:06:12'),(14,24,'c58337e6e5a3c2ebfa99f2f37c70aac9.png','c58337e6e5a3c2ebfa99f2f37c70aac9.png',0,'2023-04-02 03:06:12','2023-04-02 03:06:12'),(27,20,'d37299250d59360db179278e7fb5f6eb.png','d37299250d59360db179278e7fb5f6eb.png',0,'2023-04-03 13:28:01','2023-04-03 13:28:01'),(28,20,'b5467a5811e6f04d2fce567acc737f03.png','b5467a5811e6f04d2fce567acc737f03.png',0,'2023-04-03 13:28:01','2023-04-03 13:28:01'),(29,20,'093f37b2e0dd70cface43ff244af025b.png','093f37b2e0dd70cface43ff244af025b.png',0,'2023-04-03 13:28:01','2023-04-03 13:28:01'),(40,21,'57cfbfd8c10ad342378e845516ed7f4d.png','57cfbfd8c10ad342378e845516ed7f4d.png',0,'2023-04-04 12:11:36','2023-04-04 12:11:36'),(41,21,'e0cd7e159fc3bb73680d9a2ee1fe4945.png','e0cd7e159fc3bb73680d9a2ee1fe4945.png',0,'2023-04-04 12:11:36','2023-04-04 12:11:36'),(42,21,'38b72188eb867b400300a0876caec28f.png','38b72188eb867b400300a0876caec28f.png',0,'2023-04-04 12:11:36','2023-04-04 12:11:36'),(43,21,'fb9e399891108b90bcb2905a91e67f46.png','fb9e399891108b90bcb2905a91e67f46.png',0,'2023-04-04 12:11:36','2023-04-04 12:11:36'),(44,21,'567f46745240e2c68cc03c94b88d5d6d.png','567f46745240e2c68cc03c94b88d5d6d.png',0,'2023-04-04 12:11:36','2023-04-04 12:11:36'),(49,25,'f2e04763868ba67f2d66fe3a6b3f9072.png','f2e04763868ba67f2d66fe3a6b3f9072.png',0,'2023-04-15 02:16:35','2023-04-15 02:16:35'),(50,25,'3d313846efde18b4f5b7f0191abb7b76.png','3d313846efde18b4f5b7f0191abb7b76.png',0,'2023-04-15 02:16:35','2023-04-15 02:16:35'),(51,25,'306454a1342d209147eb01cffdbc3535.png','306454a1342d209147eb01cffdbc3535.png',0,'2023-04-15 02:16:35','2023-04-15 02:16:35'),(52,25,'3d1aef99cb7fb9e4b8b890fc7de91d7c.png','3d1aef99cb7fb9e4b8b890fc7de91d7c.png',0,'2023-04-15 02:16:35','2023-04-15 02:16:35'),(53,25,'042bb818d381693c6c25341ff4adb9c1.png','042bb818d381693c6c25341ff4adb9c1.png',0,'2023-04-15 02:16:35','2023-04-15 02:16:35'),(54,25,'ca6abaf05a6b8ddcaa303b79a8cab195.png','ca6abaf05a6b8ddcaa303b79a8cab195.png',0,'2023-04-15 02:16:35','2023-04-15 02:16:35'),(55,25,'20a6250e630f1507ce8ba85aaf5f8aba.png','20a6250e630f1507ce8ba85aaf5f8aba.png',0,'2023-04-15 02:16:35','2023-04-15 02:16:35'),(56,25,'32c858c30bd574c78bdafa606046ba4b.png','32c858c30bd574c78bdafa606046ba4b.png',0,'2023-04-15 02:16:35','2023-04-15 02:16:35'),(57,25,'0fa2710c3362789cbcfe975ce4d065f1.png','0fa2710c3362789cbcfe975ce4d065f1.png',0,'2023-04-15 02:16:35','2023-04-15 02:16:35'),(58,25,'f20b4c85dcae1b160aaa225ca9da6ddf.png','f20b4c85dcae1b160aaa225ca9da6ddf.png',0,'2023-04-15 02:16:35','2023-04-15 02:16:35'),(59,25,'b03a5a69bbabbd961c3921c266d501dc.png','b03a5a69bbabbd961c3921c266d501dc.png',0,'2023-04-15 02:16:35','2023-04-15 02:16:35'),(60,25,'fe088a95642ff6516e8b30d856e376a4.jpg','fe088a95642ff6516e8b30d856e376a4.jpg',0,'2023-04-15 02:16:35','2023-04-15 02:16:35'),(61,25,'7ba3bda41722f4f32efad57816f5748f.png','7ba3bda41722f4f32efad57816f5748f.png',0,'2023-04-15 02:16:35','2023-04-15 02:16:35'),(62,25,'f2f304e29e700ce6c6288d1b0849a6bd.jpg','f2f304e29e700ce6c6288d1b0849a6bd.jpg',0,'2023-04-15 02:16:35','2023-04-15 02:16:35'),(63,25,'0d1f44121a0fed90c30df519d0b54011.png','0d1f44121a0fed90c30df519d0b54011.png',0,'2023-04-15 02:16:35','2023-04-15 02:16:35'),(64,25,'0958ed5cefa902a0cb7b02ddf22bce6e.jpg','0958ed5cefa902a0cb7b02ddf22bce6e.jpg',0,'2023-04-15 02:16:35','2023-04-15 02:16:35'),(65,25,'f88eaa3e5d053657931c9f1621212240.png','f88eaa3e5d053657931c9f1621212240.png',0,'2023-04-15 02:16:35','2023-04-15 02:16:35'),(66,28,'36968c9bf518cbf3fdc4a05987ab00d1.png','36968c9bf518cbf3fdc4a05987ab00d1.png',0,'2023-04-15 11:19:51','2023-04-15 11:19:51'),(67,28,'e9a40da52bd4d362974849b540ef2278.png','e9a40da52bd4d362974849b540ef2278.png',0,'2023-04-15 11:19:51','2023-04-15 11:19:51'),(68,28,'fb6bff0f8b6da377aa9dc8f791111243.png','fb6bff0f8b6da377aa9dc8f791111243.png',0,'2023-04-15 11:19:51','2023-04-15 11:19:51'),(69,28,'7e233b152fbc404933821317640605ed.png','7e233b152fbc404933821317640605ed.png',0,'2023-04-15 11:19:51','2023-04-15 11:19:51'),(71,29,'8cc456141b7bb33003abf12f6b6afddb.png','8cc456141b7bb33003abf12f6b6afddb.png',0,'2023-04-17 10:22:33','2023-04-17 10:22:33'),(72,30,'4f94d62f449ca1d9ac76bce44a945844.png','4f94d62f449ca1d9ac76bce44a945844.png',0,'2023-04-23 19:16:05','2023-04-23 19:16:05'),(73,31,'9334ca98eec58559529ba32bfaa2763f.png','9334ca98eec58559529ba32bfaa2763f.png',0,'2023-04-23 19:52:27','2023-04-23 19:52:27'),(74,32,'41a49b764a44148ba79372f20ac9a528.png','41a49b764a44148ba79372f20ac9a528.png',0,'2023-04-23 20:17:23','2023-04-23 20:17:23'),(75,34,'7181b0ca0bc7ec017266e73f9825c1ac.png','7181b0ca0bc7ec017266e73f9825c1ac.png',0,'2023-04-23 20:36:00','2023-04-23 20:36:00'),(76,40,'452c2d927a7d0a62432919ec3fa073e8.png','452c2d927a7d0a62432919ec3fa073e8.png',0,'2023-04-23 21:50:08','2023-04-23 21:50:08'),(78,41,'c9949b8cc877b700d6fce5de5aa75a13.png','c9949b8cc877b700d6fce5de5aa75a13.png',0,'2023-04-24 00:52:36','2023-04-24 00:52:36'),(79,42,'ddab43a91b77c8d19330cd7c7696968f.png','ddab43a91b77c8d19330cd7c7696968f.png',0,'2023-04-24 03:06:49','2023-04-24 03:06:49'),(83,43,'5b20a1ca3bfebfd3938e201442cd98f1.png','5b20a1ca3bfebfd3938e201442cd98f1.png',0,'2023-04-24 03:13:48','2023-04-24 03:13:48'),(87,45,'faaf395f7717af860bff4993a636826f.jpg','faaf395f7717af860bff4993a636826f.jpg',0,'2023-04-24 10:43:36','2023-04-24 10:43:36'),(88,45,'356e263ddf0b16876a74d435a7edd3e6.png','356e263ddf0b16876a74d435a7edd3e6.png',0,'2023-04-24 10:43:36','2023-04-24 10:43:36'),(89,45,'0ae9840452cd03d750ccc026d667d559.png','0ae9840452cd03d750ccc026d667d559.png',0,'2023-04-24 10:43:36','2023-04-24 10:43:36'),(90,79,'7e3b146a635ad5396a0e3e896412fb04.jpg','7e3b146a635ad5396a0e3e896412fb04.jpg',0,'2023-10-26 20:11:19','2023-10-26 20:11:19'),(91,79,'16c4f850dcaa0135568f01686757aabf.jpg','16c4f850dcaa0135568f01686757aabf.jpg',0,'2023-10-26 20:11:19','2023-10-26 20:11:19'),(92,79,'02b03144277b590f9e9168aa90f0b6a8.jpg','02b03144277b590f9e9168aa90f0b6a8.jpg',0,'2023-10-26 20:11:19','2023-10-26 20:11:19'),(95,81,'85b76c98d77d6f934dde7ff9aa88ba55.png','85b76c98d77d6f934dde7ff9aa88ba55.png',0,'2023-11-02 20:31:37','2023-11-02 20:31:37'),(97,82,'625a07cbd7576e44a5ceaa37be540e83.jpg','625a07cbd7576e44a5ceaa37be540e83.jpg',0,'2023-11-02 20:34:30','2023-11-02 20:34:30'),(98,83,'15af24c1ad1073398f60770589fb3edc.jpg','15af24c1ad1073398f60770589fb3edc.jpg',0,'2023-11-02 20:35:13','2023-11-02 20:35:13'),(99,80,'9a17e3a2fd0e463f387b6c0e9ef76b0f.jpg','9a17e3a2fd0e463f387b6c0e9ef76b0f.jpg',0,'2023-11-08 02:39:59','2023-11-08 02:39:59'),(100,80,'ba728107e9e20fbc8cb709b775055443.jpg','ba728107e9e20fbc8cb709b775055443.jpg',0,'2023-11-08 02:39:59','2023-11-08 02:39:59'),(102,84,'00dfc4e7e2a457d495bafcab7c7be87e.jpg','00dfc4e7e2a457d495bafcab7c7be87e.jpg',0,'2023-12-14 04:03:05','2023-12-14 04:03:05'),(103,85,'2ecbe9d8bbfaa3580630fc7b9373e7ea.jpg','2ecbe9d8bbfaa3580630fc7b9373e7ea.jpg',0,'2023-12-18 13:38:24','2023-12-18 13:38:24'),(116,86,'bb268ff0a7a97a5efbff52b050235fb1.jpg','bb268ff0a7a97a5efbff52b050235fb1.jpg',0,'2023-12-18 14:07:55','2023-12-18 14:07:55'),(117,86,'11af50978b403653f80f998b2f9571a7.jpg','11af50978b403653f80f998b2f9571a7.jpg',0,'2023-12-18 14:07:55','2023-12-18 14:07:55'),(118,86,'2b85d508bdaa76f00d0afa8fa836e865.jpg','2b85d508bdaa76f00d0afa8fa836e865.jpg',0,'2023-12-18 14:07:55','2023-12-18 14:07:55'),(121,88,'e5d5288854dfac705a404ff2a6bfb303.jpg','e5d5288854dfac705a404ff2a6bfb303.jpg',0,'2023-12-19 04:03:40','2023-12-19 04:03:40'),(122,88,'827adf5461562217c187b6a4cdd5aee3.jpg','827adf5461562217c187b6a4cdd5aee3.jpg',0,'2023-12-19 04:03:40','2023-12-19 04:03:40'),(125,89,'b8e975c307f25c7621c38d86e201d4d9.jpg','b8e975c307f25c7621c38d86e201d4d9.jpg',0,'2023-12-19 10:54:21','2023-12-19 10:54:21'),(126,89,'f71d321db44be017c546a4fc0e034a5d.jpg','f71d321db44be017c546a4fc0e034a5d.jpg',0,'2023-12-19 10:54:21','2023-12-19 10:54:21'),(127,87,'0f1f4d9403e747863d40e70c5edbd65c.jpg','0f1f4d9403e747863d40e70c5edbd65c.jpg',0,'2023-12-28 14:16:51','2023-12-28 14:16:51'),(128,87,'db99b60426d6952a8e4fe1a9126fc620.jpg','db99b60426d6952a8e4fe1a9126fc620.jpg',0,'2023-12-28 14:16:51','2023-12-28 14:16:51'),(129,87,'e89384375d0194b27e8d6801ce4f0381.jpg','e89384375d0194b27e8d6801ce4f0381.jpg',0,'2023-12-28 14:16:51','2023-12-28 14:16:51'),(130,90,'5b2e927ec9330b8c915d7834384da49d.jpg','5b2e927ec9330b8c915d7834384da49d.jpg',0,'2024-02-23 22:24:08','2024-02-23 22:24:08'),(131,90,'5455a70a383f4d3d990607e512fd5a53.png','5455a70a383f4d3d990607e512fd5a53.png',0,'2024-02-23 22:24:08','2024-02-23 22:24:08'),(132,90,'e56924bcaa1a270a45e7634c6d0af592.png','e56924bcaa1a270a45e7634c6d0af592.png',0,'2024-02-23 22:24:08','2024-02-23 22:24:08'),(133,90,'9dfbbe7d3f27c7f1d11145764118e274.jpg','9dfbbe7d3f27c7f1d11145764118e274.jpg',0,'2024-02-23 22:24:08','2024-02-23 22:24:08'),(134,91,'fb27e91594e52eaf46fafd9f36b8a510.jpg','fb27e91594e52eaf46fafd9f36b8a510.jpg',0,'2024-02-25 18:31:39','2024-02-25 18:31:39'),(135,91,'41b6a2acf9d3f53f821765f254085fc7.png','41b6a2acf9d3f53f821765f254085fc7.png',0,'2024-02-25 18:31:39','2024-02-25 18:31:39'),(136,91,'87ef2d3481afde2f47ba0019272d470d.png','87ef2d3481afde2f47ba0019272d470d.png',0,'2024-02-25 18:31:39','2024-02-25 18:31:39'),(137,92,'2a340b83a751e1d98b442f24c9e34627.png','2a340b83a751e1d98b442f24c9e34627.png',0,'2024-02-25 18:46:56','2024-02-25 18:46:56'),(138,93,'2cb82875f53aef6a037039f75ca3a92a.jpg','2cb82875f53aef6a037039f75ca3a92a.jpg',0,'2024-02-25 19:11:19','2024-02-25 19:11:19'),(139,93,'2ff9389b31a4e0f15f235883c31b35c0.jpg','2ff9389b31a4e0f15f235883c31b35c0.jpg',0,'2024-02-25 19:11:19','2024-02-25 19:11:19'),(140,93,'cb09157ea423d8e45aaf2a35435a7d71.png','cb09157ea423d8e45aaf2a35435a7d71.png',0,'2024-02-25 19:11:19','2024-02-25 19:11:19'),(141,93,'f788a25fe18ab9e7bda7ac4cf3616ac5.png','f788a25fe18ab9e7bda7ac4cf3616ac5.png',0,'2024-02-25 19:11:19','2024-02-25 19:11:19'),(142,94,'2cb82875f53aef6a037039f75ca3a92a.jpg','2cb82875f53aef6a037039f75ca3a92a.jpg',0,'2024-02-25 19:12:04','2024-02-25 19:12:04'),(143,94,'2ff9389b31a4e0f15f235883c31b35c0.jpg','2ff9389b31a4e0f15f235883c31b35c0.jpg',0,'2024-02-25 19:12:04','2024-02-25 19:12:04'),(144,94,'cb09157ea423d8e45aaf2a35435a7d71.png','cb09157ea423d8e45aaf2a35435a7d71.png',0,'2024-02-25 19:12:04','2024-02-25 19:12:04'),(145,94,'f788a25fe18ab9e7bda7ac4cf3616ac5.png','f788a25fe18ab9e7bda7ac4cf3616ac5.png',0,'2024-02-25 19:12:04','2024-02-25 19:12:04'),(146,95,'c53e9b17c0783f0bfacc79756d3e1f12.jpg','c53e9b17c0783f0bfacc79756d3e1f12.jpg',0,'2024-02-25 20:06:50','2024-02-25 20:06:50'),(147,95,'88afc6270c0eee6d7d0dda1669c14c0e.png','88afc6270c0eee6d7d0dda1669c14c0e.png',0,'2024-02-25 20:06:50','2024-02-25 20:06:50'),(148,95,'61f43ec6d5dd3d346b729eec45d199f8.png','61f43ec6d5dd3d346b729eec45d199f8.png',0,'2024-02-25 20:06:50','2024-02-25 20:06:50'),(154,97,'7d3b26ba21aabc12465d792409bd7db5.jpg','7d3b26ba21aabc12465d792409bd7db5.jpg',0,'2024-02-26 02:53:00','2024-02-26 02:53:00'),(155,97,'57a837967f42cb9b76badbe6f89d21c1.png','57a837967f42cb9b76badbe6f89d21c1.png',0,'2024-02-26 02:53:00','2024-02-26 02:53:00'),(156,96,'a117b93aeabf8c540ff2b0ba58ba9516.jpg','a117b93aeabf8c540ff2b0ba58ba9516.jpg',0,'2024-02-26 02:53:10','2024-02-26 02:53:10'),(157,96,'22c60682e89c396e1bec5be833427b12.png','22c60682e89c396e1bec5be833427b12.png',0,'2024-02-26 02:53:10','2024-02-26 02:53:10'),(158,96,'cca61ba1f64dcefdb4a3df8505d0e487.png','cca61ba1f64dcefdb4a3df8505d0e487.png',0,'2024-02-26 02:53:10','2024-02-26 02:53:10'),(159,98,'d4b2f4ebf9d5cd649b6bc11e728d70ce.jpg','d4b2f4ebf9d5cd649b6bc11e728d70ce.jpg',0,'2024-02-26 02:53:56','2024-02-26 02:53:56'),(160,98,'4399794e97045ce9d28a1c88b613a82b.png','4399794e97045ce9d28a1c88b613a82b.png',0,'2024-02-26 02:53:56','2024-02-26 02:53:56'),(161,98,'4369d618e48f72912ec59b8263205eed.png','4369d618e48f72912ec59b8263205eed.png',0,'2024-02-26 02:53:56','2024-02-26 02:53:56'),(162,98,'bdb204617ffaf95a9e10680e5743c93c.png','bdb204617ffaf95a9e10680e5743c93c.png',0,'2024-02-26 02:53:56','2024-02-26 02:53:56'),(177,102,'37b6e39d6f9ebc902c6f1b6de27e9822.jpg','37b6e39d6f9ebc902c6f1b6de27e9822.jpg',0,'2024-02-27 00:40:11','2024-02-27 00:40:11'),(178,102,'2b322ef526ab39cb18e570cddb91ae18.png','2b322ef526ab39cb18e570cddb91ae18.png',0,'2024-02-27 00:40:11','2024-02-27 00:40:11'),(179,99,'da196311be8af8f439c7b11a8634d626.png','da196311be8af8f439c7b11a8634d626.png',0,'2024-02-27 00:46:08','2024-02-27 00:46:08'),(180,99,'7bf12fdb8d245069352ebcd8b6106564.png','7bf12fdb8d245069352ebcd8b6106564.png',0,'2024-02-27 00:46:08','2024-02-27 00:46:08'),(181,103,'05613aa7298bcd556307b16f35d48306.jpg','05613aa7298bcd556307b16f35d48306.jpg',0,'2024-02-27 00:47:43','2024-02-27 00:47:43'),(182,103,'ef2aa0376a6db8b3c79fcaf94ca6ba97.jpg','ef2aa0376a6db8b3c79fcaf94ca6ba97.jpg',0,'2024-02-27 00:47:43','2024-02-27 00:47:43'),(183,103,'e43e526056157e2b9026a489fa91d29e.jpg','e43e526056157e2b9026a489fa91d29e.jpg',0,'2024-02-27 00:47:43','2024-02-27 00:47:43'),(205,100,'dddc3b0224821148ee8d3af927db5290.jpg','dddc3b0224821148ee8d3af927db5290.jpg',0,'2024-03-06 11:45:40','2024-03-06 11:45:40'),(206,100,'96397b4c2f2c661586f89dafce0444c3.jpg','96397b4c2f2c661586f89dafce0444c3.jpg',0,'2024-03-06 11:45:40','2024-03-06 11:45:40'),(207,100,'55ab7f57f842d58a3db9bda669af1856.jpg','55ab7f57f842d58a3db9bda669af1856.jpg',0,'2024-03-06 11:45:40','2024-03-06 11:45:40'),(208,100,'7f0c895a0d92a6a5472f3dd26212f50c.jpg','7f0c895a0d92a6a5472f3dd26212f50c.jpg',0,'2024-03-06 11:45:40','2024-03-06 11:45:40'),(209,100,'a7ba4579c84a92b3fc232046624c33e7.JPG','a7ba4579c84a92b3fc232046624c33e7.JPG',0,'2024-03-06 11:45:40','2024-03-06 11:45:40'),(210,100,'6dcea4d9f06b5c69fddb86b02285a782.JPG','6dcea4d9f06b5c69fddb86b02285a782.JPG',0,'2024-03-06 11:45:40','2024-03-06 11:45:40'),(211,101,'df2b0944fec5a9d3535a492914f4e37f.jpg','df2b0944fec5a9d3535a492914f4e37f.jpg',0,'2024-03-11 11:28:33','2024-03-11 11:28:33'),(212,101,'a48b354c75be794c753f233e9580b97d.png','a48b354c75be794c753f233e9580b97d.png',0,'2024-03-11 11:28:33','2024-03-11 11:28:33'),(213,101,'ea8c47e79bc919a903defe4344df3d5e.jpg','ea8c47e79bc919a903defe4344df3d5e.jpg',0,'2024-03-11 11:28:33','2024-03-11 11:28:33');

--
-- Table structure for table `product_keywords`
--

CREATE TABLE `product_keywords` (
  `id` bigint unsigned NOT NULL AUTO_INCREMENT,
  `product_id` int NOT NULL,
  `keyword_id` int NOT NULL,
  `created_at` timestamp NULL DEFAULT NULL,
  `updated_at` timestamp NULL DEFAULT NULL,
  PRIMARY KEY (`id`)
) ENGINE=InnoDB AUTO_INCREMENT=69 DEFAULT CHARSET=utf8mb4 COLLATE=utf8mb4_unicode_ci;

--
-- Dumping data for table `product_keywords`
--

INSERT INTO `product_keywords` VALUES (1,17,84,'2023-04-02 00:37:28','2023-04-02 00:37:28'),(2,17,88,'2023-04-02 00:37:28','2023-04-02 00:37:28'),(3,17,86,'2023-04-02 00:37:28','2023-04-02 00:37:28'),(6,19,84,'2023-04-02 01:27:01','2023-04-02 01:27:01'),(9,22,78,'2023-04-02 02:59:04','2023-04-02 02:59:04'),(10,23,84,'2023-04-02 03:03:46','2023-04-02 03:03:46'),(11,24,84,'2023-04-02 03:06:12','2023-04-02 03:06:12'),(18,18,84,'2023-04-03 02:46:58','2023-04-03 02:46:58'),(19,18,86,'2023-04-03 02:46:58','2023-04-03 02:46:58'),(22,20,78,'2023-04-03 13:28:01','2023-04-03 13:28:01'),(25,21,84,'2023-04-04 12:11:36','2023-04-04 12:11:36'),(26,26,77,'2023-04-15 10:57:33','2023-04-15 10:57:33'),(27,27,82,'2023-04-15 11:16:15','2023-04-15 11:16:15'),(28,28,77,'2023-04-15 11:19:51','2023-04-15 11:19:51'),(30,29,77,'2023-04-17 10:22:33','2023-04-17 10:22:33'),(31,59,89,'2023-05-11 10:47:00','2023-05-11 10:47:00'),(33,84,90,'2023-12-14 04:03:06','2023-12-14 04:03:06'),(50,102,77,'2024-02-27 00:40:11','2024-02-27 00:40:11'),(51,99,79,'2024-02-27 00:46:09','2024-02-27 00:46:09'),(52,99,77,'2024-02-27 00:46:09','2024-02-27 00:46:09'),(53,99,74,'2024-02-27 00:46:09','2024-02-27 00:46:09'),(66,100,91,'2024-03-06 11:45:40','2024-03-06 11:45:40'),(67,100,77,'2024-03-06 11:45:40','2024-03-06 11:45:40'),(68,101,90,'2024-03-11 11:28:33','2024-03-11 11:28:33');

--
-- Table structure for table `product_notes`
--

CREATE TABLE `product_notes` (
  `id` bigint unsigned NOT NULL AUTO_INCREMENT,
  `product_id` bigint unsigned DEFAULT NULL,
  `content` text CHARACTER SET utf8mb4 COLLATE utf8mb4_unicode_ci NOT NULL,
  `is_important` smallint NOT NULL DEFAULT '0',
  `created_at` timestamp NULL DEFAULT NULL,
  `updated_at` timestamp NULL DEFAULT NULL,
  PRIMARY KEY (`id`)
) ENGINE=InnoDB DEFAULT CHARSET=utf8mb4 COLLATE=utf8mb4_unicode_ci;

--
-- Dumping data for table `product_notes`
--


--
-- Table structure for table `product_option_details`
--

CREATE TABLE `product_option_details` (
  `id` bigint unsigned NOT NULL AUTO_INCREMENT,
  `product_option_id` varchar(255) CHARACTER SET utf8mb4 COLLATE utf8mb4_unicode_ci DEFAULT NULL,
  `name` varchar(255) CHARACTER SET utf8mb4 COLLATE utf8mb4_unicode_ci NOT NULL,
  `slug` varchar(255) CHARACTER SET utf8mb4 COLLATE utf8mb4_unicode_ci NOT NULL,
  `image` varchar(255) CHARACTER SET utf8mb4 COLLATE utf8mb4_unicode_ci DEFAULT NULL,
  `description` varchar(255) CHARACTER SET utf8mb4 COLLATE utf8mb4_unicode_ci DEFAULT NULL,
  `position` int NOT NULL DEFAULT '0',
  `is_check` tinyint(1) NOT NULL DEFAULT '1',
  `created_at` timestamp NULL DEFAULT NULL,
  `updated_at` timestamp NULL DEFAULT NULL,
  PRIMARY KEY (`id`),
  UNIQUE KEY `product_option_details_id_unique` (`id`)
) ENGINE=InnoDB AUTO_INCREMENT=1191 DEFAULT CHARSET=utf8mb4 COLLATE=utf8mb4_unicode_ci;

--
-- Dumping data for table `product_option_details`
--

INSERT INTO `product_option_details` VALUES (1,'1','10m','10m','1dcb4ebb2ae9ff76c95447ae3099ab03.png',NULL,0,1,'2023-04-23 21:24:21','2023-04-23 21:24:21'),(2,'1','20m','20m','067874399df43771257ebfe9ac53032e.jpg',NULL,0,1,'2023-04-23 21:24:21','2023-04-23 21:24:21'),(3,'1','30m','30m','6d6e3a053069b5684790b82ac0386b98.png',NULL,0,1,'2023-04-23 21:24:21','2023-04-23 21:24:21'),(4,'2','10m','10m','5b2890409d3d9f2e925281a27077c09e.png',NULL,0,1,'2023-04-23 21:24:21','2023-04-23 21:24:21'),(5,'2','20m','20m','cacf7e835034ba11751e352d6490f9be.png',NULL,0,1,'2023-04-23 21:24:21','2023-04-23 21:24:21'),(6,'2','30m','30m','7a9de29da3e3a29d8349afe01c0e812f.png',NULL,0,1,'2023-04-23 21:24:21','2023-04-23 21:24:21'),(7,'3','Green','green','0673d0c6969f0df5b7841e7f6f5eb924.jpg',NULL,0,1,'2023-04-23 21:24:21','2023-04-23 21:24:21'),(8,'3','Blue','blue','a754166ff7cd636b7725869ae1701229.png',NULL,0,1,'2023-04-23 21:24:21','2023-04-23 21:24:21'),(9,'3','Red','red','c3441689b77aecfeafe0ea9ec840a735.png',NULL,0,1,'2023-04-23 21:24:21','2023-04-23 21:24:21'),(10,'4','10m','10m','1dcb4ebb2ae9ff76c95447ae3099ab03.png',NULL,0,1,'2023-04-23 21:37:37','2023-04-23 21:37:37'),(11,'4','20m','20m','067874399df43771257ebfe9ac53032e.jpg',NULL,0,1,'2023-04-23 21:37:37','2023-04-23 21:37:37'),(12,'4','30m','30m','6d6e3a053069b5684790b82ac0386b98.png',NULL,0,1,'2023-04-23 21:37:37','2023-04-23 21:37:37'),(13,'5','10m','10m','5b2890409d3d9f2e925281a27077c09e.png',NULL,0,1,'2023-04-23 21:37:37','2023-04-23 21:37:37'),(14,'5','20m','20m','cacf7e835034ba11751e352d6490f9be.png',NULL,0,1,'2023-04-23 21:37:37','2023-04-23 21:37:37'),(15,'5','30m','30m','7a9de29da3e3a29d8349afe01c0e812f.png',NULL,0,1,'2023-04-23 21:37:37','2023-04-23 21:37:37'),(16,'6','Green','green','0673d0c6969f0df5b7841e7f6f5eb924.jpg',NULL,0,1,'2023-04-23 21:37:37','2023-04-23 21:37:37'),(17,'6','Blue','blue','a754166ff7cd636b7725869ae1701229.png',NULL,0,1,'2023-04-23 21:37:37','2023-04-23 21:37:37'),(18,'6','Red','red','c3441689b77aecfeafe0ea9ec840a735.png',NULL,0,1,'2023-04-23 21:37:37','2023-04-23 21:37:37'),(19,'7','10m','10m','1dcb4ebb2ae9ff76c95447ae3099ab03.png',NULL,0,1,'2023-04-23 21:50:07','2023-04-23 21:50:07'),(20,'7','20m','20m','067874399df43771257ebfe9ac53032e.jpg',NULL,0,1,'2023-04-23 21:50:07','2023-04-23 21:50:07'),(21,'7','30m','30m','6d6e3a053069b5684790b82ac0386b98.png',NULL,0,1,'2023-04-23 21:50:07','2023-04-23 21:50:07'),(22,'8','10m','10m','5b2890409d3d9f2e925281a27077c09e.png',NULL,0,1,'2023-04-23 21:50:07','2023-04-23 21:50:07'),(23,'8','20m','20m','cacf7e835034ba11751e352d6490f9be.png',NULL,0,1,'2023-04-23 21:50:07','2023-04-23 21:50:07'),(24,'8','30m','30m','7a9de29da3e3a29d8349afe01c0e812f.png',NULL,0,1,'2023-04-23 21:50:07','2023-04-23 21:50:07'),(25,'9','Green','green','0673d0c6969f0df5b7841e7f6f5eb924.jpg',NULL,0,1,'2023-04-23 21:50:07','2023-04-23 21:50:07'),(26,'9','Blue','blue','a754166ff7cd636b7725869ae1701229.png',NULL,0,1,'2023-04-23 21:50:07','2023-04-23 21:50:07'),(27,'9','Red','red','c3441689b77aecfeafe0ea9ec840a735.png',NULL,0,1,'2023-04-23 21:50:07','2023-04-23 21:50:07'),(37,'13','Green','green','0673d0c6969f0df5b7841e7f6f5eb924.jpg',NULL,0,1,'2023-04-24 00:52:35','2023-04-24 00:52:35'),(38,'13','Blue','blue','a754166ff7cd636b7725869ae1701229.png',NULL,0,1,'2023-04-24 00:52:35','2023-04-24 00:52:35'),(39,'13','Red','red','c3441689b77aecfeafe0ea9ec840a735.png',NULL,0,1,'2023-04-24 00:52:35','2023-04-24 00:52:35'),(40,'14','10m','10m','1dcb4ebb2ae9ff76c95447ae3099ab03.png',NULL,0,1,'2023-04-24 00:52:35','2023-04-24 00:52:35'),(41,'14','20m','20m','067874399df43771257ebfe9ac53032e.jpg',NULL,0,1,'2023-04-24 00:52:35','2023-04-24 00:52:35'),(42,'14','30m','30m','6d6e3a053069b5684790b82ac0386b98.png',NULL,0,1,'2023-04-24 00:52:35','2023-04-24 00:52:35'),(43,'15','10m','10m','5b2890409d3d9f2e925281a27077c09e.png',NULL,0,1,'2023-04-24 00:52:35','2023-04-24 00:52:35'),(44,'15','20m','20m','cacf7e835034ba11751e352d6490f9be.png',NULL,0,1,'2023-04-24 00:52:35','2023-04-24 00:52:35'),(45,'15','30m','30m','7a9de29da3e3a29d8349afe01c0e812f.png',NULL,0,1,'2023-04-24 00:52:35','2023-04-24 00:52:35'),(46,'16','10m','10m','1dcb4ebb2ae9ff76c95447ae3099ab03.png',NULL,0,1,'2023-04-24 03:06:48','2023-04-24 03:06:48'),(47,'16','20m','20m','067874399df43771257ebfe9ac53032e.jpg',NULL,0,1,'2023-04-24 03:06:48','2023-04-24 03:06:48'),(48,'16','30m','30m','6d6e3a053069b5684790b82ac0386b98.png',NULL,0,1,'2023-04-24 03:06:48','2023-04-24 03:06:48'),(49,'17','10m','10m','5b2890409d3d9f2e925281a27077c09e.png',NULL,0,1,'2023-04-24 03:06:48','2023-04-24 03:06:48'),(50,'17','20m','20m','cacf7e835034ba11751e352d6490f9be.png',NULL,0,1,'2023-04-24 03:06:48','2023-04-24 03:06:48'),(51,'17','30m','30m','7a9de29da3e3a29d8349afe01c0e812f.png',NULL,0,1,'2023-04-24 03:06:48','2023-04-24 03:06:48'),(52,'18','Green','green','0673d0c6969f0df5b7841e7f6f5eb924.jpg',NULL,0,1,'2023-04-24 03:06:48','2023-04-24 03:06:48'),(53,'18','Blue','blue','a754166ff7cd636b7725869ae1701229.png',NULL,0,1,'2023-04-24 03:06:48','2023-04-24 03:06:48'),(54,'18','Red','red','c3441689b77aecfeafe0ea9ec840a735.png',NULL,0,1,'2023-04-24 03:06:48','2023-04-24 03:06:48'),(82,'28','10m','10m','1dcb4ebb2ae9ff76c95447ae3099ab03.png',NULL,0,1,'2023-04-24 03:13:47','2023-04-24 03:13:47'),(83,'28','20m','20m','067874399df43771257ebfe9ac53032e.jpg',NULL,0,1,'2023-04-24 03:13:47','2023-04-24 03:13:47'),(84,'28','30m','30m','6d6e3a053069b5684790b82ac0386b98.png',NULL,0,1,'2023-04-24 03:13:47','2023-04-24 03:13:47'),(85,'29','10m','10m','5b2890409d3d9f2e925281a27077c09e.png',NULL,0,1,'2023-04-24 03:13:47','2023-04-24 03:13:47'),(86,'29','20m','20m','cacf7e835034ba11751e352d6490f9be.png',NULL,0,1,'2023-04-24 03:13:47','2023-04-24 03:13:47'),(87,'29','30m','30m','7a9de29da3e3a29d8349afe01c0e812f.png',NULL,0,1,'2023-04-24 03:13:47','2023-04-24 03:13:47'),(88,'30','Green','green','0673d0c6969f0df5b7841e7f6f5eb924.jpg',NULL,0,1,'2023-04-24 03:13:47','2023-04-24 03:13:47'),(89,'30','Blue','blue','a754166ff7cd636b7725869ae1701229.png',NULL,0,1,'2023-04-24 03:13:47','2023-04-24 03:13:47'),(90,'30','Red','red','c3441689b77aecfeafe0ea9ec840a735.png',NULL,0,1,'2023-04-24 03:13:47','2023-04-24 03:13:47'),(91,'31','10m','10m','1dcb4ebb2ae9ff76c95447ae3099ab03.png',NULL,0,1,'2023-04-24 03:59:10','2023-04-24 03:59:10'),(92,'31','20m','20m','067874399df43771257ebfe9ac53032e.jpg',NULL,0,1,'2023-04-24 03:59:10','2023-04-24 03:59:10'),(93,'31','30m','30m','6d6e3a053069b5684790b82ac0386b98.png',NULL,0,1,'2023-04-24 03:59:10','2023-04-24 03:59:10'),(94,'32','10m','10m','5b2890409d3d9f2e925281a27077c09e.png',NULL,0,1,'2023-04-24 03:59:10','2023-04-24 03:59:10'),(95,'32','20m','20m','cacf7e835034ba11751e352d6490f9be.png',NULL,0,1,'2023-04-24 03:59:10','2023-04-24 03:59:10'),(96,'32','30m','30m','7a9de29da3e3a29d8349afe01c0e812f.png',NULL,0,1,'2023-04-24 03:59:10','2023-04-24 03:59:10'),(97,'33','Green','green','0673d0c6969f0df5b7841e7f6f5eb924.jpg',NULL,0,1,'2023-04-24 03:59:10','2023-04-24 03:59:10'),(98,'33','Blue','blue','a754166ff7cd636b7725869ae1701229.png',NULL,0,1,'2023-04-24 03:59:10','2023-04-24 03:59:10'),(99,'33','Red','red','c3441689b77aecfeafe0ea9ec840a735.png',NULL,0,1,'2023-04-24 03:59:10','2023-04-24 03:59:10'),(109,'37','10m','10m','1dcb4ebb2ae9ff76c95447ae3099ab03.png',NULL,0,1,'2023-04-24 10:43:36','2023-04-24 10:43:36'),(110,'37','20m','20m','067874399df43771257ebfe9ac53032e.jpg',NULL,0,1,'2023-04-24 10:43:36','2023-04-24 10:43:36'),(111,'37','30m','30m','6d6e3a053069b5684790b82ac0386b98.png',NULL,0,0,'2023-04-24 10:43:36','2023-04-24 10:43:36'),(112,'38','10m','10m','5b2890409d3d9f2e925281a27077c09e.png',NULL,0,1,'2023-04-24 10:43:36','2023-04-24 10:43:36'),(113,'38','20m','20m','cacf7e835034ba11751e352d6490f9be.png',NULL,0,0,'2023-04-24 10:43:36','2023-04-24 10:43:36'),(114,'38','30m','30m','7a9de29da3e3a29d8349afe01c0e812f.png',NULL,0,1,'2023-04-24 10:43:36','2023-04-24 10:43:36'),(115,'39','Green','green','0673d0c6969f0df5b7841e7f6f5eb924.jpg',NULL,0,0,'2023-04-24 10:43:36','2023-04-24 10:43:36'),(116,'39','Blue','blue','a754166ff7cd636b7725869ae1701229.png',NULL,0,1,'2023-04-24 10:43:36','2023-04-24 10:43:36'),(117,'39','Red','red','c3441689b77aecfeafe0ea9ec840a735.png',NULL,0,1,'2023-04-24 10:43:36','2023-04-24 10:43:36'),(118,'40','10m','10m','1dcb4ebb2ae9ff76c95447ae3099ab03.png',NULL,0,1,'2023-05-10 02:05:03','2023-05-10 02:05:03'),(119,'40','20m','20m','067874399df43771257ebfe9ac53032e.jpg',NULL,0,1,'2023-05-10 02:05:03','2023-05-10 02:05:03'),(120,'40','30m','30m','6d6e3a053069b5684790b82ac0386b98.png',NULL,0,1,'2023-05-10 02:05:03','2023-05-10 02:05:03'),(121,'41','10m','10m','5b2890409d3d9f2e925281a27077c09e.png',NULL,0,1,'2023-05-10 02:05:03','2023-05-10 02:05:03'),(122,'41','20m','20m','cacf7e835034ba11751e352d6490f9be.png',NULL,0,1,'2023-05-10 02:05:03','2023-05-10 02:05:03'),(123,'41','30m','30m','7a9de29da3e3a29d8349afe01c0e812f.png',NULL,0,1,'2023-05-10 02:05:03','2023-05-10 02:05:03'),(124,'42','Green','green','0673d0c6969f0df5b7841e7f6f5eb924.jpg',NULL,0,1,'2023-05-10 02:05:03','2023-05-10 02:05:03'),(125,'42','Blue','blue','a754166ff7cd636b7725869ae1701229.png',NULL,0,1,'2023-05-10 02:05:03','2023-05-10 02:05:03'),(126,'42','Red','red','c3441689b77aecfeafe0ea9ec840a735.png',NULL,0,1,'2023-05-10 02:05:03','2023-05-10 02:05:03'),(127,'43','10m','10m','1dcb4ebb2ae9ff76c95447ae3099ab03.png',NULL,0,1,'2023-05-10 02:16:13','2023-05-10 02:16:13'),(128,'43','20m','20m','067874399df43771257ebfe9ac53032e.jpg',NULL,0,1,'2023-05-10 02:16:13','2023-05-10 02:16:13'),(129,'43','30m','30m','6d6e3a053069b5684790b82ac0386b98.png',NULL,0,1,'2023-05-10 02:16:13','2023-05-10 02:16:13'),(130,'44','10m','10m','5b2890409d3d9f2e925281a27077c09e.png',NULL,0,1,'2023-05-10 02:16:13','2023-05-10 02:16:13'),(131,'44','20m','20m','cacf7e835034ba11751e352d6490f9be.png',NULL,0,1,'2023-05-10 02:16:13','2023-05-10 02:16:13'),(132,'44','30m','30m','7a9de29da3e3a29d8349afe01c0e812f.png',NULL,0,1,'2023-05-10 02:16:13','2023-05-10 02:16:13'),(133,'45','Green','green','0673d0c6969f0df5b7841e7f6f5eb924.jpg',NULL,0,1,'2023-05-10 02:16:13','2023-05-10 02:16:13'),(134,'45','Blue','blue','a754166ff7cd636b7725869ae1701229.png',NULL,0,1,'2023-05-10 02:16:13','2023-05-10 02:16:13'),(135,'45','Red','red','c3441689b77aecfeafe0ea9ec840a735.png',NULL,0,1,'2023-05-10 02:16:13','2023-05-10 02:16:13'),(163,'55','10m','10m','1dcb4ebb2ae9ff76c95447ae3099ab03.png',NULL,0,1,'2023-05-10 03:24:57','2023-05-10 03:24:57'),(164,'55','20m','20m','067874399df43771257ebfe9ac53032e.jpg',NULL,0,1,'2023-05-10 03:24:57','2023-05-10 03:24:57'),(165,'55','30m','30m','6d6e3a053069b5684790b82ac0386b98.png',NULL,0,1,'2023-05-10 03:24:57','2023-05-10 03:24:57'),(166,'56','10m','10m','5b2890409d3d9f2e925281a27077c09e.png',NULL,0,1,'2023-05-10 03:24:57','2023-05-10 03:24:57'),(167,'56','20m','20m','cacf7e835034ba11751e352d6490f9be.png',NULL,0,1,'2023-05-10 03:24:57','2023-05-10 03:24:57'),(168,'56','30m','30m','7a9de29da3e3a29d8349afe01c0e812f.png',NULL,0,1,'2023-05-10 03:24:57','2023-05-10 03:24:57'),(169,'57','Green','green','0673d0c6969f0df5b7841e7f6f5eb924.jpg',NULL,0,1,'2023-05-10 03:24:57','2023-05-10 03:24:57'),(170,'57','Blue','blue','a754166ff7cd636b7725869ae1701229.png',NULL,0,1,'2023-05-10 03:24:57','2023-05-10 03:24:57'),(171,'57','Red','red','c3441689b77aecfeafe0ea9ec840a735.png',NULL,0,1,'2023-05-10 03:24:57','2023-05-10 03:24:57'),(172,'58','10m','10m','1dcb4ebb2ae9ff76c95447ae3099ab03.png',NULL,0,1,'2023-05-10 03:39:59','2023-05-10 03:39:59'),(173,'58','20m','20m','067874399df43771257ebfe9ac53032e.jpg',NULL,0,1,'2023-05-10 03:39:59','2023-05-10 03:39:59'),(174,'58','30m','30m','6d6e3a053069b5684790b82ac0386b98.png',NULL,0,1,'2023-05-10 03:39:59','2023-05-10 03:39:59'),(175,'59','10m','10m','5b2890409d3d9f2e925281a27077c09e.png',NULL,0,1,'2023-05-10 03:39:59','2023-05-10 03:39:59'),(176,'59','20m','20m','cacf7e835034ba11751e352d6490f9be.png',NULL,0,1,'2023-05-10 03:39:59','2023-05-10 03:39:59'),(177,'59','30m','30m','7a9de29da3e3a29d8349afe01c0e812f.png',NULL,0,1,'2023-05-10 03:39:59','2023-05-10 03:39:59'),(178,'60','Green','green','0673d0c6969f0df5b7841e7f6f5eb924.jpg',NULL,0,1,'2023-05-10 03:39:59','2023-05-10 03:39:59'),(179,'60','Blue','blue','a754166ff7cd636b7725869ae1701229.png',NULL,0,1,'2023-05-10 03:39:59','2023-05-10 03:39:59'),(180,'60','Red','red','c3441689b77aecfeafe0ea9ec840a735.png',NULL,0,1,'2023-05-10 03:39:59','2023-05-10 03:39:59'),(181,'61','10m','10m','1dcb4ebb2ae9ff76c95447ae3099ab03.png',NULL,0,1,'2023-05-10 04:00:18','2023-05-10 04:00:18'),(182,'61','20m','20m','067874399df43771257ebfe9ac53032e.jpg',NULL,0,1,'2023-05-10 04:00:18','2023-05-10 04:00:18'),(183,'61','30m','30m','6d6e3a053069b5684790b82ac0386b98.png',NULL,0,1,'2023-05-10 04:00:18','2023-05-10 04:00:18'),(184,'62','10m','10m','5b2890409d3d9f2e925281a27077c09e.png',NULL,0,1,'2023-05-10 04:00:18','2023-05-10 04:00:18'),(185,'62','20m','20m','cacf7e835034ba11751e352d6490f9be.png',NULL,0,1,'2023-05-10 04:00:18','2023-05-10 04:00:18'),(186,'62','30m','30m','7a9de29da3e3a29d8349afe01c0e812f.png',NULL,0,1,'2023-05-10 04:00:18','2023-05-10 04:00:18'),(187,'63','Green','green','0673d0c6969f0df5b7841e7f6f5eb924.jpg',NULL,0,1,'2023-05-10 04:00:18','2023-05-10 04:00:18'),(188,'63','Blue','blue','a754166ff7cd636b7725869ae1701229.png',NULL,0,1,'2023-05-10 04:00:18','2023-05-10 04:00:18'),(189,'63','Red','red','c3441689b77aecfeafe0ea9ec840a735.png',NULL,0,1,'2023-05-10 04:00:18','2023-05-10 04:00:18'),(190,'64','10m','10m','1dcb4ebb2ae9ff76c95447ae3099ab03.png',NULL,0,1,'2023-05-10 04:04:40','2023-05-10 04:04:40'),(191,'64','20m','20m','067874399df43771257ebfe9ac53032e.jpg',NULL,0,1,'2023-05-10 04:04:40','2023-05-10 04:04:40'),(192,'64','30m','30m','6d6e3a053069b5684790b82ac0386b98.png',NULL,0,1,'2023-05-10 04:04:40','2023-05-10 04:04:40'),(193,'65','10m','10m','5b2890409d3d9f2e925281a27077c09e.png',NULL,0,1,'2023-05-10 04:04:40','2023-05-10 04:04:40'),(194,'65','20m','20m','cacf7e835034ba11751e352d6490f9be.png',NULL,0,1,'2023-05-10 04:04:40','2023-05-10 04:04:40'),(195,'65','30m','30m','7a9de29da3e3a29d8349afe01c0e812f.png',NULL,0,1,'2023-05-10 04:04:40','2023-05-10 04:04:40'),(196,'66','Green','green','0673d0c6969f0df5b7841e7f6f5eb924.jpg',NULL,0,1,'2023-05-10 04:04:40','2023-05-10 04:04:40'),(197,'66','Blue','blue','a754166ff7cd636b7725869ae1701229.png',NULL,0,1,'2023-05-10 04:04:40','2023-05-10 04:04:40'),(198,'66','Red','red','c3441689b77aecfeafe0ea9ec840a735.png',NULL,0,1,'2023-05-10 04:04:40','2023-05-10 04:04:40'),(199,'67','10m','10m','1dcb4ebb2ae9ff76c95447ae3099ab03.png',NULL,0,1,'2023-05-10 04:23:52','2023-05-10 04:23:52'),(200,'67','20m','20m','067874399df43771257ebfe9ac53032e.jpg',NULL,0,1,'2023-05-10 04:23:52','2023-05-10 04:23:52'),(201,'67','30m','30m','6d6e3a053069b5684790b82ac0386b98.png',NULL,0,1,'2023-05-10 04:23:52','2023-05-10 04:23:52'),(202,'68','10m','10m','5b2890409d3d9f2e925281a27077c09e.png',NULL,0,1,'2023-05-10 04:23:52','2023-05-10 04:23:52'),(203,'68','20m','20m','cacf7e835034ba11751e352d6490f9be.png',NULL,0,1,'2023-05-10 04:23:52','2023-05-10 04:23:52'),(204,'68','30m','30m','7a9de29da3e3a29d8349afe01c0e812f.png',NULL,0,1,'2023-05-10 04:23:52','2023-05-10 04:23:52'),(205,'69','Green','green','0673d0c6969f0df5b7841e7f6f5eb924.jpg',NULL,0,1,'2023-05-10 04:23:52','2023-05-10 04:23:52'),(206,'69','Blue','blue','a754166ff7cd636b7725869ae1701229.png',NULL,0,1,'2023-05-10 04:23:52','2023-05-10 04:23:52'),(207,'69','Red','red','c3441689b77aecfeafe0ea9ec840a735.png',NULL,0,1,'2023-05-10 04:23:52','2023-05-10 04:23:52'),(208,'70','10m','10m','1dcb4ebb2ae9ff76c95447ae3099ab03.png',NULL,0,1,'2023-05-10 05:13:51','2023-05-10 05:13:51'),(209,'70','20m','20m','067874399df43771257ebfe9ac53032e.jpg',NULL,0,1,'2023-05-10 05:13:51','2023-05-10 05:13:51'),(210,'70','30m','30m','6d6e3a053069b5684790b82ac0386b98.png',NULL,0,1,'2023-05-10 05:13:51','2023-05-10 05:13:51'),(211,'71','10m','10m','5b2890409d3d9f2e925281a27077c09e.png',NULL,0,1,'2023-05-10 05:13:51','2023-05-10 05:13:51'),(212,'71','20m','20m','cacf7e835034ba11751e352d6490f9be.png',NULL,0,1,'2023-05-10 05:13:51','2023-05-10 05:13:51'),(213,'71','30m','30m','7a9de29da3e3a29d8349afe01c0e812f.png',NULL,0,1,'2023-05-10 05:13:51','2023-05-10 05:13:51'),(214,'72','Green','green','0673d0c6969f0df5b7841e7f6f5eb924.jpg',NULL,0,1,'2023-05-10 05:13:51','2023-05-10 05:13:51'),(215,'72','Blue','blue','a754166ff7cd636b7725869ae1701229.png',NULL,0,1,'2023-05-10 05:13:51','2023-05-10 05:13:51'),(216,'72','Red','red','c3441689b77aecfeafe0ea9ec840a735.png',NULL,0,1,'2023-05-10 05:13:51','2023-05-10 05:13:51'),(217,'73','10m','10m','1dcb4ebb2ae9ff76c95447ae3099ab03.png',NULL,0,1,'2023-05-10 05:17:55','2023-05-10 05:17:55'),(218,'73','20m','20m','067874399df43771257ebfe9ac53032e.jpg',NULL,0,1,'2023-05-10 05:17:55','2023-05-10 05:17:55'),(219,'73','30m','30m','6d6e3a053069b5684790b82ac0386b98.png',NULL,0,1,'2023-05-10 05:17:55','2023-05-10 05:17:55'),(220,'74','10m','10m','5b2890409d3d9f2e925281a27077c09e.png',NULL,0,1,'2023-05-10 05:17:55','2023-05-10 05:17:55'),(221,'74','20m','20m','cacf7e835034ba11751e352d6490f9be.png',NULL,0,1,'2023-05-10 05:17:55','2023-05-10 05:17:55'),(222,'74','30m','30m','7a9de29da3e3a29d8349afe01c0e812f.png',NULL,0,1,'2023-05-10 05:17:55','2023-05-10 05:17:55'),(223,'75','Green','green','0673d0c6969f0df5b7841e7f6f5eb924.jpg',NULL,0,1,'2023-05-10 05:17:55','2023-05-10 05:17:55'),(224,'75','Blue','blue','a754166ff7cd636b7725869ae1701229.png',NULL,0,1,'2023-05-10 05:17:55','2023-05-10 05:17:55'),(225,'75','Red','red','c3441689b77aecfeafe0ea9ec840a735.png',NULL,0,1,'2023-05-10 05:17:55','2023-05-10 05:17:55'),(226,'76','10m','10m','1dcb4ebb2ae9ff76c95447ae3099ab03.png',NULL,0,1,'2023-05-10 05:35:39','2023-05-10 05:35:39'),(227,'76','20m','20m','067874399df43771257ebfe9ac53032e.jpg',NULL,0,1,'2023-05-10 05:35:39','2023-05-10 05:35:39'),(228,'76','30m','30m','6d6e3a053069b5684790b82ac0386b98.png',NULL,0,1,'2023-05-10 05:35:39','2023-05-10 05:35:39'),(229,'77','10m','10m','5b2890409d3d9f2e925281a27077c09e.png',NULL,0,1,'2023-05-10 05:35:39','2023-05-10 05:35:39'),(230,'77','20m','20m','cacf7e835034ba11751e352d6490f9be.png',NULL,0,1,'2023-05-10 05:35:39','2023-05-10 05:35:39'),(231,'77','30m','30m','7a9de29da3e3a29d8349afe01c0e812f.png',NULL,0,1,'2023-05-10 05:35:39','2023-05-10 05:35:39'),(232,'78','Green','green','0673d0c6969f0df5b7841e7f6f5eb924.jpg',NULL,0,1,'2023-05-10 05:35:39','2023-05-10 05:35:39'),(233,'78','Blue','blue','a754166ff7cd636b7725869ae1701229.png',NULL,0,1,'2023-05-10 05:35:39','2023-05-10 05:35:39'),(234,'78','Red','red','c3441689b77aecfeafe0ea9ec840a735.png',NULL,0,1,'2023-05-10 05:35:39','2023-05-10 05:35:39'),(235,'79','10m','10m','1dcb4ebb2ae9ff76c95447ae3099ab03.png',NULL,0,1,'2023-05-10 05:39:21','2023-05-10 05:39:21'),(236,'79','20m','20m','067874399df43771257ebfe9ac53032e.jpg',NULL,0,1,'2023-05-10 05:39:21','2023-05-10 05:39:21'),(237,'79','30m','30m','6d6e3a053069b5684790b82ac0386b98.png',NULL,0,1,'2023-05-10 05:39:21','2023-05-10 05:39:21'),(238,'80','10m','10m','5b2890409d3d9f2e925281a27077c09e.png',NULL,0,1,'2023-05-10 05:39:21','2023-05-10 05:39:21'),(239,'80','20m','20m','cacf7e835034ba11751e352d6490f9be.png',NULL,0,1,'2023-05-10 05:39:21','2023-05-10 05:39:21'),(240,'80','30m','30m','7a9de29da3e3a29d8349afe01c0e812f.png',NULL,0,1,'2023-05-10 05:39:21','2023-05-10 05:39:21'),(241,'81','Green','green','0673d0c6969f0df5b7841e7f6f5eb924.jpg',NULL,0,1,'2023-05-10 05:39:21','2023-05-10 05:39:21'),(242,'81','Blue','blue','a754166ff7cd636b7725869ae1701229.png',NULL,0,1,'2023-05-10 05:39:21','2023-05-10 05:39:21'),(243,'81','Red','red','c3441689b77aecfeafe0ea9ec840a735.png',NULL,0,1,'2023-05-10 05:39:21','2023-05-10 05:39:21'),(244,'82','10m','10m','1dcb4ebb2ae9ff76c95447ae3099ab03.png',NULL,0,1,'2023-05-10 05:39:52','2023-05-10 05:39:52'),(245,'82','20m','20m','067874399df43771257ebfe9ac53032e.jpg',NULL,0,1,'2023-05-10 05:39:52','2023-05-10 05:39:52'),(246,'82','30m','30m','6d6e3a053069b5684790b82ac0386b98.png',NULL,0,1,'2023-05-10 05:39:52','2023-05-10 05:39:52'),(247,'83','10m','10m','5b2890409d3d9f2e925281a27077c09e.png',NULL,0,1,'2023-05-10 05:39:52','2023-05-10 05:39:52'),(248,'83','20m','20m','cacf7e835034ba11751e352d6490f9be.png',NULL,0,1,'2023-05-10 05:39:52','2023-05-10 05:39:52'),(249,'83','30m','30m','7a9de29da3e3a29d8349afe01c0e812f.png',NULL,0,1,'2023-05-10 05:39:52','2023-05-10 05:39:52'),(250,'84','Green','green','0673d0c6969f0df5b7841e7f6f5eb924.jpg',NULL,0,1,'2023-05-10 05:39:52','2023-05-10 05:39:52'),(251,'84','Blue','blue','a754166ff7cd636b7725869ae1701229.png',NULL,0,1,'2023-05-10 05:39:52','2023-05-10 05:39:52'),(252,'84','Red','red','c3441689b77aecfeafe0ea9ec840a735.png',NULL,0,1,'2023-05-10 05:39:52','2023-05-10 05:39:52'),(312,'103','10m','10m','1dcb4ebb2ae9ff76c95447ae3099ab03.png',NULL,0,1,'2023-05-15 12:41:22','2023-05-15 12:41:22'),(313,'103','20m','20m','067874399df43771257ebfe9ac53032e.jpg',NULL,0,1,'2023-05-15 12:41:22','2023-05-15 12:41:22'),(314,'103','30m','30m','6d6e3a053069b5684790b82ac0386b98.png',NULL,0,1,'2023-05-15 12:41:22','2023-05-15 12:41:22'),(315,'104','10m','10m','5b2890409d3d9f2e925281a27077c09e.png',NULL,0,1,'2023-05-15 12:41:22','2023-05-15 12:41:22'),(316,'104','20m','20m','cacf7e835034ba11751e352d6490f9be.png',NULL,0,1,'2023-05-15 12:41:22','2023-05-15 12:41:22'),(317,'104','30m','30m','7a9de29da3e3a29d8349afe01c0e812f.png',NULL,0,1,'2023-05-15 12:41:22','2023-05-15 12:41:22'),(318,'105','Green','green','0673d0c6969f0df5b7841e7f6f5eb924.jpg',NULL,0,1,'2023-05-15 12:41:22','2023-05-15 12:41:22'),(319,'105','Blue','blue','a754166ff7cd636b7725869ae1701229.png',NULL,0,1,'2023-05-15 12:41:22','2023-05-15 12:41:22'),(320,'105','Red','red','c3441689b77aecfeafe0ea9ec840a735.png',NULL,0,1,'2023-05-15 12:41:22','2023-05-15 12:41:22'),(321,'106','Title (1)','title-1',NULL,NULL,0,1,'2023-05-24 12:27:14','2023-05-24 12:27:14'),(322,'106','Title (2)','title-2',NULL,NULL,0,1,'2023-05-24 12:27:14','2023-05-24 12:27:14'),(323,'106','Title (3)','title-3',NULL,NULL,0,1,'2023-05-24 12:27:14','2023-05-24 12:27:14'),(324,'106','Title (4)','title-4',NULL,NULL,0,1,'2023-05-24 12:27:14','2023-05-24 12:27:14'),(325,'106','Title (5)','title-5',NULL,NULL,0,1,'2023-05-24 12:27:14','2023-05-24 12:27:14'),(326,'107','Title (1)','title-1',NULL,NULL,0,1,'2023-05-24 12:27:14','2023-05-24 12:27:14'),(327,'107','Title (2)','title-2',NULL,NULL,0,1,'2023-05-24 12:27:14','2023-05-24 12:27:14'),(328,'107','Title (3)','title-3',NULL,NULL,0,1,'2023-05-24 12:27:14','2023-05-24 12:27:14'),(329,'107','Title (4)','title-4',NULL,NULL,0,1,'2023-05-24 12:27:14','2023-05-24 12:27:14'),(330,'107','Title (5)','title-5',NULL,NULL,0,1,'2023-05-24 12:27:14','2023-05-24 12:27:14'),(331,'108','Title (1)','title-1',NULL,NULL,0,1,'2023-05-24 12:27:14','2023-05-24 12:27:14'),(332,'108','Title (2)','title-2',NULL,NULL,0,1,'2023-05-24 12:27:14','2023-05-24 12:27:14'),(333,'108','Title (3)','title-3',NULL,NULL,0,1,'2023-05-24 12:27:14','2023-05-24 12:27:14'),(334,'108','Title (4)','title-4',NULL,NULL,0,1,'2023-05-24 12:27:14','2023-05-24 12:27:14'),(335,'108','Title (5)','title-5',NULL,NULL,0,1,'2023-05-24 12:27:14','2023-05-24 12:27:14'),(336,'109','Title (1)','title-1',NULL,NULL,0,1,'2023-05-24 12:27:14','2023-05-24 12:27:14'),(337,'109','Title (2)','title-2',NULL,NULL,0,1,'2023-05-24 12:27:14','2023-05-24 12:27:14'),(338,'109','Title (3)','title-3',NULL,NULL,0,1,'2023-05-24 12:27:14','2023-05-24 12:27:14'),(339,'109','Title (4)','title-4',NULL,NULL,0,1,'2023-05-24 12:27:14','2023-05-24 12:27:14'),(340,'109','Title (5)','title-5',NULL,NULL,0,1,'2023-05-24 12:27:14','2023-05-24 12:27:14'),(341,'110','Title (1)','title-1',NULL,NULL,0,1,'2023-05-24 12:27:14','2023-05-24 12:27:14'),(342,'110','Title (2)','title-2',NULL,NULL,0,1,'2023-05-24 12:27:14','2023-05-24 12:27:14'),(343,'110','Title (3)','title-3',NULL,NULL,0,1,'2023-05-24 12:27:14','2023-05-24 12:27:14'),(344,'110','Title (4)','title-4',NULL,NULL,0,1,'2023-05-24 12:27:14','2023-05-24 12:27:14'),(345,'110','Title (5)','title-5',NULL,NULL,0,1,'2023-05-24 12:27:14','2023-05-24 12:27:14'),(346,'111','Title (1)','title-1',NULL,NULL,0,1,'2023-05-24 12:27:14','2023-05-24 12:27:14'),(347,'111','Title (2)','title-2',NULL,NULL,0,1,'2023-05-24 12:27:14','2023-05-24 12:27:14'),(348,'111','Title (3)','title-3',NULL,NULL,0,1,'2023-05-24 12:27:14','2023-05-24 12:27:14'),(349,'111','Title (4)','title-4',NULL,NULL,0,1,'2023-05-24 12:27:14','2023-05-24 12:27:14'),(350,'111','Title (5)','title-5',NULL,NULL,0,1,'2023-05-24 12:27:14','2023-05-24 12:27:14'),(351,'112','Title (1)','title-1',NULL,NULL,0,1,'2023-05-24 12:27:14','2023-05-24 12:27:14'),(352,'112','Title (2)','title-2',NULL,NULL,0,1,'2023-05-24 12:27:14','2023-05-24 12:27:14'),(353,'112','Title (3)','title-3',NULL,NULL,0,1,'2023-05-24 12:27:14','2023-05-24 12:27:14'),(354,'112','Title (4)','title-4',NULL,NULL,0,1,'2023-05-24 12:27:14','2023-05-24 12:27:14'),(355,'112','Title (5)','title-5',NULL,NULL,0,1,'2023-05-24 12:27:14','2023-05-24 12:27:14'),(356,'113','Title (1)','title-1',NULL,NULL,0,1,'2023-05-25 10:38:52','2023-05-25 10:38:52'),(357,'113','Title (2)','title-2',NULL,NULL,0,1,'2023-05-25 10:38:52','2023-05-25 10:38:52'),(358,'113','Title (3)','title-3',NULL,NULL,0,1,'2023-05-25 10:38:52','2023-05-25 10:38:52'),(359,'113','Title (4)','title-4',NULL,NULL,0,1,'2023-05-25 10:38:53','2023-05-25 10:38:53'),(360,'113','Title (5)','title-5',NULL,NULL,0,1,'2023-05-25 10:38:53','2023-05-25 10:38:53'),(361,'114','Title (1)','title-1',NULL,NULL,0,1,'2023-05-25 10:38:53','2023-05-25 10:38:53'),(362,'114','Title (2)','title-2',NULL,NULL,0,1,'2023-05-25 10:38:53','2023-05-25 10:38:53'),(363,'114','Title (3)','title-3',NULL,NULL,0,1,'2023-05-25 10:38:53','2023-05-25 10:38:53'),(364,'114','Title (4)','title-4',NULL,NULL,0,1,'2023-05-25 10:38:53','2023-05-25 10:38:53'),(365,'114','Title (5)','title-5',NULL,NULL,0,1,'2023-05-25 10:38:53','2023-05-25 10:38:53'),(366,'115','Title (1)','title-1',NULL,NULL,0,1,'2023-05-25 10:38:53','2023-05-25 10:38:53'),(367,'115','Title (2)','title-2',NULL,NULL,0,1,'2023-05-25 10:38:53','2023-05-25 10:38:53'),(368,'115','Title (3)','title-3',NULL,NULL,0,1,'2023-05-25 10:38:53','2023-05-25 10:38:53'),(369,'115','Title (4)','title-4',NULL,NULL,0,1,'2023-05-25 10:38:53','2023-05-25 10:38:53'),(370,'115','Title (5)','title-5',NULL,NULL,0,1,'2023-05-25 10:38:53','2023-05-25 10:38:53'),(371,'116','Title (1)','title-1',NULL,NULL,0,1,'2023-05-25 10:38:53','2023-05-25 10:38:53'),(372,'116','Title (2)','title-2',NULL,NULL,0,1,'2023-05-25 10:38:53','2023-05-25 10:38:53'),(373,'116','Title (3)','title-3',NULL,NULL,0,1,'2023-05-25 10:38:53','2023-05-25 10:38:53'),(374,'116','Title (4)','title-4',NULL,NULL,0,1,'2023-05-25 10:38:53','2023-05-25 10:38:53'),(375,'116','Title (5)','title-5',NULL,NULL,0,1,'2023-05-25 10:38:53','2023-05-25 10:38:53'),(376,'117','Title (1)','title-1',NULL,NULL,0,1,'2023-05-25 10:38:53','2023-05-25 10:38:53'),(377,'117','Title (2)','title-2',NULL,NULL,0,1,'2023-05-25 10:38:53','2023-05-25 10:38:53'),(378,'117','Title (3)','title-3',NULL,NULL,0,1,'2023-05-25 10:38:53','2023-05-25 10:38:53'),(379,'117','Title (4)','title-4',NULL,NULL,0,1,'2023-05-25 10:38:53','2023-05-25 10:38:53'),(380,'117','Title (5)','title-5',NULL,NULL,0,1,'2023-05-25 10:38:53','2023-05-25 10:38:53'),(381,'118','Title (1)','title-1',NULL,NULL,0,1,'2023-05-25 10:38:53','2023-05-25 10:38:53'),(382,'118','Title (2)','title-2',NULL,NULL,0,1,'2023-05-25 10:38:53','2023-05-25 10:38:53'),(383,'118','Title (3)','title-3',NULL,NULL,0,1,'2023-05-25 10:38:53','2023-05-25 10:38:53'),(384,'118','Title (4)','title-4',NULL,NULL,0,1,'2023-05-25 10:38:53','2023-05-25 10:38:53'),(385,'118','Title (5)','title-5',NULL,NULL,0,1,'2023-05-25 10:38:53','2023-05-25 10:38:53'),(386,'119','Title (1)','title-1',NULL,NULL,0,1,'2023-05-25 10:38:53','2023-05-25 10:38:53'),(387,'119','Title (2)','title-2',NULL,NULL,0,1,'2023-05-25 10:38:53','2023-05-25 10:38:53'),(388,'119','Title (3)','title-3',NULL,NULL,0,1,'2023-05-25 10:38:53','2023-05-25 10:38:53'),(389,'119','Title (4)','title-4',NULL,NULL,0,1,'2023-05-25 10:38:53','2023-05-25 10:38:53'),(390,'119','Title (5)','title-5',NULL,NULL,0,1,'2023-05-25 10:38:53','2023-05-25 10:38:53'),(391,'120','Title (1)','title-1',NULL,NULL,0,1,'2023-05-25 10:44:29','2023-05-25 10:44:29'),(392,'120','Title (2)','title-2',NULL,NULL,0,1,'2023-05-25 10:44:29','2023-05-25 10:44:29'),(393,'120','Title (3)','title-3',NULL,NULL,0,1,'2023-05-25 10:44:29','2023-05-25 10:44:29'),(394,'120','Title (4)','title-4',NULL,NULL,0,1,'2023-05-25 10:44:29','2023-05-25 10:44:29'),(395,'120','Title (5)','title-5',NULL,NULL,0,1,'2023-05-25 10:44:29','2023-05-25 10:44:29'),(396,'121','Title (1)','title-1',NULL,NULL,0,1,'2023-05-25 10:44:29','2023-05-25 10:44:29'),(397,'121','Title (2)','title-2',NULL,NULL,0,1,'2023-05-25 10:44:29','2023-05-25 10:44:29'),(398,'121','Title (3)','title-3',NULL,NULL,0,1,'2023-05-25 10:44:29','2023-05-25 10:44:29'),(399,'121','Title (4)','title-4',NULL,NULL,0,1,'2023-05-25 10:44:29','2023-05-25 10:44:29'),(400,'121','Title (5)','title-5',NULL,NULL,0,1,'2023-05-25 10:44:29','2023-05-25 10:44:29'),(401,'122','Title (1)','title-1',NULL,NULL,0,1,'2023-05-25 10:44:29','2023-05-25 10:44:29'),(402,'122','Title (2)','title-2',NULL,NULL,0,1,'2023-05-25 10:44:29','2023-05-25 10:44:29'),(403,'122','Title (3)','title-3',NULL,NULL,0,1,'2023-05-25 10:44:29','2023-05-25 10:44:29'),(404,'122','Title (4)','title-4',NULL,NULL,0,1,'2023-05-25 10:44:29','2023-05-25 10:44:29'),(405,'122','Title (5)','title-5',NULL,NULL,0,1,'2023-05-25 10:44:29','2023-05-25 10:44:29'),(406,'123','Title (1)','title-1',NULL,NULL,0,1,'2023-05-25 10:44:29','2023-05-25 10:44:29'),(407,'123','Title (2)','title-2',NULL,NULL,0,1,'2023-05-25 10:44:29','2023-05-25 10:44:29'),(408,'123','Title (3)','title-3',NULL,NULL,0,1,'2023-05-25 10:44:29','2023-05-25 10:44:29'),(409,'123','Title (4)','title-4',NULL,NULL,0,1,'2023-05-25 10:44:29','2023-05-25 10:44:29'),(410,'123','Title (5)','title-5',NULL,NULL,0,1,'2023-05-25 10:44:29','2023-05-25 10:44:29'),(411,'124','Title (1)','title-1',NULL,NULL,0,1,'2023-05-25 10:44:29','2023-05-25 10:44:29'),(412,'124','Title (2)','title-2',NULL,NULL,0,1,'2023-05-25 10:44:29','2023-05-25 10:44:29'),(413,'124','Title (3)','title-3',NULL,NULL,0,1,'2023-05-25 10:44:29','2023-05-25 10:44:29'),(414,'124','Title (4)','title-4',NULL,NULL,0,1,'2023-05-25 10:44:29','2023-05-25 10:44:29'),(415,'124','Title (5)','title-5',NULL,NULL,0,1,'2023-05-25 10:44:29','2023-05-25 10:44:29'),(416,'125','Title (1)','title-1',NULL,NULL,0,1,'2023-05-25 10:44:29','2023-05-25 10:44:29'),(417,'125','Title (2)','title-2',NULL,NULL,0,1,'2023-05-25 10:44:29','2023-05-25 10:44:29'),(418,'125','Title (3)','title-3',NULL,NULL,0,1,'2023-05-25 10:44:29','2023-05-25 10:44:29'),(419,'125','Title (4)','title-4',NULL,NULL,0,1,'2023-05-25 10:44:29','2023-05-25 10:44:29'),(420,'125','Title (5)','title-5',NULL,NULL,0,1,'2023-05-25 10:44:29','2023-05-25 10:44:29'),(421,'126','Title (1)','title-1',NULL,NULL,0,1,'2023-05-25 10:44:29','2023-05-25 10:44:29'),(422,'126','Title (2)','title-2',NULL,NULL,0,1,'2023-05-25 10:44:29','2023-05-25 10:44:29'),(423,'126','Title (3)','title-3',NULL,NULL,0,1,'2023-05-25 10:44:29','2023-05-25 10:44:29'),(424,'126','Title (4)','title-4',NULL,NULL,0,1,'2023-05-25 10:44:29','2023-05-25 10:44:29'),(425,'126','Title (5)','title-5',NULL,NULL,0,1,'2023-05-25 10:44:29','2023-05-25 10:44:29'),(426,'127','Title (1)','title-1',NULL,NULL,0,1,'2023-05-25 10:46:30','2023-05-25 10:46:30'),(427,'127','Title (2)','title-2',NULL,NULL,0,1,'2023-05-25 10:46:30','2023-05-25 10:46:30'),(428,'127','Title (3)','title-3',NULL,NULL,0,1,'2023-05-25 10:46:30','2023-05-25 10:46:30'),(429,'127','Title (4)','title-4',NULL,NULL,0,1,'2023-05-25 10:46:30','2023-05-25 10:46:30'),(430,'127','Title (5)','title-5',NULL,NULL,0,1,'2023-05-25 10:46:30','2023-05-25 10:46:30'),(431,'128','Title (1)','title-1',NULL,NULL,0,1,'2023-05-25 10:46:30','2023-05-25 10:46:30'),(432,'128','Title (2)','title-2',NULL,NULL,0,1,'2023-05-25 10:46:30','2023-05-25 10:46:30'),(433,'128','Title (3)','title-3',NULL,NULL,0,1,'2023-05-25 10:46:30','2023-05-25 10:46:30'),(434,'128','Title (4)','title-4',NULL,NULL,0,1,'2023-05-25 10:46:30','2023-05-25 10:46:30'),(435,'128','Title (5)','title-5',NULL,NULL,0,1,'2023-05-25 10:46:30','2023-05-25 10:46:30'),(436,'129','Title (1)','title-1',NULL,NULL,0,1,'2023-05-25 10:46:30','2023-05-25 10:46:30'),(437,'129','Title (2)','title-2',NULL,NULL,0,1,'2023-05-25 10:46:30','2023-05-25 10:46:30'),(438,'129','Title (3)','title-3',NULL,NULL,0,1,'2023-05-25 10:46:30','2023-05-25 10:46:30'),(439,'129','Title (4)','title-4',NULL,NULL,0,1,'2023-05-25 10:46:30','2023-05-25 10:46:30'),(440,'129','Title (5)','title-5',NULL,NULL,0,1,'2023-05-25 10:46:30','2023-05-25 10:46:30'),(441,'130','Title (1)','title-1',NULL,NULL,0,1,'2023-05-25 10:46:30','2023-05-25 10:46:30'),(442,'130','Title (2)','title-2',NULL,NULL,0,1,'2023-05-25 10:46:30','2023-05-25 10:46:30'),(443,'130','Title (3)','title-3',NULL,NULL,0,1,'2023-05-25 10:46:30','2023-05-25 10:46:30'),(444,'130','Title (4)','title-4',NULL,NULL,0,1,'2023-05-25 10:46:30','2023-05-25 10:46:30'),(445,'130','Title (5)','title-5',NULL,NULL,0,1,'2023-05-25 10:46:30','2023-05-25 10:46:30'),(446,'131','Title (1)','title-1',NULL,NULL,0,1,'2023-05-25 10:46:30','2023-05-25 10:46:30'),(447,'131','Title (2)','title-2',NULL,NULL,0,1,'2023-05-25 10:46:30','2023-05-25 10:46:30'),(448,'131','Title (3)','title-3',NULL,NULL,0,1,'2023-05-25 10:46:30','2023-05-25 10:46:30'),(449,'131','Title (4)','title-4',NULL,NULL,0,1,'2023-05-25 10:46:30','2023-05-25 10:46:30'),(450,'131','Title (5)','title-5',NULL,NULL,0,1,'2023-05-25 10:46:30','2023-05-25 10:46:30'),(451,'132','Title (1)','title-1',NULL,NULL,0,1,'2023-05-25 10:46:30','2023-05-25 10:46:30'),(452,'132','Title (2)','title-2',NULL,NULL,0,1,'2023-05-25 10:46:30','2023-05-25 10:46:30'),(453,'132','Title (3)','title-3',NULL,NULL,0,1,'2023-05-25 10:46:30','2023-05-25 10:46:30'),(454,'132','Title (4)','title-4',NULL,NULL,0,1,'2023-05-25 10:46:30','2023-05-25 10:46:30'),(455,'132','Title (5)','title-5',NULL,NULL,0,1,'2023-05-25 10:46:30','2023-05-25 10:46:30'),(456,'133','Title (1)','title-1',NULL,NULL,0,1,'2023-05-25 10:46:30','2023-05-25 10:46:30'),(457,'133','Title (2)','title-2',NULL,NULL,0,1,'2023-05-25 10:46:30','2023-05-25 10:46:30'),(458,'133','Title (3)','title-3',NULL,NULL,0,1,'2023-05-25 10:46:30','2023-05-25 10:46:30'),(459,'133','Title (4)','title-4',NULL,NULL,0,1,'2023-05-25 10:46:30','2023-05-25 10:46:30'),(460,'133','Title (5)','title-5',NULL,NULL,0,1,'2023-05-25 10:46:30','2023-05-25 10:46:30'),(461,'134','Title (1)','title-1',NULL,NULL,0,1,'2023-05-25 11:26:45','2023-05-25 11:26:45'),(462,'134','Title (2)','title-2',NULL,NULL,0,1,'2023-05-25 11:26:45','2023-05-25 11:26:45'),(463,'134','Title (3)','title-3',NULL,NULL,0,1,'2023-05-25 11:26:45','2023-05-25 11:26:45'),(464,'134','Title (4)','title-4',NULL,NULL,0,1,'2023-05-25 11:26:45','2023-05-25 11:26:45'),(465,'134','Title (5)','title-5',NULL,NULL,0,1,'2023-05-25 11:26:45','2023-05-25 11:26:45'),(466,'135','Title (1)','title-1',NULL,NULL,0,1,'2023-05-25 11:26:45','2023-05-25 11:26:45'),(467,'135','Title (2)','title-2',NULL,NULL,0,1,'2023-05-25 11:26:45','2023-05-25 11:26:45'),(468,'135','Title (3)','title-3',NULL,NULL,0,1,'2023-05-25 11:26:45','2023-05-25 11:26:45'),(469,'135','Title (4)','title-4',NULL,NULL,0,1,'2023-05-25 11:26:45','2023-05-25 11:26:45'),(470,'135','Title (5)','title-5',NULL,NULL,0,1,'2023-05-25 11:26:45','2023-05-25 11:26:45'),(471,'136','Title (1)','title-1',NULL,NULL,0,1,'2023-05-25 11:26:45','2023-05-25 11:26:45'),(472,'136','Title (2)','title-2',NULL,NULL,0,1,'2023-05-25 11:26:45','2023-05-25 11:26:45'),(473,'136','Title (3)','title-3',NULL,NULL,0,1,'2023-05-25 11:26:45','2023-05-25 11:26:45'),(474,'136','Title (4)','title-4',NULL,NULL,0,1,'2023-05-25 11:26:45','2023-05-25 11:26:45'),(475,'136','Title (5)','title-5',NULL,NULL,0,1,'2023-05-25 11:26:45','2023-05-25 11:26:45'),(476,'137','Title (1)','title-1',NULL,NULL,0,1,'2023-05-25 11:26:45','2023-05-25 11:26:45'),(477,'137','Title (2)','title-2',NULL,NULL,0,1,'2023-05-25 11:26:45','2023-05-25 11:26:45'),(478,'137','Title (3)','title-3',NULL,NULL,0,1,'2023-05-25 11:26:45','2023-05-25 11:26:45'),(479,'137','Title (4)','title-4',NULL,NULL,0,1,'2023-05-25 11:26:45','2023-05-25 11:26:45'),(480,'137','Title (5)','title-5',NULL,NULL,0,1,'2023-05-25 11:26:45','2023-05-25 11:26:45'),(481,'138','Title (1)','title-1',NULL,NULL,0,1,'2023-05-25 11:26:45','2023-05-25 11:26:45'),(482,'138','Title (2)','title-2',NULL,NULL,0,1,'2023-05-25 11:26:45','2023-05-25 11:26:45'),(483,'138','Title (3)','title-3',NULL,NULL,0,1,'2023-05-25 11:26:45','2023-05-25 11:26:45'),(484,'138','Title (4)','title-4',NULL,NULL,0,1,'2023-05-25 11:26:45','2023-05-25 11:26:45'),(485,'138','Title (5)','title-5',NULL,NULL,0,1,'2023-05-25 11:26:45','2023-05-25 11:26:45'),(486,'139','Title (1)','title-1',NULL,NULL,0,1,'2023-05-25 11:26:45','2023-05-25 11:26:45'),(487,'139','Title (2)','title-2',NULL,NULL,0,1,'2023-05-25 11:26:45','2023-05-25 11:26:45'),(488,'139','Title (3)','title-3',NULL,NULL,0,1,'2023-05-25 11:26:45','2023-05-25 11:26:45'),(489,'139','Title (4)','title-4',NULL,NULL,0,1,'2023-05-25 11:26:45','2023-05-25 11:26:45'),(490,'139','Title (5)','title-5',NULL,NULL,0,1,'2023-05-25 11:26:45','2023-05-25 11:26:45'),(491,'140','Title (1)','title-1',NULL,NULL,0,1,'2023-05-25 11:26:45','2023-05-25 11:26:45'),(492,'140','Title (2)','title-2',NULL,NULL,0,1,'2023-05-25 11:26:45','2023-05-25 11:26:45'),(493,'140','Title (3)','title-3',NULL,NULL,0,1,'2023-05-25 11:26:45','2023-05-25 11:26:45'),(494,'140','Title (4)','title-4',NULL,NULL,0,1,'2023-05-25 11:26:45','2023-05-25 11:26:45'),(495,'140','Title (5)','title-5',NULL,NULL,0,1,'2023-05-25 11:26:45','2023-05-25 11:26:45'),(496,'141','Title (1)','title-1',NULL,NULL,0,1,'2023-05-25 11:48:06','2023-05-25 11:48:06'),(497,'141','Title (2)','title-2',NULL,NULL,0,1,'2023-05-25 11:48:06','2023-05-25 11:48:06'),(498,'141','Title (3)','title-3',NULL,NULL,0,1,'2023-05-25 11:48:06','2023-05-25 11:48:06'),(499,'141','Title (4)','title-4',NULL,NULL,0,1,'2023-05-25 11:48:06','2023-05-25 11:48:06'),(500,'141','Title (5)','title-5',NULL,NULL,0,1,'2023-05-25 11:48:06','2023-05-25 11:48:06'),(501,'142','Title (1)','title-1',NULL,NULL,0,1,'2023-05-25 11:48:06','2023-05-25 11:48:06'),(502,'142','Title (2)','title-2',NULL,NULL,0,1,'2023-05-25 11:48:06','2023-05-25 11:48:06'),(503,'142','Title (3)','title-3',NULL,NULL,0,1,'2023-05-25 11:48:06','2023-05-25 11:48:06'),(504,'142','Title (4)','title-4',NULL,NULL,0,1,'2023-05-25 11:48:06','2023-05-25 11:48:06'),(505,'142','Title (5)','title-5',NULL,NULL,0,1,'2023-05-25 11:48:06','2023-05-25 11:48:06'),(506,'143','Title (1)','title-1',NULL,NULL,0,1,'2023-05-25 11:48:06','2023-05-25 11:48:06'),(507,'143','Title (2)','title-2',NULL,NULL,0,1,'2023-05-25 11:48:06','2023-05-25 11:48:06'),(508,'143','Title (3)','title-3',NULL,NULL,0,1,'2023-05-25 11:48:06','2023-05-25 11:48:06'),(509,'143','Title (4)','title-4',NULL,NULL,0,1,'2023-05-25 11:48:06','2023-05-25 11:48:06'),(510,'143','Title (5)','title-5',NULL,NULL,0,1,'2023-05-25 11:48:06','2023-05-25 11:48:06'),(511,'144','Title (1)','title-1',NULL,NULL,0,1,'2023-05-25 11:48:06','2023-05-25 11:48:06'),(512,'144','Title (2)','title-2',NULL,NULL,0,1,'2023-05-25 11:48:06','2023-05-25 11:48:06'),(513,'144','Title (3)','title-3',NULL,NULL,0,1,'2023-05-25 11:48:06','2023-05-25 11:48:06'),(514,'144','Title (4)','title-4',NULL,NULL,0,1,'2023-05-25 11:48:06','2023-05-25 11:48:06'),(515,'144','Title (5)','title-5',NULL,NULL,0,1,'2023-05-25 11:48:06','2023-05-25 11:48:06'),(516,'145','Title (1)','title-1',NULL,NULL,0,1,'2023-05-25 11:48:06','2023-05-25 11:48:06'),(517,'145','Title (2)','title-2',NULL,NULL,0,1,'2023-05-25 11:48:06','2023-05-25 11:48:06'),(518,'145','Title (3)','title-3',NULL,NULL,0,1,'2023-05-25 11:48:06','2023-05-25 11:48:06'),(519,'145','Title (4)','title-4',NULL,NULL,0,1,'2023-05-25 11:48:06','2023-05-25 11:48:06'),(520,'145','Title (5)','title-5',NULL,NULL,0,1,'2023-05-25 11:48:06','2023-05-25 11:48:06'),(521,'146','Title (1)','title-1',NULL,NULL,0,1,'2023-05-25 11:48:06','2023-05-25 11:48:06'),(522,'146','Title (2)','title-2',NULL,NULL,0,1,'2023-05-25 11:48:06','2023-05-25 11:48:06'),(523,'146','Title (3)','title-3',NULL,NULL,0,1,'2023-05-25 11:48:06','2023-05-25 11:48:06'),(524,'146','Title (4)','title-4',NULL,NULL,0,1,'2023-05-25 11:48:06','2023-05-25 11:48:06'),(525,'146','Title (5)','title-5',NULL,NULL,0,1,'2023-05-25 11:48:06','2023-05-25 11:48:06'),(526,'147','Title (1)','title-1',NULL,NULL,0,1,'2023-05-25 11:48:06','2023-05-25 11:48:06'),(527,'147','Title (2)','title-2',NULL,NULL,0,1,'2023-05-25 11:48:06','2023-05-25 11:48:06'),(528,'147','Title (3)','title-3',NULL,NULL,0,1,'2023-05-25 11:48:06','2023-05-25 11:48:06'),(529,'147','Title (4)','title-4',NULL,NULL,0,1,'2023-05-25 11:48:06','2023-05-25 11:48:06'),(530,'147','Title (5)','title-5',NULL,NULL,0,1,'2023-05-25 11:48:06','2023-05-25 11:48:06'),(531,'148','Title (1)','title-1',NULL,NULL,0,1,'2023-05-25 12:21:59','2023-05-25 12:21:59'),(532,'148','Title (2)','title-2',NULL,NULL,0,1,'2023-05-25 12:21:59','2023-05-25 12:21:59'),(533,'148','Title (3)','title-3',NULL,NULL,0,1,'2023-05-25 12:21:59','2023-05-25 12:21:59'),(534,'148','Title (4)','title-4',NULL,NULL,0,1,'2023-05-25 12:21:59','2023-05-25 12:21:59'),(535,'148','Title (5)','title-5',NULL,NULL,0,1,'2023-05-25 12:21:59','2023-05-25 12:21:59'),(536,'149','Title (1)','title-1',NULL,NULL,0,1,'2023-05-25 12:21:59','2023-05-25 12:21:59'),(537,'149','Title (2)','title-2',NULL,NULL,0,1,'2023-05-25 12:21:59','2023-05-25 12:21:59'),(538,'149','Title (3)','title-3',NULL,NULL,0,1,'2023-05-25 12:21:59','2023-05-25 12:21:59'),(539,'149','Title (4)','title-4',NULL,NULL,0,1,'2023-05-25 12:21:59','2023-05-25 12:21:59'),(540,'149','Title (5)','title-5',NULL,NULL,0,1,'2023-05-25 12:21:59','2023-05-25 12:21:59'),(541,'150','Title (1)','title-1',NULL,NULL,0,1,'2023-05-25 12:21:59','2023-05-25 12:21:59'),(542,'150','Title (2)','title-2',NULL,NULL,0,1,'2023-05-25 12:21:59','2023-05-25 12:21:59'),(543,'150','Title (3)','title-3',NULL,NULL,0,1,'2023-05-25 12:21:59','2023-05-25 12:21:59'),(544,'150','Title (4)','title-4',NULL,NULL,0,1,'2023-05-25 12:21:59','2023-05-25 12:21:59'),(545,'150','Title (5)','title-5',NULL,NULL,0,1,'2023-05-25 12:21:59','2023-05-25 12:21:59'),(546,'151','Title (1)','title-1',NULL,NULL,0,1,'2023-05-25 12:21:59','2023-05-25 12:21:59'),(547,'151','Title (2)','title-2',NULL,NULL,0,1,'2023-05-25 12:21:59','2023-05-25 12:21:59'),(548,'151','Title (3)','title-3',NULL,NULL,0,1,'2023-05-25 12:21:59','2023-05-25 12:21:59'),(549,'151','Title (4)','title-4',NULL,NULL,0,1,'2023-05-25 12:21:59','2023-05-25 12:21:59'),(550,'151','Title (5)','title-5',NULL,NULL,0,1,'2023-05-25 12:21:59','2023-05-25 12:21:59'),(551,'152','Title (1)','title-1',NULL,NULL,0,1,'2023-05-25 12:21:59','2023-05-25 12:21:59'),(552,'152','Title (2)','title-2',NULL,NULL,0,1,'2023-05-25 12:21:59','2023-05-25 12:21:59'),(553,'152','Title (3)','title-3',NULL,NULL,0,1,'2023-05-25 12:21:59','2023-05-25 12:21:59'),(554,'152','Title (4)','title-4',NULL,NULL,0,1,'2023-05-25 12:21:59','2023-05-25 12:21:59'),(555,'152','Title (5)','title-5',NULL,NULL,0,1,'2023-05-25 12:21:59','2023-05-25 12:21:59'),(556,'153','Title (1)','title-1',NULL,NULL,0,1,'2023-05-25 12:21:59','2023-05-25 12:21:59'),(557,'153','Title (2)','title-2',NULL,NULL,0,1,'2023-05-25 12:21:59','2023-05-25 12:21:59'),(558,'153','Title (3)','title-3',NULL,NULL,0,1,'2023-05-25 12:21:59','2023-05-25 12:21:59'),(559,'153','Title (4)','title-4',NULL,NULL,0,1,'2023-05-25 12:21:59','2023-05-25 12:21:59'),(560,'153','Title (5)','title-5',NULL,NULL,0,1,'2023-05-25 12:21:59','2023-05-25 12:21:59'),(561,'154','Title (1)','title-1',NULL,NULL,0,1,'2023-05-25 12:21:59','2023-05-25 12:21:59'),(562,'154','Title (2)','title-2',NULL,NULL,0,1,'2023-05-25 12:21:59','2023-05-25 12:21:59'),(563,'154','Title (3)','title-3',NULL,NULL,0,1,'2023-05-25 12:21:59','2023-05-25 12:21:59'),(564,'154','Title (4)','title-4',NULL,NULL,0,1,'2023-05-25 12:21:59','2023-05-25 12:21:59'),(565,'154','Title (5)','title-5',NULL,NULL,0,1,'2023-05-25 12:21:59','2023-05-25 12:21:59'),(566,'155','Title (1)','title-1',NULL,NULL,0,1,'2023-05-25 12:26:47','2023-05-25 12:26:47'),(567,'155','Title (2)','title-2',NULL,NULL,0,1,'2023-05-25 12:26:47','2023-05-25 12:26:47'),(568,'155','Title (3)','title-3',NULL,NULL,0,1,'2023-05-25 12:26:47','2023-05-25 12:26:47'),(569,'155','Title (4)','title-4',NULL,NULL,0,1,'2023-05-25 12:26:47','2023-05-25 12:26:47'),(570,'155','Title (5)','title-5',NULL,NULL,0,1,'2023-05-25 12:26:47','2023-05-25 12:26:47'),(571,'156','Title (1)','title-1',NULL,NULL,0,1,'2023-05-25 12:26:47','2023-05-25 12:26:47'),(572,'156','Title (2)','title-2',NULL,NULL,0,1,'2023-05-25 12:26:47','2023-05-25 12:26:47'),(573,'156','Title (3)','title-3',NULL,NULL,0,1,'2023-05-25 12:26:47','2023-05-25 12:26:47'),(574,'156','Title (4)','title-4',NULL,NULL,0,1,'2023-05-25 12:26:47','2023-05-25 12:26:47'),(575,'156','Title (5)','title-5',NULL,NULL,0,1,'2023-05-25 12:26:47','2023-05-25 12:26:47'),(576,'157','Title (1)','title-1',NULL,NULL,0,1,'2023-05-25 12:26:47','2023-05-25 12:26:47'),(577,'157','Title (2)','title-2',NULL,NULL,0,1,'2023-05-25 12:26:47','2023-05-25 12:26:47'),(578,'157','Title (3)','title-3',NULL,NULL,0,1,'2023-05-25 12:26:47','2023-05-25 12:26:47'),(579,'157','Title (4)','title-4',NULL,NULL,0,1,'2023-05-25 12:26:47','2023-05-25 12:26:47'),(580,'157','Title (5)','title-5',NULL,NULL,0,1,'2023-05-25 12:26:47','2023-05-25 12:26:47'),(581,'158','Title (1)','title-1',NULL,NULL,0,1,'2023-05-25 12:26:47','2023-05-25 12:26:47'),(582,'158','Title (2)','title-2',NULL,NULL,0,1,'2023-05-25 12:26:47','2023-05-25 12:26:47'),(583,'158','Title (3)','title-3',NULL,NULL,0,1,'2023-05-25 12:26:47','2023-05-25 12:26:47'),(584,'158','Title (4)','title-4',NULL,NULL,0,1,'2023-05-25 12:26:47','2023-05-25 12:26:47'),(585,'158','Title (5)','title-5',NULL,NULL,0,1,'2023-05-25 12:26:47','2023-05-25 12:26:47'),(586,'159','Title (1)','title-1',NULL,NULL,0,1,'2023-05-25 12:26:47','2023-05-25 12:26:47'),(587,'159','Title (2)','title-2',NULL,NULL,0,1,'2023-05-25 12:26:47','2023-05-25 12:26:47'),(588,'159','Title (3)','title-3',NULL,NULL,0,1,'2023-05-25 12:26:47','2023-05-25 12:26:47'),(589,'159','Title (4)','title-4',NULL,NULL,0,1,'2023-05-25 12:26:47','2023-05-25 12:26:47'),(590,'159','Title (5)','title-5',NULL,NULL,0,1,'2023-05-25 12:26:47','2023-05-25 12:26:47'),(591,'160','Title (1)','title-1',NULL,NULL,0,1,'2023-05-25 12:26:47','2023-05-25 12:26:47'),(592,'160','Title (2)','title-2',NULL,NULL,0,1,'2023-05-25 12:26:47','2023-05-25 12:26:47'),(593,'160','Title (3)','title-3',NULL,NULL,0,1,'2023-05-25 12:26:47','2023-05-25 12:26:47'),(594,'160','Title (4)','title-4',NULL,NULL,0,1,'2023-05-25 12:26:47','2023-05-25 12:26:47'),(595,'160','Title (5)','title-5',NULL,NULL,0,1,'2023-05-25 12:26:47','2023-05-25 12:26:47'),(596,'161','Title (1)','title-1',NULL,NULL,0,1,'2023-05-25 12:26:47','2023-05-25 12:26:47'),(597,'161','Title (2)','title-2',NULL,NULL,0,1,'2023-05-25 12:26:47','2023-05-25 12:26:47'),(598,'161','Title (3)','title-3',NULL,NULL,0,1,'2023-05-25 12:26:47','2023-05-25 12:26:47'),(599,'161','Title (4)','title-4',NULL,NULL,0,1,'2023-05-25 12:26:47','2023-05-25 12:26:47'),(600,'161','Title (5)','title-5',NULL,NULL,0,1,'2023-05-25 12:26:47','2023-05-25 12:26:47'),(601,'162','Title (1)','title-1',NULL,NULL,0,1,'2023-05-25 12:39:20','2023-05-25 12:39:20'),(602,'162','Title (2)','title-2',NULL,NULL,0,1,'2023-05-25 12:39:20','2023-05-25 12:39:20'),(603,'162','Title (3)','title-3',NULL,NULL,0,1,'2023-05-25 12:39:20','2023-05-25 12:39:20'),(604,'162','Title (4)','title-4',NULL,NULL,0,1,'2023-05-25 12:39:20','2023-05-25 12:39:20'),(605,'162','Title (5)','title-5',NULL,NULL,0,1,'2023-05-25 12:39:20','2023-05-25 12:39:20'),(606,'163','Title (1)','title-1',NULL,NULL,0,1,'2023-05-25 12:39:20','2023-05-25 12:39:20'),(607,'163','Title (2)','title-2',NULL,NULL,0,1,'2023-05-25 12:39:20','2023-05-25 12:39:20'),(608,'163','Title (3)','title-3',NULL,NULL,0,1,'2023-05-25 12:39:20','2023-05-25 12:39:20'),(609,'163','Title (4)','title-4',NULL,NULL,0,1,'2023-05-25 12:39:20','2023-05-25 12:39:20'),(610,'163','Title (5)','title-5',NULL,NULL,0,1,'2023-05-25 12:39:20','2023-05-25 12:39:20'),(611,'164','Title (1)','title-1',NULL,NULL,0,1,'2023-05-25 12:39:20','2023-05-25 12:39:20'),(612,'164','Title (2)','title-2',NULL,NULL,0,1,'2023-05-25 12:39:20','2023-05-25 12:39:20'),(613,'164','Title (3)','title-3',NULL,NULL,0,1,'2023-05-25 12:39:20','2023-05-25 12:39:20'),(614,'164','Title (4)','title-4',NULL,NULL,0,1,'2023-05-25 12:39:20','2023-05-25 12:39:20'),(615,'164','Title (5)','title-5',NULL,NULL,0,1,'2023-05-25 12:39:20','2023-05-25 12:39:20'),(616,'165','Title (1)','title-1',NULL,NULL,0,1,'2023-05-25 12:39:20','2023-05-25 12:39:20'),(617,'165','Title (2)','title-2',NULL,NULL,0,1,'2023-05-25 12:39:20','2023-05-25 12:39:20'),(618,'165','Title (3)','title-3',NULL,NULL,0,1,'2023-05-25 12:39:20','2023-05-25 12:39:20'),(619,'165','Title (4)','title-4',NULL,NULL,0,1,'2023-05-25 12:39:20','2023-05-25 12:39:20'),(620,'165','Title (5)','title-5',NULL,NULL,0,1,'2023-05-25 12:39:20','2023-05-25 12:39:20'),(621,'166','Title (1)','title-1',NULL,NULL,0,1,'2023-05-25 12:39:20','2023-05-25 12:39:20'),(622,'166','Title (2)','title-2',NULL,NULL,0,1,'2023-05-25 12:39:20','2023-05-25 12:39:20'),(623,'166','Title (3)','title-3',NULL,NULL,0,1,'2023-05-25 12:39:20','2023-05-25 12:39:20'),(624,'166','Title (4)','title-4',NULL,NULL,0,1,'2023-05-25 12:39:20','2023-05-25 12:39:20'),(625,'166','Title (5)','title-5',NULL,NULL,0,1,'2023-05-25 12:39:20','2023-05-25 12:39:20'),(626,'167','Title (1)','title-1',NULL,NULL,0,1,'2023-05-25 12:39:21','2023-05-25 12:39:21'),(627,'167','Title (2)','title-2',NULL,NULL,0,1,'2023-05-25 12:39:21','2023-05-25 12:39:21'),(628,'167','Title (3)','title-3',NULL,NULL,0,1,'2023-05-25 12:39:21','2023-05-25 12:39:21'),(629,'167','Title (4)','title-4',NULL,NULL,0,1,'2023-05-25 12:39:21','2023-05-25 12:39:21'),(630,'167','Title (5)','title-5',NULL,NULL,0,1,'2023-05-25 12:39:21','2023-05-25 12:39:21'),(631,'168','Title (1)','title-1',NULL,NULL,0,1,'2023-05-25 12:39:21','2023-05-25 12:39:21'),(632,'168','Title (2)','title-2',NULL,NULL,0,1,'2023-05-25 12:39:21','2023-05-25 12:39:21'),(633,'168','Title (3)','title-3',NULL,NULL,0,1,'2023-05-25 12:39:21','2023-05-25 12:39:21'),(634,'168','Title (4)','title-4',NULL,NULL,0,1,'2023-05-25 12:39:21','2023-05-25 12:39:21'),(635,'168','Title (5)','title-5',NULL,NULL,0,1,'2023-05-25 12:39:21','2023-05-25 12:39:21'),(636,'169','Title (1)','title-1',NULL,NULL,0,1,'2023-05-25 12:49:29','2023-05-25 12:49:29'),(637,'169','Title (2)','title-2',NULL,NULL,0,1,'2023-05-25 12:49:29','2023-05-25 12:49:29'),(638,'169','Title (3)','title-3',NULL,NULL,0,1,'2023-05-25 12:49:29','2023-05-25 12:49:29'),(639,'169','Title (4)','title-4',NULL,NULL,0,1,'2023-05-25 12:49:29','2023-05-25 12:49:29'),(640,'169','Title (5)','title-5',NULL,NULL,0,1,'2023-05-25 12:49:29','2023-05-25 12:49:29'),(641,'170','Title (1)','title-1',NULL,NULL,0,1,'2023-05-25 12:49:29','2023-05-25 12:49:29'),(642,'170','Title (2)','title-2',NULL,NULL,0,1,'2023-05-25 12:49:29','2023-05-25 12:49:29'),(643,'170','Title (3)','title-3',NULL,NULL,0,1,'2023-05-25 12:49:29','2023-05-25 12:49:29'),(644,'170','Title (4)','title-4',NULL,NULL,0,1,'2023-05-25 12:49:29','2023-05-25 12:49:29'),(645,'170','Title (5)','title-5',NULL,NULL,0,1,'2023-05-25 12:49:29','2023-05-25 12:49:29'),(646,'171','Title (1)','title-1',NULL,NULL,0,1,'2023-05-25 12:49:29','2023-05-25 12:49:29'),(647,'171','Title (2)','title-2',NULL,NULL,0,1,'2023-05-25 12:49:29','2023-05-25 12:49:29'),(648,'171','Title (3)','title-3',NULL,NULL,0,1,'2023-05-25 12:49:29','2023-05-25 12:49:29'),(649,'171','Title (4)','title-4',NULL,NULL,0,1,'2023-05-25 12:49:29','2023-05-25 12:49:29'),(650,'171','Title (5)','title-5',NULL,NULL,0,1,'2023-05-25 12:49:29','2023-05-25 12:49:29'),(651,'172','Title (1)','title-1',NULL,NULL,0,1,'2023-05-25 12:49:29','2023-05-25 12:49:29'),(652,'172','Title (2)','title-2',NULL,NULL,0,1,'2023-05-25 12:49:29','2023-05-25 12:49:29'),(653,'172','Title (3)','title-3',NULL,NULL,0,1,'2023-05-25 12:49:29','2023-05-25 12:49:29'),(654,'172','Title (4)','title-4',NULL,NULL,0,1,'2023-05-25 12:49:29','2023-05-25 12:49:29'),(655,'172','Title (5)','title-5',NULL,NULL,0,1,'2023-05-25 12:49:29','2023-05-25 12:49:29'),(656,'173','Title (1)','title-1',NULL,NULL,0,1,'2023-05-25 12:49:29','2023-05-25 12:49:29'),(657,'173','Title (2)','title-2',NULL,NULL,0,1,'2023-05-25 12:49:29','2023-05-25 12:49:29'),(658,'173','Title (3)','title-3',NULL,NULL,0,1,'2023-05-25 12:49:29','2023-05-25 12:49:29'),(659,'173','Title (4)','title-4',NULL,NULL,0,1,'2023-05-25 12:49:29','2023-05-25 12:49:29'),(660,'173','Title (5)','title-5',NULL,NULL,0,1,'2023-05-25 12:49:29','2023-05-25 12:49:29'),(661,'174','Title (1)','title-1',NULL,NULL,0,1,'2023-05-25 12:49:29','2023-05-25 12:49:29'),(662,'174','Title (2)','title-2',NULL,NULL,0,1,'2023-05-25 12:49:29','2023-05-25 12:49:29'),(663,'174','Title (3)','title-3',NULL,NULL,0,1,'2023-05-25 12:49:29','2023-05-25 12:49:29'),(664,'174','Title (4)','title-4',NULL,NULL,0,1,'2023-05-25 12:49:29','2023-05-25 12:49:29'),(665,'174','Title (5)','title-5',NULL,NULL,0,1,'2023-05-25 12:49:29','2023-05-25 12:49:29'),(666,'175','Title (1)','title-1',NULL,NULL,0,1,'2023-05-25 12:49:29','2023-05-25 12:49:29'),(667,'175','Title (2)','title-2',NULL,NULL,0,1,'2023-05-25 12:49:29','2023-05-25 12:49:29'),(668,'175','Title (3)','title-3',NULL,NULL,0,1,'2023-05-25 12:49:29','2023-05-25 12:49:29'),(669,'175','Title (4)','title-4',NULL,NULL,0,1,'2023-05-25 12:49:29','2023-05-25 12:49:29'),(670,'175','Title (5)','title-5',NULL,NULL,0,1,'2023-05-25 12:49:29','2023-05-25 12:49:29'),(671,'176','Title (1)','title-1',NULL,NULL,0,1,'2023-05-25 12:54:20','2023-05-25 12:54:20'),(672,'176','Title (2)','title-2',NULL,NULL,0,1,'2023-05-25 12:54:20','2023-05-25 12:54:20'),(673,'176','Title (3)','title-3',NULL,NULL,0,1,'2023-05-25 12:54:20','2023-05-25 12:54:20'),(674,'176','Title (4)','title-4',NULL,NULL,0,1,'2023-05-25 12:54:20','2023-05-25 12:54:20'),(675,'176','Title (5)','title-5',NULL,NULL,0,1,'2023-05-25 12:54:20','2023-05-25 12:54:20'),(676,'177','Title (1)','title-1',NULL,NULL,0,1,'2023-05-25 12:54:20','2023-05-25 12:54:20'),(677,'177','Title (2)','title-2',NULL,NULL,0,1,'2023-05-25 12:54:20','2023-05-25 12:54:20'),(678,'177','Title (3)','title-3',NULL,NULL,0,1,'2023-05-25 12:54:20','2023-05-25 12:54:20'),(679,'177','Title (4)','title-4',NULL,NULL,0,1,'2023-05-25 12:54:20','2023-05-25 12:54:20'),(680,'177','Title (5)','title-5',NULL,NULL,0,1,'2023-05-25 12:54:20','2023-05-25 12:54:20'),(681,'178','Title (1)','title-1',NULL,NULL,0,1,'2023-05-25 12:54:20','2023-05-25 12:54:20'),(682,'178','Title (2)','title-2',NULL,NULL,0,1,'2023-05-25 12:54:20','2023-05-25 12:54:20'),(683,'178','Title (3)','title-3',NULL,NULL,0,1,'2023-05-25 12:54:20','2023-05-25 12:54:20'),(684,'178','Title (4)','title-4',NULL,NULL,0,1,'2023-05-25 12:54:20','2023-05-25 12:54:20'),(685,'178','Title (5)','title-5',NULL,NULL,0,1,'2023-05-25 12:54:20','2023-05-25 12:54:20'),(686,'179','Title (1)','title-1',NULL,NULL,0,1,'2023-05-25 12:54:20','2023-05-25 12:54:20'),(687,'179','Title (2)','title-2',NULL,NULL,0,1,'2023-05-25 12:54:20','2023-05-25 12:54:20'),(688,'179','Title (3)','title-3',NULL,NULL,0,1,'2023-05-25 12:54:20','2023-05-25 12:54:20'),(689,'179','Title (4)','title-4',NULL,NULL,0,1,'2023-05-25 12:54:20','2023-05-25 12:54:20'),(690,'179','Title (5)','title-5',NULL,NULL,0,1,'2023-05-25 12:54:20','2023-05-25 12:54:20'),(691,'180','Title (1)','title-1',NULL,NULL,0,1,'2023-05-25 12:54:20','2023-05-25 12:54:20'),(692,'180','Title (2)','title-2',NULL,NULL,0,1,'2023-05-25 12:54:20','2023-05-25 12:54:20'),(693,'180','Title (3)','title-3',NULL,NULL,0,1,'2023-05-25 12:54:20','2023-05-25 12:54:20'),(694,'180','Title (4)','title-4',NULL,NULL,0,1,'2023-05-25 12:54:20','2023-05-25 12:54:20'),(695,'180','Title (5)','title-5',NULL,NULL,0,1,'2023-05-25 12:54:20','2023-05-25 12:54:20'),(696,'181','Title (1)','title-1',NULL,NULL,0,1,'2023-05-25 12:54:20','2023-05-25 12:54:20'),(697,'181','Title (2)','title-2',NULL,NULL,0,1,'2023-05-25 12:54:20','2023-05-25 12:54:20'),(698,'181','Title (3)','title-3',NULL,NULL,0,1,'2023-05-25 12:54:20','2023-05-25 12:54:20'),(699,'181','Title (4)','title-4',NULL,NULL,0,1,'2023-05-25 12:54:20','2023-05-25 12:54:20'),(700,'181','Title (5)','title-5',NULL,NULL,0,1,'2023-05-25 12:54:20','2023-05-25 12:54:20'),(701,'182','Title (1)','title-1',NULL,NULL,0,1,'2023-05-25 12:54:20','2023-05-25 12:54:20'),(702,'182','Title (2)','title-2',NULL,NULL,0,1,'2023-05-25 12:54:20','2023-05-25 12:54:20'),(703,'182','Title (3)','title-3',NULL,NULL,0,1,'2023-05-25 12:54:20','2023-05-25 12:54:20'),(704,'182','Title (4)','title-4',NULL,NULL,0,1,'2023-05-25 12:54:20','2023-05-25 12:54:20'),(705,'182','Title (5)','title-5',NULL,NULL,0,1,'2023-05-25 12:54:20','2023-05-25 12:54:20'),(706,'183','Title (1)','title-1',NULL,NULL,0,1,'2023-05-25 12:56:53','2023-05-25 12:56:53'),(707,'183','Title (2)','title-2',NULL,NULL,0,1,'2023-05-25 12:56:53','2023-05-25 12:56:53'),(708,'183','Title (3)','title-3',NULL,NULL,0,1,'2023-05-25 12:56:53','2023-05-25 12:56:53'),(709,'183','Title (4)','title-4',NULL,NULL,0,1,'2023-05-25 12:56:53','2023-05-25 12:56:53'),(710,'183','Title (5)','title-5',NULL,NULL,0,1,'2023-05-25 12:56:53','2023-05-25 12:56:53'),(711,'184','Title (1)','title-1',NULL,NULL,0,1,'2023-05-25 12:56:53','2023-05-25 12:56:53'),(712,'184','Title (2)','title-2',NULL,NULL,0,1,'2023-05-25 12:56:53','2023-05-25 12:56:53'),(713,'184','Title (3)','title-3',NULL,NULL,0,1,'2023-05-25 12:56:53','2023-05-25 12:56:53'),(714,'184','Title (4)','title-4',NULL,NULL,0,1,'2023-05-25 12:56:53','2023-05-25 12:56:53'),(715,'184','Title (5)','title-5',NULL,NULL,0,1,'2023-05-25 12:56:53','2023-05-25 12:56:53'),(716,'185','Title (1)','title-1',NULL,NULL,0,1,'2023-05-25 12:56:53','2023-05-25 12:56:53'),(717,'185','Title (2)','title-2',NULL,NULL,0,1,'2023-05-25 12:56:53','2023-05-25 12:56:53'),(718,'185','Title (3)','title-3',NULL,NULL,0,1,'2023-05-25 12:56:53','2023-05-25 12:56:53'),(719,'185','Title (4)','title-4',NULL,NULL,0,1,'2023-05-25 12:56:53','2023-05-25 12:56:53'),(720,'185','Title (5)','title-5',NULL,NULL,0,1,'2023-05-25 12:56:53','2023-05-25 12:56:53'),(721,'186','Title (1)','title-1',NULL,NULL,0,1,'2023-05-25 12:56:53','2023-05-25 12:56:53'),(722,'186','Title (2)','title-2',NULL,NULL,0,1,'2023-05-25 12:56:53','2023-05-25 12:56:53'),(723,'186','Title (3)','title-3',NULL,NULL,0,1,'2023-05-25 12:56:54','2023-05-25 12:56:54'),(724,'186','Title (4)','title-4',NULL,NULL,0,1,'2023-05-25 12:56:54','2023-05-25 12:56:54'),(725,'186','Title (5)','title-5',NULL,NULL,0,1,'2023-05-25 12:56:54','2023-05-25 12:56:54'),(726,'187','Title (1)','title-1',NULL,NULL,0,1,'2023-05-25 12:56:54','2023-05-25 12:56:54'),(727,'187','Title (2)','title-2',NULL,NULL,0,1,'2023-05-25 12:56:54','2023-05-25 12:56:54'),(728,'187','Title (3)','title-3',NULL,NULL,0,1,'2023-05-25 12:56:54','2023-05-25 12:56:54'),(729,'187','Title (4)','title-4',NULL,NULL,0,1,'2023-05-25 12:56:54','2023-05-25 12:56:54'),(730,'187','Title (5)','title-5',NULL,NULL,0,1,'2023-05-25 12:56:54','2023-05-25 12:56:54'),(731,'188','Title (1)','title-1',NULL,NULL,0,1,'2023-05-25 12:56:54','2023-05-25 12:56:54'),(732,'188','Title (2)','title-2',NULL,NULL,0,1,'2023-05-25 12:56:54','2023-05-25 12:56:54'),(733,'188','Title (3)','title-3',NULL,NULL,0,1,'2023-05-25 12:56:54','2023-05-25 12:56:54'),(734,'188','Title (4)','title-4',NULL,NULL,0,1,'2023-05-25 12:56:54','2023-05-25 12:56:54'),(735,'188','Title (5)','title-5',NULL,NULL,0,1,'2023-05-25 12:56:54','2023-05-25 12:56:54'),(736,'189','Title (1)','title-1',NULL,NULL,0,1,'2023-05-25 12:56:54','2023-05-25 12:56:54'),(737,'189','Title (2)','title-2',NULL,NULL,0,1,'2023-05-25 12:56:54','2023-05-25 12:56:54'),(738,'189','Title (3)','title-3',NULL,NULL,0,1,'2023-05-25 12:56:54','2023-05-25 12:56:54'),(739,'189','Title (4)','title-4',NULL,NULL,0,1,'2023-05-25 12:56:54','2023-05-25 12:56:54'),(740,'189','Title (5)','title-5',NULL,NULL,0,1,'2023-05-25 12:56:54','2023-05-25 12:56:54'),(741,'190','Title (1)','title-1',NULL,NULL,0,1,'2023-05-25 13:06:53','2023-05-25 13:06:53'),(742,'190','Title (2)','title-2',NULL,NULL,0,1,'2023-05-25 13:06:53','2023-05-25 13:06:53'),(743,'190','Title (3)','title-3',NULL,NULL,0,1,'2023-05-25 13:06:53','2023-05-25 13:06:53'),(744,'190','Title (4)','title-4',NULL,NULL,0,1,'2023-05-25 13:06:53','2023-05-25 13:06:53'),(745,'190','Title (5)','title-5',NULL,NULL,0,1,'2023-05-25 13:06:53','2023-05-25 13:06:53'),(746,'191','Title (1)','title-1',NULL,NULL,0,1,'2023-05-25 13:06:53','2023-05-25 13:06:53'),(747,'191','Title (2)','title-2',NULL,NULL,0,1,'2023-05-25 13:06:53','2023-05-25 13:06:53'),(748,'191','Title (3)','title-3',NULL,NULL,0,1,'2023-05-25 13:06:53','2023-05-25 13:06:53'),(749,'191','Title (4)','title-4',NULL,NULL,0,1,'2023-05-25 13:06:53','2023-05-25 13:06:53'),(750,'191','Title (5)','title-5',NULL,NULL,0,1,'2023-05-25 13:06:53','2023-05-25 13:06:53'),(751,'192','Title (1)','title-1',NULL,NULL,0,1,'2023-05-25 13:06:53','2023-05-25 13:06:53'),(752,'192','Title (2)','title-2',NULL,NULL,0,1,'2023-05-25 13:06:53','2023-05-25 13:06:53'),(753,'192','Title (3)','title-3',NULL,NULL,0,1,'2023-05-25 13:06:53','2023-05-25 13:06:53'),(754,'192','Title (4)','title-4',NULL,NULL,0,1,'2023-05-25 13:06:53','2023-05-25 13:06:53'),(755,'192','Title (5)','title-5',NULL,NULL,0,1,'2023-05-25 13:06:53','2023-05-25 13:06:53'),(756,'193','Title (1)','title-1',NULL,NULL,0,1,'2023-05-25 13:06:53','2023-05-25 13:06:53'),(757,'193','Title (2)','title-2',NULL,NULL,0,1,'2023-05-25 13:06:53','2023-05-25 13:06:53'),(758,'193','Title (3)','title-3',NULL,NULL,0,1,'2023-05-25 13:06:53','2023-05-25 13:06:53'),(759,'193','Title (4)','title-4',NULL,NULL,0,1,'2023-05-25 13:06:53','2023-05-25 13:06:53'),(760,'193','Title (5)','title-5',NULL,NULL,0,1,'2023-05-25 13:06:53','2023-05-25 13:06:53'),(761,'194','Title (1)','title-1',NULL,NULL,0,1,'2023-05-25 13:06:53','2023-05-25 13:06:53'),(762,'194','Title (2)','title-2',NULL,NULL,0,1,'2023-05-25 13:06:53','2023-05-25 13:06:53'),(763,'194','Title (3)','title-3',NULL,NULL,0,1,'2023-05-25 13:06:53','2023-05-25 13:06:53'),(764,'194','Title (4)','title-4',NULL,NULL,0,1,'2023-05-25 13:06:53','2023-05-25 13:06:53'),(765,'194','Title (5)','title-5',NULL,NULL,0,1,'2023-05-25 13:06:53','2023-05-25 13:06:53'),(766,'195','Title (1)','title-1',NULL,NULL,0,1,'2023-05-25 13:06:53','2023-05-25 13:06:53'),(767,'195','Title (2)','title-2',NULL,NULL,0,1,'2023-05-25 13:06:53','2023-05-25 13:06:53'),(768,'195','Title (3)','title-3',NULL,NULL,0,1,'2023-05-25 13:06:53','2023-05-25 13:06:53'),(769,'195','Title (4)','title-4',NULL,NULL,0,1,'2023-05-25 13:06:53','2023-05-25 13:06:53'),(770,'195','Title (5)','title-5',NULL,NULL,0,1,'2023-05-25 13:06:53','2023-05-25 13:06:53'),(771,'196','Title (1)','title-1',NULL,NULL,0,1,'2023-05-25 13:06:53','2023-05-25 13:06:53'),(772,'196','Title (2)','title-2',NULL,NULL,0,1,'2023-05-25 13:06:53','2023-05-25 13:06:53'),(773,'196','Title (3)','title-3',NULL,NULL,0,1,'2023-05-25 13:06:53','2023-05-25 13:06:53'),(774,'196','Title (4)','title-4',NULL,NULL,0,1,'2023-05-25 13:06:53','2023-05-25 13:06:53'),(775,'196','Title (5)','title-5',NULL,NULL,0,1,'2023-05-25 13:06:53','2023-05-25 13:06:53'),(881,'218','Title (1)','title-1',NULL,NULL,0,1,'2023-05-25 13:24:20','2023-05-25 13:24:20'),(882,'218','Title (2)','title-2',NULL,NULL,0,1,'2023-05-25 13:24:20','2023-05-25 13:24:20'),(883,'218','Title (3)','title-3',NULL,NULL,0,1,'2023-05-25 13:24:20','2023-05-25 13:24:20'),(884,'218','Title (4)','title-4',NULL,NULL,0,1,'2023-05-25 13:24:20','2023-05-25 13:24:20'),(885,'218','Title (5)','title-5',NULL,NULL,0,1,'2023-05-25 13:24:20','2023-05-25 13:24:20'),(886,'219','Title (1)','title-1',NULL,NULL,0,1,'2023-05-25 13:24:20','2023-05-25 13:24:20'),(887,'219','Title (2)','title-2',NULL,NULL,0,1,'2023-05-25 13:24:20','2023-05-25 13:24:20'),(888,'219','Title (3)','title-3',NULL,NULL,0,1,'2023-05-25 13:24:20','2023-05-25 13:24:20'),(889,'219','Title (4)','title-4',NULL,NULL,0,1,'2023-05-25 13:24:20','2023-05-25 13:24:20'),(890,'219','Title (5)','title-5',NULL,NULL,0,1,'2023-05-25 13:24:20','2023-05-25 13:24:20'),(891,'220','Title (1)','title-1',NULL,NULL,0,1,'2023-05-25 13:24:20','2023-05-25 13:24:20'),(892,'220','Title (2)','title-2',NULL,NULL,0,1,'2023-05-25 13:24:20','2023-05-25 13:24:20'),(893,'220','Title (3)','title-3',NULL,NULL,0,1,'2023-05-25 13:24:20','2023-05-25 13:24:20'),(894,'220','Title (4)','title-4',NULL,NULL,0,1,'2023-05-25 13:24:20','2023-05-25 13:24:20'),(895,'220','Title (5)','title-5',NULL,NULL,0,1,'2023-05-25 13:24:20','2023-05-25 13:24:20'),(896,'221','Title (1)','title-1',NULL,NULL,0,1,'2023-05-25 13:24:20','2023-05-25 13:24:20'),(897,'221','Title (2)','title-2',NULL,NULL,0,1,'2023-05-25 13:24:20','2023-05-25 13:24:20'),(898,'221','Title (3)','title-3',NULL,NULL,0,1,'2023-05-25 13:24:20','2023-05-25 13:24:20'),(899,'221','Title (4)','title-4',NULL,NULL,0,1,'2023-05-25 13:24:20','2023-05-25 13:24:20'),(900,'221','Title (5)','title-5',NULL,NULL,0,1,'2023-05-25 13:24:20','2023-05-25 13:24:20'),(901,'222','Title (1)','title-1',NULL,NULL,0,1,'2023-05-25 13:24:20','2023-05-25 13:24:20'),(902,'222','Title (2)','title-2',NULL,NULL,0,1,'2023-05-25 13:24:20','2023-05-25 13:24:20'),(903,'222','Title (3)','title-3',NULL,NULL,0,1,'2023-05-25 13:24:20','2023-05-25 13:24:20'),(904,'222','Title (4)','title-4',NULL,NULL,0,1,'2023-05-25 13:24:20','2023-05-25 13:24:20'),(905,'222','Title (5)','title-5',NULL,NULL,0,1,'2023-05-25 13:24:20','2023-05-25 13:24:20'),(906,'223','Title (1)','title-1',NULL,NULL,0,1,'2023-05-25 13:24:20','2023-05-25 13:24:20'),(907,'223','Title (2)','title-2',NULL,NULL,0,1,'2023-05-25 13:24:20','2023-05-25 13:24:20'),(908,'223','Title (3)','title-3',NULL,NULL,0,1,'2023-05-25 13:24:20','2023-05-25 13:24:20'),(909,'223','Title (4)','title-4',NULL,NULL,0,1,'2023-05-25 13:24:20','2023-05-25 13:24:20'),(910,'223','Title (5)','title-5',NULL,NULL,0,1,'2023-05-25 13:24:20','2023-05-25 13:24:20'),(911,'224','Title (1)','title-1',NULL,NULL,0,1,'2023-05-25 13:24:20','2023-05-25 13:24:20'),(912,'224','Title (2)','title-2',NULL,NULL,0,1,'2023-05-25 13:24:20','2023-05-25 13:24:20'),(913,'224','Title (3)','title-3',NULL,NULL,0,1,'2023-05-25 13:24:20','2023-05-25 13:24:20'),(914,'224','Title (4)','title-4',NULL,NULL,0,1,'2023-05-25 13:24:20','2023-05-25 13:24:20'),(915,'224','Title (5)','title-5',NULL,NULL,0,1,'2023-05-25 13:24:20','2023-05-25 13:24:20'),(951,'232','Title (1)','title-1',NULL,NULL,0,1,'2023-05-25 14:05:12','2023-05-25 14:05:12'),(952,'232','Title (2)','title-2',NULL,NULL,0,1,'2023-05-25 14:05:12','2023-05-25 14:05:12'),(953,'232','Title (3)','title-3',NULL,NULL,0,1,'2023-05-25 14:05:12','2023-05-25 14:05:12'),(954,'232','Title (4)','title-4',NULL,NULL,0,1,'2023-05-25 14:05:12','2023-05-25 14:05:12'),(955,'232','Title (5)','title-5',NULL,NULL,0,1,'2023-05-25 14:05:12','2023-05-25 14:05:12'),(956,'233','Title (1)','title-1',NULL,NULL,0,1,'2023-05-25 14:05:12','2023-05-25 14:05:12'),(957,'233','Title (2)','title-2',NULL,NULL,0,1,'2023-05-25 14:05:12','2023-05-25 14:05:12'),(958,'233','Title (3)','title-3',NULL,NULL,0,1,'2023-05-25 14:05:12','2023-05-25 14:05:12'),(959,'233','Title (4)','title-4',NULL,NULL,0,1,'2023-05-25 14:05:12','2023-05-25 14:05:12'),(960,'233','Title (5)','title-5',NULL,NULL,0,1,'2023-05-25 14:05:12','2023-05-25 14:05:12'),(961,'234','Title (1)','title-1',NULL,NULL,0,1,'2023-05-25 14:05:12','2023-05-25 14:05:12'),(962,'234','Title (2)','title-2',NULL,NULL,0,1,'2023-05-25 14:05:12','2023-05-25 14:05:12'),(963,'234','Title (3)','title-3',NULL,NULL,0,1,'2023-05-25 14:05:12','2023-05-25 14:05:12'),(964,'234','Title (4)','title-4',NULL,NULL,0,1,'2023-05-25 14:05:12','2023-05-25 14:05:12'),(965,'234','Title (5)','title-5',NULL,NULL,0,1,'2023-05-25 14:05:12','2023-05-25 14:05:12'),(966,'235','Title (1)','title-1',NULL,NULL,0,1,'2023-05-25 14:05:12','2023-05-25 14:05:12'),(967,'235','Title (2)','title-2',NULL,NULL,0,1,'2023-05-25 14:05:12','2023-05-25 14:05:12'),(968,'235','Title (3)','title-3',NULL,NULL,0,1,'2023-05-25 14:05:12','2023-05-25 14:05:12'),(969,'235','Title (4)','title-4',NULL,NULL,0,1,'2023-05-25 14:05:12','2023-05-25 14:05:12'),(970,'235','Title (5)','title-5',NULL,NULL,0,1,'2023-05-25 14:05:12','2023-05-25 14:05:12'),(971,'236','Title (1)','title-1',NULL,NULL,0,1,'2023-05-25 14:05:12','2023-05-25 14:05:12'),(972,'236','Title (2)','title-2',NULL,NULL,0,1,'2023-05-25 14:05:12','2023-05-25 14:05:12'),(973,'236','Title (3)','title-3',NULL,NULL,0,1,'2023-05-25 14:05:12','2023-05-25 14:05:12'),(974,'236','Title (4)','title-4',NULL,NULL,0,1,'2023-05-25 14:05:12','2023-05-25 14:05:12'),(975,'236','Title (5)','title-5',NULL,NULL,0,1,'2023-05-25 14:05:12','2023-05-25 14:05:12'),(976,'237','Title (1)','title-1',NULL,NULL,0,1,'2023-05-25 14:05:12','2023-05-25 14:05:12'),(977,'237','Title (2)','title-2',NULL,NULL,0,1,'2023-05-25 14:05:12','2023-05-25 14:05:12'),(978,'237','Title (3)','title-3',NULL,NULL,0,1,'2023-05-25 14:05:12','2023-05-25 14:05:12'),(979,'237','Title (4)','title-4',NULL,NULL,0,1,'2023-05-25 14:05:12','2023-05-25 14:05:12'),(980,'237','Title (5)','title-5',NULL,NULL,0,1,'2023-05-25 14:05:12','2023-05-25 14:05:12'),(981,'238','Title (1)','title-1',NULL,NULL,0,1,'2023-05-25 14:05:12','2023-05-25 14:05:12'),(982,'238','Title (2)','title-2',NULL,NULL,0,1,'2023-05-25 14:05:12','2023-05-25 14:05:12'),(983,'238','Title (3)','title-3',NULL,NULL,0,1,'2023-05-25 14:05:12','2023-05-25 14:05:12'),(984,'238','Title (4)','title-4',NULL,NULL,0,1,'2023-05-25 14:05:12','2023-05-25 14:05:12'),(985,'238','Title (5)','title-5',NULL,NULL,0,1,'2023-05-25 14:05:12','2023-05-25 14:05:12'),(986,'239','Title (1)','title-1',NULL,NULL,0,1,'2023-05-25 14:08:27','2023-05-25 14:08:27'),(987,'239','Title (2)','title-2',NULL,NULL,0,1,'2023-05-25 14:08:27','2023-05-25 14:08:27'),(988,'239','Title (3)','title-3',NULL,NULL,0,1,'2023-05-25 14:08:27','2023-05-25 14:08:27'),(989,'239','Title (4)','title-4',NULL,NULL,0,1,'2023-05-25 14:08:27','2023-05-25 14:08:27'),(990,'239','Title (5)','title-5',NULL,NULL,0,1,'2023-05-25 14:08:27','2023-05-25 14:08:27'),(991,'240','Title (1)','title-1',NULL,NULL,0,1,'2023-05-25 14:08:27','2023-05-25 14:08:27'),(992,'240','Title (2)','title-2',NULL,NULL,0,1,'2023-05-25 14:08:27','2023-05-25 14:08:27'),(993,'240','Title (3)','title-3',NULL,NULL,0,1,'2023-05-25 14:08:27','2023-05-25 14:08:27'),(994,'240','Title (4)','title-4',NULL,NULL,0,1,'2023-05-25 14:08:27','2023-05-25 14:08:27'),(995,'240','Title (5)','title-5',NULL,NULL,0,1,'2023-05-25 14:08:27','2023-05-25 14:08:27'),(996,'241','Title (1)','title-1',NULL,NULL,0,1,'2023-05-25 14:08:27','2023-05-25 14:08:27'),(997,'241','Title (2)','title-2',NULL,NULL,0,1,'2023-05-25 14:08:27','2023-05-25 14:08:27'),(998,'241','Title (3)','title-3',NULL,NULL,0,1,'2023-05-25 14:08:27','2023-05-25 14:08:27'),(999,'241','Title (4)','title-4',NULL,NULL,0,1,'2023-05-25 14:08:27','2023-05-25 14:08:27'),(1000,'241','Title (5)','title-5',NULL,NULL,0,1,'2023-05-25 14:08:27','2023-05-25 14:08:27'),(1001,'242','Title (1)','title-1',NULL,NULL,0,1,'2023-05-25 14:08:27','2023-05-25 14:08:27'),(1002,'242','Title (2)','title-2',NULL,NULL,0,1,'2023-05-25 14:08:27','2023-05-25 14:08:27'),(1003,'242','Title (3)','title-3',NULL,NULL,0,1,'2023-05-25 14:08:27','2023-05-25 14:08:27'),(1004,'242','Title (4)','title-4',NULL,NULL,0,1,'2023-05-25 14:08:27','2023-05-25 14:08:27'),(1005,'242','Title (5)','title-5',NULL,NULL,0,1,'2023-05-25 14:08:27','2023-05-25 14:08:27'),(1006,'243','Title (1)','title-1',NULL,NULL,0,1,'2023-05-25 14:08:27','2023-05-25 14:08:27'),(1007,'243','Title (2)','title-2',NULL,NULL,0,1,'2023-05-25 14:08:27','2023-05-25 14:08:27'),(1008,'243','Title (3)','title-3',NULL,NULL,0,1,'2023-05-25 14:08:27','2023-05-25 14:08:27'),(1009,'243','Title (4)','title-4',NULL,NULL,0,1,'2023-05-25 14:08:27','2023-05-25 14:08:27'),(1010,'243','Title (5)','title-5',NULL,NULL,0,1,'2023-05-25 14:08:27','2023-05-25 14:08:27'),(1011,'244','Title (1)','title-1',NULL,NULL,0,1,'2023-05-25 14:08:27','2023-05-25 14:08:27'),(1012,'244','Title (2)','title-2',NULL,NULL,0,1,'2023-05-25 14:08:27','2023-05-25 14:08:27'),(1013,'244','Title (3)','title-3',NULL,NULL,0,1,'2023-05-25 14:08:27','2023-05-25 14:08:27'),(1014,'244','Title (4)','title-4',NULL,NULL,0,1,'2023-05-25 14:08:27','2023-05-25 14:08:27'),(1015,'244','Title (5)','title-5',NULL,NULL,0,1,'2023-05-25 14:08:27','2023-05-25 14:08:27'),(1016,'245','Title (1)','title-1',NULL,NULL,0,1,'2023-05-25 14:08:27','2023-05-25 14:08:27'),(1017,'245','Title (2)','title-2',NULL,NULL,0,1,'2023-05-25 14:08:27','2023-05-25 14:08:27'),(1018,'245','Title (3)','title-3',NULL,NULL,0,1,'2023-05-25 14:08:27','2023-05-25 14:08:27'),(1019,'245','Title (4)','title-4',NULL,NULL,0,1,'2023-05-25 14:08:27','2023-05-25 14:08:27'),(1020,'245','Title (5)','title-5',NULL,NULL,0,1,'2023-05-25 14:08:27','2023-05-25 14:08:27'),(1071,'256','Title (1)','title-1',NULL,NULL,0,1,'2023-05-25 14:31:31','2023-05-25 14:31:31'),(1072,'256','Title (2)','title-2',NULL,NULL,0,1,'2023-05-25 14:31:31','2023-05-25 14:31:31'),(1073,'256','Title (3)','title-3',NULL,NULL,0,1,'2023-05-25 14:31:31','2023-05-25 14:31:31'),(1074,'256','Title (4)','title-4',NULL,NULL,0,1,'2023-05-25 14:31:31','2023-05-25 14:31:31'),(1075,'256','Title (5)','title-5',NULL,NULL,0,1,'2023-05-25 14:31:31','2023-05-25 14:31:31'),(1076,'257','Title (1)','title-1',NULL,NULL,0,1,'2023-05-25 14:31:31','2023-05-25 14:31:31'),(1077,'257','Title (2)','title-2',NULL,NULL,0,1,'2023-05-25 14:31:31','2023-05-25 14:31:31'),(1078,'257','Title (3)','title-3',NULL,NULL,0,1,'2023-05-25 14:31:31','2023-05-25 14:31:31'),(1079,'257','Title (4)','title-4',NULL,NULL,0,1,'2023-05-25 14:31:31','2023-05-25 14:31:31'),(1080,'257','Title (5)','title-5',NULL,NULL,0,1,'2023-05-25 14:31:31','2023-05-25 14:31:31'),(1081,'258','Title (1)','title-1',NULL,NULL,0,1,'2023-05-25 14:31:31','2023-05-25 14:31:31'),(1082,'258','Title (2)','title-2',NULL,NULL,0,1,'2023-05-25 14:31:31','2023-05-25 14:31:31'),(1083,'258','Title (3)','title-3',NULL,NULL,0,1,'2023-05-25 14:31:31','2023-05-25 14:31:31'),(1084,'258','Title (4)','title-4',NULL,NULL,0,1,'2023-05-25 14:31:31','2023-05-25 14:31:31'),(1085,'258','Title (5)','title-5',NULL,NULL,0,1,'2023-05-25 14:31:31','2023-05-25 14:31:31'),(1121,'266','Title (1)','title-1',NULL,NULL,0,1,'2023-06-12 18:32:55','2023-06-12 18:32:55'),(1122,'266','Title (2)','title-2',NULL,NULL,0,1,'2023-06-12 18:32:55','2023-06-12 18:32:55'),(1123,'266','Title (3)','title-3',NULL,NULL,0,1,'2023-06-12 18:32:55','2023-06-12 18:32:55'),(1124,'266','Title (4)','title-4',NULL,NULL,0,1,'2023-06-12 18:32:55','2023-06-12 18:32:55'),(1125,'266','Title (5)','title-5',NULL,NULL,0,1,'2023-06-12 18:32:55','2023-06-12 18:32:55'),(1126,'267','Title (1)','title-1',NULL,NULL,0,1,'2023-06-12 18:32:55','2023-06-12 18:32:55'),(1127,'267','Title (2)','title-2',NULL,NULL,0,1,'2023-06-12 18:32:55','2023-06-12 18:32:55'),(1128,'267','Title (3)','title-3',NULL,NULL,0,1,'2023-06-12 18:32:55','2023-06-12 18:32:55'),(1129,'267','Title (4)','title-4',NULL,NULL,0,1,'2023-06-12 18:32:55','2023-06-12 18:32:55'),(1130,'267','Title (5)','title-5',NULL,NULL,0,1,'2023-06-12 18:32:55','2023-06-12 18:32:55'),(1131,'268','Title (1)','title-1',NULL,NULL,0,1,'2023-06-12 18:32:55','2023-06-12 18:32:55'),(1132,'268','Title (2)','title-2',NULL,NULL,0,1,'2023-06-12 18:32:55','2023-06-12 18:32:55'),(1133,'268','Title (3)','title-3',NULL,NULL,0,1,'2023-06-12 18:32:55','2023-06-12 18:32:55'),(1134,'268','Title (4)','title-4',NULL,NULL,0,1,'2023-06-12 18:32:55','2023-06-12 18:32:55'),(1135,'268','Title (5)','title-5',NULL,NULL,0,1,'2023-06-12 18:32:55','2023-06-12 18:32:55'),(1136,'269','Title (1)','title-1',NULL,NULL,0,1,'2023-06-12 18:32:55','2023-06-12 18:32:55'),(1137,'269','Title (2)','title-2',NULL,NULL,0,1,'2023-06-12 18:32:55','2023-06-12 18:32:55'),(1138,'269','Title (3)','title-3',NULL,NULL,0,1,'2023-06-12 18:32:55','2023-06-12 18:32:55'),(1139,'269','Title (4)','title-4',NULL,NULL,0,1,'2023-06-12 18:32:55','2023-06-12 18:32:55'),(1140,'269','Title (5)','title-5',NULL,NULL,0,1,'2023-06-12 18:32:55','2023-06-12 18:32:55'),(1141,'270','Title (1)','title-1',NULL,NULL,0,1,'2023-06-12 18:32:55','2023-06-12 18:32:55'),(1142,'270','Title (2)','title-2',NULL,NULL,0,1,'2023-06-12 18:32:55','2023-06-12 18:32:55'),(1143,'270','Title (3)','title-3',NULL,NULL,0,1,'2023-06-12 18:32:55','2023-06-12 18:32:55'),(1144,'270','Title (4)','title-4',NULL,NULL,0,1,'2023-06-12 18:32:55','2023-06-12 18:32:55'),(1145,'270','Title (5)','title-5',NULL,NULL,0,1,'2023-06-12 18:32:55','2023-06-12 18:32:55'),(1146,'271','Title (1)','title-1',NULL,NULL,0,1,'2023-06-12 18:32:55','2023-06-12 18:32:55'),(1147,'271','Title (2)','title-2',NULL,NULL,0,1,'2023-06-12 18:32:55','2023-06-12 18:32:55'),(1148,'271','Title (3)','title-3',NULL,NULL,0,1,'2023-06-12 18:32:55','2023-06-12 18:32:55'),(1149,'271','Title (4)','title-4',NULL,NULL,0,1,'2023-06-12 18:32:55','2023-06-12 18:32:55'),(1150,'271','Title (5)','title-5',NULL,NULL,0,1,'2023-06-12 18:32:55','2023-06-12 18:32:55'),(1151,'272','Title (1)','title-1',NULL,NULL,0,1,'2023-06-12 18:32:55','2023-06-12 18:32:55'),(1152,'272','Title (2)','title-2',NULL,NULL,0,1,'2023-06-12 18:32:55','2023-06-12 18:32:55'),(1153,'272','Title (3)','title-3',NULL,NULL,0,1,'2023-06-12 18:32:55','2023-06-12 18:32:55'),(1154,'272','Title (4)','title-4',NULL,NULL,0,1,'2023-06-12 18:32:55','2023-06-12 18:32:55'),(1155,'272','Title (5)','title-5',NULL,NULL,0,1,'2023-06-12 18:32:55','2023-06-12 18:32:55'),(1156,'273','Title (1)','title-1',NULL,NULL,0,1,'2023-06-12 18:33:29','2023-06-12 18:33:29'),(1157,'273','Title (2)','title-2',NULL,NULL,0,1,'2023-06-12 18:33:29','2023-06-12 18:33:29'),(1158,'273','Title (3)','title-3',NULL,NULL,0,1,'2023-06-12 18:33:29','2023-06-12 18:33:29'),(1159,'273','Title (4)','title-4',NULL,NULL,0,1,'2023-06-12 18:33:29','2023-06-12 18:33:29'),(1160,'273','Title (5)','title-5',NULL,NULL,0,1,'2023-06-12 18:33:29','2023-06-12 18:33:29'),(1161,'274','Title (1)','title-1',NULL,NULL,0,1,'2023-06-12 18:33:29','2023-06-12 18:33:29'),(1162,'274','Title (2)','title-2',NULL,NULL,0,1,'2023-06-12 18:33:29','2023-06-12 18:33:29'),(1163,'274','Title (3)','title-3',NULL,NULL,0,1,'2023-06-12 18:33:29','2023-06-12 18:33:29'),(1164,'274','Title (4)','title-4',NULL,NULL,0,1,'2023-06-12 18:33:29','2023-06-12 18:33:29'),(1165,'274','Title (5)','title-5',NULL,NULL,0,1,'2023-06-12 18:33:29','2023-06-12 18:33:29'),(1166,'275','Title (1)','title-1',NULL,NULL,0,1,'2023-06-12 18:33:29','2023-06-12 18:33:29'),(1167,'275','Title (2)','title-2',NULL,NULL,0,1,'2023-06-12 18:33:29','2023-06-12 18:33:29'),(1168,'275','Title (3)','title-3',NULL,NULL,0,1,'2023-06-12 18:33:29','2023-06-12 18:33:29'),(1169,'275','Title (4)','title-4',NULL,NULL,0,1,'2023-06-12 18:33:29','2023-06-12 18:33:29'),(1170,'275','Title (5)','title-5',NULL,NULL,0,1,'2023-06-12 18:33:29','2023-06-12 18:33:29'),(1171,'276','Title (1)','title-1',NULL,NULL,0,1,'2023-06-12 18:33:29','2023-06-12 18:33:29'),(1172,'276','Title (2)','title-2',NULL,NULL,0,1,'2023-06-12 18:33:29','2023-06-12 18:33:29'),(1173,'276','Title (3)','title-3',NULL,NULL,0,1,'2023-06-12 18:33:29','2023-06-12 18:33:29'),(1174,'276','Title (4)','title-4',NULL,NULL,0,1,'2023-06-12 18:33:29','2023-06-12 18:33:29'),(1175,'276','Title (5)','title-5',NULL,NULL,0,1,'2023-06-12 18:33:29','2023-06-12 18:33:29'),(1176,'277','Title (1)','title-1',NULL,NULL,0,1,'2023-06-12 18:33:29','2023-06-12 18:33:29'),(1177,'277','Title (2)','title-2',NULL,NULL,0,1,'2023-06-12 18:33:29','2023-06-12 18:33:29'),(1178,'277','Title (3)','title-3',NULL,NULL,0,1,'2023-06-12 18:33:29','2023-06-12 18:33:29'),(1179,'277','Title (4)','title-4',NULL,NULL,0,1,'2023-06-12 18:33:29','2023-06-12 18:33:29'),(1180,'277','Title (5)','title-5',NULL,NULL,0,1,'2023-06-12 18:33:29','2023-06-12 18:33:29'),(1181,'278','Title (1)','title-1',NULL,NULL,0,1,'2023-06-12 18:33:29','2023-06-12 18:33:29'),(1182,'278','Title (2)','title-2',NULL,NULL,0,1,'2023-06-12 18:33:29','2023-06-12 18:33:29'),(1183,'278','Title (3)','title-3',NULL,NULL,0,1,'2023-06-12 18:33:29','2023-06-12 18:33:29'),(1184,'278','Title (4)','title-4',NULL,NULL,0,1,'2023-06-12 18:33:29','2023-06-12 18:33:29'),(1185,'278','Title (5)','title-5',NULL,NULL,0,1,'2023-06-12 18:33:29','2023-06-12 18:33:29'),(1186,'279','Title (1)','title-1',NULL,NULL,0,1,'2023-06-12 18:33:29','2023-06-12 18:33:29'),(1187,'279','Title (2)','title-2',NULL,NULL,0,1,'2023-06-12 18:33:29','2023-06-12 18:33:29'),(1188,'279','Title (3)','title-3',NULL,NULL,0,1,'2023-06-12 18:33:29','2023-06-12 18:33:29'),(1189,'279','Title (4)','title-4',NULL,NULL,0,1,'2023-06-12 18:33:29','2023-06-12 18:33:29'),(1190,'279','Title (5)','title-5',NULL,NULL,0,1,'2023-06-12 18:33:29','2023-06-12 18:33:29');

--
-- Table structure for table `product_options`
--

CREATE TABLE `product_options` (
  `id` int unsigned NOT NULL AUTO_INCREMENT,
  `product_id` bigint unsigned DEFAULT NULL,
  `name` varchar(255) CHARACTER SET utf8mb4 COLLATE utf8mb4_unicode_ci NOT NULL,
  `slug` varchar(255) CHARACTER SET utf8mb4 COLLATE utf8mb4_unicode_ci NOT NULL,
  `title` varchar(255) CHARACTER SET utf8mb4 COLLATE utf8mb4_unicode_ci DEFAULT NULL,
  `description` varchar(255) CHARACTER SET utf8mb4 COLLATE utf8mb4_unicode_ci DEFAULT NULL,
  `position` int NOT NULL DEFAULT '0',
  `allow_option` smallint NOT NULL DEFAULT '1',
  `is_template` smallint NOT NULL DEFAULT '0',
  `is_check_all` tinyint(1) NOT NULL DEFAULT '1',
  `is_indeterminate` tinyint(1) NOT NULL DEFAULT '0',
  `created_at` timestamp NULL DEFAULT NULL,
  `updated_at` timestamp NULL DEFAULT NULL,
  PRIMARY KEY (`id`),
  UNIQUE KEY `product_options_id_unique` (`id`)
) ENGINE=InnoDB AUTO_INCREMENT=280 DEFAULT CHARSET=utf8mb4 COLLATE=utf8mb4_unicode_ci;

--
-- Dumping data for table `product_options`
--

INSERT INTO `product_options` VALUES (1,38,'Width','width','Width','Width',0,1,0,1,0,'2023-04-23 21:24:21','2023-05-11 10:12:57'),(2,38,'Height','height','Height','Height',0,1,0,1,0,'2023-04-23 21:24:21','2023-05-11 10:12:57'),(3,38,'Color','color','Color','Color',0,1,0,1,0,'2023-04-23 21:24:21','2023-05-11 10:12:57'),(4,39,'Width','width','Width','Width',0,1,0,1,0,'2023-04-23 21:37:37','2023-04-23 21:37:37'),(5,39,'Height','height','Height','Height',0,1,0,1,0,'2023-04-23 21:37:37','2023-04-23 21:37:37'),(6,39,'Color','color','Color','Color',0,1,0,1,0,'2023-04-23 21:37:37','2023-04-23 21:37:37'),(7,40,'Width','width','Width','Width',0,1,0,1,0,'2023-04-23 21:50:07','2023-04-23 21:50:07'),(8,40,'Height','height','Height','Height',0,1,0,1,0,'2023-04-23 21:50:07','2023-04-23 21:50:07'),(9,40,'Color','color','Color','Color',0,1,0,1,0,'2023-04-23 21:50:07','2023-04-23 21:50:07'),(13,41,'Color','color','Color','Color',0,1,0,1,0,'2023-04-24 00:52:35','2023-04-24 00:52:35'),(14,41,'Width','width','Width','Width',0,1,0,1,0,'2023-04-24 00:52:35','2023-04-24 00:52:35'),(15,41,'Height','height','Height','Height',0,1,0,1,0,'2023-04-24 00:52:35','2023-04-24 00:52:35'),(16,42,'Width','width','Width','Width',0,1,0,1,0,'2023-04-24 03:06:48','2023-04-24 03:06:48'),(17,42,'Height','height','Height','Height',0,1,0,1,0,'2023-04-24 03:06:48','2023-04-24 03:06:48'),(18,42,'Color','color','Color','Color',0,1,0,1,0,'2023-04-24 03:06:48','2023-04-24 03:06:48'),(28,43,'Width','width','Width','Width',0,1,0,1,0,'2023-04-24 03:13:47','2023-04-24 03:13:47'),(29,43,'Height','height','Height','Height',0,1,0,1,0,'2023-04-24 03:13:47','2023-04-24 03:13:47'),(30,43,'Color','color','Color','Color',0,1,0,1,0,'2023-04-24 03:13:47','2023-04-24 03:13:47'),(31,44,'Width','width','Width','Width',0,1,0,1,0,'2023-04-24 03:59:10','2023-04-24 03:59:10'),(32,44,'Height','height','Height','Height',0,1,0,1,0,'2023-04-24 03:59:10','2023-04-24 03:59:10'),(33,44,'Color','color','Color','Color',0,1,0,1,0,'2023-04-24 03:59:10','2023-04-24 03:59:10'),(37,45,'Width','width','Width','Width',0,1,0,0,1,'2023-04-24 10:43:36','2023-04-24 10:43:36'),(38,45,'Height','height','Height','Height',0,1,0,0,1,'2023-04-24 10:43:36','2023-04-24 10:43:36'),(39,45,'Color','color','Color','Color',0,1,0,0,1,'2023-04-24 10:43:36','2023-04-24 10:43:36'),(40,46,'Width','width','Width','Width',0,1,0,1,0,'2023-05-10 02:05:03','2023-05-10 02:05:03'),(41,46,'Height','height','Height','Height',0,1,0,1,0,'2023-05-10 02:05:03','2023-05-10 02:05:03'),(42,46,'Color','color','Color','Color',0,1,0,1,0,'2023-05-10 02:05:03','2023-05-10 02:05:03'),(43,47,'Width','width','Width','Width',0,1,0,1,0,'2023-05-10 02:16:13','2023-05-10 02:16:13'),(44,47,'Height','height','Height','Height',0,1,0,1,0,'2023-05-10 02:16:13','2023-05-10 02:16:13'),(45,47,'Color','color','Color','Color',0,1,0,1,0,'2023-05-10 02:16:13','2023-05-10 02:16:13'),(55,48,'Width','width','Width','Width',0,1,0,1,0,'2023-05-10 03:24:57','2023-05-10 03:24:57'),(56,48,'Height','height','Height','Height',0,1,0,1,0,'2023-05-10 03:24:57','2023-05-10 03:24:57'),(57,48,'Color','color','Color','Color',0,1,0,1,0,'2023-05-10 03:24:57','2023-05-10 03:24:57'),(58,49,'Width','width','Width','Width',0,1,0,1,0,'2023-05-10 03:39:59','2023-05-10 03:39:59'),(59,49,'Height','height','Height','Height',0,1,0,1,0,'2023-05-10 03:39:59','2023-05-10 03:39:59'),(60,49,'Color','color','Color','Color',0,1,0,1,0,'2023-05-10 03:39:59','2023-05-10 03:39:59'),(61,50,'Width','width','Width','Width',0,1,0,1,0,'2023-05-10 04:00:18','2023-05-10 04:00:18'),(62,50,'Height','height','Height','Height',0,1,0,1,0,'2023-05-10 04:00:18','2023-05-10 04:00:18'),(63,50,'Color','color','Color','Color',0,1,0,1,0,'2023-05-10 04:00:18','2023-05-10 04:00:18'),(64,51,'Width','width','Width','Width',0,1,0,1,0,'2023-05-10 04:04:40','2023-05-10 04:04:40'),(65,51,'Height','height','Height','Height',0,1,0,1,0,'2023-05-10 04:04:40','2023-05-10 04:04:40'),(66,51,'Color','color','Color','Color',0,1,0,1,0,'2023-05-10 04:04:40','2023-05-10 04:04:40'),(67,52,'Width','width','Width','Width',0,1,0,1,0,'2023-05-10 04:23:52','2023-05-10 04:23:52'),(68,52,'Height','height','Height','Height',0,1,0,1,0,'2023-05-10 04:23:52','2023-05-10 04:23:52'),(69,52,'Color','color','Color','Color',0,1,0,1,0,'2023-05-10 04:23:52','2023-05-10 04:23:52'),(70,53,'Width','width','Width','Width',0,1,0,1,0,'2023-05-10 05:13:51','2023-05-10 05:13:51'),(71,53,'Height','height','Height','Height',0,1,0,1,0,'2023-05-10 05:13:51','2023-05-10 05:13:51'),(72,53,'Color','color','Color','Color',0,1,0,1,0,'2023-05-10 05:13:51','2023-05-10 05:13:51'),(73,54,'Width','width','Width','Width',0,1,0,1,0,'2023-05-10 05:17:55','2023-05-10 05:17:55'),(74,54,'Height','height','Height','Height',0,1,0,1,0,'2023-05-10 05:17:55','2023-05-10 05:17:55'),(75,54,'Color','color','Color','Color',0,1,0,1,0,'2023-05-10 05:17:55','2023-05-10 05:17:55'),(76,55,'Width','width','Width','Width',0,1,0,1,0,'2023-05-10 05:35:39','2023-05-10 05:35:39'),(77,55,'Height','height','Height','Height',0,1,0,1,0,'2023-05-10 05:35:39','2023-05-10 05:35:39'),(78,55,'Color','color','Color','Color',0,1,0,1,0,'2023-05-10 05:35:39','2023-05-10 05:35:39'),(79,56,'Width','width','Width','Width',0,1,0,1,0,'2023-05-10 05:39:21','2023-05-10 05:39:21'),(80,56,'Height','height','Height','Height',0,1,0,1,0,'2023-05-10 05:39:21','2023-05-10 05:39:21'),(81,56,'Color','color','Color','Color',0,1,0,1,0,'2023-05-10 05:39:21','2023-05-10 05:39:21'),(82,57,'Width','width','Width','Width',0,1,0,1,0,'2023-05-10 05:39:52','2023-05-10 05:39:52'),(83,57,'Height','height','Height','Height',0,1,0,1,0,'2023-05-10 05:39:52','2023-05-10 05:39:52'),(84,57,'Color','color','Color','Color',0,1,0,1,0,'2023-05-10 05:39:52','2023-05-10 05:39:52'),(103,58,'Width','width','Width','Width',0,1,0,1,0,'2023-05-15 12:41:22','2023-05-15 12:41:22'),(104,58,'Height','height','Height','Height',0,1,0,1,0,'2023-05-15 12:41:22','2023-05-15 12:41:22'),(105,58,'Color','color','Color','Color',0,1,0,1,0,'2023-05-15 12:41:22','2023-05-15 12:41:22'),(106,60,'11','11','11',NULL,0,1,1,1,0,'2023-05-24 12:27:14','2023-05-24 12:27:14'),(107,60,'22','22','22',NULL,0,1,1,1,0,'2023-05-24 12:27:14','2023-05-24 12:27:14'),(108,60,'33','33','33',NULL,0,1,1,1,0,'2023-05-24 12:27:14','2023-05-24 12:27:14'),(109,60,'44','44','44',NULL,0,1,1,1,0,'2023-05-24 12:27:14','2023-05-24 12:27:14'),(110,60,'55','55','55',NULL,0,1,1,1,0,'2023-05-24 12:27:14','2023-05-24 12:27:14'),(111,60,'66','66','66',NULL,0,1,1,1,0,'2023-05-24 12:27:14','2023-05-24 12:27:14'),(112,60,'77','77','77',NULL,0,1,1,1,0,'2023-05-24 12:27:14','2023-05-24 12:27:14'),(113,61,'11','11','11',NULL,0,1,0,1,0,'2023-05-25 10:38:52','2023-05-25 10:38:52'),(114,61,'22','22','22',NULL,0,1,0,1,0,'2023-05-25 10:38:53','2023-05-25 10:38:53'),(115,61,'33','33','33',NULL,0,1,0,1,0,'2023-05-25 10:38:53','2023-05-25 10:38:53'),(116,61,'44','44','44',NULL,0,1,0,1,0,'2023-05-25 10:38:53','2023-05-25 10:38:53'),(117,61,'55','55','55',NULL,0,1,0,1,0,'2023-05-25 10:38:53','2023-05-25 10:38:53'),(118,61,'66','66','66',NULL,0,1,0,1,0,'2023-05-25 10:38:53','2023-05-25 10:38:53'),(119,61,'77','77','77',NULL,0,1,0,1,0,'2023-05-25 10:38:53','2023-05-25 10:38:53'),(120,62,'11','11','11',NULL,0,1,0,1,0,'2023-05-25 10:44:29','2023-05-25 10:44:29'),(121,62,'22','22','22',NULL,0,1,0,1,0,'2023-05-25 10:44:29','2023-05-25 10:44:29'),(122,62,'33','33','33',NULL,0,1,0,1,0,'2023-05-25 10:44:29','2023-05-25 10:44:29'),(123,62,'44','44','44',NULL,0,1,0,1,0,'2023-05-25 10:44:29','2023-05-25 10:44:29'),(124,62,'55','55','55',NULL,0,1,0,1,0,'2023-05-25 10:44:29','2023-05-25 10:44:29'),(125,62,'66','66','66',NULL,0,1,0,1,0,'2023-05-25 10:44:29','2023-05-25 10:44:29'),(126,62,'77','77','77',NULL,0,1,0,1,0,'2023-05-25 10:44:29','2023-05-25 10:44:29'),(127,63,'11','11','11',NULL,0,1,0,1,0,'2023-05-25 10:46:30','2023-05-25 10:46:30'),(128,63,'22','22','22',NULL,0,1,0,1,0,'2023-05-25 10:46:30','2023-05-25 10:46:30'),(129,63,'33','33','33',NULL,0,1,0,1,0,'2023-05-25 10:46:30','2023-05-25 10:46:30'),(130,63,'44','44','44',NULL,0,1,0,1,0,'2023-05-25 10:46:30','2023-05-25 10:46:30'),(131,63,'55','55','55',NULL,0,1,0,1,0,'2023-05-25 10:46:30','2023-05-25 10:46:30'),(132,63,'66','66','66',NULL,0,1,0,1,0,'2023-05-25 10:46:30','2023-05-25 10:46:30'),(133,63,'77','77','77',NULL,0,1,0,1,0,'2023-05-25 10:46:30','2023-05-25 10:46:30'),(134,64,'11','11','11',NULL,0,1,0,1,0,'2023-05-25 11:26:45','2023-05-25 11:26:45'),(135,64,'22','22','22',NULL,0,1,0,1,0,'2023-05-25 11:26:45','2023-05-25 11:26:45'),(136,64,'33','33','33',NULL,0,1,0,1,0,'2023-05-25 11:26:45','2023-05-25 11:26:45'),(137,64,'44','44','44',NULL,0,1,0,1,0,'2023-05-25 11:26:45','2023-05-25 11:26:45'),(138,64,'55','55','55',NULL,0,1,0,1,0,'2023-05-25 11:26:45','2023-05-25 11:26:45'),(139,64,'66','66','66',NULL,0,1,0,1,0,'2023-05-25 11:26:45','2023-05-25 11:26:45'),(140,64,'77','77','77',NULL,0,1,0,1,0,'2023-05-25 11:26:45','2023-05-25 11:26:45'),(141,65,'11','11','11',NULL,0,1,0,1,0,'2023-05-25 11:48:06','2023-05-25 11:48:06'),(142,65,'22','22','22',NULL,0,1,0,1,0,'2023-05-25 11:48:06','2023-05-25 11:48:06'),(143,65,'33','33','33',NULL,0,1,0,1,0,'2023-05-25 11:48:06','2023-05-25 11:48:06'),(144,65,'44','44','44',NULL,0,1,0,1,0,'2023-05-25 11:48:06','2023-05-25 11:48:06'),(145,65,'55','55','55',NULL,0,1,0,1,0,'2023-05-25 11:48:06','2023-05-25 11:48:06'),(146,65,'66','66','66',NULL,0,1,0,1,0,'2023-05-25 11:48:06','2023-05-25 11:48:06'),(147,65,'77','77','77',NULL,0,1,0,1,0,'2023-05-25 11:48:06','2023-05-25 11:48:06'),(148,66,'11','11','11',NULL,0,1,0,1,0,'2023-05-25 12:21:59','2023-05-25 12:21:59'),(149,66,'22','22','22',NULL,0,1,0,1,0,'2023-05-25 12:21:59','2023-05-25 12:21:59'),(150,66,'33','33','33',NULL,0,1,0,1,0,'2023-05-25 12:21:59','2023-05-25 12:21:59'),(151,66,'44','44','44',NULL,0,1,0,1,0,'2023-05-25 12:21:59','2023-05-25 12:21:59'),(152,66,'55','55','55',NULL,0,1,0,1,0,'2023-05-25 12:21:59','2023-05-25 12:21:59'),(153,66,'66','66','66',NULL,0,1,0,1,0,'2023-05-25 12:21:59','2023-05-25 12:21:59'),(154,66,'77','77','77',NULL,0,1,0,1,0,'2023-05-25 12:21:59','2023-05-25 12:21:59'),(155,67,'11','11','11',NULL,0,1,0,1,0,'2023-05-25 12:26:47','2023-05-25 12:26:47'),(156,67,'22','22','22',NULL,0,1,0,1,0,'2023-05-25 12:26:47','2023-05-25 12:26:47'),(157,67,'33','33','33',NULL,0,1,0,1,0,'2023-05-25 12:26:47','2023-05-25 12:26:47'),(158,67,'44','44','44',NULL,0,1,0,1,0,'2023-05-25 12:26:47','2023-05-25 12:26:47'),(159,67,'55','55','55',NULL,0,1,0,1,0,'2023-05-25 12:26:47','2023-05-25 12:26:47'),(160,67,'66','66','66',NULL,0,1,0,1,0,'2023-05-25 12:26:47','2023-05-25 12:26:47'),(161,67,'77','77','77',NULL,0,1,0,1,0,'2023-05-25 12:26:47','2023-05-25 12:26:47'),(162,68,'11','11','11',NULL,0,1,0,1,0,'2023-05-25 12:39:20','2023-05-25 12:39:20'),(163,68,'22','22','22',NULL,0,1,0,1,0,'2023-05-25 12:39:20','2023-05-25 12:39:20'),(164,68,'33','33','33',NULL,0,1,0,1,0,'2023-05-25 12:39:20','2023-05-25 12:39:20'),(165,68,'44','44','44',NULL,0,1,0,1,0,'2023-05-25 12:39:20','2023-05-25 12:39:20'),(166,68,'55','55','55',NULL,0,1,0,1,0,'2023-05-25 12:39:20','2023-05-25 12:39:20'),(167,68,'66','66','66',NULL,0,1,0,1,0,'2023-05-25 12:39:20','2023-05-25 12:39:20'),(168,68,'77','77','77',NULL,0,1,0,1,0,'2023-05-25 12:39:21','2023-05-25 12:39:21'),(169,69,'11','11','11',NULL,0,1,0,1,0,'2023-05-25 12:49:29','2023-05-25 12:49:29'),(170,69,'22','22','22',NULL,0,1,0,1,0,'2023-05-25 12:49:29','2023-05-25 12:49:29'),(171,69,'33','33','33',NULL,0,1,0,1,0,'2023-05-25 12:49:29','2023-05-25 12:49:29'),(172,69,'44','44','44',NULL,0,1,0,1,0,'2023-05-25 12:49:29','2023-05-25 12:49:29'),(173,69,'55','55','55',NULL,0,1,0,1,0,'2023-05-25 12:49:29','2023-05-25 12:49:29'),(174,69,'66','66','66',NULL,0,1,0,1,0,'2023-05-25 12:49:29','2023-05-25 12:49:29'),(175,69,'77','77','77',NULL,0,1,0,1,0,'2023-05-25 12:49:29','2023-05-25 12:49:29'),(176,70,'11','11','11',NULL,0,1,0,1,0,'2023-05-25 12:54:20','2023-05-25 12:54:20'),(177,70,'22','22','22',NULL,0,1,0,1,0,'2023-05-25 12:54:20','2023-05-25 12:54:20'),(178,70,'33','33','33',NULL,0,1,0,1,0,'2023-05-25 12:54:20','2023-05-25 12:54:20'),(179,70,'44','44','44',NULL,0,1,0,1,0,'2023-05-25 12:54:20','2023-05-25 12:54:20'),(180,70,'55','55','55',NULL,0,1,0,1,0,'2023-05-25 12:54:20','2023-05-25 12:54:20'),(181,70,'66','66','66',NULL,0,1,0,1,0,'2023-05-25 12:54:20','2023-05-25 12:54:20'),(182,70,'77','77','77',NULL,0,1,0,1,0,'2023-05-25 12:54:20','2023-05-25 12:54:20'),(183,71,'11','11','11',NULL,0,1,0,1,0,'2023-05-25 12:56:53','2023-05-25 12:56:53'),(184,71,'22','22','22',NULL,0,1,0,1,0,'2023-05-25 12:56:53','2023-05-25 12:56:53'),(185,71,'33','33','33',NULL,0,1,0,1,0,'2023-05-25 12:56:53','2023-05-25 12:56:53'),(186,71,'44','44','44',NULL,0,1,0,1,0,'2023-05-25 12:56:53','2023-05-25 12:56:53'),(187,71,'55','55','55',NULL,0,1,0,1,0,'2023-05-25 12:56:54','2023-05-25 12:56:54'),(188,71,'66','66','66',NULL,0,1,0,1,0,'2023-05-25 12:56:54','2023-05-25 12:56:54'),(189,71,'77','77','77',NULL,0,1,0,1,0,'2023-05-25 12:56:54','2023-05-25 12:56:54'),(190,72,'11','11','11',NULL,0,1,0,1,0,'2023-05-25 13:06:53','2023-05-25 13:06:53'),(191,72,'22','22','22',NULL,0,1,0,1,0,'2023-05-25 13:06:53','2023-05-25 13:06:53'),(192,72,'33','33','33',NULL,0,1,0,1,0,'2023-05-25 13:06:53','2023-05-25 13:06:53'),(193,72,'44','44','44',NULL,0,1,0,1,0,'2023-05-25 13:06:53','2023-05-25 13:06:53'),(194,72,'55','55','55',NULL,0,1,0,1,0,'2023-05-25 13:06:53','2023-05-25 13:06:53'),(195,72,'66','66','66',NULL,0,1,0,1,0,'2023-05-25 13:06:53','2023-05-25 13:06:53'),(196,72,'77','77','77',NULL,0,1,0,1,0,'2023-05-25 13:06:53','2023-05-25 13:06:53'),(218,73,'11','11','11',NULL,0,1,0,1,0,'2023-05-25 13:24:20','2023-05-25 13:24:20'),(219,73,'22','22','22',NULL,0,1,0,1,0,'2023-05-25 13:24:20','2023-05-25 13:24:20'),(220,73,'33','33','33',NULL,0,1,0,1,0,'2023-05-25 13:24:20','2023-05-25 13:24:20'),(221,73,'44','44','44',NULL,0,1,0,1,0,'2023-05-25 13:24:20','2023-05-25 13:24:20'),(222,73,'55','55','55',NULL,0,1,0,1,0,'2023-05-25 13:24:20','2023-05-25 13:24:20'),(223,73,'66','66','66',NULL,0,1,0,1,0,'2023-05-25 13:24:20','2023-05-25 13:24:20'),(224,73,'77','77','77',NULL,0,1,0,1,0,'2023-05-25 13:24:20','2023-05-25 13:24:20'),(232,75,'11','11','11',NULL,0,1,0,1,0,'2023-05-25 14:05:12','2023-05-25 14:05:12'),(233,75,'22','22','22',NULL,0,1,0,1,0,'2023-05-25 14:05:12','2023-05-25 14:05:12'),(234,75,'33','33','33',NULL,0,1,0,1,0,'2023-05-25 14:05:12','2023-05-25 14:05:12'),(235,75,'44','44','44',NULL,0,1,0,1,0,'2023-05-25 14:05:12','2023-05-25 14:05:12'),(236,75,'55','55','55',NULL,0,1,0,1,0,'2023-05-25 14:05:12','2023-05-25 14:05:12'),(237,75,'66','66','66',NULL,0,1,0,1,0,'2023-05-25 14:05:12','2023-05-25 14:05:12'),(238,75,'77','77','77',NULL,0,1,0,1,0,'2023-05-25 14:05:12','2023-05-25 14:05:12'),(239,76,'11','11','11',NULL,0,1,0,1,0,'2023-05-25 14:08:27','2023-05-25 14:08:27'),(240,76,'22','22','22',NULL,0,1,0,1,0,'2023-05-25 14:08:27','2023-05-25 14:08:27'),(241,76,'33','33','33',NULL,0,1,0,1,0,'2023-05-25 14:08:27','2023-05-25 14:08:27'),(242,76,'44','44','44',NULL,0,1,0,1,0,'2023-05-25 14:08:27','2023-05-25 14:08:27'),(243,76,'55','55','55',NULL,0,1,0,1,0,'2023-05-25 14:08:27','2023-05-25 14:08:27'),(244,76,'66','66','66',NULL,0,1,0,1,0,'2023-05-25 14:08:27','2023-05-25 14:08:27'),(245,76,'77','77','77',NULL,0,1,0,1,0,'2023-05-25 14:08:27','2023-05-25 14:08:27'),(256,78,'11','11','11',NULL,0,1,0,1,0,'2023-05-25 14:31:31','2023-05-25 14:31:31'),(257,78,'22','22','22',NULL,0,1,0,1,0,'2023-05-25 14:31:31','2023-05-25 14:31:31'),(258,78,'33','33','33',NULL,0,1,0,1,0,'2023-05-25 14:31:31','2023-05-25 14:31:31'),(266,77,'11','11','11',NULL,0,1,0,1,0,'2023-06-12 18:32:55','2023-06-12 18:32:55'),(267,77,'22','22','22',NULL,0,1,0,1,0,'2023-06-12 18:32:55','2023-06-12 18:32:55'),(268,77,'33','33','33',NULL,0,1,0,1,0,'2023-06-12 18:32:55','2023-06-12 18:32:55'),(269,77,'44','44','44',NULL,0,1,0,1,0,'2023-06-12 18:32:55','2023-06-12 18:32:55'),(270,77,'55','55','55',NULL,0,1,0,1,0,'2023-06-12 18:32:55','2023-06-12 18:32:55'),(271,77,'66','66','66',NULL,0,1,0,1,0,'2023-06-12 18:32:55','2023-06-12 18:32:55'),(272,77,'77','77','77',NULL,0,1,0,1,0,'2023-06-12 18:32:55','2023-06-12 18:32:55'),(273,74,'11','11','11',NULL,0,1,0,1,0,'2023-06-12 18:33:29','2023-06-12 18:33:29'),(274,74,'22','22','22',NULL,0,1,0,1,0,'2023-06-12 18:33:29','2023-06-12 18:33:29'),(275,74,'33','33','33',NULL,0,1,0,1,0,'2023-06-12 18:33:29','2023-06-12 18:33:29'),(276,74,'44','44','44',NULL,0,1,0,1,0,'2023-06-12 18:33:29','2023-06-12 18:33:29'),(277,74,'55','55','55',NULL,0,1,0,1,0,'2023-06-12 18:33:29','2023-06-12 18:33:29'),(278,74,'66','66','66',NULL,0,1,0,1,0,'2023-06-12 18:33:29','2023-06-12 18:33:29'),(279,74,'77','77','77',NULL,0,1,0,1,0,'2023-06-12 18:33:29','2023-06-12 18:33:29');

--
-- Table structure for table `product_purchase_methods`
--

CREATE TABLE `product_purchase_methods` (
  `id` bigint unsigned NOT NULL AUTO_INCREMENT,
  `product_id` bigint unsigned DEFAULT NULL,
  `name` varchar(255) CHARACTER SET utf8mb4 COLLATE utf8mb4_unicode_ci NOT NULL,
  `slug` varchar(255) CHARACTER SET utf8mb4 COLLATE utf8mb4_unicode_ci DEFAULT NULL,
  `description` varchar(255) CHARACTER SET utf8mb4 COLLATE utf8mb4_unicode_ci DEFAULT NULL,
  `created_at` timestamp NULL DEFAULT NULL,
  `updated_at` timestamp NULL DEFAULT NULL,
  PRIMARY KEY (`id`)
) ENGINE=InnoDB AUTO_INCREMENT=212 DEFAULT CHARSET=utf8mb4 COLLATE=utf8mb4_unicode_ci;

--
-- Dumping data for table `product_purchase_methods`
--

INSERT INTO `product_purchase_methods` VALUES (3,19,'1','1',NULL,'2023-04-02 01:27:01','2023-04-02 01:27:01'),(4,19,'2','2',NULL,'2023-04-02 01:27:01','2023-04-02 01:27:01'),(8,22,'1','1',NULL,'2023-04-02 02:59:04','2023-04-02 02:59:04'),(9,22,'2','2',NULL,'2023-04-02 02:59:04','2023-04-02 02:59:04'),(10,23,'1','1',NULL,'2023-04-02 03:03:46','2023-04-02 03:03:46'),(11,23,'2','2',NULL,'2023-04-02 03:03:46','2023-04-02 03:03:46'),(12,24,'1','1',NULL,'2023-04-02 03:06:12','2023-04-02 03:06:12'),(13,24,'2','2',NULL,'2023-04-02 03:06:12','2023-04-02 03:06:12'),(24,18,'1','1',NULL,'2023-04-03 02:46:58','2023-04-03 02:46:58'),(25,18,'2','2',NULL,'2023-04-03 02:46:58','2023-04-03 02:46:58'),(29,20,'1','1',NULL,'2023-04-03 13:28:01','2023-04-03 13:28:01'),(34,21,'2','2',NULL,'2023-04-04 12:11:36','2023-04-04 12:11:36'),(35,21,'1','1',NULL,'2023-04-04 12:11:36','2023-04-04 12:11:36'),(44,25,'1','1',NULL,'2023-04-15 02:16:35','2023-04-15 02:16:35'),(45,25,'2','2',NULL,'2023-04-15 02:16:35','2023-04-15 02:16:35'),(46,26,'1','1',NULL,'2023-04-15 10:57:33','2023-04-15 10:57:33'),(47,26,'2','2',NULL,'2023-04-15 10:57:33','2023-04-15 10:57:33'),(48,27,'1','1',NULL,'2023-04-15 11:16:15','2023-04-15 11:16:15'),(49,27,'2','2',NULL,'2023-04-15 11:16:15','2023-04-15 11:16:15'),(50,28,'1','1',NULL,'2023-04-15 11:19:51','2023-04-15 11:19:51'),(51,28,'2','2',NULL,'2023-04-15 11:19:51','2023-04-15 11:19:51'),(54,29,'1','1',NULL,'2023-04-17 10:22:33','2023-04-17 10:22:33'),(55,29,'2','2',NULL,'2023-04-17 10:22:33','2023-04-17 10:22:33'),(56,30,'1','1',NULL,'2023-04-23 19:16:05','2023-04-23 19:16:05'),(57,30,'2','2',NULL,'2023-04-23 19:16:05','2023-04-23 19:16:05'),(58,31,'1','1',NULL,'2023-04-23 19:52:27','2023-04-23 19:52:27'),(59,31,'2','2',NULL,'2023-04-23 19:52:27','2023-04-23 19:52:27'),(60,32,'1','1',NULL,'2023-04-23 20:17:23','2023-04-23 20:17:23'),(61,32,'2','2',NULL,'2023-04-23 20:17:23','2023-04-23 20:17:23'),(62,33,'1','1',NULL,'2023-04-23 20:28:21','2023-04-23 20:28:21'),(63,33,'2','2',NULL,'2023-04-23 20:28:21','2023-04-23 20:28:21'),(64,34,'1','1',NULL,'2023-04-23 20:36:00','2023-04-23 20:36:00'),(65,34,'2','2',NULL,'2023-04-23 20:36:00','2023-04-23 20:36:00'),(66,35,'1','1',NULL,'2023-04-23 20:39:13','2023-04-23 20:39:13'),(67,35,'2','2',NULL,'2023-04-23 20:39:13','2023-04-23 20:39:13'),(68,36,'1','1',NULL,'2023-04-23 20:46:50','2023-04-23 20:46:50'),(69,36,'2','2',NULL,'2023-04-23 20:46:50','2023-04-23 20:46:50'),(70,37,'1','1',NULL,'2023-04-23 20:56:21','2023-04-23 20:56:21'),(71,37,'2','2',NULL,'2023-04-23 20:56:21','2023-04-23 20:56:21'),(72,38,'1','1',NULL,'2023-04-23 21:24:22','2023-04-23 21:24:22'),(73,38,'2','2',NULL,'2023-04-23 21:24:22','2023-04-23 21:24:22'),(74,40,'1','1',NULL,'2023-04-23 21:50:08','2023-04-23 21:50:08'),(75,40,'2','2',NULL,'2023-04-23 21:50:08','2023-04-23 21:50:08'),(78,41,'1','1',NULL,'2023-04-24 00:52:36','2023-04-24 00:52:36'),(79,41,'2','2',NULL,'2023-04-24 00:52:36','2023-04-24 00:52:36'),(80,42,'1','1',NULL,'2023-04-24 03:06:49','2023-04-24 03:06:49'),(81,42,'2','2',NULL,'2023-04-24 03:06:49','2023-04-24 03:06:49'),(88,43,'1','1',NULL,'2023-04-24 03:13:48','2023-04-24 03:13:48'),(89,43,'2','2',NULL,'2023-04-24 03:13:48','2023-04-24 03:13:48'),(90,44,'1','1',NULL,'2023-04-24 03:59:11','2023-04-24 03:59:11'),(91,44,'2','2',NULL,'2023-04-24 03:59:11','2023-04-24 03:59:11'),(94,45,'1','1',NULL,'2023-04-24 10:43:36','2023-04-24 10:43:36'),(95,45,'2','2',NULL,'2023-04-24 10:43:36','2023-04-24 10:43:36'),(96,46,'1','1',NULL,'2023-05-10 02:05:04','2023-05-10 02:05:04'),(97,46,'2','2',NULL,'2023-05-10 02:05:04','2023-05-10 02:05:04'),(98,47,'1','1',NULL,'2023-05-10 02:16:14','2023-05-10 02:16:14'),(99,47,'2','2',NULL,'2023-05-10 02:16:14','2023-05-10 02:16:14'),(106,48,'1','1',NULL,'2023-05-10 03:24:58','2023-05-10 03:24:58'),(107,48,'2','2',NULL,'2023-05-10 03:24:58','2023-05-10 03:24:58'),(108,49,'1','1',NULL,'2023-05-10 03:40:00','2023-05-10 03:40:00'),(109,49,'2','2',NULL,'2023-05-10 03:40:00','2023-05-10 03:40:00'),(110,50,'1','1',NULL,'2023-05-10 04:00:19','2023-05-10 04:00:19'),(111,50,'2','2',NULL,'2023-05-10 04:00:19','2023-05-10 04:00:19'),(112,51,'1','1',NULL,'2023-05-10 04:04:40','2023-05-10 04:04:40'),(113,51,'2','2',NULL,'2023-05-10 04:04:40','2023-05-10 04:04:40'),(114,52,'1','1',NULL,'2023-05-10 04:23:52','2023-05-10 04:23:52'),(115,52,'2','2',NULL,'2023-05-10 04:23:52','2023-05-10 04:23:52'),(116,53,'1','1',NULL,'2023-05-10 05:13:52','2023-05-10 05:13:52'),(117,53,'2','2',NULL,'2023-05-10 05:13:52','2023-05-10 05:13:52'),(118,54,'1','1',NULL,'2023-05-10 05:17:56','2023-05-10 05:17:56'),(119,54,'2','2',NULL,'2023-05-10 05:17:56','2023-05-10 05:17:56'),(120,55,'1','1',NULL,'2023-05-10 05:35:40','2023-05-10 05:35:40'),(121,55,'2','2',NULL,'2023-05-10 05:35:40','2023-05-10 05:35:40'),(122,56,'1','1',NULL,'2023-05-10 05:39:21','2023-05-10 05:39:21'),(123,56,'2','2',NULL,'2023-05-10 05:39:21','2023-05-10 05:39:21'),(124,57,'1','1',NULL,'2023-05-10 05:39:53','2023-05-10 05:39:53'),(125,57,'2','2',NULL,'2023-05-10 05:39:53','2023-05-10 05:39:53'),(134,59,'1','1',NULL,'2023-05-11 10:47:00','2023-05-11 10:47:00'),(135,59,'2','2',NULL,'2023-05-11 10:47:00','2023-05-11 10:47:00'),(136,58,'1','1',NULL,'2023-05-15 12:41:22','2023-05-15 12:41:22'),(137,58,'2','2',NULL,'2023-05-15 12:41:22','2023-05-15 12:41:22'),(138,60,'1','1',NULL,'2023-05-24 12:27:14','2023-05-24 12:27:14'),(139,60,'2','2',NULL,'2023-05-24 12:27:14','2023-05-24 12:27:14'),(140,61,'1','1',NULL,'2023-05-25 10:38:53','2023-05-25 10:38:53'),(141,61,'2','2',NULL,'2023-05-25 10:38:53','2023-05-25 10:38:53'),(142,62,'1','1',NULL,'2023-05-25 10:44:29','2023-05-25 10:44:29'),(143,62,'2','2',NULL,'2023-05-25 10:44:29','2023-05-25 10:44:29'),(144,63,'1','1',NULL,'2023-05-25 10:46:30','2023-05-25 10:46:30'),(145,63,'2','2',NULL,'2023-05-25 10:46:30','2023-05-25 10:46:30'),(146,64,'1','1',NULL,'2023-05-25 11:26:45','2023-05-25 11:26:45'),(147,64,'2','2',NULL,'2023-05-25 11:26:45','2023-05-25 11:26:45'),(148,65,'1','1',NULL,'2023-05-25 11:48:06','2023-05-25 11:48:06'),(149,65,'2','2',NULL,'2023-05-25 11:48:06','2023-05-25 11:48:06'),(150,66,'1','1',NULL,'2023-05-25 12:21:59','2023-05-25 12:21:59'),(151,66,'2','2',NULL,'2023-05-25 12:21:59','2023-05-25 12:21:59'),(152,67,'1','1',NULL,'2023-05-25 12:26:47','2023-05-25 12:26:47'),(153,67,'2','2',NULL,'2023-05-25 12:26:47','2023-05-25 12:26:47'),(154,68,'1','1',NULL,'2023-05-25 12:39:21','2023-05-25 12:39:21'),(155,68,'2','2',NULL,'2023-05-25 12:39:21','2023-05-25 12:39:21'),(156,69,'1','1',NULL,'2023-05-25 12:49:29','2023-05-25 12:49:29'),(157,69,'2','2',NULL,'2023-05-25 12:49:29','2023-05-25 12:49:29'),(158,70,'1','1',NULL,'2023-05-25 12:54:20','2023-05-25 12:54:20'),(159,70,'2','2',NULL,'2023-05-25 12:54:20','2023-05-25 12:54:20'),(160,71,'1','1',NULL,'2023-05-25 12:56:54','2023-05-25 12:56:54'),(161,71,'2','2',NULL,'2023-05-25 12:56:54','2023-05-25 12:56:54'),(162,72,'1','1',NULL,'2023-05-25 13:06:53','2023-05-25 13:06:53'),(163,72,'2','2',NULL,'2023-05-25 13:06:53','2023-05-25 13:06:53'),(170,73,'1','1',NULL,'2023-05-25 13:24:20','2023-05-25 13:24:20'),(171,73,'2','2',NULL,'2023-05-25 13:24:20','2023-05-25 13:24:20'),(174,75,'1','1',NULL,'2023-05-25 14:05:12','2023-05-25 14:05:12'),(175,75,'2','2',NULL,'2023-05-25 14:05:12','2023-05-25 14:05:12'),(176,76,'1','1',NULL,'2023-05-25 14:08:27','2023-05-25 14:08:27'),(177,76,'2','2',NULL,'2023-05-25 14:08:27','2023-05-25 14:08:27'),(182,78,'1','1',NULL,'2023-05-25 14:31:31','2023-05-25 14:31:31'),(183,78,'2','2',NULL,'2023-05-25 14:31:31','2023-05-25 14:31:31'),(186,77,'1','1',NULL,'2023-06-12 18:32:55','2023-06-12 18:32:55'),(187,77,'2','2',NULL,'2023-06-12 18:32:55','2023-06-12 18:32:55'),(188,74,'1','1',NULL,'2023-06-12 18:33:29','2023-06-12 18:33:29'),(189,74,'2','2',NULL,'2023-06-12 18:33:29','2023-06-12 18:33:29'),(190,82,'1','1',NULL,'2023-11-02 20:34:30','2023-11-02 20:34:30'),(191,82,'2','2',NULL,'2023-11-02 20:34:30','2023-11-02 20:34:30'),(192,80,'1','1',NULL,'2023-11-08 02:39:59','2023-11-08 02:39:59'),(193,80,'2','2',NULL,'2023-11-08 02:39:59','2023-11-08 02:39:59'),(194,84,'1','1',NULL,'2023-12-14 04:03:05','2023-12-14 04:03:05'),(195,84,'2','2',NULL,'2023-12-14 04:03:05','2023-12-14 04:03:05'),(200,86,'1','1',NULL,'2023-12-18 14:07:55','2023-12-18 14:07:55'),(201,86,'2','2',NULL,'2023-12-18 14:07:55','2023-12-18 14:07:55'),(202,88,'1','1',NULL,'2023-12-19 04:03:40','2023-12-19 04:03:40'),(203,88,'2','2',NULL,'2023-12-19 04:03:40','2023-12-19 04:03:40'),(204,89,'1','1',NULL,'2023-12-19 10:54:21','2023-12-19 10:54:21'),(205,89,'2','2',NULL,'2023-12-19 10:54:21','2023-12-19 10:54:21'),(206,87,'1','1',NULL,'2023-12-28 14:16:51','2023-12-28 14:16:51'),(207,87,'2','2',NULL,'2023-12-28 14:16:51','2023-12-28 14:16:51'),(208,97,'1','1',NULL,'2024-02-26 02:53:00','2024-02-26 02:53:00'),(209,97,'2','2',NULL,'2024-02-26 02:53:00','2024-02-26 02:53:00'),(210,96,'1','1',NULL,'2024-02-26 02:53:10','2024-02-26 02:53:10'),(211,96,'2','2',NULL,'2024-02-26 02:53:10','2024-02-26 02:53:10');

--
-- Table structure for table `product_reviews`
--

CREATE TABLE `product_reviews` (
  `id` bigint unsigned NOT NULL AUTO_INCREMENT,
  `product_id` bigint unsigned DEFAULT NULL,
  `user_id` bigint unsigned DEFAULT NULL,
  `rate` double(3,2) DEFAULT NULL,
  `comment` text CHARACTER SET utf8mb4 COLLATE utf8mb4_unicode_ci,
  `is_activated` smallint NOT NULL DEFAULT '1',
  `is_deleted` smallint NOT NULL DEFAULT '0',
  `created_at` timestamp NULL DEFAULT NULL,
  `updated_at` timestamp NULL DEFAULT NULL,
  PRIMARY KEY (`id`)
) ENGINE=InnoDB DEFAULT CHARSET=utf8mb4 COLLATE=utf8mb4_unicode_ci;

--
-- Dumping data for table `product_reviews`
--


--
-- Table structure for table `product_schedules`
--

CREATE TABLE `product_schedules` (
  `id` bigint unsigned NOT NULL AUTO_INCREMENT,
  `product_id` int NOT NULL,
  `short_date` date NOT NULL,
  `full_date` varchar(255) COLLATE utf8mb4_unicode_ci DEFAULT NULL,
  `note` varchar(255) COLLATE utf8mb4_unicode_ci DEFAULT NULL,
  `created_at` timestamp NULL DEFAULT NULL,
  `updated_at` timestamp NULL DEFAULT NULL,
  PRIMARY KEY (`id`)
) ENGINE=InnoDB AUTO_INCREMENT=106 DEFAULT CHARSET=utf8mb4 COLLATE=utf8mb4_unicode_ci;

--
-- Dumping data for table `product_schedules`
--

INSERT INTO `product_schedules` VALUES (57,102,'2024-02-28','2024-02-27T17:00:00.000Z',NULL,'2024-02-27 00:40:11','2024-02-27 00:40:11'),(58,102,'2024-02-29','2024-02-28T17:00:00.000Z',NULL,'2024-02-27 00:40:11','2024-02-27 00:40:11'),(59,99,'2024-02-28','2024-02-27T17:00:00.000Z',NULL,'2024-02-27 00:46:08','2024-02-27 00:46:08'),(60,99,'2024-02-29','2024-02-28T17:00:00.000Z',NULL,'2024-02-27 00:46:08','2024-02-27 00:46:08'),(61,99,'2024-03-01','2024-02-29T17:00:00.000Z',NULL,'2024-02-27 00:46:08','2024-02-27 00:46:08'),(62,99,'2024-03-02','2024-03-01T17:00:00.000Z',NULL,'2024-02-27 00:46:09','2024-02-27 00:46:09'),(63,99,'2024-03-09','2024-03-08T17:00:00.000Z',NULL,'2024-02-27 00:46:09','2024-02-27 00:46:09'),(64,99,'2024-03-08','2024-03-07T17:00:00.000Z',NULL,'2024-02-27 00:46:09','2024-02-27 00:46:09'),(65,99,'2024-03-15','2024-03-14T17:00:00.000Z',NULL,'2024-02-27 00:46:09','2024-02-27 00:46:09'),(66,99,'2024-03-22','2024-03-21T17:00:00.000Z',NULL,'2024-02-27 00:46:09','2024-02-27 00:46:09'),(67,99,'2024-03-29','2024-03-28T17:00:00.000Z',NULL,'2024-02-27 00:46:09','2024-02-27 00:46:09'),(68,99,'2024-03-30','2024-03-29T17:00:00.000Z',NULL,'2024-02-27 00:46:09','2024-02-27 00:46:09'),(69,99,'2024-03-23','2024-03-22T17:00:00.000Z',NULL,'2024-02-27 00:46:09','2024-02-27 00:46:09'),(70,99,'2024-03-16','2024-03-15T17:00:00.000Z',NULL,'2024-02-27 00:46:09','2024-02-27 00:46:09'),(71,103,'2024-02-29','2024-02-28T17:00:00.000Z',NULL,'2024-02-27 00:47:43','2024-02-27 00:47:43'),(98,100,'2024-03-08','2024-03-07T17:00:00.000Z',NULL,'2024-03-06 11:45:40','2024-03-06 11:45:40'),(99,100,'2024-03-14','2024-03-13T17:00:00.000Z',NULL,'2024-03-06 11:45:40','2024-03-06 11:45:40'),(100,100,'2024-03-15','2024-03-14T17:00:00.000Z',NULL,'2024-03-06 11:45:40','2024-03-06 11:45:40'),(101,101,'2024-03-20','2024-03-19T17:00:00.000Z',NULL,'2024-03-11 11:28:33','2024-03-11 11:28:33'),(102,101,'2024-03-19','2024-03-18T17:00:00.000Z',NULL,'2024-03-11 11:28:33','2024-03-11 11:28:33'),(103,101,'2024-03-18','2024-03-17T17:00:00.000Z',NULL,'2024-03-11 11:28:33','2024-03-11 11:28:33'),(104,101,'2024-03-17','2024-03-16T17:00:00.000Z',NULL,'2024-03-11 11:28:33','2024-03-11 11:28:33'),(105,101,'2024-03-21','2024-03-20T17:00:00.000Z',NULL,'2024-03-11 11:28:33','2024-03-11 11:28:33');

--
-- Table structure for table `products`
--

CREATE TABLE `products` (
  `id` bigint unsigned NOT NULL AUTO_INCREMENT,
  `code` varchar(255) COLLATE utf8mb4_unicode_ci DEFAULT NULL,
  `type` varchar(255) COLLATE utf8mb4_unicode_ci DEFAULT NULL,
  `category_id` bigint unsigned DEFAULT NULL,
  `scene_id` varchar(255) COLLATE utf8mb4_unicode_ci DEFAULT NULL,
  `manufacturer_id` int DEFAULT NULL,
  `sku` varchar(255) CHARACTER SET utf8mb4 COLLATE utf8mb4_unicode_ci NOT NULL,
  `name` varchar(255) CHARACTER SET utf8mb4 COLLATE utf8mb4_unicode_ci NOT NULL,
  `slug` varchar(255) CHARACTER SET utf8mb4 COLLATE utf8mb4_unicode_ci NOT NULL,
  `image` varchar(255) CHARACTER SET utf8mb4 COLLATE utf8mb4_unicode_ci DEFAULT NULL,
  `gender` smallint NOT NULL DEFAULT '0',
  `size` varchar(255) COLLATE utf8mb4_unicode_ci DEFAULT NULL,
  `color` varchar(255) COLLATE utf8mb4_unicode_ci DEFAULT NULL,
  `material` varchar(255) COLLATE utf8mb4_unicode_ci DEFAULT NULL,
  `dimension_cm` varchar(255) COLLATE utf8mb4_unicode_ci DEFAULT NULL,
  `dimension_scale` varchar(255) COLLATE utf8mb4_unicode_ci DEFAULT NULL,
  `height` varchar(255) COLLATE utf8mb4_unicode_ci DEFAULT NULL,
  `sleeve` varchar(255) COLLATE utf8mb4_unicode_ci DEFAULT NULL,
  `sleeve_length` varchar(255) COLLATE utf8mb4_unicode_ci DEFAULT NULL,
  `hip` varchar(255) COLLATE utf8mb4_unicode_ci DEFAULT NULL,
  `primary_width` varchar(255) COLLATE utf8mb4_unicode_ci DEFAULT NULL,
  `second_width` varchar(255) COLLATE utf8mb4_unicode_ci DEFAULT NULL,
  `explanation` varchar(255) COLLATE utf8mb4_unicode_ci DEFAULT NULL,
  `kimimono` varchar(255) COLLATE utf8mb4_unicode_ci DEFAULT NULL,
  `description` text CHARACTER SET utf8mb4 COLLATE utf8mb4_unicode_ci,
  `price_from` double(15,3) DEFAULT NULL,
  `price_to` double(15,3) DEFAULT NULL,
  `discount` double(5,2) DEFAULT NULL,
  `discount_start_time` datetime DEFAULT NULL,
  `discount_end_time` datetime DEFAULT NULL,
  `regular_price_from` double(15,3) DEFAULT NULL,
  `regular_price_to` double(15,3) DEFAULT NULL,
  `default_price` double(15,2) DEFAULT NULL,
  `standard_construction_fee` double(15,2) DEFAULT NULL,
  `shipping_cost` double(15,2) DEFAULT NULL,
  `note` text CHARACTER SET utf8mb4 COLLATE utf8mb4_unicode_ci,
  `policy` text CHARACTER SET utf8mb4 COLLATE utf8mb4_unicode_ci,
  `possible_delivery_time` int DEFAULT NULL,
  `rank` int unsigned DEFAULT NULL,
  `wish_list` int NOT NULL DEFAULT '0',
  `view` int NOT NULL DEFAULT '0',
  `preview` varchar(255) CHARACTER SET utf8mb4 COLLATE utf8mb4_unicode_ci DEFAULT NULL,
  `is_allow_faceswap` smallint NOT NULL DEFAULT '0',
  `is_pricing_manual` smallint NOT NULL DEFAULT '0',
  `is_available_in_stock` smallint NOT NULL DEFAULT '1',
  `is_storage_period` smallint NOT NULL DEFAULT '0',
  `is_cleaning_service` smallint NOT NULL DEFAULT '0',
  `is_activated` smallint NOT NULL DEFAULT '1',
  `created_by` smallint NOT NULL DEFAULT '1',
  `is_deleted` smallint NOT NULL DEFAULT '0',
  `created_at` timestamp NULL DEFAULT NULL,
  `updated_at` timestamp NULL DEFAULT NULL,
  PRIMARY KEY (`id`)
) ENGINE=InnoDB AUTO_INCREMENT=104 DEFAULT CHARSET=utf8mb4 COLLATE=utf8mb4_unicode_ci;

--
-- Dumping data for table `products`
--

INSERT INTO `products` VALUES (1,NULL,NULL,17,NULL,NULL,'92827323','Product 001','product-001','9197befd3aa0cd5ce281606eeae50fb6.png',0,NULL,NULL,NULL,NULL,NULL,NULL,NULL,NULL,NULL,NULL,NULL,NULL,NULL,'Product 001',27000.000,45000.000,10.00,NULL,NULL,30000.000,50000.000,NULL,NULL,NULL,NULL,NULL,30,NULL,0,0,NULL,0,0,1,0,0,1,1,1,'2023-04-01 12:05:43','2023-05-25 13:19:46'),(2,NULL,NULL,1,NULL,NULL,'928292','Product 002','product-002','c43e2a109edf46604cf56cb1f5e37d2a.png',0,NULL,NULL,NULL,NULL,NULL,NULL,NULL,NULL,NULL,NULL,NULL,NULL,NULL,'Product 002',16000.000,40000.000,20.00,NULL,NULL,20000.000,50000.000,NULL,NULL,NULL,NULL,NULL,30,NULL,0,0,NULL,0,0,1,0,0,1,1,1,'2023-04-01 14:35:22','2023-05-25 13:19:46'),(3,NULL,NULL,3,NULL,NULL,'92829222','Product 003','product-003','b09def344296345c02ce8f0d5ebc7fd4.png',0,NULL,NULL,NULL,NULL,NULL,NULL,NULL,NULL,NULL,NULL,NULL,NULL,NULL,'Product 003',20000.000,60000.000,NULL,NULL,NULL,20000.000,60000.000,NULL,NULL,NULL,NULL,NULL,30,NULL,0,0,NULL,0,0,1,0,0,1,1,1,'2023-04-01 14:37:18','2023-05-25 13:19:46'),(4,NULL,NULL,3,NULL,NULL,'11829222','Product 005','product-005','b09def344296345c02ce8f0d5ebc7fd4.png',0,NULL,NULL,NULL,NULL,NULL,NULL,NULL,NULL,NULL,NULL,NULL,NULL,NULL,'Product testing',17000.000,51000.000,15.00,NULL,NULL,20000.000,60000.000,NULL,NULL,NULL,NULL,NULL,30,NULL,0,0,NULL,0,0,1,0,0,1,1,1,'2023-04-01 14:38:12','2023-05-25 13:19:46'),(5,NULL,NULL,3,NULL,NULL,'1329222','Product 006','product-006','b09def344296345c02ce8f0d5ebc7fd4.png',0,NULL,NULL,NULL,NULL,NULL,NULL,NULL,NULL,NULL,NULL,NULL,NULL,NULL,'Product testing',17000.000,51000.000,15.00,NULL,NULL,20000.000,60000.000,NULL,NULL,NULL,NULL,NULL,30,NULL,0,0,NULL,0,0,1,0,0,1,1,1,'2023-04-01 14:38:17','2023-05-25 13:19:46'),(6,NULL,NULL,3,NULL,NULL,'1369222','Product 007','product-007','b09def344296345c02ce8f0d5ebc7fd4.png',0,NULL,NULL,NULL,NULL,NULL,NULL,NULL,NULL,NULL,NULL,NULL,NULL,NULL,'Product testing',17000.000,51000.000,15.00,NULL,NULL,20000.000,60000.000,NULL,NULL,NULL,NULL,NULL,30,NULL,0,0,NULL,0,0,1,0,0,1,1,1,'2023-04-01 14:38:22','2023-05-25 13:19:46'),(7,NULL,NULL,3,NULL,NULL,'13692444','Product 008','product-008','b09def344296345c02ce8f0d5ebc7fd4.png',0,NULL,NULL,NULL,NULL,NULL,NULL,NULL,NULL,NULL,NULL,NULL,NULL,NULL,'Product testing',17000.000,51000.000,15.00,NULL,NULL,20000.000,60000.000,NULL,NULL,NULL,NULL,NULL,30,NULL,0,0,NULL,0,0,1,0,0,1,1,1,'2023-04-01 14:38:27','2023-05-25 13:19:46'),(8,NULL,NULL,3,NULL,NULL,'13622444','Product 009','product-009','b09def344296345c02ce8f0d5ebc7fd4.png',0,NULL,NULL,NULL,NULL,NULL,NULL,NULL,NULL,NULL,NULL,NULL,NULL,NULL,'Product testing',17000.000,51000.000,15.00,NULL,NULL,20000.000,60000.000,NULL,NULL,NULL,NULL,NULL,30,NULL,0,0,NULL,0,0,1,0,0,1,1,1,'2023-04-01 14:38:31','2023-05-25 13:19:46'),(9,NULL,NULL,3,NULL,NULL,'1322444','Product 0101','product-0101','b09def344296345c02ce8f0d5ebc7fd4.png',0,NULL,NULL,NULL,NULL,NULL,NULL,NULL,NULL,NULL,NULL,NULL,NULL,NULL,'Product testing',17000.000,51000.000,15.00,NULL,NULL,20000.000,60000.000,NULL,NULL,NULL,NULL,NULL,30,NULL,0,0,NULL,0,0,1,0,0,1,1,1,'2023-04-01 14:38:43','2023-05-25 13:19:41'),(10,NULL,NULL,3,NULL,NULL,'1352444','Product 0121','product-0121','b09def344296345c02ce8f0d5ebc7fd4.png',0,NULL,NULL,NULL,NULL,NULL,NULL,NULL,NULL,NULL,NULL,NULL,NULL,NULL,'Product testing',17000.000,51000.000,15.00,NULL,NULL,20000.000,60000.000,NULL,NULL,NULL,NULL,NULL,30,NULL,0,0,NULL,0,0,1,0,0,1,1,1,'2023-04-01 14:38:48','2023-05-25 13:19:41'),(11,NULL,NULL,3,NULL,NULL,'1352464','Product 0125','product-0125','b09def344296345c02ce8f0d5ebc7fd4.png',0,NULL,NULL,NULL,NULL,NULL,NULL,NULL,NULL,NULL,NULL,NULL,NULL,NULL,'Product testing',17000.000,51000.000,15.00,NULL,NULL,20000.000,60000.000,NULL,NULL,NULL,NULL,NULL,30,NULL,0,0,NULL,0,0,1,0,0,1,1,1,'2023-04-01 14:38:53','2023-05-25 13:19:41'),(12,NULL,NULL,3,NULL,NULL,'2252464','Product 0126','product-0126','b09def344296345c02ce8f0d5ebc7fd4.png',0,NULL,NULL,NULL,NULL,NULL,NULL,NULL,NULL,NULL,NULL,NULL,NULL,NULL,'Product testing',17000.000,51000.000,15.00,NULL,NULL,20000.000,60000.000,NULL,NULL,NULL,NULL,NULL,30,NULL,0,0,NULL,0,0,1,0,0,1,1,1,'2023-04-01 15:05:26','2023-05-25 13:19:41'),(13,NULL,NULL,4,NULL,3,'3434343','232323','232323','a76b31f1bc7824885b2c134f22737873.png',0,NULL,NULL,NULL,NULL,NULL,NULL,NULL,NULL,NULL,NULL,NULL,NULL,NULL,'3dfdfd',18000.000,45000.000,10.00,NULL,NULL,20000.000,50000.000,NULL,NULL,NULL,NULL,NULL,30,NULL,0,0,NULL,0,0,1,0,0,1,1,1,'2023-04-01 15:10:40','2023-05-25 13:19:41'),(14,NULL,NULL,19,NULL,NULL,'928237272','Testing abc','testing-abc','1d8fc87c64fd628a88085bf504cd9bc0.png',0,NULL,NULL,NULL,NULL,NULL,NULL,NULL,NULL,NULL,NULL,NULL,NULL,NULL,'Testing abc',31500.000,45000.000,10.00,NULL,NULL,35000.000,50000.000,NULL,NULL,NULL,NULL,NULL,30,NULL,0,0,NULL,0,0,1,0,0,1,1,1,'2023-04-02 00:13:26','2023-05-25 13:19:41'),(15,NULL,NULL,20,NULL,NULL,'298289327','Test 009','test-009','0d7176b86ebadd0618e849a3d3f309c0.png',0,NULL,NULL,NULL,NULL,NULL,NULL,NULL,NULL,NULL,NULL,NULL,NULL,NULL,'Test 009 desc',27000.000,45000.000,10.00,NULL,NULL,30000.000,50000.000,NULL,NULL,NULL,NULL,NULL,30,NULL,0,0,NULL,0,0,1,0,0,1,1,1,'2023-04-02 00:24:09','2023-05-25 13:19:41'),(16,NULL,NULL,496,NULL,1,'2982289327','Test 0010','test-0010','0d7176b86ebadd0618e849a3d3f309c0.png',0,NULL,NULL,NULL,NULL,NULL,NULL,NULL,NULL,NULL,NULL,NULL,NULL,NULL,'Test 009 desc',27000.000,45000.000,10.00,NULL,NULL,30000.000,50000.000,NULL,NULL,NULL,NULL,NULL,30,NULL,0,0,NULL,0,0,1,0,0,1,1,1,'2023-04-02 00:37:04','2023-05-25 13:19:41'),(17,NULL,NULL,20,NULL,NULL,'2282289327','Test 0011','test-0011','0d7176b86ebadd0618e849a3d3f309c0.png',0,NULL,NULL,NULL,NULL,NULL,NULL,NULL,NULL,NULL,NULL,NULL,NULL,NULL,'Test 009 desc',27000.000,45000.000,10.00,NULL,NULL,30000.000,50000.000,NULL,NULL,NULL,NULL,NULL,30,NULL,0,0,NULL,0,0,1,0,0,1,1,1,'2023-04-02 00:37:28','2023-05-25 13:19:41'),(18,NULL,NULL,2,NULL,6,'34343','2232','2232','f7ffc7913c0846a7ce5466a7aeee76d4.png',0,NULL,NULL,NULL,NULL,NULL,NULL,NULL,NULL,NULL,NULL,NULL,NULL,NULL,'5465',173333.160,346666.320,22.00,NULL,NULL,222222.000,444444.000,NULL,NULL,NULL,NULL,NULL,22,NULL,0,0,NULL,0,0,1,0,0,1,1,1,'2023-04-02 00:52:29','2023-05-25 13:19:41'),(19,NULL,NULL,1,NULL,NULL,'23223','232322','232322','66d0d97904805502eaed331885e442b6.png',0,NULL,NULL,NULL,NULL,NULL,NULL,NULL,NULL,NULL,NULL,NULL,NULL,NULL,'23232',27000.000,45000.000,10.00,NULL,NULL,30000.000,50000.000,NULL,NULL,NULL,'木造住宅用','ご注文後の返品、変更、キャンセルはお受けできません。',30,NULL,0,0,NULL,0,0,1,0,0,1,1,1,'2023-04-02 01:27:01','2023-05-25 13:19:41'),(20,NULL,NULL,493,NULL,2,'233343','30000','30000','7284458558e9b65fbd08d1a9334f2b42.png',0,NULL,NULL,NULL,NULL,NULL,NULL,NULL,NULL,NULL,NULL,NULL,NULL,NULL,'30000',18000.000,45000.000,10.00,NULL,NULL,20000.000,50000.000,NULL,NULL,NULL,'23232','ご注文後の返品、変更、キャンセルはお受けできません。',30,NULL,0,0,NULL,0,0,1,0,0,1,1,1,'2023-04-02 01:59:41','2023-05-25 13:19:41'),(21,NULL,NULL,492,NULL,2,'2323454','P99999','p9999','6ecea5c44e6db4e9fd0346940211ed9b.png',0,NULL,NULL,NULL,NULL,NULL,NULL,NULL,NULL,NULL,NULL,NULL,NULL,NULL,'P99999',27000.000,45000.000,10.00,NULL,NULL,30000.000,50000.000,NULL,NULL,NULL,'222','ご注文後の返品、変更、キャンセルはお受けできません。222',20,NULL,0,0,NULL,0,0,1,0,0,1,1,1,'2023-04-02 02:22:22','2023-05-25 13:19:41'),(22,NULL,NULL,1,NULL,NULL,'29289229','29289229','29289229','89e561f3f8473f743d36dc123957ddb4.png',0,NULL,NULL,NULL,NULL,NULL,NULL,NULL,NULL,NULL,NULL,NULL,NULL,NULL,'29289229',14644614.500,34644614.500,50.00,NULL,NULL,29289229.000,69289229.000,NULL,NULL,NULL,'34343','ご注文後の返品、変更、キャンセルはお受けできません。',30,NULL,0,0,NULL,0,0,1,0,0,1,1,1,'2023-04-02 02:59:04','2023-04-02 03:11:33'),(23,NULL,NULL,1,NULL,NULL,'455445','3343','3343','8c65436a13a6cbe8161cadab98abe470.png',0,NULL,NULL,NULL,NULL,NULL,NULL,NULL,NULL,NULL,NULL,NULL,NULL,NULL,'4545454',1626255.400,3726255.400,30.00,NULL,NULL,2323222.000,5323222.000,NULL,NULL,NULL,'3434','ご注文後の返品、変更、キャンセルはお受けできません。',30,NULL,0,0,NULL,0,0,1,0,0,1,1,1,'2023-04-02 03:03:45','2023-04-02 03:11:30'),(24,NULL,NULL,1,NULL,NULL,'3433','65565','65565','6f93fa7278fed2de470e55bc1eff940f.png',0,NULL,NULL,NULL,NULL,NULL,NULL,NULL,NULL,NULL,NULL,NULL,NULL,NULL,'343',184000.000,424000.000,20.00,NULL,NULL,230000.000,530000.000,NULL,NULL,NULL,'2sdsd','ご注文後の返品、変更、キャンセルはお受けできません。',30,NULL,0,0,NULL,0,0,1,0,0,1,1,1,'2023-04-02 03:06:12','2023-04-02 03:11:27'),(25,NULL,NULL,312,NULL,1,'2322','awew','awew',NULL,0,NULL,NULL,NULL,NULL,NULL,NULL,NULL,NULL,NULL,NULL,NULL,NULL,NULL,'<h1 class=\"title-detail\">Ngoại trưởng Mỹ khởi c&ocirc;ng t&ograve;a đại sứ 1,2 tỷ USD tại Việt Nam</h1>\n<p class=\"description\">Ngoại trưởng Mỹ Blinken tham gia lễ khởi c&ocirc;ng khu phức hợp đại sứ qu&aacute;n Mỹ tại H&agrave; Nội trị gi&aacute; 1,2 tỷ USD, trong khu&ocirc;n khổ chuyến thăm Việt Nam.</p>\n<article class=\"fck_detail \">\n<p class=\"Normal\">\"Sự kiện n&agrave;y đ&atilde; được chuẩn bị trong nhiều năm, l&agrave; kết quả đỉnh cao c&oacute; được nhờ sự gắn kết tận t&acirc;m v&agrave; s&aacute;ng tạo giữa rất nhiều nh&agrave; ngoại giao Việt Nam v&agrave; Mỹ\", Ngoại trưởng Mỹ Antony Blinken ph&aacute;t biểu s&aacute;ng 15/4 tại lễ khởi c&ocirc;ng khu phức hợp đại sứ qu&aacute;n Mỹ ở H&agrave; Nội.</p>\n<p class=\"Normal\">T&ograve;a đại sứ mới của Mỹ sẽ được x&acirc;y dựng tại l&ocirc; D30, đường Phạm Văn Bạch, quận Cầu Giấy, H&agrave; Nội trong dự &aacute;n c&oacute; tổng ng&acirc;n s&aacute;ch 1,2 tỷ USD, với thời hạn thu&ecirc; đất 99 năm.</p>\n<figure class=\"tplCaption action_thumb_added\" data-size=\"true\">\n<div class=\"fig-picture\"><picture data-inimage=\"done\"><source srcset=\"https://i1-vnexpress.vnecdn.net/2023/04/15/4-1681533736-3531-1681534333.jpg?w=680&amp;h=0&amp;q=100&amp;dpr=1&amp;fit=crop&amp;s=GyvghNhjp9t-ahSo-pBGTw 1x, https://i1-vnexpress.vnecdn.net/2023/04/15/4-1681533736-3531-1681534333.jpg?w=1020&amp;h=0&amp;q=100&amp;dpr=1&amp;fit=crop&amp;s=rnqpWCUUiX7K6xmQf1ai_g 1.5x, https://i1-vnexpress.vnecdn.net/2023/04/15/4-1681533736-3531-1681534333.jpg?w=680&amp;h=0&amp;q=100&amp;dpr=2&amp;fit=crop&amp;s=zhUI4GUaDOhe4e2MrpT2IA 2x\" data-srcset=\"https://i1-vnexpress.vnecdn.net/2023/04/15/4-1681533736-3531-1681534333.jpg?w=680&amp;h=0&amp;q=100&amp;dpr=1&amp;fit=crop&amp;s=GyvghNhjp9t-ahSo-pBGTw 1x, https://i1-vnexpress.vnecdn.net/2023/04/15/4-1681533736-3531-1681534333.jpg?w=1020&amp;h=0&amp;q=100&amp;dpr=1&amp;fit=crop&amp;s=rnqpWCUUiX7K6xmQf1ai_g 1.5x, https://i1-vnexpress.vnecdn.net/2023/04/15/4-1681533736-3531-1681534333.jpg?w=680&amp;h=0&amp;q=100&amp;dpr=2&amp;fit=crop&amp;s=zhUI4GUaDOhe4e2MrpT2IA 2x\" /><img class=\"lazy lazied\" src=\"https://i1-vnexpress.vnecdn.net/2023/04/15/4-1681533736-3531-1681534333.jpg?w=680&amp;h=0&amp;q=100&amp;dpr=1&amp;fit=crop&amp;s=GyvghNhjp9t-ahSo-pBGTw\" alt=\"Ngoại trưởng Mỹ Antony Blinken ph&aacute;t biểu tại lễ khởi c&ocirc;ng khu phức hợp đại sứ qu&aacute;n Mỹ ở H&agrave; Nội s&aacute;ng 15/4. Ảnh: Ngọc Th&agrave;nh\" data-src=\"https://i1-vnexpress.vnecdn.net/2023/04/15/4-1681533736-3531-1681534333.jpg?w=680&amp;h=0&amp;q=100&amp;dpr=1&amp;fit=crop&amp;s=GyvghNhjp9t-ahSo-pBGTw\" data-ll-status=\"loaded\" data-adbro-processed=\"true\" /></picture></div>\n<figcaption>\n<p class=\"Image\">Ngoại trưởng Mỹ Antony Blinken ph&aacute;t biểu tại lễ khởi c&ocirc;ng khu phức hợp đại sứ qu&aacute;n Mỹ ở H&agrave; Nội s&aacute;ng 15/4. Ảnh:&nbsp;<em>Ngọc Th&agrave;nh</em></p>\n</figcaption>\n</figure>\n<p class=\"Normal\">Ngoại trưởng Blinken cho biết khi đến thăm H&agrave; Nội với tư c&aacute;ch Thứ trưởng Ngoại giao Mỹ c&aacute;ch đ&acirc;y v&agrave;i năm, &ocirc;ng đ&atilde; chứng kiến nỗ lực của Việt Nam v&agrave; Mỹ nhằm phối hợp t&igrave;m đất cho khu phức hợp n&agrave;y. &Ocirc;ng nhấn mạnh trụ sở mới của đại sứ qu&aacute;n Mỹ thể hiện bước tiến to lớn nữa trong tăng cường quan hệ đối t&aacute;c quan trọng giữa hai quốc gia v&agrave; nh&acirc;n d&acirc;n hai nước.</p>\n<p class=\"Normal\">\"Năm 1995, khi Việt - Mỹ b&igrave;nh thường h&oacute;a quan hệ, đại sứ qu&aacute;n Mỹ ở H&agrave; Nội c&oacute; chưa đầy 30 nh&acirc;n vi&ecirc;n. Nhưng nay, nhiều thứ đ&atilde; thay đổi, quan hệ Việt - Mỹ đ&atilde; ph&aacute;t triển mạnh mẽ hơn, đội ngũ nh&acirc;n vi&ecirc;n sứ qu&aacute;n đ&atilde; tăng l&ecirc;n hơn 600 người\", &ocirc;ng n&oacute;i.</p>\n<p class=\"Normal\">Đại sứ qu&aacute;n Mỹ tại H&agrave; Nội hiện nay c&oacute; trụ sở tại số 7, đường L&aacute;ng Hạ, quận Ba Đ&igrave;nh. &Ocirc;ng Blinken nhấn mạnh trong 27 năm qua, đại sứ qu&aacute;n Mỹ ở H&agrave; Nội đ&oacute;ng vai tr&ograve; quan trọng trong nỗ lực song phương nhằm tăng cường hợp t&aacute;c trong nhiều lĩnh vực như kinh tế, y tế, chuyển đổi năng lượng sạch, th&uacute;c đẩy h&ograve;a b&igrave;nh, thịnh vượng v&agrave; giải quyết hậu quả chiến tranh.</p>\n<p class=\"Normal\">T&ograve;a nh&agrave; mới của đại sứ qu&aacute;n Mỹ sẽ cao 8 tầng v&agrave; đủ lớn để tập hợp to&agrave;n bộ nh&acirc;n sự của cơ quan n&agrave;y. Số quầy l&agrave;m thủ tục l&atilde;nh sự cũng tăng gấp 4 lần hiện nay, cho ph&eacute;p cấp thị thực v&agrave; hộ chiếu cho nhiều người hơn v&agrave; nhanh ch&oacute;ng hơn.</p>\n<p class=\"Normal\">\"Trong 6 năm x&acirc;y dựng, dự &aacute;n sẽ cung cấp việc l&agrave;m chất lượng cho khoảng 1.800 lao động địa phương, đồng thời đ&oacute;ng g&oacute;p th&ecirc;m 350 triệu USD cho nền kinh tế Việt Nam\", Ngoại trưởng Mỹ cho hay.</p>\n<p class=\"Normal\">Ngoại trưởng Blinken sau đ&oacute; c&ugrave;ng Bộ trưởng Ngoại giao B&ugrave;i Thanh Sơn v&agrave; quan chức hai nước tiến h&agrave;nh nghi lễ khởi c&ocirc;ng c&ocirc;ng tr&igrave;nh.</p>\n<figure class=\"tplCaption action_thumb_added\" data-size=\"true\">\n<div class=\"fig-picture\"><picture><source srcset=\"https://i1-vnexpress.vnecdn.net/2023/04/15/le-khoi-cong-5672-1681528688.jpg?w=680&amp;h=0&amp;q=100&amp;dpr=1&amp;fit=crop&amp;s=fsz6KJ5f_OvhELxX60-StA 1x, https://i1-vnexpress.vnecdn.net/2023/04/15/le-khoi-cong-5672-1681528688.jpg?w=1020&amp;h=0&amp;q=100&amp;dpr=1&amp;fit=crop&amp;s=LRj4sC_S62qNVRAxPMynAA 1.5x, https://i1-vnexpress.vnecdn.net/2023/04/15/le-khoi-cong-5672-1681528688.jpg?w=680&amp;h=0&amp;q=100&amp;dpr=2&amp;fit=crop&amp;s=wYr_szPCm2jokPKvqx8T-g 2x\" data-srcset=\"https://i1-vnexpress.vnecdn.net/2023/04/15/le-khoi-cong-5672-1681528688.jpg?w=680&amp;h=0&amp;q=100&amp;dpr=1&amp;fit=crop&amp;s=fsz6KJ5f_OvhELxX60-StA 1x, https://i1-vnexpress.vnecdn.net/2023/04/15/le-khoi-cong-5672-1681528688.jpg?w=1020&amp;h=0&amp;q=100&amp;dpr=1&amp;fit=crop&amp;s=LRj4sC_S62qNVRAxPMynAA 1.5x, https://i1-vnexpress.vnecdn.net/2023/04/15/le-khoi-cong-5672-1681528688.jpg?w=680&amp;h=0&amp;q=100&amp;dpr=2&amp;fit=crop&amp;s=wYr_szPCm2jokPKvqx8T-g 2x\" /><img class=\"lazy lazied\" src=\"https://i1-vnexpress.vnecdn.net/2023/04/15/le-khoi-cong-5672-1681528688.jpg?w=680&amp;h=0&amp;q=100&amp;dpr=1&amp;fit=crop&amp;s=fsz6KJ5f_OvhELxX60-StA\" alt=\"Lễ khởi c&ocirc;ng trụ sở mới của đại sứ qu&aacute;n Mỹ diễn ra tại H&agrave; Nội s&aacute;ng 15/4. Ảnh: Ngọc Th&agrave;nh\" data-src=\"https://i1-vnexpress.vnecdn.net/2023/04/15/le-khoi-cong-5672-1681528688.jpg?w=680&amp;h=0&amp;q=100&amp;dpr=1&amp;fit=crop&amp;s=fsz6KJ5f_OvhELxX60-StA\" data-ll-status=\"loaded\" /></picture></div>\n<figcaption>\n<p class=\"Image\">Lễ khởi c&ocirc;ng trụ sở mới của đại sứ qu&aacute;n Mỹ diễn ra tại H&agrave; Nội s&aacute;ng 15/4. Ảnh:&nbsp;<em>Ngọc Th&agrave;nh</em></p>\n</figcaption>\n</figure>\n<p class=\"Normal\">T&ograve;a đại sứ mới do một c&ocirc;ng ty Mỹ thiết kế, l&agrave; sự kết hợp giữa cảnh quan đ&ocirc; thị hiện đại v&agrave; vẻ đẹp tự nhi&ecirc;n của th&agrave;nh phố H&agrave; Nội, giữa th&agrave;nh phố nhộn nhịp với sự b&igrave;nh y&ecirc;n vốn c&oacute; của C&ocirc;ng vi&ecirc;n Cầu Giấy ở ph&iacute;a trước c&ocirc;ng tr&igrave;nh.</p>\n<p class=\"Normal\">Theo đại sứ qu&aacute;n Mỹ tại H&agrave; Nội, kiến tr&uacute;c bằng đ&aacute; bazan trong khối nh&agrave; ch&iacute;nh tượng trưng cho sức mạnh v&agrave; sự ổn định, trong khi c&aacute;c m&aacute;i che bằng k&iacute;nh v&agrave; th&eacute;p kh&ocirc;ng gỉ sẽ phản chiếu h&igrave;nh ảnh bầu trời v&agrave; mang lại cảm gi&aacute;c rộng mở.</p>\n<p class=\"Normal\">C&aacute;c khu vực cộng đồng, bao gồm ph&ograve;ng trưng b&agrave;y tr&ecirc;n cao v&agrave; s&acirc;n hi&ecirc;n ngo&agrave;i trời nh&igrave;n ra c&ocirc;ng vi&ecirc;n Cầu Giấy sẽ l&agrave; nơi tiếp đ&oacute;n người tới l&agrave;m việc, dự sự kiện hay những buổi tiếp kh&aacute;ch th&ocirc;ng thường.</p>\n<p class=\"Normal\">C&ocirc;ng tr&igrave;nh sử dụng nhiều vật liệu t&aacute;i chế, c&oacute; độ bền cao, với thiết kế tiết kiệm năng lượng, tăng sự thoải m&aacute;i cho người sử dụng th&ocirc;ng qua giảm hấp thụ nhiệt từ mặt trời.</p>\n<figure class=\"item_slide_show clearfix\">\n<figcaption class=\"desc_cation\">\n<div class=\"inner_caption\">\n<p class=\"Image\">Thiết kế trụ sở mới của đại sứ qu&aacute;n Mỹ tại H&agrave; Nội. Video:&nbsp;<em>Thế Quỳnh</em></p>\n<p class=\"Image\"><em><img class=\"wscnph\" src=\"/uploads/image/article/a108d51287a39c8ebbc66e27b61ef968.png\" /></em></p>\n</div>\n</figcaption>\n</figure>\n<p class=\"Normal\">Cảnh quan m&aacute;i hi&ecirc;n được lấy cảm hứng từ những c&aacute;nh đồng l&uacute;a, nhằm giảm thiểu t&aacute;c động của nước mưa chảy tr&agrave;n. Tất cả c&ocirc;ng tr&igrave;nh ch&iacute;nh trong khu phức hợp đều được n&acirc;ng cao một m&eacute;t so với v&ugrave;ng bị ngập dự kiến.</p>\n<p class=\"Normal\">Thiết kế t&ograve;a nh&agrave; lấy cảm hứng từ Vịnh Hạ Long v&agrave; thể hiện c&aacute;ch tiếp cận hướng về tương lai, c&oacute; chiều s&acirc;u, th&iacute;ch ứng v&agrave; minh bạch trong ch&iacute;nh s&aacute;ch ngoại giao của Mỹ. B&ecirc;n trong khu&ocirc;n vi&ecirc;n khu phức hợp sẽ c&oacute; một ao sen, loại \"quốc hoa\" của Việt Nam, tượng trưng cho sự thanh cao, l&ograve;ng cam kết v&agrave; lạc quan về tương lai.</p>\n<p class=\"Normal\">\"Khi ngoại trưởng Warren Christopher khai trương đại sứ qu&aacute;n Mỹ ở H&agrave; Nội năm 1995, &ocirc;ng ấy đ&atilde; n&oacute;i về việc x&acirc;y dựng một cầu nối hợp t&aacute;c giữa hai quốc gia\", &ocirc;ng Blinken ph&aacute;t biểu. \"Sau gần ba thập kỷ, với c&ocirc;ng tr&igrave;nh mới n&agrave;y, ch&uacute;ng ta c&oacute; thể củng cố th&ecirc;m mối li&ecirc;n kết đ&oacute;, c&ugrave;ng với những mối quan hệ, s&aacute;ng kiến v&agrave; cơ hội đi k&egrave;m\".</p>\n<figure class=\"tplCaption action_thumb_added\" data-size=\"true\">\n<div class=\"fig-picture\"><picture><source srcset=\"https://i1-vnexpress.vnecdn.net/2023/04/15/3-1681530870-5328-1681530875.jpg?w=680&amp;h=0&amp;q=100&amp;dpr=1&amp;fit=crop&amp;s=F-ZSc95VxcRZyd81kkjVEw 1x, https://i1-vnexpress.vnecdn.net/2023/04/15/3-1681530870-5328-1681530875.jpg?w=1020&amp;h=0&amp;q=100&amp;dpr=1&amp;fit=crop&amp;s=QmdUru8ydLyFVYxM8tmtmA 1.5x, https://i1-vnexpress.vnecdn.net/2023/04/15/3-1681530870-5328-1681530875.jpg?w=680&amp;h=0&amp;q=100&amp;dpr=2&amp;fit=crop&amp;s=PQBd5wIwuTsFrbHPdL-eWg 2x\" data-srcset=\"https://i1-vnexpress.vnecdn.net/2023/04/15/3-1681530870-5328-1681530875.jpg?w=680&amp;h=0&amp;q=100&amp;dpr=1&amp;fit=crop&amp;s=F-ZSc95VxcRZyd81kkjVEw 1x, https://i1-vnexpress.vnecdn.net/2023/04/15/3-1681530870-5328-1681530875.jpg?w=1020&amp;h=0&amp;q=100&amp;dpr=1&amp;fit=crop&amp;s=QmdUru8ydLyFVYxM8tmtmA 1.5x, https://i1-vnexpress.vnecdn.net/2023/04/15/3-1681530870-5328-1681530875.jpg?w=680&amp;h=0&amp;q=100&amp;dpr=2&amp;fit=crop&amp;s=PQBd5wIwuTsFrbHPdL-eWg 2x\" /><img class=\"lazy lazied\" src=\"https://i1-vnexpress.vnecdn.net/2023/04/15/3-1681530870-5328-1681530875.jpg?w=680&amp;h=0&amp;q=100&amp;dpr=1&amp;fit=crop&amp;s=F-ZSc95VxcRZyd81kkjVEw\" alt=\"Phối cảnh t&ograve;a đại sứ mới của Mỹ tại H&agrave; Nội. Ảnh: Ngọc Th&agrave;nh\" data-src=\"https://i1-vnexpress.vnecdn.net/2023/04/15/3-1681530870-5328-1681530875.jpg?w=680&amp;h=0&amp;q=100&amp;dpr=1&amp;fit=crop&amp;s=F-ZSc95VxcRZyd81kkjVEw\" data-ll-status=\"loaded\" /></picture></div>\n<figcaption>\n<p class=\"Image\">Phối cảnh t&ograve;a đại sứ mới của Mỹ tại H&agrave; Nội. Ảnh:&nbsp;<em>Ngọc Th&agrave;nh</em></p>\n</figcaption>\n</figure>\n<p class=\"Normal\">Hai nước đạt được thỏa thuận về địa điểm cho trụ sở mới của đại sứ qu&aacute;n Mỹ v&agrave;o năm 2019. UBND th&agrave;nh phố H&agrave; Nội đầu năm 2021 chấp thuận cho Mỹ thu&ecirc; địa điểm v&agrave; ban h&agrave;nh quyết định cho thu&ecirc; đất.</p>\n<p class=\"Normal\">Đại diện hai b&ecirc;n k&yacute; thỏa thuận thu&ecirc; đất ng&agrave;y 25/8/2021 với sự chứng kiến của Ph&oacute; tổng thống Mỹ Kamala Harris. Theo thỏa thuận, trụ sở mới của đại sứ qu&aacute;n Mỹ nằm tr&ecirc;n khu đất c&oacute; diện t&iacute;ch 3,2 hecta v&agrave; quy m&ocirc; x&acirc;y dựng 39.000 m2.</p>\n</article>',1999.800,19999.800,10.00,NULL,NULL,2222.000,22222.000,NULL,65000.00,6500.00,NULL,'ご注文後の返品、変更、キャンセルはお受けできません。',20,NULL,0,0,NULL,0,0,1,0,0,1,1,1,'2023-04-14 21:33:17','2023-05-25 13:19:41'),(26,NULL,NULL,312,NULL,2,'3434','Test data','test-data','57437c686b6599c97401528d0d365833.png',0,NULL,NULL,NULL,NULL,NULL,NULL,NULL,NULL,NULL,NULL,NULL,NULL,NULL,NULL,3089.700,4000.500,10.00,NULL,NULL,3433.000,4445.000,NULL,35000.00,5500.00,'abc','ご注文後の返品、変更、キャンセルはお受けできません。',20,NULL,0,0,NULL,0,0,1,0,0,1,1,1,'2023-04-15 10:57:33','2023-05-25 13:19:41'),(27,NULL,NULL,492,NULL,3,'23232','test 2','test-2','0bf20a01f14ac0cf94850db926dff233.png',0,NULL,NULL,NULL,NULL,NULL,NULL,NULL,NULL,NULL,NULL,NULL,NULL,NULL,'<p>sssssssssss</p>',20908.800,38908.800,10.00,NULL,NULL,23232.000,43232.000,NULL,5500.00,5500.00,'232','ご注文後の返品、変更、キャンセルはお受けできません。',20,NULL,0,0,NULL,0,0,1,0,0,1,1,1,'2023-04-15 11:16:14','2023-05-25 13:19:41'),(28,NULL,NULL,312,NULL,3,'45454','34343','34343','7ffa073eb122d466d5775f6e8ac94742.png',0,NULL,NULL,NULL,NULL,NULL,NULL,NULL,NULL,NULL,NULL,NULL,NULL,NULL,'<p>abc</p>',27272.400,51272.400,40.00,NULL,NULL,45454.000,85454.000,NULL,5500.00,5500.00,'232','ご注文後の返品、変更、キャンセルはお受けできません。\nawwe\nwew',20,NULL,0,0,NULL,0,0,1,0,0,1,1,1,'2023-04-15 11:19:50','2023-05-25 13:19:41'),(29,NULL,NULL,301,NULL,5,'2222','a232','a232','c78436c9b20dddaae91e2b5276a807f3.png',0,NULL,NULL,NULL,NULL,NULL,NULL,NULL,NULL,NULL,NULL,NULL,NULL,NULL,'<p>weww wew wew</p>',162.000,1080.000,10.00,NULL,NULL,180.000,1200.000,NULL,35000.00,5500.00,'111','<p>ご注文後の返品、変更、キャンセルはお受けできません。</p>',20,NULL,0,0,NULL,0,0,1,0,0,1,1,1,'2023-04-17 08:40:07','2023-05-25 13:19:41'),(30,NULL,NULL,312,NULL,1,'2323232','23232','23232','4ce4ab4a71e128c4af591e91d96c73de.png',0,NULL,NULL,NULL,NULL,NULL,NULL,NULL,NULL,NULL,NULL,NULL,NULL,NULL,NULL,19999.800,29999.700,10.00,NULL,NULL,22222.000,33333.000,43433.00,35555.00,5500.00,'23232','ご注文後の返品、変更、キャンセルはお受けできません。',20,NULL,0,0,NULL,0,0,1,0,0,1,1,1,'2023-04-23 19:16:04','2023-05-25 13:19:41'),(31,NULL,NULL,348,NULL,3,'232343','2323232','2323232','c6556d7e5d25845f8093109662194fc7.png',0,NULL,NULL,NULL,NULL,NULL,NULL,NULL,NULL,NULL,NULL,NULL,NULL,NULL,'<p>ffffffff</p>',3261.350,3271.800,5.00,NULL,NULL,3433.000,3444.000,2222.00,22222.00,5500.00,'2222','ご注文後の返品、変更、キャンセルはお受けできません。',20,NULL,0,0,NULL,0,0,1,0,0,1,1,1,'2023-04-23 19:52:26','2023-05-25 13:19:41'),(32,NULL,NULL,349,NULL,4,'66543422','454ssss','454ssss','dca82083b5760375d64c1ad1db135d18.png',0,NULL,NULL,NULL,NULL,NULL,NULL,NULL,NULL,NULL,NULL,NULL,NULL,NULL,NULL,2222.000,34444.000,NULL,NULL,NULL,2222.000,34444.000,2222.00,23232.00,5500.00,NULL,'ご注文後の返品、変更、キャンセルはお受けできません。',20,NULL,0,0,NULL,0,0,1,0,0,1,1,1,'2023-04-23 20:17:23','2023-05-25 13:19:41'),(33,NULL,NULL,326,NULL,4,'14544','j343','j343','29a8d752e86515119a42165e2f9ca2a7.png',0,NULL,NULL,NULL,NULL,NULL,NULL,NULL,NULL,NULL,NULL,NULL,NULL,NULL,NULL,2999.700,3999.600,10.00,NULL,NULL,3333.000,4444.000,223232.00,23232.00,5500.00,NULL,'ご注文後の返品、変更、キャンセルはお受けできません。',20,NULL,0,0,NULL,0,0,1,0,0,1,1,1,'2023-04-23 20:28:20','2023-05-25 13:19:41'),(34,NULL,NULL,314,NULL,5,'264444','a2323','a2323','e7f75451b29481eaa3e61415ca976f10.png',0,NULL,NULL,NULL,NULL,NULL,NULL,NULL,NULL,NULL,NULL,NULL,NULL,NULL,NULL,18585.600,283563.200,20.00,NULL,NULL,23232.000,354454.000,223232.00,34343.00,5500.00,NULL,'ご注文後の返品、変更、キャンセルはお受けできません。',20,NULL,0,0,NULL,0,0,1,0,0,1,1,1,'2023-04-23 20:35:59','2023-05-25 13:19:41'),(35,NULL,NULL,301,NULL,1,'46565','ge454','ge454','499644d2bb4eeae9b3a7d3d63dc53a37.png',0,NULL,NULL,NULL,NULL,NULL,NULL,NULL,NULL,NULL,NULL,NULL,NULL,NULL,NULL,2924.800,6115.200,20.00,NULL,NULL,3656.000,7644.000,3333.00,43343.00,5500.00,NULL,'ご注文後の返品、変更、キャンセルはお受けできません。',20,NULL,0,0,NULL,0,0,1,0,0,1,1,1,'2023-04-23 20:39:12','2023-05-25 13:19:41'),(36,NULL,NULL,326,NULL,3,'34354','hsss','hsss','5301e138fa4c8234788afc40af871c92.png',0,NULL,NULL,NULL,NULL,NULL,NULL,NULL,NULL,NULL,NULL,NULL,NULL,NULL,NULL,409089.600,40910908.500,10.00,NULL,NULL,454544.000,45456565.000,34343.00,5500.00,5500.00,NULL,'ご注文後の返品、変更、キャンセルはお受けできません。',20,NULL,0,0,NULL,0,0,1,0,0,1,1,1,'2023-04-23 20:46:49','2023-05-25 13:19:41'),(37,NULL,NULL,349,NULL,3,'65656','45454','45454','6c8b4ea78936865a8492426c1e6715f6.png',0,NULL,NULL,NULL,NULL,NULL,NULL,NULL,NULL,NULL,NULL,NULL,NULL,NULL,NULL,20900.700,2119090.500,10.00,NULL,NULL,23223.000,2354545.000,3434.00,5500.00,5500.00,NULL,'ご注文後の返品、変更、キャンセルはお受けできません。',20,NULL,0,0,NULL,0,0,1,0,0,1,1,1,'2023-04-23 20:56:20','2023-05-25 13:19:41'),(38,NULL,NULL,349,NULL,4,'54544','3433','3433','54076aa940a21e645772ef32fc41e6df.png',0,NULL,NULL,NULL,NULL,NULL,NULL,NULL,NULL,NULL,NULL,NULL,NULL,NULL,NULL,40900.500,409299.300,10.00,NULL,NULL,45445.000,454777.000,54454.00,5500.00,5500.00,NULL,'ご注文後の返品、変更、キャンセルはお受けできません。',20,NULL,0,0,NULL,0,0,1,0,0,1,1,1,'2023-04-23 21:24:21','2023-05-25 13:19:41'),(39,NULL,NULL,349,NULL,3,'23235','z232323','z232323','7071325d164ddbfda24c761f6f1d9c0e.png',0,NULL,NULL,NULL,NULL,NULL,NULL,NULL,NULL,NULL,NULL,NULL,NULL,NULL,NULL,185858.400,444444.000,20.00,NULL,NULL,232323.000,555555.000,23232.00,5500.00,5500.00,NULL,'ご注文後の返品、変更、キャンセルはお受けできません。',20,NULL,0,0,NULL,0,0,1,0,0,1,1,1,'2023-04-23 21:37:37','2023-05-25 13:19:41'),(40,NULL,NULL,301,NULL,1,'57666','34365655','34365655','de509e8599079abed3d831292f7ee88a.png',0,NULL,NULL,NULL,NULL,NULL,NULL,NULL,NULL,NULL,NULL,NULL,NULL,NULL,'<p>aaeawe</p>',309098.700,599091.300,10.00,NULL,NULL,343443.000,665657.000,343443.00,343443.00,5500.00,NULL,'ご注文後の返品、変更、キャンセルはお受けできません。',20,NULL,0,0,NULL,0,0,1,0,0,1,1,1,'2023-04-23 21:50:07','2023-05-25 13:19:41'),(41,NULL,NULL,301,NULL,5,'33435','23232','23232','fff1945cbe7870bc5bab9fd9f3ab3af0.png',0,NULL,NULL,NULL,NULL,NULL,NULL,NULL,NULL,NULL,NULL,NULL,NULL,NULL,'<p>3434</p>',363563.200,5252444.800,20.00,NULL,NULL,454454.000,6565556.000,22222.00,5500.00,5500.00,NULL,'ご注文後の返品、変更、キャンセルはお受けできません。',20,NULL,0,0,NULL,0,0,1,0,0,1,1,1,'2023-04-24 00:44:17','2023-05-25 13:19:41'),(42,NULL,NULL,326,NULL,3,'33343','2332','2332','9affc18d5b83144b675641b6d03f8c7d.png',0,NULL,NULL,NULL,NULL,NULL,NULL,NULL,NULL,NULL,NULL,NULL,NULL,NULL,'<p>23232</p>',56000.000,72000.000,20.00,NULL,NULL,70000.000,90000.000,55000.00,35000.00,5500.00,NULL,'ご注文後の返品、変更、キャンセルはお受けできません。',20,NULL,0,0,NULL,0,1,1,0,0,1,1,1,'2023-04-24 03:06:48','2023-05-25 13:19:41'),(43,NULL,NULL,302,NULL,5,'23222','uhjhjh','uhjhjh','01fa62bda4bdfa24730e2c9a1031991b.png',0,NULL,NULL,NULL,NULL,NULL,NULL,NULL,NULL,NULL,NULL,NULL,NULL,NULL,'<p>3434343</p>\n<p>awwew</p>',34747.200,436363.200,20.00,NULL,NULL,43434.000,545454.000,2322.00,5500.00,5500.00,NULL,'ご注文後の返品、変更、キャンセルはお受けできません。',20,NULL,0,0,NULL,0,0,1,0,0,1,1,1,'2023-04-24 03:12:00','2023-05-25 13:19:41'),(44,NULL,NULL,300,NULL,5,'54465','343344','343344','3742b90fce3ad882af423e47f32523b2.png',0,NULL,NULL,NULL,NULL,NULL,NULL,NULL,NULL,NULL,NULL,NULL,NULL,NULL,NULL,4184.700,49909.300,26.00,NULL,NULL,5655.000,67445.000,33333.00,5500.00,5500.00,NULL,'ご注文後の返品、変更、キャンセルはお受けできません。',20,NULL,0,0,NULL,0,0,1,0,0,1,1,1,'2023-04-24 03:59:10','2023-05-25 13:19:41'),(45,NULL,NULL,313,NULL,3,'56565','3433','3433','14bf6b854c3d895962c02600e2f1bb44.jpg',0,NULL,NULL,NULL,NULL,NULL,NULL,NULL,NULL,NULL,NULL,NULL,NULL,NULL,'<p>2232</p>',3732.300,50666.220,34.00,NULL,NULL,5655.000,76767.000,7777.00,5500.00,5500.00,NULL,'ご注文後の返品、変更、キャンセルはお受けできません。',20,NULL,0,0,NULL,0,0,1,0,0,1,1,1,'2023-04-24 10:34:41','2023-05-25 13:19:41'),(46,NULL,NULL,312,NULL,3,'55656','3433','3433','7e58ece0692fed1d281825a1f2a553ef.png',0,NULL,NULL,NULL,NULL,NULL,NULL,NULL,NULL,NULL,NULL,NULL,NULL,NULL,NULL,2678.520,35454.120,22.00,NULL,NULL,3434.000,45454.000,34343.00,23433.00,5500.00,NULL,'ご注文後の返品、変更、キャンセルはお受けできません。',20,NULL,0,0,NULL,0,0,1,0,0,1,1,1,'2023-05-10 02:05:03','2023-05-25 13:19:41'),(47,NULL,NULL,20,NULL,3,'565655','54544','54544','bf9a8bb9539e51fab14415576ff29e06.png',0,NULL,NULL,NULL,NULL,NULL,NULL,NULL,NULL,NULL,NULL,NULL,NULL,NULL,NULL,26787.540,42466.320,22.00,NULL,NULL,34343.000,54444.000,3433.00,565656.00,5500.00,NULL,'ご注文後の返品、変更、キャンセルはお受けできません。',20,NULL,0,0,NULL,0,0,1,0,0,1,1,1,'2023-05-10 02:16:13','2023-05-25 13:19:41'),(48,NULL,NULL,350,NULL,6,'1111','Test more','test-more','027f32115ef907b1a25513d44014e9b5.png',0,NULL,NULL,NULL,NULL,NULL,NULL,NULL,NULL,NULL,NULL,NULL,NULL,NULL,NULL,999.900,3999.600,10.00,NULL,NULL,1111.000,4444.000,1111.00,1111.00,5500.00,NULL,'ご注文後の返品、変更、キャンセルはお受けできません。',20,NULL,0,0,NULL,0,0,1,0,0,1,1,1,'2023-05-10 03:20:51','2023-05-25 13:19:41'),(49,NULL,NULL,20,NULL,4,'434454','23232','23232','48992b83460f697e393dc8bd0fd79701.png',0,NULL,NULL,NULL,NULL,NULL,NULL,NULL,NULL,NULL,NULL,NULL,NULL,NULL,NULL,30899.700,50899.500,10.00,NULL,NULL,34333.000,56555.000,12222.00,23232.00,5500.00,NULL,'ご注文後の返品、変更、キャンセルはお受けできません。',20,NULL,0,0,NULL,0,0,1,0,0,1,1,1,'2023-05-10 03:39:59','2023-05-25 13:19:41'),(50,NULL,NULL,17,NULL,3,'5655','4343','4343','359a90548257e252d183286b53cb2b36.png',0,NULL,NULL,NULL,NULL,NULL,NULL,NULL,NULL,NULL,NULL,NULL,NULL,NULL,NULL,2066.580,4953.740,11.00,NULL,NULL,2322.000,5566.000,1212.00,1111.00,5500.00,NULL,'ご注文後の返品、変更、キャンセルはお受けできません。',20,NULL,0,0,NULL,0,0,1,0,0,1,1,1,'2023-05-10 04:00:18','2023-05-25 13:19:41'),(51,NULL,NULL,17,NULL,3,'56558','4343','4343','359a90548257e252d183286b53cb2b36.png',0,NULL,NULL,NULL,NULL,NULL,NULL,NULL,NULL,NULL,NULL,NULL,NULL,NULL,NULL,2066.580,4953.740,11.00,NULL,NULL,2322.000,5566.000,1212.00,1111.00,5500.00,NULL,'ご注文後の返品、変更、キャンセルはお受けできません。',20,NULL,0,0,NULL,0,0,1,0,0,1,1,1,'2023-05-10 04:04:40','2023-05-25 13:19:41'),(52,NULL,NULL,17,NULL,3,'56559','4343','4343','359a90548257e252d183286b53cb2b36.png',0,NULL,NULL,NULL,NULL,NULL,NULL,NULL,NULL,NULL,NULL,NULL,NULL,NULL,NULL,2066.580,4953.740,11.00,NULL,NULL,2322.000,5566.000,1212.00,1111.00,5500.00,NULL,'ご注文後の返品、変更、キャンセルはお受けできません。',20,NULL,0,0,NULL,0,0,1,0,0,1,1,1,'2023-05-10 04:23:52','2023-05-25 13:19:41'),(53,NULL,NULL,17,NULL,3,'56522','4343','4343','359a90548257e252d183286b53cb2b36.png',0,NULL,NULL,NULL,NULL,NULL,NULL,NULL,NULL,NULL,NULL,NULL,NULL,NULL,NULL,2066.580,4953.740,11.00,NULL,NULL,2322.000,5566.000,1212.00,1111.00,5500.00,NULL,'ご注文後の返品、変更、キャンセルはお受けできません。',20,NULL,0,0,NULL,0,0,1,0,0,1,1,1,'2023-05-10 05:13:51','2023-05-25 13:19:41'),(54,NULL,NULL,17,NULL,3,'11222','4343','4343','359a90548257e252d183286b53cb2b36.png',0,NULL,NULL,NULL,NULL,NULL,NULL,NULL,NULL,NULL,NULL,NULL,NULL,NULL,NULL,2066.580,4953.740,11.00,NULL,NULL,2322.000,5566.000,1212.00,1111.00,5500.00,NULL,'ご注文後の返品、変更、キャンセルはお受けできません。',20,NULL,0,0,NULL,0,0,1,0,0,1,1,1,'2023-05-10 05:17:55','2023-05-25 13:19:41'),(55,NULL,NULL,17,NULL,3,'11223','4343222','4343222','359a90548257e252d183286b53cb2b36.png',0,NULL,NULL,NULL,NULL,NULL,NULL,NULL,NULL,NULL,NULL,NULL,NULL,NULL,NULL,2066.580,4953.740,11.00,NULL,NULL,2322.000,5566.000,1111.00,1111.00,5500.00,NULL,'ご注文後の返品、変更、キャンセルはお受けできません。',20,NULL,0,0,NULL,0,0,1,0,0,1,1,1,'2023-05-10 05:35:39','2023-05-25 13:19:41'),(56,NULL,NULL,17,NULL,3,'112231','4343222','4343222','359a90548257e252d183286b53cb2b36.png',0,NULL,NULL,NULL,NULL,NULL,NULL,NULL,NULL,NULL,NULL,NULL,NULL,NULL,NULL,2066.580,4953.740,11.00,NULL,NULL,2322.000,5566.000,1111.00,1111.00,5500.00,NULL,'ご注文後の返品、変更、キャンセルはお受けできません。',20,NULL,0,0,NULL,0,0,1,0,0,1,1,1,'2023-05-10 05:39:21','2023-05-25 13:19:41'),(57,NULL,NULL,17,NULL,3,'112232','4343222','4343222','359a90548257e252d183286b53cb2b36.png',0,NULL,NULL,NULL,NULL,NULL,NULL,NULL,NULL,NULL,NULL,NULL,NULL,NULL,NULL,2066.580,4953.740,11.00,NULL,NULL,2322.000,5566.000,1111.00,1111.00,5500.00,NULL,'ご注文後の返品、変更、キャンセルはお受けできません。',20,NULL,0,0,NULL,0,0,1,0,0,1,1,1,'2023-05-10 05:39:52','2023-05-25 13:19:41'),(58,NULL,NULL,348,NULL,3,'232234','test project 0099','test-project-0099','3e8396379487ae4ed78a359ae8f8f097.png',0,NULL,NULL,NULL,NULL,NULL,NULL,NULL,NULL,NULL,NULL,NULL,NULL,NULL,NULL,999.900,1999.800,10.00,NULL,NULL,1111.000,2222.000,1111.00,5500.00,5500.00,NULL,'ご注文後の返品、変更、キャンセルはお受けできません。',20,NULL,0,0,NULL,0,0,1,0,0,1,1,1,'2023-05-10 09:40:03','2023-05-25 13:19:41'),(59,NULL,NULL,312,NULL,2,'50012','フーゴR　1台用','フーゴr　1台用','5d48e8f353e100f4eb13d01bbda265c1.jpg',0,NULL,NULL,NULL,NULL,NULL,NULL,NULL,NULL,NULL,NULL,NULL,NULL,NULL,NULL,132975.000,364207.500,55.00,NULL,NULL,295500.000,809350.000,0.00,10000.00,5500.00,'耐風圧42m/秒　積雪20㎝','ご注文後の返品、変更、キャンセルはお受けできません。',15,NULL,0,0,NULL,0,0,1,0,0,1,1,1,'2023-05-11 10:45:15','2023-05-15 12:42:14'),(60,NULL,NULL,312,NULL,2,'6653','343','343','5698e4af6e185a9d0ddadf4338149aa5.png',0,NULL,NULL,NULL,NULL,NULL,NULL,NULL,NULL,NULL,NULL,NULL,NULL,NULL,NULL,19.580,3056.260,11.00,NULL,NULL,22.000,3434.000,343434.00,232.00,5500.00,'232','ご注文後の返品、変更、キャンセルはお受けできません。',20,NULL,0,0,NULL,0,0,1,0,0,1,1,1,'2023-05-24 12:27:14','2023-05-24 12:27:14'),(61,NULL,NULL,312,NULL,3,'6343','5555','5555','681111600790984fb49dcae2b2ed7aeb.png',0,NULL,NULL,NULL,NULL,NULL,NULL,NULL,NULL,NULL,NULL,NULL,NULL,NULL,NULL,183.280,1835.170,21.00,NULL,NULL,232.000,2323.000,2232.00,121.00,5500.00,NULL,'ご注文後の返品、変更、キャンセルはお受けできません。',20,NULL,0,0,NULL,0,0,1,0,0,1,1,1,'2023-05-25 10:38:52','2023-05-25 10:38:52'),(62,NULL,NULL,339,NULL,1,'2323','343','343','676db4cda954178860d8c9e8761e223e.png',0,NULL,NULL,NULL,NULL,NULL,NULL,NULL,NULL,NULL,NULL,NULL,NULL,NULL,NULL,253.080,13237.110,43.00,NULL,NULL,444.000,23223.000,23232.00,2222.00,5500.00,'2322','ご注文後の返品、変更、キャンセルはお受けできません。',20,NULL,0,0,NULL,0,0,1,0,0,1,1,1,'2023-05-25 10:44:29','2023-05-25 10:44:29'),(63,NULL,NULL,301,NULL,3,'4356','5656','5656','761c24d7164dbebd5df4753e5385b1b8.png',0,NULL,NULL,NULL,NULL,NULL,NULL,NULL,NULL,NULL,NULL,NULL,NULL,NULL,NULL,129.920,1300.880,44.00,NULL,NULL,232.000,2323.000,2323.00,454.00,5500.00,'232','ご注文後の返品、変更、キャンセルはお受けできません。',20,NULL,0,0,NULL,0,0,1,0,0,1,1,1,'2023-05-25 10:46:30','2023-05-25 13:19:41'),(64,NULL,NULL,351,NULL,3,'34355','343','343','ad91326fb1f7026705dc1591e9757ac2.png',0,NULL,NULL,NULL,NULL,NULL,NULL,NULL,NULL,NULL,NULL,NULL,NULL,NULL,NULL,304.700,24999.700,45.00,NULL,NULL,554.000,45454.000,34343.00,23232.00,5500.00,NULL,'ご注文後の返品、変更、キャンセルはお受けできません。',20,NULL,0,0,NULL,0,0,1,0,0,1,1,1,'2023-05-25 11:26:45','2023-05-25 13:19:41'),(65,NULL,NULL,16,NULL,3,'22223','3434','3434','0c2169c5ed2d2c6733fa0e6787a1b3e3.png',0,NULL,NULL,NULL,NULL,NULL,NULL,NULL,NULL,NULL,NULL,NULL,NULL,NULL,NULL,25.410,26444.110,23.00,NULL,NULL,33.000,34343.000,43343.00,2322.00,5500.00,NULL,'ご注文後の返品、変更、キャンセルはお受けできません。',20,NULL,0,0,NULL,0,0,1,0,0,1,1,1,'2023-05-25 11:48:06','2023-05-25 11:48:06'),(66,NULL,NULL,312,NULL,1,'11123','434','434','75004bf4fdebd70ede40d3489ebcb33d.png',0,NULL,NULL,NULL,NULL,NULL,NULL,NULL,NULL,NULL,NULL,NULL,NULL,NULL,NULL,17.160,33878.520,22.00,NULL,NULL,22.000,43434.000,232.00,2323.00,5500.00,NULL,'ご注文後の返品、変更、キャンセルはお受けできません。',20,NULL,0,0,NULL,0,0,1,0,0,1,1,1,'2023-05-25 12:21:59','2023-05-25 12:21:59'),(67,NULL,NULL,348,NULL,5,'3222','343','343','6accdfa1bba65b42066c65d5c121bf29.png',0,NULL,NULL,NULL,NULL,NULL,NULL,NULL,NULL,NULL,NULL,NULL,NULL,NULL,NULL,21.440,2909.810,33.00,NULL,NULL,32.000,4343.000,111.00,232.00,5500.00,NULL,'ご注文後の返品、変更、キャンセルはお受けできません。',20,NULL,0,0,NULL,0,0,1,0,0,1,1,1,'2023-05-25 12:26:47','2023-05-25 12:26:47'),(68,NULL,NULL,300,NULL,1,'4546','454','454','75f0d716d4540d4fde7de6c773e5b568.png',0,NULL,NULL,NULL,NULL,NULL,NULL,NULL,NULL,NULL,NULL,NULL,NULL,NULL,NULL,35.100,1811.160,22.00,NULL,NULL,45.000,2322.000,343.00,2322.00,5500.00,NULL,'ご注文後の返品、変更、キャンセルはお受けできません。',20,NULL,0,0,NULL,0,0,1,0,0,1,1,1,'2023-05-25 12:39:20','2023-05-25 12:39:20'),(69,NULL,NULL,301,NULL,3,'5522','34343','34343','127cd6ffd0fefcb222c4d232bd4b4d24.png',0,NULL,NULL,NULL,NULL,NULL,NULL,NULL,NULL,NULL,NULL,NULL,NULL,NULL,NULL,9.790,1986.480,11.00,NULL,NULL,11.000,2232.000,111.00,2222.00,5500.00,NULL,'ご注文後の返品、変更、キャンセルはお受けできません。',20,NULL,0,0,NULL,0,0,1,0,0,1,1,1,'2023-05-25 12:49:29','2023-05-25 12:49:29'),(70,NULL,NULL,301,NULL,4,'2311','99ok','99ok','c79d1db804ca71c8fffef73828067b41.png',0,NULL,NULL,NULL,NULL,NULL,NULL,NULL,NULL,NULL,NULL,NULL,NULL,NULL,NULL,9.790,28767.470,11.00,NULL,NULL,11.000,32323.000,3232.00,121.00,5500.00,NULL,'ご注文後の返品、変更、キャンセルはお受けできません。',20,NULL,0,0,NULL,0,0,1,0,0,1,1,1,'2023-05-25 12:54:20','2023-05-25 12:54:20'),(71,NULL,NULL,324,NULL,3,'1123','232','232','d7fbf66e9460f47b1b3a981f0fc8ffb2.png',0,NULL,NULL,NULL,NULL,NULL,NULL,NULL,NULL,NULL,NULL,NULL,NULL,NULL,NULL,16.380,3387.540,22.00,NULL,NULL,21.000,4343.000,0.00,23223.00,5500.00,NULL,'ご注文後の返品、変更、キャンセルはお受けできません。',20,NULL,0,0,NULL,0,0,1,0,0,1,1,1,'2023-05-25 12:56:53','2023-05-25 13:19:41'),(72,NULL,NULL,312,NULL,3,'2344','test 2323','test-2323','233882950c71b09340a6ea0b86177e7d.png',0,NULL,NULL,NULL,NULL,NULL,NULL,NULL,NULL,NULL,NULL,NULL,NULL,NULL,NULL,9.790,29756.260,11.00,NULL,NULL,11.000,33434.000,1111.00,12121.00,5500.00,NULL,'ご注文後の返品、変更、キャンセルはお受けできません。',20,NULL,0,0,NULL,0,0,1,0,0,1,1,1,'2023-05-25 13:06:53','2023-05-25 13:06:53'),(73,NULL,NULL,312,NULL,5,'1213','001 testing','001-testing','da51972e37de380a1dd707c30c006238.png',0,NULL,NULL,NULL,NULL,NULL,NULL,NULL,NULL,NULL,NULL,NULL,NULL,NULL,NULL,9.790,197.580,11.00,NULL,NULL,11.000,222.000,111.00,1121.00,5500.00,NULL,'ご注文後の返品、変更、キャンセルはお受けできません。',20,NULL,0,0,NULL,0,0,1,0,0,1,1,1,'2023-05-25 13:20:30','2023-10-26 20:00:45'),(74,NULL,NULL,312,NULL,1,'2232','002','002','602f71e61d2a0ba2dfeaca4f4690f708.png',0,NULL,NULL,NULL,NULL,NULL,NULL,NULL,NULL,NULL,NULL,NULL,NULL,NULL,NULL,25.740,173.940,22.00,NULL,NULL,33.000,223.000,1.00,11.00,5500.00,NULL,'ご注文後の返品、変更、キャンセルはお受けできません。',20,12,0,0,NULL,0,0,1,0,0,1,1,1,'2023-05-25 14:02:52','2023-10-26 20:00:45'),(75,NULL,NULL,300,NULL,3,'23255','343','343','938fc4ff9e60df473d27e66b7d2bc61d.png',0,NULL,NULL,NULL,NULL,NULL,NULL,NULL,NULL,NULL,NULL,NULL,NULL,NULL,NULL,1.680,3054.240,44.00,NULL,NULL,3.000,5454.000,43.00,2323.00,5500.00,NULL,'ご注文後の返品、変更、キャンセルはお受けできません。',20,NULL,0,0,NULL,0,0,1,0,0,1,1,1,'2023-05-25 14:05:12','2023-10-26 20:00:45'),(76,NULL,NULL,301,NULL,6,'65632','343','343','28a961b0da510823eacfe864df41c536.png',0,NULL,NULL,NULL,NULL,NULL,NULL,NULL,NULL,NULL,NULL,NULL,NULL,NULL,NULL,16.380,102.960,22.00,NULL,NULL,21.000,132.000,111.00,223.00,5500.00,NULL,'ご注文後の返品、変更、キャンセルはお受けできません。',20,NULL,0,0,NULL,0,0,1,0,0,1,1,1,'2023-05-25 14:08:27','2023-10-26 20:00:45'),(77,NULL,NULL,326,NULL,1,'565652','34343','34343','d131b591fa8f7b0b28944ad84e2289be.png',0,NULL,NULL,NULL,NULL,NULL,NULL,NULL,NULL,NULL,NULL,NULL,NULL,NULL,NULL,17.940,18120.960,22.00,NULL,NULL,23.000,23232.000,111.00,2322.00,5500.00,NULL,'ご注文後の返品、変更、キャンセルはお受けできません。',20,11,0,0,NULL,0,0,1,0,0,1,1,1,'2023-05-25 14:12:45','2023-10-26 20:00:45'),(78,NULL,NULL,301,NULL,3,'4677','777','777','2b2033feabfc4cc9a686f75f8349f098.png',0,NULL,NULL,NULL,NULL,NULL,NULL,NULL,NULL,NULL,NULL,NULL,NULL,NULL,NULL,12.320,186.480,44.00,NULL,NULL,22.000,333.000,111.00,333.00,5500.00,NULL,'ご注文後の返品、変更、キャンセルはお受けできません。',20,NULL,0,0,NULL,0,0,1,0,0,1,1,1,'2023-05-25 14:30:25','2023-10-26 20:00:45'),(79,NULL,NULL,500,NULL,NULL,'234343','232','232','64a7cf9bdd1a49c9156b413a0819fa1d.jpg',0,NULL,NULL,NULL,NULL,NULL,NULL,NULL,NULL,NULL,NULL,NULL,NULL,NULL,NULL,NULL,NULL,5.00,NULL,NULL,NULL,NULL,454.00,NULL,NULL,NULL,NULL,NULL,NULL,0,0,NULL,0,0,1,0,0,1,1,0,'2023-10-26 20:11:19','2023-10-26 20:11:19'),(80,NULL,NULL,502,NULL,NULL,'23244','232','232','caf7b2a24d5bef7f1510e96afd198d52.jpg',0,NULL,NULL,NULL,NULL,NULL,NULL,NULL,NULL,NULL,NULL,NULL,NULL,NULL,'<p>【振袖レンタル21点フルセット】振袖・袋帯・帯揚げ・帯締め・伊達衿は写真通りのコーディネートでお届け致します。深みのある緑色に大きな雪輪、梅の花・紅葉などが描かれています。雪輪のなかには松竹梅や市松文様など日本のおめでたい柄が色とりどりにあり、楽しく華やかな印象です。</p>',0.000,0.000,2.00,NULL,NULL,NULL,NULL,454.00,NULL,5500.00,NULL,'ご注文後の返品、変更、キャンセルはお受けできません。',20,NULL,0,0,NULL,0,0,1,0,0,1,1,0,'2023-10-26 20:12:22','2023-11-08 02:39:59'),(81,NULL,NULL,499,NULL,NULL,'23234','wewew','wewew',NULL,0,NULL,NULL,NULL,NULL,NULL,NULL,NULL,NULL,NULL,NULL,NULL,NULL,NULL,NULL,NULL,NULL,3.00,NULL,NULL,NULL,NULL,333.00,NULL,NULL,NULL,NULL,NULL,NULL,0,0,'ec52412332abe072be78bd604184d921',0,0,1,0,0,0,1,0,'2023-11-02 20:31:37','2023-11-02 20:31:37'),(82,NULL,NULL,500,NULL,NULL,'5657','433','433',NULL,0,NULL,NULL,NULL,NULL,NULL,NULL,NULL,NULL,NULL,NULL,NULL,NULL,NULL,NULL,0.000,0.000,2.00,NULL,NULL,NULL,NULL,3.00,NULL,5500.00,NULL,'ご注文後の返品、変更、キャンセルはお受けできません。',20,NULL,0,0,NULL,0,0,1,0,0,1,1,0,'2023-11-02 20:33:24','2023-11-02 20:34:30'),(83,NULL,NULL,500,NULL,NULL,'43521','3433','3433','da651132fa2ad73dd9ed0479f040f139.jpg',0,NULL,NULL,NULL,NULL,NULL,NULL,NULL,NULL,NULL,NULL,NULL,NULL,NULL,NULL,NULL,NULL,5.00,NULL,NULL,NULL,NULL,333.00,NULL,NULL,NULL,NULL,NULL,NULL,0,0,'79f7844485a4a9425f9919ab9dd687f6',0,0,1,0,0,0,1,0,'2023-11-02 20:35:13','2023-11-02 20:35:13'),(84,NULL,NULL,1,NULL,NULL,'121111111111','着物シャアリング商品001','着物シャアリング商品001','150d90dd1c2a240625c8feabbf515207.jpg',0,NULL,NULL,NULL,NULL,NULL,NULL,NULL,NULL,NULL,NULL,NULL,NULL,NULL,'<p>これは着物シェアリングサービスのページテストです。</p>\n<p>ABCです。</p>',0.000,0.000,1.00,NULL,NULL,NULL,NULL,5555.00,NULL,5500.00,NULL,'ご注文後の返品、変更、キャンセルはお受けできません。',20,NULL,0,0,NULL,0,0,1,0,0,1,1,0,'2023-12-14 04:02:33','2023-12-14 04:03:05'),(85,'BA-3943-M','0',2,'1',NULL,'8225','we2323','we2323','2ecbe9d8bbfaa3580630fc7b9373e7ea.jpg',0,NULL,'red','wewew','60','90','65','67','67',NULL,'56','56','wewew','0','aew',NULL,NULL,NULL,NULL,NULL,NULL,NULL,989898.00,NULL,NULL,NULL,NULL,NULL,NULL,0,0,NULL,0,0,1,0,0,0,1,0,'2023-12-18 13:38:24','2023-12-18 13:38:24'),(86,'BA-9224-M','0',6,'5',NULL,'1747','34344','34344','bb268ff0a7a97a5efbff52b050235fb1.jpg',0,NULL,'343','34','33','45','45','56','45',NULL,'56','34','4454','0','343',NULL,NULL,NULL,NULL,NULL,NULL,NULL,343.00,NULL,5500.00,NULL,'ご注文後の返品、変更、キャンセルはお受けできません。',20,NULL,0,0,'e127ff47cb7886fb207fbd200720e62b',0,0,1,0,0,1,1,0,'2023-12-18 13:40:40','2023-12-18 14:07:55'),(87,'BA-3971-M','0',6,'5',NULL,'4357','343','343','0f1f4d9403e747863d40e70c5edbd65c.jpg',0,NULL,'34','343','343','343','343','334','343',NULL,'34','34','3434','0','343',NULL,NULL,NULL,NULL,NULL,NULL,NULL,232.00,NULL,5500.00,NULL,'ご注文後の返品、変更、キャンセルはお受けできません。',20,NULL,0,0,NULL,0,0,1,0,0,1,126,0,'2023-12-18 14:01:45','2023-12-28 14:16:51'),(88,'BA-5421-M','0',2,'3',NULL,'1785','録内容変更フォー','録内容変更フォー','e5d5288854dfac705a404ff2a6bfb303.jpg',0,NULL,'Green','Silk','120','60','70','68','50',NULL,'45','60','2500','0','Testing description content here.',NULL,NULL,NULL,NULL,NULL,NULL,NULL,288.00,NULL,5500.00,NULL,'ご注文後の返品、変更、キャンセルはお受けできません。',20,NULL,0,0,NULL,0,0,1,0,0,1,1,0,'2023-12-19 04:02:59','2023-12-19 04:03:40'),(89,'BA-5969-M','0',3,'6',NULL,'7436','Product 001','product-001','b8e975c307f25c7621c38d86e201d4d9.jpg',1,NULL,'Red','Silk','120','50','65','56','60',NULL,'56','67','99999','0','<p>Description of product here</p>',NULL,NULL,NULL,NULL,NULL,NULL,NULL,9922.00,NULL,5500.00,NULL,'ご注文後の返品、変更、キャンセルはお受けできません。',20,NULL,0,0,NULL,0,0,1,0,0,1,1,0,'2023-12-19 10:53:51','2023-12-19 10:54:21'),(90,'BA-8050-M','0',NULL,NULL,NULL,'1696','wewe','wewe','no-image.png',0,NULL,NULL,NULL,NULL,NULL,NULL,NULL,NULL,NULL,NULL,NULL,NULL,NULL,NULL,NULL,NULL,NULL,NULL,NULL,NULL,NULL,NULL,NULL,NULL,NULL,NULL,NULL,NULL,0,0,NULL,0,0,1,0,0,0,1,0,'2024-02-23 22:24:08','2024-02-23 22:24:08'),(91,'BA-5959-M','0',NULL,NULL,NULL,'6760','232','232','no-image.png',0,NULL,NULL,NULL,NULL,NULL,NULL,NULL,NULL,NULL,NULL,NULL,NULL,NULL,NULL,NULL,NULL,NULL,NULL,NULL,NULL,NULL,NULL,NULL,NULL,NULL,NULL,NULL,NULL,0,0,NULL,0,0,1,0,0,0,1,0,'2024-02-25 18:31:39','2024-02-25 18:31:39'),(92,'BA-7205-M','0',NULL,NULL,NULL,'6341','aaa','aaa','no-image.png',0,NULL,NULL,NULL,NULL,NULL,NULL,NULL,NULL,NULL,NULL,NULL,NULL,NULL,NULL,NULL,NULL,NULL,NULL,NULL,NULL,NULL,NULL,NULL,NULL,NULL,NULL,NULL,NULL,0,0,NULL,0,0,1,0,0,0,1,0,'2024-02-25 18:46:56','2024-02-25 18:46:56'),(93,'BA-4746-M','0',NULL,NULL,NULL,'7924','444','444','2cb82875f53aef6a037039f75ca3a92a.jpg',0,'1',NULL,NULL,NULL,NULL,'3333','222','33','44','44','44','55343',NULL,NULL,NULL,NULL,NULL,NULL,NULL,NULL,NULL,NULL,NULL,NULL,NULL,NULL,NULL,NULL,0,0,NULL,0,1,1,1,1,0,1,0,'2024-02-25 19:11:19','2024-02-25 19:11:19'),(94,'BA-7832-M','0',NULL,NULL,NULL,'1328','444','444','2cb82875f53aef6a037039f75ca3a92a.jpg',0,'1',NULL,NULL,NULL,NULL,'3333','222','33','44','44','44','55343',NULL,NULL,NULL,NULL,NULL,NULL,NULL,NULL,NULL,NULL,NULL,NULL,NULL,NULL,NULL,NULL,0,0,NULL,0,1,1,1,1,0,1,0,'2024-02-25 19:12:04','2024-02-25 19:12:04'),(95,'BA-2694-M','0',NULL,NULL,NULL,'6641','test','test','c53e9b17c0783f0bfacc79756d3e1f12.jpg',0,'1',NULL,NULL,NULL,NULL,'99','99','88','88','88','88','2323 2323 232',NULL,NULL,NULL,NULL,NULL,NULL,NULL,NULL,NULL,NULL,NULL,NULL,NULL,NULL,NULL,NULL,0,0,NULL,0,1,1,1,1,0,1,0,'2024-02-25 20:06:50','2024-02-25 20:06:50'),(96,'BA-4615-M','0',8,NULL,NULL,'9415','men','men','a117b93aeabf8c540ff2b0ba58ba9516.jpg',0,'6',NULL,NULL,NULL,NULL,'22','3433','343','343','343','343','23232',NULL,NULL,NULL,NULL,NULL,NULL,NULL,NULL,NULL,3434.00,NULL,5500.00,NULL,'ご注文後の返品、変更、キャンセルはお受けできません。',20,NULL,0,0,NULL,0,0,1,1,1,1,1,0,'2024-02-26 02:25:00','2024-02-26 02:53:10'),(97,'BA-9788-M','0',2,NULL,NULL,'4754','men2','men2','7d3b26ba21aabc12465d792409bd7db5.jpg',0,'4',NULL,NULL,NULL,NULL,'232','343','454','45','65','565','23232',NULL,NULL,NULL,NULL,NULL,NULL,NULL,NULL,NULL,22222.00,NULL,5500.00,NULL,'ご注文後の返品、変更、キャンセルはお受けできません。',20,NULL,0,0,NULL,0,0,1,1,1,1,1,0,'2024-02-26 02:25:48','2024-02-26 02:53:00'),(98,'BA-9131-M','0',NULL,NULL,NULL,'8852','men 3','men-3','d4b2f4ebf9d5cd649b6bc11e728d70ce.jpg',1,'3',NULL,NULL,NULL,NULL,'22','33','44','55','66','77','232 2323',NULL,NULL,NULL,NULL,NULL,NULL,NULL,NULL,NULL,NULL,NULL,NULL,NULL,NULL,NULL,NULL,0,0,NULL,0,1,1,1,1,0,1,0,'2024-02-26 02:53:56','2024-02-26 02:53:56'),(99,NULL,'2',NULL,NULL,NULL,'XsY20IkR','22223','22223','b2b7480f42ca2fdd56da0e7e82c56973.jpg',1,'6',NULL,NULL,NULL,NULL,'22','21','20','223445 54545','18','19',NULL,NULL,'<p>2322 232</p>',NULL,NULL,5.00,NULL,NULL,NULL,NULL,555.00,NULL,NULL,NULL,NULL,NULL,NULL,0,0,NULL,0,0,1,0,0,1,1,0,'2024-02-26 13:44:34','2024-02-27 00:46:08'),(100,NULL,'1',NULL,NULL,NULL,'8hua39bV','Test 0023','test-0023','18bc5d4308eec2dafcbd4af8e492f43e.jpg',0,'2',NULL,'正絹',NULL,NULL,'78','76','87','wwew2323','67','87',NULL,NULL,'<p>京友禅の老舗「千總」謹製の黒留袖です。</p>\n<p>鶴と鹿の子の松竹梅、橘が描かれています。古典柄に刺繍や金駒刺繍の装飾が後ろ身頃まで贅沢に施された、格式高く豪華な一着です。金地に七宝繋ぎと桔梗や撫子などの唐織の帯とのコーディネートです。</p>\n<p>&nbsp;</p>\n<p>五つ紋　丸に片喰</p>',NULL,NULL,NULL,NULL,NULL,2400.000,NULL,5555.00,NULL,NULL,'<h3>セット内容</h3>\n<p>【レンタルの場合】</p>\n<p>着物・帯・帯〆(白)・帯揚(白)・長襦袢(半衿付き、ポリエステル)・肌襦袢・裾除け・補整用ガーゼ(さらし)・ウエスト補整・足袋・衿芯・腰ひも5本・帯枕・帯板・伊達〆・マジックベルト・コーリンベルト・扇子・草履・バッグ</p>\n<p>※帯枕は横幅が長いものもご用意しております。ご希望の場合は予めお問い合わせください。</p>\n<p>&nbsp;</p>\n<p>※セット内容の草履バッグは、基本的にエナメル素材の金銀のものをお送りいたします。変更をご希望の際は、ページ下の「レンタル小物をもっと見る」バナーより有料オプションをお選びください。</p>\n<p>&nbsp;</p>\n<p>&nbsp;</p>\n<h3>ご利用のご注意</h3>\n<p>※上記付属品はレンタル料金に含まれます。</p>\n<p>※補整に必要なタオルなどは、着付け師さんにご確認の上、ご用意ください。</p>\n<p>※長襦袢のサイズは着物に合わせたサイズとなっておりますが、多少の差がある場合がございます。</p>\n<p>※また、お客様によっては腰上げ等の調整が必要になる場合がございますので予めご了承下さい。</p>\n<p>&nbsp;</p>',NULL,NULL,1,0,0,NULL,1,0,1,1,1,1,1,0,'2024-02-26 23:43:33','2024-03-06 11:45:40'),(101,NULL,'1',NULL,NULL,NULL,'2kF0YLv0','Test 003','test-003','de0a7d299e71b96c77f891e464306f1d.jpg',1,'3',NULL,'Silk',NULL,NULL,'34','55','66','233','77','88',NULL,NULL,'<p>desc</p>',NULL,NULL,6.00,NULL,NULL,2500.000,NULL,5566.00,NULL,NULL,NULL,NULL,NULL,3,0,0,NULL,0,0,1,1,1,1,1,0,'2024-02-27 00:39:03','2024-03-11 11:28:33'),(102,NULL,'2',NULL,NULL,NULL,'aka8GkDd','Test 004','test-004','e99523d82fce424e7f430fbc968a0aba.jpg',0,'3',NULL,NULL,NULL,NULL,'77','77','67','232','87','56',NULL,NULL,NULL,NULL,NULL,NULL,NULL,NULL,NULL,NULL,99999.00,NULL,NULL,NULL,NULL,NULL,NULL,0,0,NULL,0,0,1,1,1,1,1,0,'2024-02-27 00:40:11','2024-02-27 00:40:11'),(103,NULL,'1',NULL,NULL,NULL,'dvs8yhh2','Test kimono 6','test-kimono-6','0b5cb3760b6db5b6f5f0b73cc07bfa3a.jpg',0,'6',NULL,NULL,NULL,NULL,'66','55','77','4545','66','65',NULL,NULL,NULL,NULL,NULL,NULL,NULL,NULL,NULL,NULL,7777.00,NULL,NULL,NULL,NULL,NULL,NULL,0,0,NULL,0,0,1,1,1,1,1,0,'2024-02-27 00:47:43','2024-02-27 00:47:43');

--
-- Table structure for table `role_has_permissions`
--

CREATE TABLE `role_has_permissions` (
  `permission_id` int unsigned NOT NULL,
  `role_id` int unsigned NOT NULL,
  PRIMARY KEY (`permission_id`,`role_id`),
  KEY `role_has_permissions_role_id_foreign` (`role_id`)
) ENGINE=InnoDB DEFAULT CHARSET=utf8mb4 COLLATE=utf8mb4_unicode_ci;

--
-- Dumping data for table `role_has_permissions`
--

INSERT INTO `role_has_permissions` VALUES (2,1),(7,1),(15,1),(16,1),(17,1),(35,1),(36,1),(37,1),(38,1),(39,1),(40,1),(47,1),(48,1),(49,1),(50,1),(51,1),(52,1),(59,1),(60,1),(61,1),(62,1),(63,1),(143,1),(144,1),(145,1),(146,1),(156,1),(158,1),(159,1),(163,1),(176,1),(177,1),(178,1),(179,1),(180,1),(205,1),(206,1),(207,1),(208,1),(209,1),(210,1),(220,1),(221,1),(222,1),(223,1),(224,1),(225,1),(232,1),(234,1),(235,1),(236,1),(237,1),(238,1),(239,1),(240,1),(241,1),(369,1),(370,1),(371,1),(372,1),(373,1),(374,1),(458,1),(468,1),(469,1),(470,1),(471,1),(472,1),(473,1),(474,1),(475,1),(476,1),(477,1),(478,1),(485,1),(486,1),(487,1),(488,1),(489,1),(490,1),(497,1),(498,1),(499,1),(500,1),(501,1),(502,1),(503,1),(506,1),(507,1),(508,1),(509,1),(510,1),(511,1),(512,1),(513,1),(514,1),(515,1),(516,1),(517,1),(518,1),(519,1),(520,1),(521,1),(522,1),(523,1),(524,1),(525,1),(526,1),(527,1),(528,1),(529,1),(530,1),(531,1),(532,1),(533,1),(534,1),(535,1),(536,1),(537,1),(538,1),(539,1),(540,1),(541,1),(542,1),(543,1),(544,1),(545,1),(546,1),(547,1),(548,1),(549,1),(2,2),(7,2),(16,2),(17,2),(35,2),(36,2),(37,2),(38,2),(39,2),(40,2),(47,2),(48,2),(49,2),(50,2),(51,2),(52,2),(59,2),(60,2),(61,2),(62,2),(63,2),(143,2),(144,2),(145,2),(146,2),(156,2),(158,2),(159,2),(163,2),(176,2),(177,2),(178,2),(179,2),(180,2),(205,2),(206,2),(207,2),(208,2),(209,2),(210,2),(220,2),(221,2),(222,2),(223,2),(224,2),(225,2),(232,2),(234,2),(235,2),(236,2),(237,2),(238,2),(239,2),(240,2),(241,2),(369,2),(370,2),(371,2),(372,2),(373,2),(374,2),(458,2),(468,2),(469,2),(470,2),(471,2),(472,2),(473,2),(474,2),(475,2),(476,2),(477,2),(478,2),(485,2),(486,2),(487,2),(488,2),(489,2),(490,2),(497,2),(498,2),(499,2),(500,2),(501,2),(502,2),(503,2),(506,2),(507,2),(508,2),(509,2),(510,2),(511,2),(512,2),(513,2),(514,2),(515,2),(516,2),(517,2),(518,2),(519,2),(520,2),(521,2),(522,2),(523,2),(524,2),(525,2),(526,2),(527,2),(528,2),(529,2),(530,2),(531,2),(532,2),(533,2),(534,2),(535,2),(536,2),(537,2),(538,2),(539,2),(540,2),(541,2),(542,2),(543,2),(544,2),(545,2),(546,2),(547,2),(548,2),(549,2),(2,3),(7,3),(17,3),(35,3),(47,3),(59,3),(163,3),(177,3),(178,3),(179,3),(205,3),(220,3),(235,3),(369,3),(469,3),(485,3),(497,3),(506,3),(507,3),(514,3),(521,3),(527,3),(533,3),(543,3),(2,4),(177,4),(178,4),(179,4),(542,4),(2,5),(177,5),(178,5),(179,5),(177,6),(178,6),(179,6),(177,7),(178,7),(179,7),(177,8),(178,8),(179,8),(177,9),(178,9),(179,9),(177,10),(178,10),(179,10),(59,11),(60,11),(61,11),(62,11),(63,11),(156,11),(177,11),(178,11),(179,11),(59,12),(60,12),(61,12),(62,12),(156,12),(177,12),(178,12),(179,12),(7,13),(59,13),(60,13),(61,13),(62,13),(63,13),(143,13),(144,13),(145,13),(156,13),(163,13),(177,13),(178,13),(179,13),(59,14),(60,14),(61,14),(62,14),(156,14),(177,14),(178,14),(179,14),(35,15),(37,15),(38,15),(39,15),(158,15),(177,15),(178,15),(179,15),(59,16),(60,16),(61,16),(156,16),(177,16),(178,16),(179,16),(7,17),(37,17),(38,17),(59,17),(60,17),(61,17),(62,17),(143,17),(144,17),(145,17),(156,17),(163,17),(177,17),(178,17),(179,17),(7,18),(37,18),(38,18),(59,18),(60,18),(61,18),(62,18),(143,18),(144,18),(145,18),(156,18),(163,18),(177,18),(178,18),(179,18),(7,19),(37,19),(38,19),(59,19),(60,19),(61,19),(62,19),(143,19),(144,19),(145,19),(156,19),(163,19),(177,19),(178,19),(179,19),(7,20),(37,20),(38,20),(59,20),(60,20),(61,20),(62,20),(143,20),(144,20),(145,20),(156,20),(163,20),(177,20),(178,20),(179,20),(7,21),(37,21),(38,21),(59,21),(60,21),(61,21),(62,21),(143,21),(144,21),(145,21),(156,21),(163,21),(177,21),(178,21),(179,21),(7,22),(37,22),(38,22),(59,22),(60,22),(61,22),(62,22),(143,22),(144,22),(145,22),(156,22),(163,22),(177,22),(178,22),(179,22),(7,23),(37,23),(38,23),(59,23),(60,23),(61,23),(62,23),(143,23),(144,23),(145,23),(156,23),(163,23),(177,23),(178,23),(179,23),(7,24),(37,24),(38,24),(59,24),(60,24),(61,24),(62,24),(143,24),(144,24),(145,24),(156,24),(163,24),(177,24),(178,24),(179,24),(7,25),(37,25),(38,25),(59,25),(60,25),(61,25),(62,25),(143,25),(144,25),(145,25),(156,25),(163,25),(177,25),(178,25),(179,25),(7,26),(37,26),(38,26),(59,26),(60,26),(61,26),(62,26),(143,26),(144,26),(145,26),(156,26),(163,26),(177,26),(178,26),(179,26),(7,27),(37,27),(38,27),(59,27),(60,27),(61,27),(62,27),(143,27),(144,27),(145,27),(156,27),(163,27),(177,27),(178,27),(179,27),(7,28),(37,28),(38,28),(59,28),(60,28),(61,28),(62,28),(143,28),(144,28),(145,28),(156,28),(163,28),(177,28),(178,28),(179,28),(37,29),(38,29),(59,29),(60,29),(61,29),(62,29),(156,29),(163,29),(177,29),(178,29),(179,29),(37,30),(38,30),(59,30),(60,30),(61,30),(62,30),(63,30),(156,30),(177,30),(178,30),(179,30),(207,30),(37,31),(59,31),(60,31),(61,31),(62,31),(156,31),(177,31),(178,31),(179,31),(205,31),(207,31),(208,31),(209,31),(7,32),(37,32),(38,32),(59,32),(60,32),(61,32),(62,32),(143,32),(144,32),(145,32),(156,32),(163,32),(177,32),(178,32),(179,32),(36,33),(37,33),(38,33),(39,33),(40,33),(177,33),(178,33),(179,33),(205,33),(206,33),(207,33),(208,33),(209,33),(210,33),(234,33),(507,33),(508,33),(509,33),(510,33),(511,33),(512,33),(513,33),(521,33),(522,33),(523,33),(524,33),(525,33),(526,33),(527,33),(528,33),(529,33),(530,33),(531,33),(532,33),(533,33),(534,33),(535,33),(536,33),(537,33),(538,33),(539,33),(540,33),(541,33),(542,33);

--
-- Table structure for table `role_meta`
--

CREATE TABLE `role_meta` (
  `id` bigint unsigned NOT NULL AUTO_INCREMENT,
  `role_id` int NOT NULL,
  `description` mediumtext CHARACTER SET utf8mb4 COLLATE utf8mb4_unicode_ci,
  `created_at` timestamp NULL DEFAULT NULL,
  `updated_at` timestamp NULL DEFAULT NULL,
  PRIMARY KEY (`id`)
) ENGINE=InnoDB AUTO_INCREMENT=24 DEFAULT CHARSET=utf8mb4 COLLATE=utf8mb4_unicode_ci;

--
-- Dumping data for table `role_meta`
--

INSERT INTO `role_meta` VALUES (1,11,'Role for store【電話占い】みみずくの砦','2021-01-20 03:11:32','2021-02-19 02:05:18'),(2,12,'Roles for NG store','2021-02-02 02:45:30','2021-02-02 02:57:04'),(3,13,'Store Manage','2021-02-03 01:48:53','2021-05-18 05:43:41'),(4,14,'Store Member','2021-02-03 01:51:44','2021-05-18 05:44:32'),(5,15,NULL,'2021-02-24 04:16:24','2021-05-18 05:43:13'),(6,16,'Group826','2021-04-09 07:39:56','2021-05-18 05:44:54'),(7,17,'Store124','2021-04-23 06:44:39','2021-05-18 05:45:11'),(8,18,'Store1714','2021-04-23 07:02:42','2021-05-18 05:45:58'),(9,19,'Store823','2021-04-23 07:10:38','2021-05-18 05:46:10'),(10,20,'Store826','2021-04-26 01:45:13','2021-05-18 05:46:23'),(11,21,NULL,'2021-05-04 01:44:32','2021-05-18 05:46:37'),(12,22,'占いジャンヌダルク大阪は、大阪府大阪市北区梅田の占い店舗です。','2021-05-07 08:55:26','2021-05-18 05:46:54'),(13,23,NULL,'2021-05-07 09:18:32','2021-05-18 05:47:07'),(14,24,NULL,'2021-05-11 02:20:30','2021-05-18 05:47:22'),(15,25,NULL,'2021-05-11 10:55:14','2021-05-18 05:47:34'),(16,26,NULL,'2021-05-12 12:37:49','2021-05-18 05:47:43'),(17,27,NULL,'2021-05-19 08:46:44','2021-05-19 08:46:44'),(18,28,NULL,'2021-05-25 00:28:57','2021-06-02 01:47:11'),(19,29,'Fortune Teller Own','2021-05-31 10:00:58','2021-05-31 10:03:46'),(20,30,'Asuka Teller','2021-06-05 06:24:49','2021-06-09 02:29:18'),(21,31,'Note Writer','2021-06-08 01:34:46','2021-06-09 03:10:56'),(22,32,NULL,'2021-06-21 05:54:20','2021-06-21 05:54:20'),(23,33,NULL,'2022-10-16 14:05:12','2023-12-28 11:41:04');

--
-- Table structure for table `roles`
--

CREATE TABLE `roles` (
  `id` int unsigned NOT NULL AUTO_INCREMENT,
  `name` varchar(255) CHARACTER SET utf8mb4 COLLATE utf8mb4_unicode_ci NOT NULL,
  `guard_name` varchar(255) CHARACTER SET utf8mb4 COLLATE utf8mb4_unicode_ci NOT NULL,
  `created_at` timestamp NULL DEFAULT NULL,
  `updated_at` timestamp NULL DEFAULT NULL,
  PRIMARY KEY (`id`)
) ENGINE=InnoDB AUTO_INCREMENT=34 DEFAULT CHARSET=utf8mb4 COLLATE=utf8mb4_unicode_ci;

--
-- Dumping data for table `roles`
--

INSERT INTO `roles` VALUES (1,'admin','api','2020-04-10 00:46:21','2020-04-10 00:46:21'),(2,'manager','api','2020-04-10 00:46:21','2020-04-10 00:46:21'),(3,'editor','api','2020-04-10 00:46:21','2020-04-10 00:46:21'),(4,'user','api','2020-04-10 00:46:21','2020-04-10 00:46:21'),(5,'visitor','api','2020-04-10 00:46:21','2020-04-10 00:46:21'),(33,'owner','api','2022-10-16 14:05:12','2022-10-16 14:05:12');

--
-- Table structure for table `rules`
--

CREATE TABLE `rules` (
  `id` bigint unsigned NOT NULL AUTO_INCREMENT,
  `role_id` int unsigned NOT NULL,
  `permission_id` int unsigned NOT NULL,
  `condition_name` varchar(255) CHARACTER SET utf8mb4 COLLATE utf8mb4_unicode_ci NOT NULL,
  `condition_compare` varchar(255) CHARACTER SET utf8mb4 COLLATE utf8mb4_unicode_ci NOT NULL,
  `condition_value` varchar(255) CHARACTER SET utf8mb4 COLLATE utf8mb4_unicode_ci DEFAULT NULL,
  `created_at` timestamp NULL DEFAULT NULL,
  `updated_at` timestamp NULL DEFAULT NULL,
  PRIMARY KEY (`id`)
) ENGINE=InnoDB AUTO_INCREMENT=78 DEFAULT CHARSET=utf8mb4 COLLATE=utf8mb4_unicode_ci;

--
-- Dumping data for table `rules`
--

INSERT INTO `rules` VALUES (1,6,148,'id','is','30','2021-01-14 07:27:15','2021-01-14 07:27:15'),(2,7,148,'id','is','30','2021-01-14 07:27:15','2021-01-14 07:27:15'),(3,8,148,'id','is','30','2021-01-14 07:27:15','2021-01-14 07:27:15'),(4,9,148,'id','is','30','2021-01-14 07:27:15','2021-01-14 07:27:15'),(5,10,148,'id','is','30','2021-01-14 07:27:15','2021-01-14 07:27:15'),(20,12,148,'user_id','is','owner','2021-02-02 02:57:04','2021-02-02 02:57:04'),(25,11,148,'id','is','783','2021-02-19 02:05:18','2021-02-19 02:05:18'),(58,15,148,'user_id','is','owner','2021-05-18 05:43:13','2021-05-18 05:43:13'),(59,13,148,'user_id','is','owner','2021-05-18 05:43:41','2021-05-18 05:43:41'),(61,14,148,'user_id','is','store','2021-05-18 05:44:32','2021-05-18 05:44:32'),(62,16,148,'id','is','826','2021-05-18 05:44:54','2021-05-18 05:44:54'),(63,17,148,'id','is','124','2021-05-18 05:45:11','2021-05-18 05:45:11'),(64,18,148,'id','is','1714','2021-05-18 05:45:58','2021-05-18 05:45:58'),(65,19,148,'id','is','823','2021-05-18 05:46:10','2021-05-18 05:46:10'),(66,20,148,'id','is','826','2021-05-18 05:46:23','2021-05-18 05:46:23'),(67,21,148,'id','in_list','83,84,85','2021-05-18 05:46:37','2021-05-18 05:46:37'),(68,22,148,'id','in_list','1780','2021-05-18 05:46:54','2021-05-18 05:46:54'),(69,23,148,'id','in_list','260','2021-05-18 05:47:07','2021-05-18 05:47:07'),(70,24,148,'id','in_list','1221','2021-05-18 05:47:22','2021-05-18 05:47:22'),(71,25,148,'id','in_list','823,822','2021-05-18 05:47:34','2021-05-18 05:47:34'),(72,26,148,'id','in_list','826,1688','2021-05-18 05:47:43','2021-05-18 05:47:43'),(73,27,148,'id','in_list','1798','2021-05-19 08:46:44','2021-05-19 08:46:44'),(76,28,148,'id','in_list','1795','2021-06-02 01:47:11','2021-06-02 01:47:11'),(77,32,148,'id','in_list','831','2021-06-21 05:54:20','2021-06-21 05:54:20');

--
-- Table structure for table `scenes`
--

CREATE TABLE `scenes` (
  `id` bigint unsigned NOT NULL AUTO_INCREMENT,
  `name` varchar(255) CHARACTER SET utf8mb4 COLLATE utf8mb4_unicode_ci NOT NULL,
  `slug` varchar(255) CHARACTER SET utf8mb4 COLLATE utf8mb4_unicode_ci DEFAULT NULL,
  `image` varchar(255) CHARACTER SET utf8mb4 COLLATE utf8mb4_unicode_ci DEFAULT NULL,
  `parent_id` int DEFAULT NULL,
  `description` tinytext CHARACTER SET utf8mb4 COLLATE utf8mb4_unicode_ci,
  `position` int NOT NULL DEFAULT '0',
  `is_activated` smallint NOT NULL DEFAULT '1',
  `is_deleted` smallint NOT NULL DEFAULT '0',
  `created_at` timestamp NULL DEFAULT NULL,
  `updated_at` timestamp NULL DEFAULT NULL,
  PRIMARY KEY (`id`)
) ENGINE=InnoDB AUTO_INCREMENT=11 DEFAULT CHARSET=utf8mb4 COLLATE=utf8mb4_unicode_ci;

--
-- Dumping data for table `scenes`
--

INSERT INTO `scenes` VALUES (1,'結婚式','wedding',NULL,0,NULL,0,1,0,'2023-11-26 04:39:34','2023-11-26 04:39:34'),(2,'結納','yuino',NULL,0,NULL,0,1,0,'2023-11-26 04:39:34','2023-11-26 04:39:34'),(3,'お宮参り','omiyamairi',NULL,0,NULL,0,1,0,'2023-11-26 04:39:34','2023-11-26 04:39:34'),(4,'成人式','seijinshiki',NULL,0,NULL,0,1,0,'2023-11-26 04:39:34','2023-11-26 04:39:34'),(5,'卒入学式・卒入園式','ceremony',NULL,0,NULL,0,1,0,'2023-11-26 04:39:34','2023-11-26 04:39:34'),(6,'コンサート・お食事','concert',NULL,0,NULL,0,1,0,'2023-11-26 04:39:34','2023-11-26 04:39:34'),(7,'パーティー','party',NULL,0,NULL,0,1,0,'2023-11-26 04:39:34','2023-11-26 04:39:34'),(8,'七五三','753kimono',NULL,0,NULL,0,1,0,'2023-11-26 04:39:34','2023-11-26 04:39:34'),(9,'お祭り・花火大会','yukata',NULL,0,NULL,0,1,0,'2023-11-26 04:39:34','2023-11-26 04:39:34'),(10,'2222','2222',NULL,0,'2323',0,1,1,'2023-11-26 09:07:55','2023-11-26 09:11:21');

--
-- Table structure for table `seo_formats`
--

CREATE TABLE `seo_formats` (
  `id` bigint unsigned NOT NULL AUTO_INCREMENT,
  `type` text CHARACTER SET utf8mb4 COLLATE utf8mb4_unicode_ci NOT NULL,
  `title` text CHARACTER SET utf8mb4 COLLATE utf8mb4_unicode_ci,
  `keywords` text CHARACTER SET utf8mb4 COLLATE utf8mb4_unicode_ci,
  `description` text CHARACTER SET utf8mb4 COLLATE utf8mb4_unicode_ci,
  `created_at` timestamp NULL DEFAULT NULL,
  `updated_at` timestamp NULL DEFAULT NULL,
  PRIMARY KEY (`id`)
) ENGINE=InnoDB AUTO_INCREMENT=8 DEFAULT CHARSET=utf8mb4 COLLATE=utf8mb4_unicode_ci;

--
-- Dumping data for table `seo_formats`
--

INSERT INTO `seo_formats` VALUES (1,'area','『%title%』の当たると口コミで評判のオススメの占い師｜占いの森 / URAMORI','','『%title%』の的中率の高い・当たると評判のオススメ占い師を口コミ評価レビュー、占い料金、性別、得意な占術・相談お悩み内容などで検索し探せます。','2020-10-16 02:29:37','2020-10-16 02:29:37'),(2,'method','『%title%』の当たると口コミで評判のオススメの占い師｜占いの森 / URAMORI','','『%title%』の的中率の高い・当たると評判のオススメ占い師を口コミ評価レビュー、占い料金、性別、得意な占術・相談お悩み内容などで検索し探せます。','2020-10-16 02:29:37','2020-10-16 02:29:37'),(3,'consultation','『%title%』の当たると口コミで評判のオススメの占い師｜占いの森 / URAMORI','','『%title%』の的中率の高い・当たると評判のオススメ占い師を口コミ評価レビュー、占い料金、性別、得意な占術・相談お悩み内容などで検索し探せます。','2020-10-16 02:29:37','2020-10-16 02:29:37'),(4,'name','『%title%』の当たると口コミで評判のオススメの占い師｜占いの森 / URAMORI','','『%title%』の的中率の高い・当たると評判のオススメ占い師を口コミ評価レビュー、占い料金、性別、得意な占術・相談お悩み内容などで検索し探せます。','2020-10-16 02:29:37','2020-10-16 02:29:37'),(5,'fortune','『%title%』の当たると口コミで評判のオススメの占い師｜占いの森 / URAMORI','','『%title%』の的中率の高い・当たると評判のオススメ占い師を口コミ評価レビュー、占い料金、性別、得意な占術・相談お悩み内容などで検索し探せます。','2020-10-16 02:29:37','2020-10-16 02:29:37'),(6,'note_article','%title%｜占いの森 NOTE',NULL,'%content|160%','2021-06-08 06:53:30','2021-06-08 07:18:06'),(7,'note_feature','%title%｜特集・連載｜占いの森 NOTE',NULL,'占いの森 NOTEの%title%特集ページです。占い師さんに占ってもらう前に、どういう占い師さんか知ってもらうキッカケとなる特集、連載をご紹介します。','2021-06-08 06:53:30','2021-06-08 07:17:42');

--
-- Table structure for table `seo_metas`
--

CREATE TABLE `seo_metas` (
  `id` bigint unsigned NOT NULL AUTO_INCREMENT,
  `uri` varchar(255) CHARACTER SET utf8mb4 COLLATE utf8mb4_unicode_ci NOT NULL,
  `title` varchar(255) CHARACTER SET utf8mb4 COLLATE utf8mb4_unicode_ci DEFAULT NULL,
  `keywords` text CHARACTER SET utf8mb4 COLLATE utf8mb4_unicode_ci,
  `description` text CHARACTER SET utf8mb4 COLLATE utf8mb4_unicode_ci,
  `image` varchar(255) CHARACTER SET utf8mb4 COLLATE utf8mb4_unicode_ci DEFAULT NULL,
  `type` varchar(255) CHARACTER SET utf8mb4 COLLATE utf8mb4_unicode_ci DEFAULT NULL,
  `post_id` int DEFAULT NULL,
  `created_at` timestamp NULL DEFAULT NULL,
  `updated_at` timestamp NULL DEFAULT NULL,
  PRIMARY KEY (`id`)
) ENGINE=InnoDB DEFAULT CHARSET=utf8mb4 COLLATE=utf8mb4_unicode_ci;

--
-- Dumping data for table `seo_metas`
--


--
-- Table structure for table `settings`
--

CREATE TABLE `settings` (
  `id` bigint unsigned NOT NULL AUTO_INCREMENT,
  `group` varchar(255) CHARACTER SET utf8mb4 COLLATE utf8mb4_unicode_ci NOT NULL DEFAULT 'general',
  `tab` varchar(255) CHARACTER SET utf8mb4 COLLATE utf8mb4_unicode_ci NOT NULL DEFAULT 'all',
  `slug` varchar(255) CHARACTER SET utf8mb4 COLLATE utf8mb4_unicode_ci NOT NULL,
  `name` varchar(255) CHARACTER SET utf8mb4 COLLATE utf8mb4_unicode_ci NOT NULL,
  `content` mediumtext CHARACTER SET utf8mb4 COLLATE utf8mb4_unicode_ci,
  `example` varchar(255) CHARACTER SET utf8mb4 COLLATE utf8mb4_unicode_ci DEFAULT NULL,
  `rule` varchar(255) CHARACTER SET utf8mb4 COLLATE utf8mb4_unicode_ci DEFAULT NULL,
  `type` varchar(255) CHARACTER SET utf8mb4 COLLATE utf8mb4_unicode_ci NOT NULL DEFAULT 'text_field',
  `is_publish` smallint NOT NULL DEFAULT '1',
  `is_activated` tinyint(1) NOT NULL DEFAULT '1',
  `is_deleted` tinyint(1) NOT NULL DEFAULT '0',
  `created_at` timestamp NULL DEFAULT NULL,
  `updated_at` timestamp NULL DEFAULT NULL,
  PRIMARY KEY (`id`)
) ENGINE=InnoDB AUTO_INCREMENT=14 DEFAULT CHARSET=utf8mb4 COLLATE=utf8mb4_unicode_ci;

--
-- Dumping data for table `settings`
--

INSERT INTO `settings` VALUES (1,'general','all','site_name','Site Name','Kimono',NULL,'required','text_field',1,1,0,'2022-11-17 02:40:28','2023-10-26 20:16:45'),(2,'general','all','system_name','System Name','Kimono',NULL,'required','text_field',1,1,0,'2022-11-17 02:40:28','2023-10-26 20:16:45'),(3,'general','all','system_email','System Email','duyliemapt@gmail.com',NULL,'required','text_field',1,1,0,'2022-11-17 02:40:28','2023-10-26 20:16:45'),(4,'general','all','admin_email','Admin Email','duyliemapt@gmail.com',NULL,'','text_field',1,1,0,'2022-11-17 02:40:28','2023-10-26 20:16:45'),(5,'general','all','support_email','Support Email','duyliemapt@gmail.com',NULL,'','text_field',1,1,0,'2022-11-17 02:40:28','2023-10-26 20:16:45'),(6,'general','all','phone_number','Phone Number','03423434343',NULL,'','text_field',1,1,0,'2022-11-17 02:40:28','2023-10-26 20:16:45'),(7,'general','all','company_name','Company','Kimono',NULL,'','text_field',1,1,0,'2022-11-17 02:40:28','2023-10-26 20:16:45'),(8,'general','all','company_address','Address','Tokyo',NULL,'','text_field',1,1,0,'2022-11-17 02:40:28','2023-10-26 20:16:45'),(9,'general','all','company_fax','FAX',NULL,NULL,'','text_field',1,1,0,'2022-11-17 02:40:28','2023-10-26 20:16:45'),(10,'general','all','company_hot_line','Hot Line',NULL,NULL,'','text_field',1,1,0,'2022-11-17 02:40:28','2023-10-26 20:16:45'),(11,'general','all','company_time','Works Time','平日 9：00～18：00',NULL,'','text_field',1,1,0,'2022-11-17 02:40:28','2023-10-26 20:16:45'),(12,'general','all','copy_right','Copyright','Copyright (C) Kimono CORPORATION. All Rights Reserved.',NULL,'','text_field',1,1,0,'2022-11-17 02:40:28','2023-10-26 20:16:45'),(13,'general','all','google_analytics','Google Analytics',NULL,NULL,'','text_area',1,1,0,'2022-11-17 02:40:28','2023-10-26 20:16:45');

--
-- Table structure for table `slider_details`
--

CREATE TABLE `slider_details` (
  `id` bigint unsigned NOT NULL AUTO_INCREMENT,
  `slider_id` int NOT NULL,
  `name` varchar(255) CHARACTER SET utf8mb4 COLLATE utf8mb4_unicode_ci NOT NULL,
  `title` varchar(255) CHARACTER SET utf8mb4 COLLATE utf8mb4_unicode_ci DEFAULT NULL,
  `image` varchar(255) CHARACTER SET utf8mb4 COLLATE utf8mb4_unicode_ci NOT NULL,
  `origin_image` varchar(255) CHARACTER SET utf8mb4 COLLATE utf8mb4_unicode_ci DEFAULT NULL,
  `sub_image` varchar(255) CHARACTER SET utf8mb4 COLLATE utf8mb4_unicode_ci DEFAULT NULL,
  `description` text CHARACTER SET utf8mb4 COLLATE utf8mb4_unicode_ci,
  `is_line` smallint NOT NULL DEFAULT '1',
  `width` double(8,2) DEFAULT NULL,
  `height` double(8,2) DEFAULT NULL,
  `link` varchar(255) CHARACTER SET utf8mb4 COLLATE utf8mb4_unicode_ci DEFAULT NULL,
  `type_link` smallint NOT NULL DEFAULT '0',
  `color` varchar(255) CHARACTER SET utf8mb4 COLLATE utf8mb4_unicode_ci DEFAULT NULL,
  `stroke` varchar(255) CHARACTER SET utf8mb4 COLLATE utf8mb4_unicode_ci DEFAULT NULL,
  `border` smallint NOT NULL DEFAULT '0',
  `overlay_color` varchar(255) CHARACTER SET utf8mb4 COLLATE utf8mb4_unicode_ci NOT NULL DEFAULT '#FFF',
  `overlay_size` smallint NOT NULL DEFAULT '0',
  `overlay_opacity` smallint NOT NULL DEFAULT '0',
  `is_blur` smallint NOT NULL DEFAULT '0',
  `is_shadow` smallint NOT NULL DEFAULT '0',
  `created_at` timestamp NULL DEFAULT NULL,
  `updated_at` timestamp NULL DEFAULT NULL,
  PRIMARY KEY (`id`)
) ENGINE=InnoDB AUTO_INCREMENT=340 DEFAULT CHARSET=utf8mb4 COLLATE=utf8mb4_unicode_ci;

--
-- Dumping data for table `slider_details`
--

INSERT INTO `slider_details` VALUES (1,1,'logo.png',NULL,'615976004f7a5cbf4ae87a360f4a399f.png',NULL,NULL,NULL,1,NULL,NULL,NULL,0,NULL,NULL,0,'#FFF',0,0,0,0,'2020-08-01 04:26:04','2020-08-01 04:26:04'),(2,1,'logo_2.png',NULL,'4b6bc19afc8a8888ecee4097cac33944.png',NULL,NULL,NULL,1,NULL,NULL,NULL,0,NULL,NULL,0,'#FFF',0,0,0,0,'2020-08-01 04:26:04','2020-08-01 04:26:04'),(7,2,'mobile-menu-icon-orange.png',NULL,'041590c462e6f310a1ad357bc0c91c51.png',NULL,NULL,NULL,1,NULL,NULL,NULL,0,NULL,NULL,0,'#FFF',0,0,0,0,'2020-08-01 04:36:26','2020-08-01 06:14:43'),(8,2,'Ta Van Tai.jpg',NULL,'a417ebabba4053a8309a0a2a82f2594f.jpg',NULL,NULL,NULL,1,NULL,NULL,NULL,0,NULL,NULL,0,'#FFF',0,0,0,0,'2020-08-01 04:36:26','2020-08-01 06:14:43'),(21,6,'1050021_1-2285.jpg',NULL,'f4451ba46f404958aa215af51c2d7b3c.jpg',NULL,NULL,NULL,1,NULL,NULL,NULL,0,NULL,NULL,0,'#FFF',0,0,0,0,'2020-08-01 10:05:14','2020-08-01 10:08:24'),(22,6,'i-img600x337-1537956577qsg5im2146.jpg',NULL,'335284887caaba514d9c92a5d3b48f7b.jpg',NULL,NULL,NULL,1,NULL,NULL,NULL,0,NULL,NULL,0,'#FFF',0,0,0,0,'2020-08-01 10:08:24','2020-08-01 10:08:24'),(23,6,'i-img600x337-1537956577vcbx4g2146.jpg',NULL,'973dc5f1ef98f36d4ce8bcb3ffc18435.jpg',NULL,NULL,NULL,1,NULL,NULL,NULL,0,NULL,NULL,0,'#FFF',0,0,0,0,'2020-08-01 10:08:24','2020-08-01 10:08:24'),(24,6,'i-img600x337-1537956577vtih802146.jpg',NULL,'a55b6dac2b37c0b4df5d0ea0882df60a.jpg',NULL,NULL,NULL,1,NULL,NULL,NULL,0,NULL,NULL,0,'#FFF',0,0,0,0,'2020-08-01 10:08:24','2020-08-01 10:08:24'),(25,7,'1882-SLKDNNRPLT-BKWH_5.jpg',NULL,'5de41b0568bd8427809c99bd655c1b17.jpg',NULL,NULL,NULL,1,NULL,NULL,NULL,0,NULL,NULL,0,'#FFF',0,0,0,0,'2020-08-01 10:25:26','2020-08-01 10:25:26'),(26,7,'1050021_1-2285.jpg',NULL,'c086ce169c62ab06157c3402183bded5.jpg',NULL,NULL,NULL,1,NULL,NULL,NULL,0,NULL,NULL,0,'#FFF',0,0,0,0,'2020-08-01 10:25:26','2020-08-01 10:25:26'),(27,8,'1882-SLKDNNRPLT-BKWH_1.jpg',NULL,'2cb5bdb2dabdf4dbc647400128b4ec53.jpg',NULL,NULL,'111111111111',1,NULL,NULL,NULL,0,NULL,NULL,0,'#FFF',0,0,0,0,'2020-08-01 10:27:39','2020-08-01 10:40:58'),(28,8,'1882-SLKDNNRPLT-BKWH_4.jpg',NULL,'30985d50a9ee5017f5b394e4e78cc57a.jpg',NULL,NULL,'00000',1,NULL,NULL,NULL,0,NULL,NULL,0,'#FFF',0,0,0,0,'2020-08-01 10:27:39','2020-08-01 10:40:58'),(29,8,'978-3-8365-4425-2_1-1.jpg',NULL,'20a0ce65bb6c42e3372ebb567c7b3d8f.jpg',NULL,NULL,'2323',1,NULL,NULL,NULL,0,NULL,NULL,0,'#FFF',0,0,0,0,'2020-08-01 10:33:34','2020-08-01 10:40:58'),(30,8,'1882-MAXSMLBWL-WH_1-600x600.jpg',NULL,'79a9a443f94297d1a67c1de80795554b.jpg',NULL,NULL,NULL,1,NULL,NULL,NULL,0,NULL,NULL,0,'#FFF',0,0,0,0,'2020-08-01 10:33:34','2020-08-01 10:40:58'),(31,8,'i-img600x337-1537956577djaytj2146.jpg',NULL,'782fdb526a0cf8aca680073135bd696d.jpg',NULL,NULL,'0900',1,NULL,NULL,NULL,0,NULL,NULL,0,'#FFF',0,0,0,0,'2020-08-01 10:35:52','2020-08-01 10:40:58'),(32,8,'i-img600x337-1537956577qsg5im2146.jpg',NULL,'7cc271076606c0e264151ddabc30cc97.jpg',NULL,NULL,'76676',1,NULL,NULL,NULL,0,NULL,NULL,0,'#FFF',0,0,0,0,'2020-08-01 10:35:52','2020-08-01 10:40:58'),(33,8,'1050021_1-2285.jpg',NULL,'cf3f89cbf57d58a2e8dec272601a0645.jpg',NULL,NULL,NULL,1,NULL,NULL,NULL,0,NULL,NULL,0,'#FFF',0,0,0,0,'2020-08-01 10:37:21','2020-08-01 10:40:58'),(34,8,'i-img600x350-1538027496mmwdwk16853.jpg',NULL,'431d5b21d8df1209066bce9e90d49194.jpg',NULL,NULL,NULL,1,NULL,NULL,NULL,0,NULL,NULL,0,'#FFF',0,0,0,0,'2020-08-01 10:40:07','2020-08-01 10:40:58'),(35,8,'i-img600x556-15380274967wylym16853.jpg',NULL,'60735bac0851ae1ebfd61090702147b3.jpg',NULL,NULL,'5555555555555',1,NULL,NULL,NULL,0,NULL,NULL,0,'#FFF',0,0,0,0,'2020-08-01 10:40:20','2020-08-01 10:40:58'),(36,8,'i-img600x337-15379565776ysgge2146.jpg',NULL,'fcc5ca0ff44a01a4566c89cb5bd813e6.jpg',NULL,NULL,NULL,1,NULL,NULL,NULL,0,NULL,NULL,0,'#FFF',0,0,0,0,'2020-08-01 10:40:58','2020-08-01 10:40:58'),(37,8,'i-img600x342-1538027496nxjxw416853.jpg',NULL,'0b90fe382a58fac81c924d7cde2a4367.jpg',NULL,NULL,NULL,1,NULL,NULL,NULL,0,NULL,NULL,0,'#FFF',0,0,0,0,'2020-08-01 10:40:58','2020-08-01 10:40:58'),(38,8,'i-img600x350-1537584246x2ocbd24272.jpg',NULL,'cce3c07eff12ae0ab9d10d11a80b8590.jpg',NULL,NULL,NULL,1,NULL,NULL,NULL,0,NULL,NULL,0,'#FFF',0,0,0,0,'2020-08-01 10:40:58','2020-08-01 10:40:58'),(39,8,'i-img600x350-1538027496mmwdwk16853.jpg',NULL,'617ef59a86b277bb67d73b858164e7a7.jpg',NULL,NULL,NULL,1,NULL,NULL,NULL,0,NULL,NULL,0,'#FFF',0,0,0,0,'2020-08-01 10:40:58','2020-08-01 10:40:58'),(40,8,'i-img600x354-1538027496qefax616853.jpg',NULL,'94dd570536357ac68042ae63f16a21ea.jpg',NULL,NULL,NULL,1,NULL,NULL,NULL,0,NULL,NULL,0,'#FFF',0,0,0,0,'2020-08-01 10:40:58','2020-08-01 10:40:58'),(41,9,'i-img600x291-1538027496xkb6wq16853.jpg',NULL,'48400448c5b81ee2488aef5e48f2f190.jpg',NULL,NULL,NULL,1,NULL,NULL,NULL,0,NULL,NULL,0,'#FFF',0,0,0,0,'2020-08-01 10:43:23','2020-08-01 10:43:39'),(42,9,'i-img600x337-1537956577djaytj2146.jpg',NULL,'f9e1d5e780879acbee9f10e0d7b2db90.jpg',NULL,NULL,NULL,1,NULL,NULL,NULL,0,NULL,NULL,0,'#FFF',0,0,0,0,'2020-08-01 10:43:23','2020-08-01 10:43:39'),(43,9,'i-img600x337-1537956577qsg5im2146.jpg',NULL,'20a92dad12795c71af5c58849c2e4692.jpg',NULL,NULL,NULL,1,NULL,NULL,NULL,0,NULL,NULL,0,'#FFF',0,0,0,0,'2020-08-01 10:43:23','2020-08-01 10:43:39'),(44,9,'i-img600x337-1537956577vcbx4g2146.jpg',NULL,'2ea74c3354c55e9bfe52206d5c0a5076.jpg',NULL,NULL,NULL,1,NULL,NULL,NULL,0,NULL,NULL,0,'#FFF',0,0,0,0,'2020-08-01 10:43:23','2020-08-01 10:43:39'),(50,11,'img_mv_slide01.jpg',NULL,'864c93aa242dfdba1973e38f45d38cfb.jpg',NULL,NULL,NULL,1,NULL,NULL,NULL,0,NULL,NULL,0,'#FFF',0,0,0,0,'2020-08-02 19:46:06','2020-08-03 01:37:33'),(51,11,'img_mv_slide02.jpg',NULL,'ea03055aec540bd59a5417f0dab1f81e.jpg',NULL,NULL,NULL,1,NULL,NULL,NULL,0,NULL,NULL,0,'#FFF',0,0,0,0,'2020-08-02 19:46:06','2020-08-03 01:37:33'),(52,11,'img_mv_slide03.jpg',NULL,'52f30690d39652d5b851096b4476c3b3.jpg',NULL,NULL,NULL,1,NULL,NULL,NULL,0,NULL,NULL,0,'#FFF',0,0,0,0,'2020-08-02 19:46:06','2020-08-03 01:37:33'),(53,12,'300x190_ea1e9d427fb5664c32c517a73e421e58_8f263239d32c3bca693fc65e57a834fe4ab3fb57.jpg',NULL,'582175d957d3dfb5d42d8452251ca562.jpg',NULL,NULL,NULL,1,NULL,NULL,NULL,0,NULL,NULL,0,'#FFF',0,0,0,0,'2020-08-02 22:11:05','2020-08-03 01:34:31'),(54,12,'300x190_ea1e9d427fb5664c32c517a73e421e58_668b31e234e499608fbe1e93091fcb7a92ca6910.jpg',NULL,'9ea61977b7dd3cdff5242e09144c6f36.jpg',NULL,NULL,NULL,1,NULL,NULL,NULL,0,NULL,NULL,0,'#FFF',0,0,0,0,'2020-08-02 22:11:05','2020-08-03 01:34:31'),(55,12,'300x190_ea1e9d427fb5664c32c517a73e421e58_b0b5d085edcb8dc43988db4e3019a4d6390d2d10.jpg',NULL,'beb231c417bb3ea9f125560322c74c51.jpg',NULL,NULL,NULL,1,NULL,NULL,NULL,0,NULL,NULL,0,'#FFF',0,0,0,0,'2020-08-02 22:11:05','2020-08-03 01:34:31'),(56,13,'marius-muresan-M5l-xJeD1ZM-unsplash.jpg',NULL,'5f911a3988583edef356618ac3d3390c.jpg',NULL,NULL,NULL,1,NULL,NULL,NULL,0,NULL,NULL,0,'#FFF',0,0,0,0,'2020-08-05 02:45:43','2020-08-05 02:46:15'),(57,13,'niko-photos-tGTVxeOr_Rs-unsplash.jpg',NULL,'19e880c83e360d1745518e13adf4b1e2.jpg',NULL,NULL,NULL,1,NULL,NULL,NULL,0,NULL,NULL,0,'#FFF',0,0,0,0,'2020-08-05 02:45:43','2020-08-05 02:46:15'),(194,14,'e7158f25202a8dbd43ae3a52c8ba39af.jpg','日向 文月','e7158f25202a8dbd43ae3a52c8ba39af.jpg','e7158f25202a8dbd43ae3a52c8ba39af.jpg',NULL,'日向 文月先生は三軒茶屋カード占いア',1,NULL,NULL,'/fortune-teller/detail/sanchauranaicom-hinatafutsuki',1,'#FFF','#FFF',0,'#FFF',0,0,0,0,'2021-05-28 09:02:29','2021-05-28 09:02:29'),(195,14,'f0028383606de5cf94bd7b02f5ba0021.jpg','稀月','f0028383606de5cf94bd7b02f5ba0021.jpg','f0028383606de5cf94bd7b02f5ba0021.jpg',NULL,'稀月先生は三軒茶屋カード占いアト',1,NULL,NULL,'/fortune-teller/detail/sanchauranaicom-kiduki',1,'#FFF','#FFF',0,'#FFF',0,0,0,0,'2021-05-28 09:02:29','2021-05-28 09:02:29'),(196,14,'115a1cfef508e96a12234f18b09ae39f.jpg','Luna','115a1cfef508e96a12234f18b09ae39f.jpg','115a1cfef508e96a12234f18b09ae39f.jpg',NULL,'Luna先生は三軒茶屋カード占いア',1,NULL,NULL,'/fortune-teller/detail/sanchauranaicom-luna',1,'#FFF','#FFF',0,'#FFF',0,0,0,0,'2021-05-28 09:02:29','2021-05-28 09:02:29'),(197,14,'a44e523c2bf2fc5683559b565f43a75b.jpg','青蓮華 久恩','a44e523c2bf2fc5683559b565f43a75b.jpg','a44e523c2bf2fc5683559b565f43a75b.jpg',NULL,'青蓮華 久恩先生は三軒茶屋カード占い',1,NULL,NULL,'/fortune-teller/detail/sanchauranaicom-syorengekuon',1,'#FFF','#FFF',0,'#FFF',0,0,0,0,'2021-05-28 09:02:29','2021-05-28 09:02:29'),(198,14,'783982dff39a786ae094bdeae54485e6.jpg','ステラマリス・アドリアーナ','783982dff39a786ae094bdeae54485e6.jpg','783982dff39a786ae094bdeae54485e6.jpg',NULL,'ステラマリス・アドリアーナ先生は三軒茶屋カード占いアトリエに所属する当たると人気のオススメ占い師です。',1,NULL,NULL,'/fortune-teller/detail/sanchauranaicom-stellamarisadriana',1,'#FFF','#FFF',0,'#FFF',0,0,0,0,'2021-05-28 09:02:29','2021-05-28 09:02:29'),(199,14,'d74166acaf08dfe7b8be55a324c9dd5b.jpg','瑞鳳','d74166acaf08dfe7b8be55a324c9dd5b.jpg','d74166acaf08dfe7b8be55a324c9dd5b.jpg',NULL,'瑞鳳先生はナチュラルプラネット 下北沢店に所属する当たると人気のオススメ占い師です。守護霊様などからメッセージや神仏と一体化す',1,NULL,NULL,'/fortune-teller/detail/naturalplanetjp-zuiho',1,'#FFF','#FFF',0,'#FFF',0,0,0,0,'2021-05-28 09:02:29','2021-05-28 09:02:29'),(200,14,'80bf1034904d1a4baab68c533c772818.jpg','翔哉','80bf1034904d1a4baab68c533c772818.jpg','80bf1034904d1a4baab68c533c772818.jpg',NULL,'翔哉先生はナチュラルプラネット',1,NULL,NULL,'/fortune-teller/detail/naturalplanetjp-syoya',1,'#FFF','#FFF',0,'#FFF',0,0,0,0,'2021-05-28 09:02:29','2021-05-28 09:02:29'),(201,14,'f51c3169b76307d0b64f442b1d118fad.jpg','鄭東秀','f51c3169b76307d0b64f442b1d118fad.jpg','f51c3169b76307d0b64f442b1d118fad.jpg',NULL,'鄭東秀（チョン・ドンス）先',1,NULL,NULL,'/fortune-teller/detail/kankokuuranai-ryumon',1,'#FFF','#FFF',0,'#FFF',0,0,0,0,'2021-05-28 09:02:29','2021-05-28 09:02:29'),(202,14,'623f0366fc1cec24017921ec8d43d9d3.jpg','gaiko','623f0366fc1cec24017921ec8d43d9d3.jpg','623f0366fc1cec24017921ec8d43d9d3.jpg',NULL,'gaiko（ガイコ）先生は、開運館',1,NULL,NULL,'/fortune-teller/detail/tokorozawa-seibu-fortune-gaiko',1,'#FFF','#FFF',0,'#FFF',0,0,0,0,'2021-05-28 09:02:29','2021-05-28 09:02:29'),(256,15,'aa0427a321bdd5652726341f98c63fe2.jpg','ローズマミー☆ 占い師','aa0427a321bdd5652726341f98c63fe2.jpg','aa0427a321bdd5652726341f98c63fe2.jpg',NULL,NULL,0,NULL,NULL,'/fortune-teller/detail/seikinkaijimdofreecom-rosemammy',1,'#FFF','#FFF',0,'#0E1C85',0,30,0,0,'2021-05-29 10:13:06','2021-05-29 10:13:06'),(257,15,'0133433456402e24d5d2270fd6b0e2f0.jpg','龍未莉奈 占い師','0133433456402e24d5d2270fd6b0e2f0.jpg','0133433456402e24d5d2270fd6b0e2f0.jpg',NULL,NULL,0,NULL,NULL,'/fortune-teller/detail/seikinkaijimdofreecom-ryuumirina',1,'#FFF','#FFF',0,'#0E1C85',0,30,0,0,'2021-05-29 10:13:07','2021-05-29 10:13:07'),(258,15,'72c1306871627423e4bbc0599e7c17f3.jpg','麻木理鶴 占い師','72c1306871627423e4bbc0599e7c17f3.jpg','72c1306871627423e4bbc0599e7c17f3.jpg',NULL,NULL,0,NULL,NULL,'/fortune-teller/detail/seikinkaijimdofreecom-asakiritsu',1,'#FFF','#FFF',0,'#0E1C85',0,30,0,0,'2021-05-29 10:13:07','2021-05-29 10:13:07'),(259,15,'69cf5a6cb2690d005295b1ede30450a5.jpg','サティナ 占い師','69cf5a6cb2690d005295b1ede30450a5.jpg','69cf5a6cb2690d005295b1ede30450a5.jpg',NULL,NULL,0,NULL,NULL,'/fortune-teller/detail/naturalplanetjp-kawasaki-satyna',1,'#FFF','#FFF',0,'#0E1C85',0,30,0,0,'2021-05-29 10:13:07','2021-05-29 10:13:07'),(260,15,'2dbe873ac903e487a64eb8b108bcf65a.jpg','マリエル 占い師','2dbe873ac903e487a64eb8b108bcf65a.jpg','2dbe873ac903e487a64eb8b108bcf65a.jpg',NULL,NULL,0,NULL,NULL,'/fortune-teller/detail/naturalplanetjp-kawasaki-marieru',1,'#FFF','#FFF',0,'#0E1C85',0,30,0,0,'2021-05-29 10:13:08','2021-05-29 10:13:08'),(261,15,'296ee8a27fde50a29fd14343595cf2d4.jpg','ゆぴてる 占い師','296ee8a27fde50a29fd14343595cf2d4.jpg','296ee8a27fde50a29fd14343595cf2d4.jpg',NULL,NULL,0,NULL,NULL,'/fortune-teller/detail/naturalplanetjp-kawasaki-yupiteru',1,'#FFF','#FFF',0,'#0E1C85',0,30,0,0,'2021-05-29 10:13:09','2021-05-29 10:13:09'),(262,15,'c1268d7706cab0378125aea09eb7db62.jpg','月の仙女 占い師','c1268d7706cab0378125aea09eb7db62.jpg','c1268d7706cab0378125aea09eb7db62.jpg',NULL,NULL,0,NULL,NULL,'/fortune-teller/detail/kissyou-tennyocom-tsukinosennyo',1,'#FFF','#FFF',0,'#0E1C85',0,30,0,0,'2021-05-29 10:13:09','2021-05-29 10:13:09'),(263,15,'663a6b1da33efa8c163dd980fa21400a.jpg','吉田 十薬 占い師','663a6b1da33efa8c163dd980fa21400a.jpg','663a6b1da33efa8c163dd980fa21400a.jpg',NULL,NULL,0,NULL,NULL,'/fortune-teller/detail/kissyou-tennyocom-yoshidajuuyaku',1,'#FFF','#FFF',0,'#0E1C85',0,30,0,0,'2021-05-29 10:13:09','2021-05-29 10:13:09'),(264,15,'740ac9686b9c490d85badc1689176685.jpg','紅 秘女 占い師','740ac9686b9c490d85badc1689176685.jpg','740ac9686b9c490d85badc1689176685.jpg',NULL,NULL,0,NULL,NULL,'/fortune-teller/detail/kissyou-tennyocom-kurenaihime',1,'#FFF','#FFF',0,'#0E1C85',0,30,0,0,'2021-05-29 10:13:09','2021-05-29 10:13:09'),(265,15,'6dcf635c92958773d3994eef103ca2ad.jpg','かのん 占い師','6dcf635c92958773d3994eef103ca2ad.jpg','6dcf635c92958773d3994eef103ca2ad.jpg',NULL,NULL,0,NULL,NULL,'/fortune-teller/detail/kissyou-tennyocom-kanon',1,'#FFF','#FFF',0,'#0E1C85',0,30,0,0,'2021-05-29 10:13:09','2021-05-29 10:13:09'),(266,15,'91be0f01f5e581fb5cada9c618de073e.jpg','まじゅ 占い師','91be0f01f5e581fb5cada9c618de073e.jpg','91be0f01f5e581fb5cada9c618de073e.jpg',NULL,NULL,0,NULL,NULL,'/fortune-teller/detail/kissyou-tennyocom-maju',1,'#FFF','#FFF',0,'#0E1C85',0,30,0,0,'2021-05-29 10:13:09','2021-05-29 10:13:09'),(267,15,'9c1d1038efab81e56c69ff877c2ae67e.jpg','絵理 占い師','9c1d1038efab81e56c69ff877c2ae67e.jpg','9c1d1038efab81e56c69ff877c2ae67e.jpg',NULL,NULL,0,NULL,NULL,'/fortune-teller/detail/kissyou-tennyocom-eri',1,'#FFF','#FFF',0,'#0E1C85',0,30,0,0,'2021-05-29 10:13:09','2021-05-29 10:13:09'),(268,15,'99980d0fd5b1aaf36c75b09a2d49d0e9.jpg','咲豊香 占い師','99980d0fd5b1aaf36c75b09a2d49d0e9.jpg','99980d0fd5b1aaf36c75b09a2d49d0e9.jpg',NULL,NULL,0,NULL,NULL,'/fortune-teller/detail/kissyou-tennyocom-satoko',1,'#FFF','#FFF',0,'#0E1C85',0,30,0,0,'2021-05-29 10:13:09','2021-05-29 10:13:09'),(269,15,'fb1ada4906056c429c53e6ac9e709c1f.jpg','水月 杏 占い師','fb1ada4906056c429c53e6ac9e709c1f.jpg','fb1ada4906056c429c53e6ac9e709c1f.jpg',NULL,NULL,0,NULL,NULL,'/fortune-teller/detail/kissyou-tennyocom-mizukian',1,'#FFF','#FFF',0,'#0E1C85',0,30,0,0,'2021-05-29 10:13:09','2021-05-29 10:13:09'),(270,15,'fb6a256d6f97f968943aed89eb2357d8.jpg','龍 珠玉 占い師','fb6a256d6f97f968943aed89eb2357d8.jpg','fb6a256d6f97f968943aed89eb2357d8.jpg',NULL,NULL,0,NULL,NULL,'/fortune-teller/detail/kissyou-tennyocom-ryuusyugyoku',1,'#FFF','#FFF',0,'#0E1C85',0,30,0,0,'2021-05-29 10:13:09','2021-05-29 10:13:09'),(331,10,'dil-3n5CXzUbKFs-unsplash 1.jpg','Collection','3522f07347f9b03f708f517e61e2ac3a.jpg','3522f07347f9b03f708f517e61e2ac3a.jpg',NULL,'新宿の当たる占い師特集',1,NULL,NULL,'https://uramori.jp/note/article/15-recommended-shibuya-palmistry-fortune-teller',0,'#FFF',NULL,8,'#FFFFFF',76,25,1,0,'2021-06-25 01:38:31','2021-06-25 01:38:31'),(332,10,'yu-kato-9PJ6Cmi - j4-unsplash 1.jpg','Collection','d7dbf3076308b05f8bb0286556d861f5.jpg','d7dbf3076308b05f8bb0286556d861f5.jpg',NULL,'横浜中華街の当たる占い師特集！',1,NULL,NULL,NULL,0,'#FFF',NULL,8,'#C62525',78,30,1,0,'2021-06-25 01:38:32','2021-06-25 01:38:32'),(333,10,'viva-luna-studios-GLsAydqqgzs-unsplash 1.jpg','Collection','3c745450eafdab8f42cdb159441e44ae.jpg','3c745450eafdab8f42cdb159441e44ae.jpg',NULL,'【当たる】タロット占い 特集',1,NULL,NULL,NULL,0,'#FFF',NULL,8,'#A1A5C8',76,30,1,0,'2021-06-25 01:38:32','2021-06-25 01:38:32'),(334,10,'martijn-baudoin-e8-tEAIZh2U-unsplash 1.jpg','Collection','53a2272e4f90aced5ac0a0d0dc14f444.jpg','53a2272e4f90aced5ac0a0d0dc14f444.jpg',NULL,'渋谷の当たる占い師特集',1,NULL,NULL,NULL,0,'#FFF',NULL,8,'#0E1C85',0,30,1,0,'2021-06-25 01:38:33','2021-06-25 01:38:33'),(335,10,'louie-martinez-IocJwyqRv3M-unsplash 1.jpg','Collection','526a274c94f6c625ff7d1d71a0336508.jpg','526a274c94f6c625ff7d1d71a0336508.jpg',NULL,'東京の当たる占い師特集',1,NULL,NULL,NULL,0,'#FFF',NULL,0,'#0E1C85',0,30,0,1,'2021-06-25 01:38:33','2021-06-25 01:38:33'),(336,16,'no-image.png','no-image.png','232feebcff6c382af631c205d7ac6ac4.png','232feebcff6c382af631c205d7ac6ac4.png',NULL,NULL,0,NULL,NULL,NULL,0,'#FFF','#FFF',0,'#0E1C85',0,30,0,0,'2021-07-05 07:25:40','2021-07-05 07:25:40'),(337,17,'no-image (1).png','no-image (1).png','c69d26c8d2bf66b75b748592508bd78e.png','c69d26c8d2bf66b75b748592508bd78e.png',NULL,NULL,0,NULL,NULL,NULL,0,'#FFF','#FFF',0,'#0E1C85',0,30,0,0,'2021-07-05 07:26:14','2021-07-05 07:26:14'),(338,17,'no-image (2).png','no-image (2).png','3894d30a04c82074ee4be40b2e5dde4c.png','3894d30a04c82074ee4be40b2e5dde4c.png',NULL,NULL,0,NULL,NULL,NULL,0,'#FFF','#FFF',0,'#0E1C85',0,30,0,0,'2021-07-05 07:26:14','2021-07-05 07:26:14'),(339,17,'no-image (3).png','no-image (3).png','b1215ab2ef521dc968c0cadc89383f39.png','b1215ab2ef521dc968c0cadc89383f39.png',NULL,NULL,0,NULL,NULL,NULL,0,'#FFF','#FFF',0,'#0E1C85',0,30,0,0,'2021-07-05 07:26:14','2021-07-05 07:26:14');

--
-- Table structure for table `sliders`
--

CREATE TABLE `sliders` (
  `id` bigint unsigned NOT NULL AUTO_INCREMENT,
  `name` varchar(255) CHARACTER SET utf8mb4 COLLATE utf8mb4_unicode_ci NOT NULL,
  `image` varchar(255) CHARACTER SET utf8mb4 COLLATE utf8mb4_unicode_ci DEFAULT NULL,
  `description` mediumtext CHARACTER SET utf8mb4 COLLATE utf8mb4_unicode_ci,
  `url` varchar(255) CHARACTER SET utf8mb4 COLLATE utf8mb4_unicode_ci DEFAULT NULL,
  `is_internal_url` smallint NOT NULL DEFAULT '1',
  `position` smallint NOT NULL DEFAULT '0',
  `group` smallint NOT NULL DEFAULT '0',
  `is_activated` smallint NOT NULL DEFAULT '1',
  `is_deleted` smallint NOT NULL DEFAULT '0',
  `created_at` timestamp NULL DEFAULT NULL,
  `updated_at` timestamp NULL DEFAULT NULL,
  PRIMARY KEY (`id`)
) ENGINE=InnoDB AUTO_INCREMENT=27 DEFAULT CHARSET=utf8mb4 COLLATE=utf8mb4_unicode_ci;

--
-- Dumping data for table `sliders`
--

INSERT INTO `sliders` VALUES (1,'Slider Image 1','093c6970e0eaae63962edfea86a0cb06.jpg',NULL,'',1,1,0,1,0,'2023-04-09 10:46:17','2024-02-05 13:51:56'),(2,'Slider Image 2','b5061e48a389f90ffbae44c5defdb898.jpg',NULL,'',1,2,0,1,0,'2023-04-09 10:46:38','2024-02-05 13:52:14'),(3,'Slider Image 3','62fe8acf036b064a719083c2405c9bf7.jpg',NULL,'',1,3,0,1,0,'2023-04-09 10:46:55','2024-02-05 13:52:20'),(4,'Slider Image 4','1fdf387fffa12f9d5d1df1fea5044c2b.png',NULL,'',1,4,0,1,1,'2023-04-09 11:15:54','2024-02-05 13:46:55'),(5,'444','ab170b47e717c3ebad30234ede8127a8.png',NULL,'/search/category/4',1,5,0,1,1,'2023-04-09 11:16:14','2023-07-20 11:29:11'),(6,'334','e912cb34691f20360560faffd489b41e.png',NULL,'/search/category/4',1,6,0,1,1,'2023-04-09 11:16:30','2023-07-20 11:29:15'),(7,'88','cf8e7a76a719f54ff4bd079971432608.png',NULL,'https://stackoverflow.com/questions/2790899/how-to-check-if-a-string-starts-with-a-specified-string',0,7,0,1,1,'2023-04-09 11:16:52','2023-04-09 11:18:49'),(8,'343','fc1db531184ea9636e65f0166037f8fa.png',NULL,'/454545',1,8,0,0,1,'2023-04-09 11:20:59','2023-04-09 11:21:13'),(9,'6666 33','5ccd4c32692002c78a2fdf936bc1476f.png',NULL,'',1,9,0,1,1,'2023-04-10 13:32:44','2023-04-10 13:41:48'),(10,'Slider Image 5','5b4a2324108b4d8b95d8f2a8037f1612.png',NULL,'',1,10,0,1,1,'2023-11-23 12:30:31','2024-02-05 13:46:55'),(11,'Slider Image 6','c0059cf915795e28f0f954698e4f6c20.png',NULL,'',1,11,0,1,1,'2023-11-23 12:30:42','2024-02-05 13:46:55'),(12,'Top Banner 1','d0a4a75daefb515bcd15f59f044a20ee.png',NULL,'',1,12,1,1,0,'2023-11-25 22:43:07','2023-12-13 18:33:04'),(13,'Top Banner 2','7878f3648fe2bad5feb95466fadbdf2e.png',NULL,'',1,13,1,1,0,'2023-11-25 22:50:22','2023-12-13 18:33:50'),(14,'Top Banner 3','f231368208104d6cbe58c96bf0dc875c.png',NULL,'',1,14,1,1,0,'2023-11-25 22:50:36','2023-12-13 18:36:16'),(15,'Top Banner 4','8a8eb4bad1b213c71198b55285f788fc.png',NULL,'',1,15,1,1,0,'2023-11-25 22:50:49','2023-12-13 18:36:23'),(16,'Top Banner 5','dba631165c65fcefaa493b21db7240e5.png',NULL,'',1,16,1,1,0,'2023-11-25 22:51:03','2023-12-13 18:36:30'),(17,'Top Banner 6','4577dc65c55c25347d9697000aa05f18.png','ＰＲ','',1,17,1,1,0,'2023-11-25 22:51:44','2023-12-13 18:36:39'),(18,'Bottom Image 1','562d26818bb70dab512c9f89f8ffa5f4.png',NULL,'',1,18,2,1,0,'2023-11-26 01:13:14','2023-12-13 18:36:45'),(19,'Bottom Image 2','e4d79328c081d14e73594f205d038ffe.png',NULL,'',1,19,2,1,0,'2023-11-26 01:13:31','2023-12-13 18:37:00'),(20,'Bottom Image 3','adfa9ace9ffa6e40555ae4e3ca7381df.png',NULL,'',1,20,2,1,0,'2023-11-26 01:13:47','2023-12-13 18:37:07'),(21,'Left Image 1','c64aa6b9cceda89fc4e434e512f780dc.png',NULL,'',1,21,3,1,0,'2023-11-26 01:28:07','2023-12-13 18:40:10'),(22,'Left Image 2','cd24bf6973f098be6279daab5af33bff.png',NULL,'',1,22,3,1,0,'2023-11-26 01:28:28','2023-12-13 18:40:19'),(23,'Left Image 3','298fcac129302e8822d1a5ef6339fa19.png',NULL,'',1,23,3,1,0,'2023-11-26 01:28:48','2023-12-13 18:40:25'),(24,'Left Image 4','496f1537e8629821f86bcb4ceb009340.png',NULL,'',1,24,3,1,0,'2023-11-26 01:29:10','2023-12-13 18:40:33'),(25,'Left Image 5','59bd2deb69006c83fd81819ea4a4ca12.jpg',NULL,'',1,25,0,1,1,'2023-11-26 01:29:27','2023-11-26 01:33:39'),(26,'Left Image 5','f6b010a1ed4f2cfe2986f27a7315f508.png',NULL,'',1,26,3,1,0,'2023-11-26 01:30:02','2023-12-13 18:40:40');

--
-- Table structure for table `topic_keywords`
--

CREATE TABLE `topic_keywords` (
  `id` bigint unsigned NOT NULL AUTO_INCREMENT,
  `topic_id` int NOT NULL,
  `keyword_id` int NOT NULL,
  `created_at` timestamp NULL DEFAULT NULL,
  `updated_at` timestamp NULL DEFAULT NULL,
  PRIMARY KEY (`id`)
) ENGINE=InnoDB DEFAULT CHARSET=utf8mb4 COLLATE=utf8mb4_unicode_ci;

--
-- Dumping data for table `topic_keywords`
--


--
-- Table structure for table `topics`
--

CREATE TABLE `topics` (
  `id` bigint unsigned NOT NULL AUTO_INCREMENT,
  `code` varchar(255) CHARACTER SET utf8mb4 COLLATE utf8mb4_unicode_ci NOT NULL,
  `title` varchar(255) CHARACTER SET utf8mb4 COLLATE utf8mb4_unicode_ci NOT NULL,
  `thumbnail` varchar(255) CHARACTER SET utf8mb4 COLLATE utf8mb4_unicode_ci DEFAULT NULL,
  `author` varchar(255) CHARACTER SET utf8mb4 COLLATE utf8mb4_unicode_ci DEFAULT NULL,
  `rank_id` int DEFAULT NULL,
  `category_id` int DEFAULT NULL,
  `total_comment` int NOT NULL DEFAULT '0',
  `number_of_views` int NOT NULL DEFAULT '0',
  `seo_robots` varchar(255) CHARACTER SET utf8mb4 COLLATE utf8mb4_unicode_ci DEFAULT NULL,
  `seo_title` varchar(255) CHARACTER SET utf8mb4 COLLATE utf8mb4_unicode_ci DEFAULT NULL,
  `seo_description` text CHARACTER SET utf8mb4 COLLATE utf8mb4_unicode_ci,
  `seo_keywords` text CHARACTER SET utf8mb4 COLLATE utf8mb4_unicode_ci,
  `is_allow_comment` smallint NOT NULL DEFAULT '1',
  `is_activated` smallint NOT NULL DEFAULT '1',
  `is_deleted` smallint NOT NULL DEFAULT '0',
  `created_at` timestamp NULL DEFAULT NULL,
  `updated_at` timestamp NULL DEFAULT NULL,
  PRIMARY KEY (`id`)
) ENGINE=InnoDB DEFAULT CHARSET=utf8mb4 COLLATE=utf8mb4_unicode_ci;

--
-- Dumping data for table `topics`
--


--
-- Table structure for table `user_wishlists`
--

CREATE TABLE `user_wishlists` (
  `id` bigint unsigned NOT NULL AUTO_INCREMENT,
  `user_id` bigint unsigned DEFAULT NULL,
  `product_id` bigint unsigned DEFAULT NULL,
  `created_at` timestamp NULL DEFAULT NULL,
  `updated_at` timestamp NULL DEFAULT NULL,
  PRIMARY KEY (`id`)
) ENGINE=InnoDB AUTO_INCREMENT=11 DEFAULT CHARSET=utf8mb4 COLLATE=utf8mb4_unicode_ci;

--
-- Dumping data for table `user_wishlists`
--

INSERT INTO `user_wishlists` VALUES (9,1,102,'2024-03-03 09:31:16','2024-03-03 09:31:16'),(10,1,103,'2024-03-03 10:23:53','2024-03-03 10:23:53');

--
-- Table structure for table `users`
--

CREATE TABLE `users` (
  `id` bigint unsigned NOT NULL AUTO_INCREMENT,
  `name` varchar(255) CHARACTER SET utf8mb4 COLLATE utf8mb4_unicode_ci NOT NULL,
  `full_name` varchar(255) CHARACTER SET utf8mb4 COLLATE utf8mb4_unicode_ci DEFAULT NULL,
  `furigana_name` varchar(255) CHARACTER SET utf8mb4 COLLATE utf8mb4_unicode_ci DEFAULT NULL,
  `furigana_last_name` varchar(255) CHARACTER SET utf8mb4 COLLATE utf8mb4_unicode_ci DEFAULT NULL,
  `furigana_first_name` varchar(255) CHARACTER SET utf8mb4 COLLATE utf8mb4_unicode_ci DEFAULT NULL,
  `last_name` varchar(255) CHARACTER SET utf8mb4 COLLATE utf8mb4_unicode_ci DEFAULT NULL,
  `first_name` varchar(255) CHARACTER SET utf8mb4 COLLATE utf8mb4_unicode_ci DEFAULT NULL,
  `username` varchar(255) CHARACTER SET utf8mb4 COLLATE utf8mb4_unicode_ci DEFAULT NULL,
  `email` varchar(255) CHARACTER SET utf8mb4 COLLATE utf8mb4_unicode_ci NOT NULL,
  `email2` varchar(255) CHARACTER SET utf8mb4 COLLATE utf8mb4_unicode_ci DEFAULT NULL,
  `email_verified_at` timestamp NULL DEFAULT NULL,
  `email_subscribe` smallint DEFAULT NULL,
  `email_format` smallint DEFAULT NULL,
  `password` varchar(255) CHARACTER SET utf8mb4 COLLATE utf8mb4_unicode_ci NOT NULL,
  `remember_token` varchar(100) CHARACTER SET utf8mb4 COLLATE utf8mb4_unicode_ci DEFAULT NULL,
  `avatar` varchar(255) CHARACTER SET utf8mb4 COLLATE utf8mb4_unicode_ci DEFAULT NULL,
  `gender` int NOT NULL DEFAULT '1',
  `career` varchar(255) CHARACTER SET utf8mb4 COLLATE utf8mb4_unicode_ci DEFAULT NULL,
  `date_of_birth` date DEFAULT NULL,
  `age` varchar(255) CHARACTER SET utf8mb4 COLLATE utf8mb4_unicode_ci NOT NULL DEFAULT '1',
  `post_code` varchar(255) CHARACTER SET utf8mb4 COLLATE utf8mb4_unicode_ci DEFAULT NULL,
  `district` varchar(255) CHARACTER SET utf8mb4 COLLATE utf8mb4_unicode_ci DEFAULT NULL,
  `city` varchar(255) CHARACTER SET utf8mb4 COLLATE utf8mb4_unicode_ci DEFAULT NULL,
  `address` mediumtext CHARACTER SET utf8mb4 COLLATE utf8mb4_unicode_ci,
  `address2` mediumtext CHARACTER SET utf8mb4 COLLATE utf8mb4_unicode_ci,
  `line_id` varchar(255) CHARACTER SET utf8mb4 COLLATE utf8mb4_unicode_ci DEFAULT NULL,
  `phone_number` varchar(255) CHARACTER SET utf8mb4 COLLATE utf8mb4_unicode_ci DEFAULT NULL,
  `fax_number` varchar(255) CHARACTER SET utf8mb4 COLLATE utf8mb4_unicode_ci DEFAULT NULL,
  `mobile_tel` varchar(255) CHARACTER SET utf8mb4 COLLATE utf8mb4_unicode_ci DEFAULT NULL,
  `emg_tel` varchar(255) CHARACTER SET utf8mb4 COLLATE utf8mb4_unicode_ci DEFAULT NULL,
  `point` int NOT NULL DEFAULT '0',
  `point_rate` int NOT NULL DEFAULT '1000',
  `driver_license` varchar(255) COLLATE utf8mb4_unicode_ci DEFAULT NULL,
  `insurance_card` varchar(255) COLLATE utf8mb4_unicode_ci DEFAULT NULL,
  `number_card` varchar(255) COLLATE utf8mb4_unicode_ci DEFAULT NULL,
  `shipping_post_code` varchar(255) COLLATE utf8mb4_unicode_ci DEFAULT NULL,
  `shipping_city` varchar(255) COLLATE utf8mb4_unicode_ci DEFAULT NULL,
  `shipping_district` varchar(255) COLLATE utf8mb4_unicode_ci DEFAULT NULL,
  `shipping_address` varchar(255) COLLATE utf8mb4_unicode_ci DEFAULT NULL,
  `shipping_address2` varchar(255) COLLATE utf8mb4_unicode_ci DEFAULT NULL,
  `introduction` text CHARACTER SET utf8mb4 COLLATE utf8mb4_unicode_ci,
  `slug` varchar(255) CHARACTER SET utf8mb4 COLLATE utf8mb4_unicode_ci DEFAULT NULL,
  `reminder_question` smallint DEFAULT NULL,
  `reminder_answer` varchar(255) CHARACTER SET utf8mb4 COLLATE utf8mb4_unicode_ci DEFAULT NULL,
  `reset_password_time` datetime DEFAULT NULL,
  `reset_password_code` varchar(255) CHARACTER SET utf8mb4 COLLATE utf8mb4_unicode_ci DEFAULT NULL,
  `login_url` varchar(255) CHARACTER SET utf8mb4 COLLATE utf8mb4_unicode_ci NOT NULL DEFAULT 'history',
  `is_temp` smallint NOT NULL DEFAULT '0',
  `is_deleted` smallint NOT NULL DEFAULT '0',
  `is_activated` smallint NOT NULL DEFAULT '1',
  `created_by` int NOT NULL DEFAULT '1',
  `created_at` timestamp NULL DEFAULT NULL,
  `updated_at` timestamp NULL DEFAULT NULL,
  PRIMARY KEY (`id`),
  UNIQUE KEY `users_email_unique` (`email`)
) ENGINE=InnoDB AUTO_INCREMENT=128 DEFAULT CHARSET=utf8mb4 COLLATE=utf8mb4_unicode_ci;

--
-- Dumping data for table `users`
--

INSERT INTO `users` VALUES (1,'Admin','admin','system','abc','test','root','admin',NULL,'admin@admin.dev','2222@gmailc.om',NULL,1,1,'$2y$10$1N/eO4fTjTDKjS4JTJ/fNOyab01Z8j93Ese/UTE/Nn9lVyd5qekbu',NULL,'acf54358ddb83e29f54f4a319e42210a.png',1,'2','1986-01-17','2','1600012','東京都','東京都','〒1600012 東京都新宿区南元町',NULL,NULL,'0312345678','0312345678','0312345679','0312345678',0,1000,'76c82a735f4c926e48cfbda90afbb56a.jpg','0d6489dff02c521d847c20305875908d.jpg','2a523e022f10f1e83856f14373f99fa9.jpg','222','2222','222','2555','222','11111111111',NULL,2,'2222',NULL,NULL,'history',0,0,1,1,'2020-04-10 00:46:22','2024-02-28 13:26:39'),(2,'Manager',NULL,NULL,NULL,NULL,NULL,NULL,NULL,'manager@admin.dev',NULL,NULL,NULL,NULL,'$2y$10$7IRCZgFyaeDjbkGAvn/cP.mGLJjdPw9lwCrmx83oVpFQOJBQ8sGCy',NULL,NULL,1,NULL,NULL,'1',NULL,NULL,NULL,NULL,NULL,NULL,NULL,NULL,NULL,NULL,0,1000,NULL,NULL,NULL,NULL,NULL,NULL,NULL,NULL,NULL,NULL,NULL,NULL,NULL,NULL,'history',0,0,1,1,'2020-04-10 00:46:22','2020-09-10 04:33:51'),(3,'Editor',NULL,NULL,NULL,NULL,NULL,NULL,NULL,'editor@admin.dev',NULL,NULL,NULL,NULL,'$2y$10$DYj5sqW1tAnhtMdDXgBfBOVJHyOvp6An2nJp9t3QLlhQ8oKdHPvTq',NULL,NULL,1,NULL,NULL,'1',NULL,NULL,NULL,NULL,NULL,NULL,NULL,NULL,NULL,NULL,0,1000,NULL,NULL,NULL,NULL,NULL,NULL,NULL,NULL,NULL,NULL,NULL,NULL,NULL,NULL,'history',0,0,1,1,'2020-04-10 00:46:22','2020-09-10 04:34:03'),(4,'user001','user001','user001',NULL,NULL,NULL,NULL,NULL,'user@admin.dev',NULL,NULL,NULL,NULL,'$2y$10$n54Us40zgU7KhkyTLz.e6eKVBnUILZU1fjIGHLHqUjSwk9CcdCxjm',NULL,NULL,1,NULL,NULL,'2','23232343',NULL,NULL,'山形県','454544','34334','343343343',NULL,NULL,NULL,0,1000,NULL,NULL,NULL,NULL,NULL,NULL,NULL,NULL,NULL,NULL,NULL,NULL,NULL,NULL,'history',0,0,1,1,'2020-04-10 00:46:22','2022-11-14 02:20:48'),(56,'editor1',NULL,NULL,NULL,NULL,NULL,NULL,NULL,'editor1@admin.dev',NULL,NULL,NULL,NULL,'$2y$10$vh0J/ayC0CsDn96b.e0b6uFkFTasyWUP/b9zekX0WPjrsi2Y67Aq.',NULL,NULL,1,NULL,NULL,'1',NULL,NULL,NULL,NULL,NULL,NULL,NULL,NULL,NULL,NULL,0,1000,NULL,NULL,NULL,NULL,NULL,NULL,NULL,NULL,NULL,NULL,NULL,NULL,NULL,NULL,'history',0,0,1,1,'2020-09-10 04:40:22','2020-09-10 04:40:22'),(107,'tuananhgis','tuananh','ojaoajiw',NULL,NULL,NULL,NULL,NULL,'admin23232@admin.dev',NULL,NULL,NULL,NULL,'$2y$10$KKJ5R/MdMWBHvklHyUeux.UyrBKmGGYUWAPiAzah8Kdo5ZTNLx6/K',NULL,'avatar.png',1,NULL,NULL,'2','23222',NULL,NULL,'岩手県','22222 222222 2222 22222','23232',NULL,NULL,NULL,NULL,0,1000,NULL,NULL,NULL,NULL,NULL,NULL,NULL,NULL,NULL,NULL,NULL,NULL,NULL,NULL,'history',0,0,1,1,'2022-09-21 12:36:28','2022-09-21 12:36:28'),(108,'toan023','toan023','toan023',NULL,NULL,NULL,NULL,NULL,'toan023@gmail.com',NULL,NULL,NULL,NULL,'$2y$10$/xkexZSYjAyNU.uqzIyd/uFJLjX33MMwONP/FLxdXYPXLLsJsmI1i',NULL,'avatar.png',0,NULL,NULL,'1','23232',NULL,NULL,'青森県','222222222',NULL,NULL,NULL,NULL,NULL,0,1000,NULL,NULL,NULL,NULL,NULL,NULL,NULL,NULL,NULL,NULL,NULL,NULL,NULL,NULL,'history',0,0,1,1,'2022-09-21 12:40:16','2022-09-21 12:40:16'),(109,'toan023','toan023','toan023',NULL,NULL,NULL,NULL,NULL,'toan0233@gmail.com',NULL,NULL,NULL,NULL,'$2y$10$JPVESRlfIOF3ACBBPtl9X.un4hFO4ba/UyNCtGdPzmLo4LqWaYEeq',NULL,'avatar.png',0,NULL,NULL,'1','23232',NULL,NULL,'青森県','222222222',NULL,NULL,NULL,NULL,NULL,0,1000,NULL,NULL,NULL,NULL,NULL,NULL,NULL,NULL,NULL,NULL,NULL,NULL,NULL,NULL,'history',0,0,1,1,'2022-09-21 12:40:32','2022-09-21 12:40:32'),(110,'toan','toan','toan',NULL,NULL,NULL,NULL,NULL,'toan333232322@gmail.com',NULL,NULL,NULL,NULL,'$2y$10$BfJWqZBZp7iEwgWtx9V6auH06TZJ6CU9krGOtU/RJdR2.3/KgFFiC',NULL,'avatar.png',1,NULL,NULL,'3','2323232',NULL,NULL,'岩手県','444444444444','11111111111','111111',NULL,NULL,NULL,0,1000,NULL,NULL,NULL,NULL,NULL,NULL,NULL,NULL,'1111111111111',NULL,NULL,NULL,NULL,NULL,'history',0,0,1,1,'2022-09-21 12:42:00','2022-09-22 12:28:44'),(111,'care01','Abc','Xyz',NULL,NULL,NULL,NULL,NULL,'care01@admin.dev',NULL,NULL,NULL,NULL,'$2y$10$Z4AqkTcqRuaZMoB//.G/RuemO7HJVW0jajDk0De/TiX9pXPMqmHPu',NULL,'avatar.png',0,NULL,NULL,'1',NULL,NULL,NULL,'23232',NULL,NULL,'23323232',NULL,NULL,NULL,0,1000,NULL,NULL,NULL,NULL,NULL,NULL,NULL,NULL,'<p>4545 45464</p>','care01',NULL,NULL,NULL,NULL,'history',0,0,1,1,'2022-10-24 23:57:13','2022-10-25 09:40:45'),(112,'23232','243433','454545',NULL,NULL,NULL,NULL,NULL,'23232@admin.dev',NULL,NULL,NULL,NULL,'$2y$10$lKXJg0kSUMfuRj9otqSucOV./NAeDCgkGWWnkzxnL5eDv4Gl5uNna',NULL,'0a695710d84b86dc6081978cda00c991.png',2,NULL,NULL,'1',NULL,NULL,NULL,'43545',NULL,NULL,'34343',NULL,NULL,NULL,0,1000,NULL,NULL,NULL,NULL,NULL,NULL,NULL,NULL,'<p>2323</p>','23232',NULL,NULL,NULL,NULL,'history',0,0,1,1,'2022-10-25 09:55:31','2022-10-25 09:55:31'),(113,'334343','aeawa','232323',NULL,NULL,NULL,NULL,NULL,'test@test.vn',NULL,NULL,NULL,NULL,'$2y$10$WQFIRKEtca46YNzt9n/FtuMqQWCHWcTGE0BpYfUyChOHSMhYqENS2',NULL,'avatar.png',1,NULL,NULL,'5','34343',NULL,NULL,'岩手県','34354 45aaw aeaw','3434343',NULL,NULL,NULL,NULL,0,1000,NULL,NULL,NULL,NULL,NULL,NULL,NULL,NULL,NULL,NULL,NULL,NULL,NULL,NULL,'history',0,0,1,1,'2022-10-31 01:16:25','2022-10-31 01:16:25'),(114,'2323','23232','232',NULL,NULL,NULL,NULL,NULL,'admin33333@admin.dev',NULL,NULL,NULL,NULL,'$2y$10$97leCYkuzgAaXXJiMAZF9.nqnVKBcWJBl1C8xrUfht3PO2xO5G7Ti',NULL,'avatar.png',2,NULL,NULL,'2','2322',NULL,NULL,'岩手県','2323','2323',NULL,NULL,NULL,NULL,0,1000,NULL,NULL,NULL,NULL,NULL,NULL,NULL,NULL,NULL,NULL,NULL,NULL,NULL,NULL,'history',0,0,1,1,'2022-11-12 05:12:00','2022-11-12 05:12:00'),(115,'34343','3434','3434',NULL,NULL,NULL,NULL,NULL,'admin555@admin.dev',NULL,NULL,NULL,NULL,'$2y$10$E7AI9GcCjEnS5pnO/8QstO5A4K/a0OmgtdBty7KWB3ClmtGVcpfWu',NULL,'avatar.png',1,NULL,NULL,'3','343',NULL,NULL,'福島県','34343','343433',NULL,NULL,NULL,NULL,0,1000,NULL,NULL,NULL,NULL,NULL,NULL,NULL,NULL,NULL,NULL,NULL,NULL,NULL,NULL,'history',0,0,1,1,'2022-11-12 05:23:18','2022-11-12 05:23:18'),(116,'awea','323','232',NULL,NULL,NULL,NULL,NULL,'liemtest@gmail.com',NULL,NULL,NULL,NULL,'$2y$10$OSiNoFqQopTcXtWsGZaB.OLbUDiNmbTfvIfTmY9aCtSbPe.LAmgY6',NULL,'avatar.png',0,NULL,NULL,'1','21121',NULL,NULL,'岩手県','232a aew awea awe','23232232','018171611',NULL,NULL,NULL,0,1000,NULL,NULL,NULL,NULL,NULL,NULL,NULL,NULL,NULL,NULL,NULL,NULL,'2022-12-06 18:29:10','c9ea5142e9b05ab954737d06b7f68d84','history',0,0,1,1,'2022-11-18 01:30:45','2022-12-06 11:14:10'),(117,'356454','33','3434',NULL,NULL,NULL,NULL,NULL,'rsre@gmail.com',NULL,NULL,NULL,NULL,'$2y$10$/JaMWnmw1Tbu7HSu3A4PxOwx5wwonVOidfGXINOLBmEGy1ybpbAW.',NULL,'avatar.png',0,NULL,NULL,'3','56565',NULL,NULL,'青森県','565565','6767','67676',NULL,NULL,NULL,0,1000,NULL,NULL,NULL,NULL,NULL,NULL,NULL,NULL,NULL,NULL,NULL,NULL,NULL,NULL,'history',0,0,1,1,'2022-11-18 01:40:48','2022-11-18 01:40:48'),(118,'22323','232 232','232 232','232','232','232','232','22323','2332@gmail.com',NULL,NULL,NULL,NULL,'$2y$10$.8vZlejWy/e29rZdqGftYe8yxu1Ec5WDmUNn5ck38.wvHCdE.D8dW',NULL,'avatar.png',1,NULL,NULL,'1','232',NULL,'北海道','23234333','23234343',NULL,'23232343434',NULL,NULL,NULL,0,1000,NULL,NULL,NULL,NULL,NULL,NULL,NULL,NULL,NULL,'22323',NULL,NULL,NULL,NULL,'history',0,0,1,1,'2023-04-05 22:59:58','2023-04-05 22:59:58'),(119,'tester001','test 01','aka test','test','aka','01','test','tester001','tester001@gmail.com',NULL,NULL,NULL,NULL,'$2y$10$HEEtxmjCibJpk645Am0DEOVIQMboYozopZQ.TfXOLNpmJgZA7MqDa',NULL,'avatar.png',1,NULL,NULL,'1','3610000',NULL,'宮城県','tokyo','233333332',NULL,'0227-928-982',NULL,NULL,NULL,0,1000,NULL,NULL,NULL,NULL,NULL,NULL,NULL,NULL,NULL,'tester001',NULL,NULL,NULL,NULL,'history',0,0,1,1,'2023-04-10 13:16:09','2023-04-10 13:16:09'),(120,'duyliemapt','Tran Liem','Liem Tran','Tran','Liem','Liem','Tran','duyliemapt','duyliemapt@gmail.com',NULL,'2023-11-28 12:59:34',1,1,'$2y$10$bf5zEOWxCyAPipQp8pi0SOgQwX0RH8BMPDMFYcpdLzrZXCq7gDJIi',NULL,'avatar.png',1,NULL,'1986-12-07','1','3435454',NULL,'岩手県','hanoi viet nam','A0023',NULL,'0674232232',NULL,'091213234','081992234',0,1000,NULL,NULL,NULL,NULL,NULL,NULL,NULL,NULL,NULL,'duyliemapt',2,'Thao','2023-11-28 18:42:52',NULL,'history',0,0,1,1,'2023-11-28 11:42:52','2023-11-28 13:02:16'),(121,'abc','abc','abc','abc','abc','abc','abc','abc','abc@gmail.com',NULL,'2023-12-11 13:55:42',NULL,NULL,'$2y$10$BlaOql7NAgdxSEEG1I0kL.REjgC9Lhod/74MokfiJdCZdU3MiT6CK',NULL,'avatar.png',1,NULL,NULL,'1',NULL,NULL,NULL,NULL,NULL,NULL,NULL,NULL,NULL,NULL,0,1000,NULL,NULL,NULL,NULL,NULL,NULL,NULL,NULL,NULL,'abc',NULL,NULL,'2023-12-11 20:54:52','f752fb22b088169165c62c7d4ac802919a4655adf1fc4f0e0a39e1b6d63abc7a','history',1,1,0,1,'2023-12-11 13:54:52','2023-12-11 13:55:42'),(122,'owner01',NULL,NULL,NULL,NULL,NULL,NULL,NULL,'owner01@admin.dev',NULL,NULL,NULL,NULL,'$2y$10$O9sdkrgACyC0JS8E7YdXwu6P3phKVJ6WoYpuf1oC0j0bVkd4TV8d.',NULL,NULL,1,NULL,NULL,'1',NULL,NULL,NULL,NULL,NULL,NULL,NULL,NULL,NULL,NULL,0,0,NULL,NULL,NULL,NULL,NULL,NULL,NULL,NULL,NULL,NULL,NULL,NULL,NULL,NULL,'history',0,0,1,1,'2023-12-11 14:28:47','2023-12-11 14:28:47'),(123,'abc222','abc222','abc222','abc222','abc222','abc222','abc222','abc222','abc222@gmail.com',NULL,'2023-12-12 20:43:33',NULL,NULL,'$2y$10$QOcPpwbPTijwKoWAzqXXXuRLidQDfYc52xHV7WigGzYygs7wsxmyO',NULL,'avatar.png',1,NULL,NULL,'1',NULL,NULL,NULL,NULL,NULL,NULL,NULL,NULL,NULL,NULL,0,1000,NULL,NULL,NULL,NULL,NULL,NULL,NULL,NULL,NULL,'abc222',NULL,NULL,'2023-12-13 03:42:39','77d1b2e4ec05ac0eab3c2be4dcc030255a3527263f4732897cf838cc4eeefbbb','history',1,1,0,1,'2023-12-12 20:42:39','2023-12-12 20:43:33'),(124,'232m2o2j','232m2o2j','232m2o2j','232m2o2j','232m2o2j','232m2o2j','232m2o2j','232m2o2j','232m2o2j@gmail.com',NULL,'2023-12-19 03:13:04',NULL,NULL,'$2y$10$GQVF2QPiEwJMBB8Zd.eoMOba1vbp35GCrEPQLaoydYQe32CNzxCTK',NULL,'avatar.png',1,NULL,NULL,'1',NULL,NULL,NULL,NULL,NULL,NULL,NULL,NULL,NULL,NULL,0,1000,NULL,NULL,NULL,NULL,NULL,NULL,NULL,NULL,NULL,'232m2o2j',NULL,NULL,'2023-12-19 10:11:33','0c1e960c86eec9d99ff1a560471d754890188ed50b2ac93e27f37cdc687b6b6f','history',1,1,0,1,'2023-12-19 03:11:33','2023-12-19 03:13:04'),(125,'testing332','Test 332','全角 全角ひ','全角ひ','全角','332','Test','testing332','testing332@gmail.com',NULL,'2023-12-19 03:59:43',1,1,'$2y$10$A6v4DafWR2I/wx5TXHM4O.lO9ZBLxd7YqIUwJRdGVbnwFXz1zdonC',NULL,'avatar.png',0,NULL,'1986-07-12','1','1600006',NULL,'東京都','〒1600006 東京都新宿区舟町','Testing Building',NULL,'0312345678',NULL,'09012345678','09012345678',0,1000,NULL,NULL,NULL,NULL,NULL,NULL,NULL,NULL,NULL,'testing332',2,'Testing','2023-12-19 11:00:58',NULL,'history',0,0,1,1,'2023-12-19 03:59:15','2023-12-19 04:00:58'),(126,'tester443','Tester 443','全角ひ 全','全','全角ひ','443','Tester','tester443','tester443@gmail.com',NULL,'2023-12-19 10:51:31',1,1,'$2y$10$8dhGfir7HYB8d0KZuCBzruRRdGOd/NnoZ54cNL91kXF0BPoTi2i7.',NULL,'avatar.png',0,NULL,'1986-07-12','1','1600006',NULL,'東京都','〒1600006 東京都新宿区舟町','Testing Building A001',NULL,'0312345678',NULL,'0312345678','0312345678',0,0,NULL,NULL,NULL,NULL,NULL,NULL,NULL,NULL,NULL,'tester443',3,'Abc','2023-12-19 17:52:30',NULL,'/',0,0,1,1,'2023-12-19 10:51:09','2023-12-28 14:09:09'),(127,'ahaj','3434','343','343','343','3434','3434','ahaj','ahaj@gmail.com',NULL,'2024-02-20 12:37:14',NULL,NULL,'$2y$10$RGdWDBm9GBAP.SZ8R7Y3GOWM70ADn3vK2Enujhz4DZS.My1J/T9Xy',NULL,'avatar.png',1,NULL,'2024-02-28','1',NULL,NULL,'454','454',NULL,NULL,'454545454',NULL,'454545454','454545454',0,1000,NULL,NULL,NULL,NULL,NULL,NULL,NULL,NULL,NULL,'ahaj',NULL,NULL,'2024-02-20 19:44:38',NULL,'history',0,0,1,1,'2024-02-20 02:39:31','2024-02-20 12:44:38');


