
--
-- Table structure for table `slider_details`
--

CREATE TABLE `slider_details` (
  `id` bigint unsigned NOT NULL AUTO_INCREMENT,
  `slider_id` int NOT NULL,
  `name` varchar(255) CHARACTER SET utf8mb4 COLLATE utf8mb4_unicode_ci NOT NULL,
  `title` varchar(255) CHARACTER SET utf8mb4 COLLATE utf8mb4_unicode_ci DEFAULT NULL,
  `image` varchar(255) CHARACTER SET utf8mb4 COLLATE utf8mb4_unicode_ci NOT NULL,
  `origin_image` varchar(255) CHARACTER SET utf8mb4 COLLATE utf8mb4_unicode_ci DEFAULT NULL,
  `sub_image` varchar(255) CHARACTER SET utf8mb4 COLLATE utf8mb4_unicode_ci DEFAULT NULL,
  `description` text CHARACTER SET utf8mb4 COLLATE utf8mb4_unicode_ci,
  `is_line` smallint NOT NULL DEFAULT '1',
  `width` double(8,2) DEFAULT NULL,
  `height` double(8,2) DEFAULT NULL,
  `link` varchar(255) CHARACTER SET utf8mb4 COLLATE utf8mb4_unicode_ci DEFAULT NULL,
  `type_link` smallint NOT NULL DEFAULT '0',
  `color` varchar(255) CHARACTER SET utf8mb4 COLLATE utf8mb4_unicode_ci DEFAULT NULL,
  `stroke` varchar(255) CHARACTER SET utf8mb4 COLLATE utf8mb4_unicode_ci DEFAULT NULL,
  `border` smallint NOT NULL DEFAULT '0',
  `overlay_color` varchar(255) CHARACTER SET utf8mb4 COLLATE utf8mb4_unicode_ci NOT NULL DEFAULT '#FFF',
  `overlay_size` smallint NOT NULL DEFAULT '0',
  `overlay_opacity` smallint NOT NULL DEFAULT '0',
  `is_blur` smallint NOT NULL DEFAULT '0',
  `is_shadow` smallint NOT NULL DEFAULT '0',
  `created_at` timestamp NULL DEFAULT NULL,
  `updated_at` timestamp NULL DEFAULT NULL,
  PRIMARY KEY (`id`)
) ENGINE=InnoDB AUTO_INCREMENT=353 DEFAULT CHARSET=utf8mb4 COLLATE=utf8mb4_unicode_ci;

--
-- Dumping data for table `slider_details`
--

INSERT INTO `slider_details` VALUES (1,1,'logo.png',NULL,'615976004f7a5cbf4ae87a360f4a399f.png',NULL,NULL,NULL,1,NULL,NULL,NULL,0,NULL,NULL,0,'#FFF',0,0,0,0,'2020-08-01 04:26:04','2020-08-01 04:26:04'),(2,1,'logo_2.png',NULL,'4b6bc19afc8a8888ecee4097cac33944.png',NULL,NULL,NULL,1,NULL,NULL,NULL,0,NULL,NULL,0,'#FFF',0,0,0,0,'2020-08-01 04:26:04','2020-08-01 04:26:04'),(7,2,'mobile-menu-icon-orange.png',NULL,'041590c462e6f310a1ad357bc0c91c51.png',NULL,NULL,NULL,1,NULL,NULL,NULL,0,NULL,NULL,0,'#FFF',0,0,0,0,'2020-08-01 04:36:26','2020-08-01 06:14:43'),(8,2,'Ta Van Tai.jpg',NULL,'a417ebabba4053a8309a0a2a82f2594f.jpg',NULL,NULL,NULL,1,NULL,NULL,NULL,0,NULL,NULL,0,'#FFF',0,0,0,0,'2020-08-01 04:36:26','2020-08-01 06:14:43'),(21,6,'1050021_1-2285.jpg',NULL,'f4451ba46f404958aa215af51c2d7b3c.jpg',NULL,NULL,NULL,1,NULL,NULL,NULL,0,NULL,NULL,0,'#FFF',0,0,0,0,'2020-08-01 10:05:14','2020-08-01 10:08:24'),(22,6,'i-img600x337-1537956577qsg5im2146.jpg',NULL,'335284887caaba514d9c92a5d3b48f7b.jpg',NULL,NULL,NULL,1,NULL,NULL,NULL,0,NULL,NULL,0,'#FFF',0,0,0,0,'2020-08-01 10:08:24','2020-08-01 10:08:24'),(23,6,'i-img600x337-1537956577vcbx4g2146.jpg',NULL,'973dc5f1ef98f36d4ce8bcb3ffc18435.jpg',NULL,NULL,NULL,1,NULL,NULL,NULL,0,NULL,NULL,0,'#FFF',0,0,0,0,'2020-08-01 10:08:24','2020-08-01 10:08:24'),(24,6,'i-img600x337-1537956577vtih802146.jpg',NULL,'a55b6dac2b37c0b4df5d0ea0882df60a.jpg',NULL,NULL,NULL,1,NULL,NULL,NULL,0,NULL,NULL,0,'#FFF',0,0,0,0,'2020-08-01 10:08:24','2020-08-01 10:08:24'),(25,7,'1882-SLKDNNRPLT-BKWH_5.jpg',NULL,'5de41b0568bd8427809c99bd655c1b17.jpg',NULL,NULL,NULL,1,NULL,NULL,NULL,0,NULL,NULL,0,'#FFF',0,0,0,0,'2020-08-01 10:25:26','2020-08-01 10:25:26'),(26,7,'1050021_1-2285.jpg',NULL,'c086ce169c62ab06157c3402183bded5.jpg',NULL,NULL,NULL,1,NULL,NULL,NULL,0,NULL,NULL,0,'#FFF',0,0,0,0,'2020-08-01 10:25:26','2020-08-01 10:25:26'),(27,8,'1882-SLKDNNRPLT-BKWH_1.jpg',NULL,'2cb5bdb2dabdf4dbc647400128b4ec53.jpg',NULL,NULL,'111111111111',1,NULL,NULL,NULL,0,NULL,NULL,0,'#FFF',0,0,0,0,'2020-08-01 10:27:39','2020-08-01 10:40:58'),(28,8,'1882-SLKDNNRPLT-BKWH_4.jpg',NULL,'30985d50a9ee5017f5b394e4e78cc57a.jpg',NULL,NULL,'00000',1,NULL,NULL,NULL,0,NULL,NULL,0,'#FFF',0,0,0,0,'2020-08-01 10:27:39','2020-08-01 10:40:58'),(29,8,'978-3-8365-4425-2_1-1.jpg',NULL,'20a0ce65bb6c42e3372ebb567c7b3d8f.jpg',NULL,NULL,'2323',1,NULL,NULL,NULL,0,NULL,NULL,0,'#FFF',0,0,0,0,'2020-08-01 10:33:34','2020-08-01 10:40:58'),(30,8,'1882-MAXSMLBWL-WH_1-600x600.jpg',NULL,'79a9a443f94297d1a67c1de80795554b.jpg',NULL,NULL,NULL,1,NULL,NULL,NULL,0,NULL,NULL,0,'#FFF',0,0,0,0,'2020-08-01 10:33:34','2020-08-01 10:40:58'),(31,8,'i-img600x337-1537956577djaytj2146.jpg',NULL,'782fdb526a0cf8aca680073135bd696d.jpg',NULL,NULL,'0900',1,NULL,NULL,NULL,0,NULL,NULL,0,'#FFF',0,0,0,0,'2020-08-01 10:35:52','2020-08-01 10:40:58'),(32,8,'i-img600x337-1537956577qsg5im2146.jpg',NULL,'7cc271076606c0e264151ddabc30cc97.jpg',NULL,NULL,'76676',1,NULL,NULL,NULL,0,NULL,NULL,0,'#FFF',0,0,0,0,'2020-08-01 10:35:52','2020-08-01 10:40:58'),(33,8,'1050021_1-2285.jpg',NULL,'cf3f89cbf57d58a2e8dec272601a0645.jpg',NULL,NULL,NULL,1,NULL,NULL,NULL,0,NULL,NULL,0,'#FFF',0,0,0,0,'2020-08-01 10:37:21','2020-08-01 10:40:58'),(34,8,'i-img600x350-1538027496mmwdwk16853.jpg',NULL,'431d5b21d8df1209066bce9e90d49194.jpg',NULL,NULL,NULL,1,NULL,NULL,NULL,0,NULL,NULL,0,'#FFF',0,0,0,0,'2020-08-01 10:40:07','2020-08-01 10:40:58'),(35,8,'i-img600x556-15380274967wylym16853.jpg',NULL,'60735bac0851ae1ebfd61090702147b3.jpg',NULL,NULL,'5555555555555',1,NULL,NULL,NULL,0,NULL,NULL,0,'#FFF',0,0,0,0,'2020-08-01 10:40:20','2020-08-01 10:40:58'),(36,8,'i-img600x337-15379565776ysgge2146.jpg',NULL,'fcc5ca0ff44a01a4566c89cb5bd813e6.jpg',NULL,NULL,NULL,1,NULL,NULL,NULL,0,NULL,NULL,0,'#FFF',0,0,0,0,'2020-08-01 10:40:58','2020-08-01 10:40:58'),(37,8,'i-img600x342-1538027496nxjxw416853.jpg',NULL,'0b90fe382a58fac81c924d7cde2a4367.jpg',NULL,NULL,NULL,1,NULL,NULL,NULL,0,NULL,NULL,0,'#FFF',0,0,0,0,'2020-08-01 10:40:58','2020-08-01 10:40:58'),(38,8,'i-img600x350-1537584246x2ocbd24272.jpg',NULL,'cce3c07eff12ae0ab9d10d11a80b8590.jpg',NULL,NULL,NULL,1,NULL,NULL,NULL,0,NULL,NULL,0,'#FFF',0,0,0,0,'2020-08-01 10:40:58','2020-08-01 10:40:58'),(39,8,'i-img600x350-1538027496mmwdwk16853.jpg',NULL,'617ef59a86b277bb67d73b858164e7a7.jpg',NULL,NULL,NULL,1,NULL,NULL,NULL,0,NULL,NULL,0,'#FFF',0,0,0,0,'2020-08-01 10:40:58','2020-08-01 10:40:58'),(40,8,'i-img600x354-1538027496qefax616853.jpg',NULL,'94dd570536357ac68042ae63f16a21ea.jpg',NULL,NULL,NULL,1,NULL,NULL,NULL,0,NULL,NULL,0,'#FFF',0,0,0,0,'2020-08-01 10:40:58','2020-08-01 10:40:58'),(41,9,'i-img600x291-1538027496xkb6wq16853.jpg',NULL,'48400448c5b81ee2488aef5e48f2f190.jpg',NULL,NULL,NULL,1,NULL,NULL,NULL,0,NULL,NULL,0,'#FFF',0,0,0,0,'2020-08-01 10:43:23','2020-08-01 10:43:39'),(42,9,'i-img600x337-1537956577djaytj2146.jpg',NULL,'f9e1d5e780879acbee9f10e0d7b2db90.jpg',NULL,NULL,NULL,1,NULL,NULL,NULL,0,NULL,NULL,0,'#FFF',0,0,0,0,'2020-08-01 10:43:23','2020-08-01 10:43:39'),(43,9,'i-img600x337-1537956577qsg5im2146.jpg',NULL,'20a92dad12795c71af5c58849c2e4692.jpg',NULL,NULL,NULL,1,NULL,NULL,NULL,0,NULL,NULL,0,'#FFF',0,0,0,0,'2020-08-01 10:43:23','2020-08-01 10:43:39'),(44,9,'i-img600x337-1537956577vcbx4g2146.jpg',NULL,'2ea74c3354c55e9bfe52206d5c0a5076.jpg',NULL,NULL,NULL,1,NULL,NULL,NULL,0,NULL,NULL,0,'#FFF',0,0,0,0,'2020-08-01 10:43:23','2020-08-01 10:43:39'),(50,11,'img_mv_slide01.jpg',NULL,'864c93aa242dfdba1973e38f45d38cfb.jpg',NULL,NULL,NULL,1,NULL,NULL,NULL,0,NULL,NULL,0,'#FFF',0,0,0,0,'2020-08-02 19:46:06','2020-08-03 01:37:33'),(51,11,'img_mv_slide02.jpg',NULL,'ea03055aec540bd59a5417f0dab1f81e.jpg',NULL,NULL,NULL,1,NULL,NULL,NULL,0,NULL,NULL,0,'#FFF',0,0,0,0,'2020-08-02 19:46:06','2020-08-03 01:37:33'),(52,11,'img_mv_slide03.jpg',NULL,'52f30690d39652d5b851096b4476c3b3.jpg',NULL,NULL,NULL,1,NULL,NULL,NULL,0,NULL,NULL,0,'#FFF',0,0,0,0,'2020-08-02 19:46:06','2020-08-03 01:37:33'),(53,12,'300x190_ea1e9d427fb5664c32c517a73e421e58_8f263239d32c3bca693fc65e57a834fe4ab3fb57.jpg',NULL,'582175d957d3dfb5d42d8452251ca562.jpg',NULL,NULL,NULL,1,NULL,NULL,NULL,0,NULL,NULL,0,'#FFF',0,0,0,0,'2020-08-02 22:11:05','2020-08-03 01:34:31'),(54,12,'300x190_ea1e9d427fb5664c32c517a73e421e58_668b31e234e499608fbe1e93091fcb7a92ca6910.jpg',NULL,'9ea61977b7dd3cdff5242e09144c6f36.jpg',NULL,NULL,NULL,1,NULL,NULL,NULL,0,NULL,NULL,0,'#FFF',0,0,0,0,'2020-08-02 22:11:05','2020-08-03 01:34:31'),(55,12,'300x190_ea1e9d427fb5664c32c517a73e421e58_b0b5d085edcb8dc43988db4e3019a4d6390d2d10.jpg',NULL,'beb231c417bb3ea9f125560322c74c51.jpg',NULL,NULL,NULL,1,NULL,NULL,NULL,0,NULL,NULL,0,'#FFF',0,0,0,0,'2020-08-02 22:11:05','2020-08-03 01:34:31'),(56,13,'marius-muresan-M5l-xJeD1ZM-unsplash.jpg',NULL,'5f911a3988583edef356618ac3d3390c.jpg',NULL,NULL,NULL,1,NULL,NULL,NULL,0,NULL,NULL,0,'#FFF',0,0,0,0,'2020-08-05 02:45:43','2020-08-05 02:46:15'),(57,13,'niko-photos-tGTVxeOr_Rs-unsplash.jpg',NULL,'19e880c83e360d1745518e13adf4b1e2.jpg',NULL,NULL,NULL,1,NULL,NULL,NULL,0,NULL,NULL,0,'#FFF',0,0,0,0,'2020-08-05 02:45:43','2020-08-05 02:46:15'),(194,14,'e7158f25202a8dbd43ae3a52c8ba39af.jpg','日向 文月','e7158f25202a8dbd43ae3a52c8ba39af.jpg','e7158f25202a8dbd43ae3a52c8ba39af.jpg',NULL,'日向 文月先生は三軒茶屋カード占いア',1,NULL,NULL,'/fortune-teller/detail/sanchauranaicom-hinatafutsuki',1,'#FFF','#FFF',0,'#FFF',0,0,0,0,'2021-05-28 09:02:29','2021-05-28 09:02:29'),(195,14,'f0028383606de5cf94bd7b02f5ba0021.jpg','稀月','f0028383606de5cf94bd7b02f5ba0021.jpg','f0028383606de5cf94bd7b02f5ba0021.jpg',NULL,'稀月先生は三軒茶屋カード占いアト',1,NULL,NULL,'/fortune-teller/detail/sanchauranaicom-kiduki',1,'#FFF','#FFF',0,'#FFF',0,0,0,0,'2021-05-28 09:02:29','2021-05-28 09:02:29'),(196,14,'115a1cfef508e96a12234f18b09ae39f.jpg','Luna','115a1cfef508e96a12234f18b09ae39f.jpg','115a1cfef508e96a12234f18b09ae39f.jpg',NULL,'Luna先生は三軒茶屋カード占いア',1,NULL,NULL,'/fortune-teller/detail/sanchauranaicom-luna',1,'#FFF','#FFF',0,'#FFF',0,0,0,0,'2021-05-28 09:02:29','2021-05-28 09:02:29'),(197,14,'a44e523c2bf2fc5683559b565f43a75b.jpg','青蓮華 久恩','a44e523c2bf2fc5683559b565f43a75b.jpg','a44e523c2bf2fc5683559b565f43a75b.jpg',NULL,'青蓮華 久恩先生は三軒茶屋カード占い',1,NULL,NULL,'/fortune-teller/detail/sanchauranaicom-syorengekuon',1,'#FFF','#FFF',0,'#FFF',0,0,0,0,'2021-05-28 09:02:29','2021-05-28 09:02:29'),(198,14,'783982dff39a786ae094bdeae54485e6.jpg','ステラマリス・アドリアーナ','783982dff39a786ae094bdeae54485e6.jpg','783982dff39a786ae094bdeae54485e6.jpg',NULL,'ステラマリス・アドリアーナ先生は三軒茶屋カード占いアトリエに所属する当たると人気のオススメ占い師です。',1,NULL,NULL,'/fortune-teller/detail/sanchauranaicom-stellamarisadriana',1,'#FFF','#FFF',0,'#FFF',0,0,0,0,'2021-05-28 09:02:29','2021-05-28 09:02:29'),(199,14,'d74166acaf08dfe7b8be55a324c9dd5b.jpg','瑞鳳','d74166acaf08dfe7b8be55a324c9dd5b.jpg','d74166acaf08dfe7b8be55a324c9dd5b.jpg',NULL,'瑞鳳先生はナチュラルプラネット 下北沢店に所属する当たると人気のオススメ占い師です。守護霊様などからメッセージや神仏と一体化す',1,NULL,NULL,'/fortune-teller/detail/naturalplanetjp-zuiho',1,'#FFF','#FFF',0,'#FFF',0,0,0,0,'2021-05-28 09:02:29','2021-05-28 09:02:29'),(200,14,'80bf1034904d1a4baab68c533c772818.jpg','翔哉','80bf1034904d1a4baab68c533c772818.jpg','80bf1034904d1a4baab68c533c772818.jpg',NULL,'翔哉先生はナチュラルプラネット',1,NULL,NULL,'/fortune-teller/detail/naturalplanetjp-syoya',1,'#FFF','#FFF',0,'#FFF',0,0,0,0,'2021-05-28 09:02:29','2021-05-28 09:02:29'),(201,14,'f51c3169b76307d0b64f442b1d118fad.jpg','鄭東秀','f51c3169b76307d0b64f442b1d118fad.jpg','f51c3169b76307d0b64f442b1d118fad.jpg',NULL,'鄭東秀（チョン・ドンス）先',1,NULL,NULL,'/fortune-teller/detail/kankokuuranai-ryumon',1,'#FFF','#FFF',0,'#FFF',0,0,0,0,'2021-05-28 09:02:29','2021-05-28 09:02:29'),(202,14,'623f0366fc1cec24017921ec8d43d9d3.jpg','gaiko','623f0366fc1cec24017921ec8d43d9d3.jpg','623f0366fc1cec24017921ec8d43d9d3.jpg',NULL,'gaiko（ガイコ）先生は、開運館',1,NULL,NULL,'/fortune-teller/detail/tokorozawa-seibu-fortune-gaiko',1,'#FFF','#FFF',0,'#FFF',0,0,0,0,'2021-05-28 09:02:29','2021-05-28 09:02:29'),(256,15,'aa0427a321bdd5652726341f98c63fe2.jpg','ローズマミー☆ 占い師','aa0427a321bdd5652726341f98c63fe2.jpg','aa0427a321bdd5652726341f98c63fe2.jpg',NULL,NULL,0,NULL,NULL,'/fortune-teller/detail/seikinkaijimdofreecom-rosemammy',1,'#FFF','#FFF',0,'#0E1C85',0,30,0,0,'2021-05-29 10:13:06','2021-05-29 10:13:06'),(257,15,'0133433456402e24d5d2270fd6b0e2f0.jpg','龍未莉奈 占い師','0133433456402e24d5d2270fd6b0e2f0.jpg','0133433456402e24d5d2270fd6b0e2f0.jpg',NULL,NULL,0,NULL,NULL,'/fortune-teller/detail/seikinkaijimdofreecom-ryuumirina',1,'#FFF','#FFF',0,'#0E1C85',0,30,0,0,'2021-05-29 10:13:07','2021-05-29 10:13:07'),(258,15,'72c1306871627423e4bbc0599e7c17f3.jpg','麻木理鶴 占い師','72c1306871627423e4bbc0599e7c17f3.jpg','72c1306871627423e4bbc0599e7c17f3.jpg',NULL,NULL,0,NULL,NULL,'/fortune-teller/detail/seikinkaijimdofreecom-asakiritsu',1,'#FFF','#FFF',0,'#0E1C85',0,30,0,0,'2021-05-29 10:13:07','2021-05-29 10:13:07'),(259,15,'69cf5a6cb2690d005295b1ede30450a5.jpg','サティナ 占い師','69cf5a6cb2690d005295b1ede30450a5.jpg','69cf5a6cb2690d005295b1ede30450a5.jpg',NULL,NULL,0,NULL,NULL,'/fortune-teller/detail/naturalplanetjp-kawasaki-satyna',1,'#FFF','#FFF',0,'#0E1C85',0,30,0,0,'2021-05-29 10:13:07','2021-05-29 10:13:07'),(260,15,'2dbe873ac903e487a64eb8b108bcf65a.jpg','マリエル 占い師','2dbe873ac903e487a64eb8b108bcf65a.jpg','2dbe873ac903e487a64eb8b108bcf65a.jpg',NULL,NULL,0,NULL,NULL,'/fortune-teller/detail/naturalplanetjp-kawasaki-marieru',1,'#FFF','#FFF',0,'#0E1C85',0,30,0,0,'2021-05-29 10:13:08','2021-05-29 10:13:08'),(261,15,'296ee8a27fde50a29fd14343595cf2d4.jpg','ゆぴてる 占い師','296ee8a27fde50a29fd14343595cf2d4.jpg','296ee8a27fde50a29fd14343595cf2d4.jpg',NULL,NULL,0,NULL,NULL,'/fortune-teller/detail/naturalplanetjp-kawasaki-yupiteru',1,'#FFF','#FFF',0,'#0E1C85',0,30,0,0,'2021-05-29 10:13:09','2021-05-29 10:13:09'),(262,15,'c1268d7706cab0378125aea09eb7db62.jpg','月の仙女 占い師','c1268d7706cab0378125aea09eb7db62.jpg','c1268d7706cab0378125aea09eb7db62.jpg',NULL,NULL,0,NULL,NULL,'/fortune-teller/detail/kissyou-tennyocom-tsukinosennyo',1,'#FFF','#FFF',0,'#0E1C85',0,30,0,0,'2021-05-29 10:13:09','2021-05-29 10:13:09'),(263,15,'663a6b1da33efa8c163dd980fa21400a.jpg','吉田 十薬 占い師','663a6b1da33efa8c163dd980fa21400a.jpg','663a6b1da33efa8c163dd980fa21400a.jpg',NULL,NULL,0,NULL,NULL,'/fortune-teller/detail/kissyou-tennyocom-yoshidajuuyaku',1,'#FFF','#FFF',0,'#0E1C85',0,30,0,0,'2021-05-29 10:13:09','2021-05-29 10:13:09'),(264,15,'740ac9686b9c490d85badc1689176685.jpg','紅 秘女 占い師','740ac9686b9c490d85badc1689176685.jpg','740ac9686b9c490d85badc1689176685.jpg',NULL,NULL,0,NULL,NULL,'/fortune-teller/detail/kissyou-tennyocom-kurenaihime',1,'#FFF','#FFF',0,'#0E1C85',0,30,0,0,'2021-05-29 10:13:09','2021-05-29 10:13:09'),(265,15,'6dcf635c92958773d3994eef103ca2ad.jpg','かのん 占い師','6dcf635c92958773d3994eef103ca2ad.jpg','6dcf635c92958773d3994eef103ca2ad.jpg',NULL,NULL,0,NULL,NULL,'/fortune-teller/detail/kissyou-tennyocom-kanon',1,'#FFF','#FFF',0,'#0E1C85',0,30,0,0,'2021-05-29 10:13:09','2021-05-29 10:13:09'),(266,15,'91be0f01f5e581fb5cada9c618de073e.jpg','まじゅ 占い師','91be0f01f5e581fb5cada9c618de073e.jpg','91be0f01f5e581fb5cada9c618de073e.jpg',NULL,NULL,0,NULL,NULL,'/fortune-teller/detail/kissyou-tennyocom-maju',1,'#FFF','#FFF',0,'#0E1C85',0,30,0,0,'2021-05-29 10:13:09','2021-05-29 10:13:09'),(267,15,'9c1d1038efab81e56c69ff877c2ae67e.jpg','絵理 占い師','9c1d1038efab81e56c69ff877c2ae67e.jpg','9c1d1038efab81e56c69ff877c2ae67e.jpg',NULL,NULL,0,NULL,NULL,'/fortune-teller/detail/kissyou-tennyocom-eri',1,'#FFF','#FFF',0,'#0E1C85',0,30,0,0,'2021-05-29 10:13:09','2021-05-29 10:13:09'),(268,15,'99980d0fd5b1aaf36c75b09a2d49d0e9.jpg','咲豊香 占い師','99980d0fd5b1aaf36c75b09a2d49d0e9.jpg','99980d0fd5b1aaf36c75b09a2d49d0e9.jpg',NULL,NULL,0,NULL,NULL,'/fortune-teller/detail/kissyou-tennyocom-satoko',1,'#FFF','#FFF',0,'#0E1C85',0,30,0,0,'2021-05-29 10:13:09','2021-05-29 10:13:09'),(269,15,'fb1ada4906056c429c53e6ac9e709c1f.jpg','水月 杏 占い師','fb1ada4906056c429c53e6ac9e709c1f.jpg','fb1ada4906056c429c53e6ac9e709c1f.jpg',NULL,NULL,0,NULL,NULL,'/fortune-teller/detail/kissyou-tennyocom-mizukian',1,'#FFF','#FFF',0,'#0E1C85',0,30,0,0,'2021-05-29 10:13:09','2021-05-29 10:13:09'),(270,15,'fb6a256d6f97f968943aed89eb2357d8.jpg','龍 珠玉 占い師','fb6a256d6f97f968943aed89eb2357d8.jpg','fb6a256d6f97f968943aed89eb2357d8.jpg',NULL,NULL,0,NULL,NULL,'/fortune-teller/detail/kissyou-tennyocom-ryuusyugyoku',1,'#FFF','#FFF',0,'#0E1C85',0,30,0,0,'2021-05-29 10:13:09','2021-05-29 10:13:09'),(331,10,'dil-3n5CXzUbKFs-unsplash 1.jpg','Collection','3522f07347f9b03f708f517e61e2ac3a.jpg','3522f07347f9b03f708f517e61e2ac3a.jpg',NULL,'新宿の当たる占い師特集',1,NULL,NULL,'https://uramori.jp/note/article/15-recommended-shibuya-palmistry-fortune-teller',0,'#FFF',NULL,8,'#FFFFFF',76,25,1,0,'2021-06-25 01:38:31','2021-06-25 01:38:31'),(332,10,'yu-kato-9PJ6Cmi - j4-unsplash 1.jpg','Collection','d7dbf3076308b05f8bb0286556d861f5.jpg','d7dbf3076308b05f8bb0286556d861f5.jpg',NULL,'横浜中華街の当たる占い師特集！',1,NULL,NULL,NULL,0,'#FFF',NULL,8,'#C62525',78,30,1,0,'2021-06-25 01:38:32','2021-06-25 01:38:32'),(333,10,'viva-luna-studios-GLsAydqqgzs-unsplash 1.jpg','Collection','3c745450eafdab8f42cdb159441e44ae.jpg','3c745450eafdab8f42cdb159441e44ae.jpg',NULL,'【当たる】タロット占い 特集',1,NULL,NULL,NULL,0,'#FFF',NULL,8,'#A1A5C8',76,30,1,0,'2021-06-25 01:38:32','2021-06-25 01:38:32'),(334,10,'martijn-baudoin-e8-tEAIZh2U-unsplash 1.jpg','Collection','53a2272e4f90aced5ac0a0d0dc14f444.jpg','53a2272e4f90aced5ac0a0d0dc14f444.jpg',NULL,'渋谷の当たる占い師特集',1,NULL,NULL,NULL,0,'#FFF',NULL,8,'#0E1C85',0,30,1,0,'2021-06-25 01:38:33','2021-06-25 01:38:33'),(335,10,'louie-martinez-IocJwyqRv3M-unsplash 1.jpg','Collection','526a274c94f6c625ff7d1d71a0336508.jpg','526a274c94f6c625ff7d1d71a0336508.jpg',NULL,'東京の当たる占い師特集',1,NULL,NULL,NULL,0,'#FFF',NULL,0,'#0E1C85',0,30,0,1,'2021-06-25 01:38:33','2021-06-25 01:38:33'),(336,16,'no-image.png','no-image.png','232feebcff6c382af631c205d7ac6ac4.png','232feebcff6c382af631c205d7ac6ac4.png',NULL,NULL,0,NULL,NULL,NULL,0,'#FFF','#FFF',0,'#0E1C85',0,30,0,0,'2021-07-05 07:25:40','2021-07-05 07:25:40'),(349,17,'home2cover (1).jpg','New Article','aa789f37c7c52437a2181da8d107fd7d.jpg','aa789f37c7c52437a2181da8d107fd7d.jpg',NULL,'Just In.',0,NULL,NULL,NULL,0,'#FFF','#FFF',0,'#0E1C85',0,30,0,0,'2021-09-26 19:58:41','2021-09-26 19:58:41'),(350,17,'2021-09-27_09-54.png','Clothing','93307b9a0d3060fd4c3ecf0a11d89a8f.png','93307b9a0d3060fd4c3ecf0a11d89a8f.png',NULL,'New fashion',0,NULL,NULL,NULL,0,'#FFF','#FFF',0,'#0E1C85',0,30,0,0,'2021-09-26 19:58:41','2021-09-26 19:58:41'),(351,17,'2021-09-27_09-57.png','Collection','b5ea1117386c4a8e983f40ce9a35d9fa.png','b5ea1117386c4a8e983f40ce9a35d9fa.png',NULL,'New collection',0,NULL,NULL,NULL,0,'#FFF','#FFF',0,'#0E1C85',0,30,0,0,'2021-09-26 19:58:41','2021-09-26 19:58:41'),(352,17,'2021-09-27_09-55.png','Summer collection','2548fe8f043a8359d87d1ca6c10401d3.png','2548fe8f043a8359d87d1ca6c10401d3.png',NULL,'Just in.',0,NULL,NULL,NULL,0,'#FFF','#FFF',0,'#0E1C85',0,30,0,0,'2021-09-26 19:58:42','2021-09-26 19:58:42');

--
-- Table structure for table `sliders`
--

CREATE TABLE `sliders` (
  `id` bigint unsigned NOT NULL AUTO_INCREMENT,
  `name` varchar(255) CHARACTER SET utf8mb4 COLLATE utf8mb4_unicode_ci NOT NULL,
  `slug` varchar(255) CHARACTER SET utf8mb4 COLLATE utf8mb4_unicode_ci DEFAULT NULL,
  `position` varchar(255) CHARACTER SET utf8mb4 COLLATE utf8mb4_unicode_ci DEFAULT NULL,
  `size` int NOT NULL DEFAULT '0',
  `autoplay` tinyint(1) NOT NULL DEFAULT '1',
  `autoplaySpeed` varchar(255) CHARACTER SET utf8mb4 COLLATE utf8mb4_unicode_ci DEFAULT NULL,
  `speed` varchar(255) CHARACTER SET utf8mb4 COLLATE utf8mb4_unicode_ci DEFAULT NULL,
  `slidesToShow` int NOT NULL DEFAULT '1',
  `slidesToScroll` int NOT NULL DEFAULT '1',
  `infinite` tinyint(1) NOT NULL DEFAULT '1',
  `fade` tinyint(1) NOT NULL DEFAULT '1',
  `dots` tinyint(1) NOT NULL DEFAULT '0',
  `arrows` tinyint(1) NOT NULL DEFAULT '0',
  `pauseOnHover` tinyint(1) NOT NULL DEFAULT '0',
  `pauseOnFocus` tinyint(1) NOT NULL DEFAULT '0',
  `is_activated` tinyint(1) NOT NULL DEFAULT '1',
  `is_deleted` tinyint(1) NOT NULL DEFAULT '0',
  `created_at` timestamp NULL DEFAULT NULL,
  `updated_at` timestamp NULL DEFAULT NULL,
  PRIMARY KEY (`id`)
) ENGINE=InnoDB AUTO_INCREMENT=18 DEFAULT CHARSET=utf8mb4 COLLATE=utf8mb4_unicode_ci;

--
-- Dumping data for table `sliders`
--

INSERT INTO `sliders` VALUES (1,'43343','43343','top_page',0,1,'5e3','2e3',1,1,1,1,0,0,0,0,0,1,'2020-08-01 04:26:04','2020-08-02 19:44:02'),(2,'4444444','4444444','top_page',0,1,'5e3','2e3',1,1,1,1,0,0,0,0,0,1,'2020-08-01 04:36:26','2020-08-02 19:44:02'),(3,'333','333','top_page',0,1,'5e3','2e3',1,1,1,1,0,0,0,0,0,1,'2020-08-01 04:37:52','2020-08-02 19:44:02'),(4,'55555555','55555555','top_page',0,1,'5e3','2e3',1,1,1,1,0,0,0,0,0,1,'2020-08-01 06:10:25','2020-08-02 19:44:02'),(5,'assa','assa','top_page',0,1,'5e3','2e3',1,1,1,1,0,0,0,0,0,1,'2020-08-01 09:58:55','2020-08-02 19:44:02'),(6,'tttttttttttttt','tttttttttttttt','top_page',0,1,'5e3','2e3',1,1,1,1,0,0,0,0,0,1,'2020-08-01 10:05:14','2020-08-02 19:44:02'),(7,'ewe','ewe','top_page',0,1,'5e3','2e3',1,1,1,1,0,0,0,0,0,1,'2020-08-01 10:25:26','2020-08-02 19:44:02'),(8,'eeeeeeee','eeeeeeee','top_page',0,1,'5e3','2e3',1,1,1,1,0,0,0,0,0,1,'2020-08-01 10:27:39','2020-08-02 19:44:02'),(9,'ddddddddddddddd','ddddddddddddddd','top_page',0,1,'5e3','2e3',1,1,1,1,0,0,0,0,0,1,'2020-08-01 10:43:14','2020-08-02 19:44:02'),(10,'Collection','collection','top_page',0,1,'5000','2000',1,1,1,1,0,0,0,0,1,1,'2020-08-02 04:48:38','2021-09-22 20:20:33'),(11,'Slider Top Page 2','slider-top-page-2','top_page_2',0,1,'5000','2000',1,1,1,1,0,0,0,0,1,1,'2020-08-02 19:44:35','2021-04-28 03:19:29'),(12,'Slider Top Page News','slider-top-page-news','top_page_news',0,1,'5000','1000',5,1,1,0,0,1,0,0,1,1,'2020-08-02 22:09:10','2021-04-28 03:19:20'),(13,'Concept','concept','concept',0,1,'5000','2000',1,1,1,1,0,0,0,0,1,1,'2020-08-05 02:45:43','2021-04-28 03:19:23'),(14,'Header Slider','header-slider','header',0,1,'5000','2000',1,1,1,1,0,0,0,0,1,1,'2021-04-28 03:22:15','2021-09-22 20:20:36'),(15,'Footer Slider','footer-slider','footer',0,1,'5000','2000',1,1,1,1,0,0,0,0,1,1,'2021-05-29 10:13:06','2021-09-22 20:20:41'),(16,'Note Banner Image','note-banner-image','note_banner',0,1,'5000','2000',1,1,1,1,0,0,0,0,1,1,'2021-07-05 07:25:40','2021-09-22 20:20:46'),(17,'Top Page Slider','top-page-slider','top_page',0,1,'5000','2000',1,1,1,1,0,0,0,0,1,0,'2021-07-05 07:26:14','2021-09-26 19:58:40');

--
-- Table structure for table `topic_keywords`
--

CREATE TABLE `topic_keywords` (
  `id` bigint unsigned NOT NULL AUTO_INCREMENT,
  `topic_id` int NOT NULL,
  `keyword_id` int NOT NULL,
  `created_at` timestamp NULL DEFAULT NULL,
  `updated_at` timestamp NULL DEFAULT NULL,
  PRIMARY KEY (`id`)
) ENGINE=InnoDB DEFAULT CHARSET=utf8mb4 COLLATE=utf8mb4_unicode_ci;

--
-- Dumping data for table `topic_keywords`
--


--
-- Table structure for table `topics`
--

CREATE TABLE `topics` (
  `id` bigint unsigned NOT NULL AUTO_INCREMENT,
  `code` varchar(255) CHARACTER SET utf8mb4 COLLATE utf8mb4_unicode_ci NOT NULL,
  `title` varchar(255) CHARACTER SET utf8mb4 COLLATE utf8mb4_unicode_ci NOT NULL,
  `thumbnail` varchar(255) CHARACTER SET utf8mb4 COLLATE utf8mb4_unicode_ci DEFAULT NULL,
  `author` varchar(255) CHARACTER SET utf8mb4 COLLATE utf8mb4_unicode_ci DEFAULT NULL,
  `rank_id` int DEFAULT NULL,
  `category_id` int DEFAULT NULL,
  `total_comment` int NOT NULL DEFAULT '0',
  `number_of_views` int NOT NULL DEFAULT '0',
  `seo_robots` varchar(255) CHARACTER SET utf8mb4 COLLATE utf8mb4_unicode_ci DEFAULT NULL,
  `seo_title` varchar(255) CHARACTER SET utf8mb4 COLLATE utf8mb4_unicode_ci DEFAULT NULL,
  `seo_description` text CHARACTER SET utf8mb4 COLLATE utf8mb4_unicode_ci,
  `seo_keywords` text CHARACTER SET utf8mb4 COLLATE utf8mb4_unicode_ci,
  `is_allow_comment` smallint NOT NULL DEFAULT '1',
  `is_activated` smallint NOT NULL DEFAULT '1',
  `is_deleted` smallint NOT NULL DEFAULT '0',
  `created_at` timestamp NULL DEFAULT NULL,
  `updated_at` timestamp NULL DEFAULT NULL,
  PRIMARY KEY (`id`)
) ENGINE=InnoDB DEFAULT CHARSET=utf8mb4 COLLATE=utf8mb4_unicode_ci;

--
-- Dumping data for table `topics`
--


--
-- Table structure for table `users`
--

CREATE TABLE `users` (
  `id` bigint unsigned NOT NULL AUTO_INCREMENT,
  `name` varchar(255) CHARACTER SET utf8mb4 COLLATE utf8mb4_unicode_ci NOT NULL,
  `email` varchar(255) CHARACTER SET utf8mb4 COLLATE utf8mb4_unicode_ci NOT NULL,
  `email_verified_at` timestamp NULL DEFAULT NULL,
  `password` varchar(255) CHARACTER SET utf8mb4 COLLATE utf8mb4_unicode_ci NOT NULL,
  `remember_token` varchar(100) CHARACTER SET utf8mb4 COLLATE utf8mb4_unicode_ci DEFAULT NULL,
  `login_url` varchar(255) CHARACTER SET utf8mb4 COLLATE utf8mb4_unicode_ci NOT NULL DEFAULT 'history',
  `created_by` int NOT NULL DEFAULT '1',
  `created_at` timestamp NULL DEFAULT NULL,
  `updated_at` timestamp NULL DEFAULT NULL,
  PRIMARY KEY (`id`),
  UNIQUE KEY `users_email_unique` (`email`)
) ENGINE=InnoDB AUTO_INCREMENT=107 DEFAULT CHARSET=utf8mb4 COLLATE=utf8mb4_unicode_ci;

--
-- Dumping data for table `users`
--

INSERT INTO `users` VALUES (1,'Admin','admin@admin.dev',NULL,'$2y$10$4gNwpACx5GNsWjf9HmFTo.lxgbt57HcYyD6.HKOMtsLw2WE5nPLpG',NULL,'history',1,'2020-04-10 00:46:22','2020-07-30 03:14:20'),(2,'Manager','manager@admin.dev',NULL,'$2y$10$7IRCZgFyaeDjbkGAvn/cP.mGLJjdPw9lwCrmx83oVpFQOJBQ8sGCy',NULL,'history',1,'2020-04-10 00:46:22','2020-09-10 04:33:51'),(3,'Editor','editor@admin.dev',NULL,'$2y$10$DYj5sqW1tAnhtMdDXgBfBOVJHyOvp6An2nJp9t3QLlhQ8oKdHPvTq',NULL,'history',1,'2020-04-10 00:46:22','2020-09-10 04:34:03'),(4,'User','user@admin.dev',NULL,'$2y$10$1j/iMByPqRknqTNLriONq.NnYwYDwX6d6U1I37yVGf0SxbsWqdT9q',NULL,'history',1,'2020-04-10 00:46:22','2020-09-10 04:34:49'),(56,'editor1','editor1@admin.dev',NULL,'$2y$10$vh0J/ayC0CsDn96b.e0b6uFkFTasyWUP/b9zekX0WPjrsi2Y67Aq.',NULL,'history',1,'2020-09-10 04:40:22','2020-09-10 04:40:22'),(57,'mari','hunters2fujiyoshi@gmail.com',NULL,'$2y$10$n.//TeMfT7TzioXTapLlZenB7R56QQ7yGhZAIXv.Zo3LAQYGlzOQC',NULL,'fortuneteller',1,'2020-09-10 04:45:36','2020-09-10 04:45:36'),(66,'User 001','s001@uramori.jp',NULL,'$2y$10$WAnDEKhcjeXrETEqKa6XCeYZFH86LcmBQQjH/TylzZkLsTyU9HT1C',NULL,'history',1,'2021-01-20 03:13:50','2021-01-20 03:13:50'),(67,'u001','ng001@uramori.jp',NULL,'$2y$10$.2UKJVIaBvnyMpaImBIzEu/8JTTutm3Yz6dveAj6JQMmH7yckMz/e',NULL,'history',1,'2021-02-02 02:47:38','2021-02-02 02:47:38'),(68,'test003','test003@gmail.com',NULL,'$2y$10$/PoYpcAzD8xflyh.yGIkYeikSRptb2V669fJBd.sJFkLslyyft1Iy',NULL,'history',1,'2021-02-02 09:30:38','2021-02-02 09:30:38'),(69,'store_manager','sm001@uramori.jp',NULL,'$2y$10$YkyFdo9W5iU6w5ugvVauIOxm8v6d8DDSj0bfInZlNfD7BSuzcimKq',NULL,'history',1,'2021-02-03 01:52:46','2021-02-03 01:52:46'),(70,'store_member_1','se001@gmail.com',NULL,'$2y$10$7gbgupTPBsJ98p6IwN65uep8I21X2DlZN7wBixPQ8KgubYmDtlnbe',NULL,'history',69,'2021-02-03 01:56:20','2021-02-03 01:56:20'),(71,'占い師Aさん','sm001_ft@uramori.jp',NULL,'$2y$10$HiOfIQVtAqY2rUDgBCjTrOsrwsYIsXJo9AX9I/eujWjZB1AZmu5qy',NULL,'fortuneteller',69,'2021-02-03 01:57:11','2021-02-03 01:57:11'),(72,'丸野麻衣さん','work001@gmail.com',NULL,'$2y$10$WnI4ajHueZF9EgDyTNG.Re1b9gT2LTU4STj.FmU9.r7.CBMAUrwwS',NULL,'history',1,'2021-02-24 04:18:52','2021-02-24 04:18:52'),(73,'work002','work002@gmail.com',NULL,'$2y$10$D36Fbzan3mf7PhJy/cqY3uN3NCXlQZK5ikPPH1j0RsihiPV1O2Kt6',NULL,'fortuneteller',1,'2021-03-01 13:35:04','2021-03-01 13:35:04'),(74,'work003','work003@gmail.com',NULL,'$2y$10$f0DVevTYJVFLh9X6NDtx1eoMLpy4GlS4TtPS3orw591is4QFI08nu',NULL,'history',1,'2021-03-02 01:36:33','2021-03-02 01:36:33'),(75,'work004','work004@gmail.com',NULL,'$2y$10$JlS9Vou1eSgmyRywYcSANeik5XzCv826MzM845K6RiwYZmlOyRDyq',NULL,'history',1,'2021-03-02 01:37:10','2021-03-02 01:37:10'),(76,'work005','work005@gmail.com',NULL,'$2y$10$mftLgBN6tBO/hK30AoEr8uXI7A6JFnMuFgFYKyBCZlzEHDB54/xt.',NULL,'history',1,'2021-03-02 01:38:10','2021-03-02 01:38:10'),(77,'work006','work006@gmail.com',NULL,'$2y$10$9uvZLvAGKyeK7INHSVNEpuwXdtzK4Zuz/H/gg4qWe8J1CAPXEa9yS',NULL,'history',1,'2021-03-02 01:39:02','2021-03-02 01:39:02'),(78,'freelancer001','freelancer001@gmail.com',NULL,'$2y$10$k4DXN4lanQaT0.pHpeJD8.UprmYg40exlg1Bpnhb3PdERICBQRNJm',NULL,'history',1,'2021-03-05 02:18:41','2021-03-05 02:18:41'),(79,'freelancer002','freelancer002@gmail.com',NULL,'$2y$10$trJzR/H5dMJsY3POgUsaG.nt3w1EUdj0SA3SuhLPkbeyca4izgpqy',NULL,'history',1,'2021-03-05 02:19:13','2021-04-07 04:08:47'),(80,'freelancer003','freelancer003@gmail.com',NULL,'$2y$10$N4HMC3SrDD6GSjLeqMagFuC5.X0TpD31AE2tY5m5mH428gx6cJA4e',NULL,'history',1,'2021-03-05 02:19:46','2021-04-08 01:44:41'),(81,'freelancer004','freelancer004@gmail.com',NULL,'$2y$10$rbRAYRGPsvQIY8khQpQyfO/41xLKM1Eg4LNtPxvr2kyv8j06hUwzi',NULL,'history',1,'2021-03-05 02:20:12','2021-03-05 02:21:02'),(82,'freelancer005','freelancer005@gmail.com',NULL,'$2y$10$aGw9WT.AW2KIuorCfuJEteMr/xI6S0oqSJDEZB8mJby83SUIufrC.',NULL,'history',1,'2021-03-05 02:20:39','2021-04-07 03:39:04'),(83,'freelancer006','freelancer006@gmail.com',NULL,'$2y$10$bNRkNrhnAYnw..U5My34iOCTDbiukKqc1eHgZ7g73vOw/.eBXL.EC',NULL,'history',1,'2021-03-06 06:03:14','2021-04-08 01:48:20'),(84,'freelancer007','freelancer007@gmail.com',NULL,'$2y$10$Z5q2h/G02/Zmfqptn6WlEu8hayDQ3DgPaX49oc8pP7F3YvXa2e07S',NULL,'history',1,'2021-03-07 02:17:36','2021-03-25 07:52:14'),(85,'liemtest','liemtest@gmail.com',NULL,'$2y$10$3h2hBItOqe8wTH/rAehgMeBbXyFqsS5jD2syeKppQ/dd/tZ8ebaci',NULL,'history',1,'2021-03-25 03:34:45','2021-03-25 04:48:27'),(86,'freelancer008','freelancer008@gmail.com',NULL,'$2y$10$VDnk4W0F2xNjl03vNSUr/e.T58PLXxnuQSKDobo2p1nocQ0pShIsW',NULL,'history',1,'2021-03-25 07:53:49','2021-03-25 07:53:49'),(87,'freelancer009','freelancer009@gmail.com',NULL,'$2y$10$Z0ZxYp4kWfCmsB7K/cEcgum3/x2rJKE638h6dLvIyJJg5dFBOfPF6',NULL,'history',1,'2021-04-09 07:40:45','2021-04-09 07:40:45'),(90,'Store124Manager','manager_store_124@gmail.com',NULL,'$2y$10$goIEMZNrJ8/RzQf54ACpMem81q84rxRkq/PX...Wv6PF.E4rBV1sm',NULL,'history',1,'2021-04-23 07:05:49','2021-04-23 07:05:49'),(91,'Store1714Manager','manager_store_1714@gmail.com',NULL,'$2y$10$EafzrqtE7d5wm3ZskvDxBeTHDJtzmwoYq7hzGZVR5SQVIJ2aefFWS',NULL,'history',1,'2021-04-23 07:06:43','2021-04-23 07:06:43'),(92,'Store1823Manager','manager_store_823@gmail.com',NULL,'$2y$10$DbooELcbq8NRXiEs8tb.jel7FO3U6PMSbd9iTKCrQfyVA4MYtqIAa',NULL,'history',1,'2021-04-23 07:11:06','2021-04-23 07:11:06'),(93,'Store826Manager','manager_store_826@gmail.com',NULL,'$2y$10$MbEHq5I.c.fHuRAdl4S6Iue22uwSSUZDO/FkNXBwtHG2N/ebS5TCO',NULL,'history',1,'2021-04-26 01:48:54','2021-04-26 01:48:54'),(94,'TestRoleUser','test_role_user@gmail.com',NULL,'$2y$10$7CxM.vfJQL/4angFeVk3A.7Hj3ZdZ1uIaPbpPCi7PN/cz2RzQlR3i',NULL,'history',1,'2021-05-04 01:45:15','2021-05-04 01:45:15'),(95,'占いジャンヌダルク','uranai@muc.biglobe.ne.jp',NULL,'$2y$10$udAU2lZvBUmMDM9fvueICO2EGpAdfJr0rntRJUFwHSCHg3OCFZAKS',NULL,'history',1,'2021-05-07 09:07:22','2021-05-07 09:07:22'),(96,'サンサーラ','samsara@jewel-sa.com',NULL,'$2y$10$32JnGHa1tc4Sd.tuV0UB.eruZRIIf4dSR4.JbpJK2grrqqW2SgVMG',NULL,'history',1,'2021-05-07 09:20:02','2021-05-07 09:20:02'),(97,'Arcana占いカフェ&バー','yumenooda@gmail.com',NULL,'$2y$10$tb9BAmlZH1fxlrYMrrOl4.uB4Zt/1MVhNvS8OR0dnlInjyb3FEwz6',NULL,'history',1,'2021-05-11 09:28:25','2021-05-11 09:28:25'),(98,'開運館E&E','grandcrew_no11@yahoo.co.jp',NULL,'$2y$10$3Fwjwn3RrbM4kdmFOrq6WeZoEw5oelsRbbJu.mDDykOEjoaXvzfEW',NULL,'history',1,'2021-05-11 10:56:34','2021-05-11 10:56:34'),(99,'占いの館ウィル','info@shinjuku-will.jp',NULL,'$2y$10$SfRKKjk28dbD0/AU26C.teXyNfUG/bS3M2WkqNX8CocmAqX2rrxzO',NULL,'history',1,'2021-05-12 12:39:59','2021-05-12 12:39:59'),(100,'開運の扉','jinchun5867@gmail.com',NULL,'$2y$10$BiaZX12Zsh7THsIoKYphde1DmRoIARFJUzJKjRautQ9vfQGNY/g.C',NULL,'history',1,'2021-05-19 08:47:48','2021-05-19 08:47:48'),(101,'占いの館ウィル 池袋店','info@ikebukuro-will.jp',NULL,'$2y$10$sk.t/D7IggHxfIXpybGJ6O0735CkAmJ/qPYDv2ZhiEOIj49NKAS0.',NULL,'history',1,'2021-05-25 00:29:48','2021-06-08 11:14:43'),(102,'fortune_teller_001','fortune_teller_001@gmail.com',NULL,'$2y$10$8XTiSB1SUw0j9YteO5rfOeVqJc/0ZFf79KI4NToZLYT.UMmtWPdXq',NULL,'history',1,'2021-05-31 10:01:57','2021-05-31 10:01:57'),(103,'Koumyou Asuka','koumyou_asuka@gmail.com',NULL,'$2y$10$G3YDQu9S/F07vhDtWDY88.BBEzWk60uV4gBICvH1TfWqEEmjAjU8u',NULL,'history',1,'2021-06-05 06:38:26','2021-06-05 06:38:26'),(104,'note_writer_001','note_writer_001@gmail.com',NULL,'$2y$10$.2cuezQ/ZeM8GRXjRz7eX..z6vrryg6peQ55lg5GyaaOd0mg.I0.q',NULL,'history',1,'2021-06-08 01:36:00','2021-06-08 01:36:00'),(105,'坂口さん','sakaguchi@admin.dev',NULL,'$2y$10$CzzsKd3sdRrxc8lNW2sAa.VI9BWy/Twc09/rjGc4Ss0a2WVvZHVE.',NULL,'history',1,'2021-06-14 09:43:42','2021-06-14 09:43:42'),(106,'マーキュリーヒロミ','rriromi@gmail.com',NULL,'$2y$10$dzCI.SSJdbElNopUPy.c/u4UPXD4z1VWtHc2NKoNOYr9AzbXhhJwW',NULL,'history',1,'2021-06-21 05:50:22','2021-06-21 05:54:42');


